[INFO] fetching crate qilin 0.3.2...
[INFO] testing qilin-0.3.2 against 1.99.0-beta.8+cargoflags=--release for beta-release-1.100-2
[INFO] extracting crate qilin 0.3.2 into /workspace/builds/worker-4-tc1/source
[INFO] removed /workspace/builds/worker-4-tc1/source/.cargo/config.toml
[INFO] started tweaking crates.io crate qilin 0.3.2
[INFO] removed 0 missing examples
[INFO] finished tweaking crates.io crate qilin 0.3.2
[INFO] tweaked toml for crates.io crate qilin 0.3.2 written to /workspace/builds/worker-4-tc1/source/Cargo.toml
[INFO] validating manifest of crates.io crate qilin 0.3.2 on toolchain 1.99.0-beta.8
[INFO] running `Command { std: CARGO_HOME="/workspace/cargo-home" RUSTUP_HOME="/workspace/rustup-home" "/workspace/cargo-home/bin/cargo" "+1.99.0-beta.8" "metadata" "--manifest-path" "Cargo.toml" "--no-deps", kill_on_drop: false }`
[INFO] crate crates.io crate qilin 0.3.2 already has a lockfile, it will not be regenerated
[INFO] running `Command { std: CARGO_HOME="/workspace/cargo-home" RUSTUP_HOME="/workspace/rustup-home" "/workspace/cargo-home/bin/cargo" "+1.99.0-beta.8" "fetch" "--manifest-path" "Cargo.toml", kill_on_drop: false }`
[INFO] [stderr]     Updating crates.io index
[INFO] [stderr]  Downloading crates ...
[INFO] [stderr]   Downloaded minifb v0.24.0
[INFO] [stderr]   Downloaded wasm-bindgen-futures v0.4.37
[INFO] [stderr]   Downloaded version-compare v0.1.1
[INFO] [stderr]   Downloaded serde v1.0.175
[INFO] [stderr]   Downloaded libloading v0.8.0
[INFO] [stderr]   Downloaded tempfile v3.7.0
[INFO] [stderr]   Downloaded raw-window-handle v0.4.3
[INFO] [stderr]   Downloaded pin-project-lite v0.2.10
[INFO] [stderr]   Downloaded xml-rs v0.8.16
[INFO] [stderr]   Downloaded symphonia v0.5.3
[INFO] [stderr]   Downloaded symphonia-metadata v0.5.3
[INFO] [stderr]   Downloaded symphonia-codec-pcm v0.5.3
[INFO] [stderr]   Downloaded symphonia-format-wav v0.5.3
[INFO] [stderr]   Downloaded symphonia-utils-xiph v0.5.3
[INFO] [stderr]   Downloaded thiserror-impl v1.0.44
[INFO] [stderr]   Downloaded symphonia-format-ogg v0.5.3
[INFO] [stderr]   Downloaded symphonia-codec-vorbis v0.5.3
[INFO] [stderr]   Downloaded symphonia-bundle-flac v0.5.3
[INFO] [stderr]   Downloaded thiserror v1.0.44
[INFO] [stderr]   Downloaded symphonia-bundle-mp3 v0.5.3
[INFO] [stderr]   Downloaded kira v0.8.4
[INFO] [stderr]   Downloaded serde_json v1.0.103
[INFO] [stderr]   Downloaded simd-adler32 v0.3.5
[INFO] [stderr]   Downloaded symphonia-core v0.5.3
[INFO] [stderr]   Downloaded cpal v0.15.2
[INFO] [stderr]   Downloaded fdeflate v0.3.0
[INFO] [stderr]   Downloaded sdl2 v0.35.2
[INFO] [stderr]   Downloaded flate2 v1.0.26
[INFO] [stderr]   Downloaded png v0.17.9
[INFO] [stderr]   Downloaded winnow v0.5.1
[INFO] [stderr]   Downloaded syn v2.0.27
[INFO] [stderr]   Downloaded fontdue v0.7.3
[INFO] [stderr]   Downloaded rustix v0.38.4
[INFO] [stderr]   Downloaded glam v0.24.1
[INFO] [stderr]   Downloaded serde_derive v1.0.175
[INFO] [stderr]   Downloaded jpeg-decoder v0.3.0
[INFO] [stderr]   Downloaded orbclient v0.3.45
[INFO] [stderr]   Downloaded sdl2-sys v0.35.2
[INFO] [stderr]   Downloaded windows v0.46.0
[INFO] running `Command { std: "docker" "create" "-v" "/var/lib/crater-agent-workspace/builds/worker-4-tc1/source:/opt/rustwide/workdir:ro,Z" "-v" "/var/lib/crater-agent-workspace/builds/worker-4-tc1/target:/opt/rustwide/target:rw,Z" "-v" "/var/lib/crater-agent-workspace/cargo-home:/opt/rustwide/cargo-home:ro,Z" "-v" "/var/lib/crater-agent-workspace/rustup-home:/opt/rustwide/rustup-home:ro,Z" "-m" "1610612736" "--network" "none" "ghcr.io/rust-lang/crates-build-env/linux@sha256:77db811e55d90add9212f6832c23229e3de5f1c1f9905e8cb07319ea15df73ac" "sleep" "infinity", kill_on_drop: false }`
[INFO] [stdout] f83d47620c5735c9fee85bfb209188012d35008517088a0e9855e9b65bebc90b
[INFO] running `Command { std: "docker" "start" "f83d47620c5735c9fee85bfb209188012d35008517088a0e9855e9b65bebc90b", kill_on_drop: false }`
[INFO] running `Command { std: "docker" "inspect" "f83d47620c5735c9fee85bfb209188012d35008517088a0e9855e9b65bebc90b", kill_on_drop: false }`
[INFO] running `Command { std: "docker" "exec" "-e" "SOURCE_DIR=/opt/rustwide/workdir" "-e" "CARGO_HOME=/opt/rustwide/cargo-home" "-e" "RUSTUP_HOME=/opt/rustwide/rustup-home" "-e" "CARGO_TARGET_DIR=/opt/rustwide/target" "-w" "/opt/rustwide/workdir" "--user" "0:0" "f83d47620c5735c9fee85bfb209188012d35008517088a0e9855e9b65bebc90b" "/opt/rustwide/cargo-home/bin/cargo" "+1.99.0-beta.8" "metadata" "--no-deps" "--format-version=1", kill_on_drop: false }`
[INFO] running `Command { std: "docker" "inspect" "f83d47620c5735c9fee85bfb209188012d35008517088a0e9855e9b65bebc90b", kill_on_drop: false }`
[INFO] running `Command { std: "docker" "exec" "-e" "SOURCE_DIR=/opt/rustwide/workdir" "-e" "CARGO_HOME=/opt/rustwide/cargo-home" "-e" "RUSTUP_HOME=/opt/rustwide/rustup-home" "-e" "CARGO_TARGET_DIR=/opt/rustwide/target" "-e" "CARGO_INCREMENTAL=0" "-e" "RUST_BACKTRACE=full" "-e" "RUSTFLAGS=--cap-lints=warn" "-e" "RUSTDOCFLAGS=--cap-lints=warn" "-w" "/opt/rustwide/workdir" "--user" "0:0" "f83d47620c5735c9fee85bfb209188012d35008517088a0e9855e9b65bebc90b" "/opt/rustwide/cargo-home/bin/cargo" "+1.99.0-beta.8" "build" "--frozen" "--message-format=json" "--release", kill_on_drop: false }`
[INFO] [stderr]    Compiling proc-macro2 v1.0.66
[INFO] [stderr]    Compiling xml-rs v0.8.16
[INFO] [stderr]    Compiling libc v0.2.147
[INFO] [stderr]    Compiling once_cell v1.18.0
[INFO] [stderr]    Compiling memchr v2.5.0
[INFO] [stderr]    Compiling serde v1.0.175
[INFO] [stderr]    Compiling smallvec v1.11.0
[INFO] [stderr]    Compiling downcast-rs v1.2.0
[INFO] [stderr]    Compiling memoffset v0.6.5
[INFO] [stderr]    Compiling wayland-sys v0.29.5
[INFO] [stderr]    Compiling libloading v0.8.0
[INFO] [stderr]    Compiling serde_derive v1.0.175
[INFO] [stderr]    Compiling rustix v0.38.4
[INFO] [stderr]    Compiling x11-dl v2.21.0
[INFO] [stderr]    Compiling linux-raw-sys v0.4.3
[INFO] [stderr]    Compiling ahash v0.8.3
[INFO] [stderr]    Compiling bitflags v2.3.3
[INFO] [stderr]    Compiling minifb v0.24.0
[INFO] [stderr]    Compiling dlib v0.5.2
[INFO] [stderr]    Compiling cty v0.2.2
[INFO] [stderr]    Compiling fastrand v2.0.0
[INFO] [stderr]    Compiling serde_json v1.0.103
[INFO] [stderr]    Compiling raw-window-handle v0.4.3
[INFO] [stderr]    Compiling allocator-api2 v0.2.16
[INFO] [stderr]    Compiling quote v1.0.32
[INFO] [stderr]    Compiling nom v7.1.3
[INFO] [stderr]    Compiling wayland-scanner v0.29.5
[INFO] [stderr]    Compiling nix v0.24.3
[INFO] [stderr]    Compiling wayland-client v0.29.5
[INFO] [stderr]    Compiling wayland-protocols v0.29.5
[INFO] [stderr]    Compiling tempfile v3.7.0
[INFO] [stderr]    Compiling xcursor v0.3.4
[INFO] [stderr]    Compiling wayland-commons v0.29.5
[INFO] [stderr]    Compiling hashbrown v0.14.0
[INFO] [stderr]    Compiling mint v0.5.9
[INFO] [stderr]    Compiling wayland-cursor v0.29.5
[INFO] [stderr]    Compiling qilin v0.3.2 (/opt/rustwide/workdir)
[INFO] [stderr]     Finished `release` profile [optimized] target(s) in 55.69s
[INFO] running `Command { std: "docker" "inspect" "f83d47620c5735c9fee85bfb209188012d35008517088a0e9855e9b65bebc90b", kill_on_drop: false }`
[INFO] running `Command { std: "docker" "exec" "-e" "SOURCE_DIR=/opt/rustwide/workdir" "-e" "CARGO_HOME=/opt/rustwide/cargo-home" "-e" "RUSTUP_HOME=/opt/rustwide/rustup-home" "-e" "CARGO_TARGET_DIR=/opt/rustwide/target" "-e" "CARGO_INCREMENTAL=0" "-e" "RUST_BACKTRACE=full" "-e" "RUSTFLAGS=--cap-lints=warn" "-e" "RUSTDOCFLAGS=--cap-lints=warn" "-w" "/opt/rustwide/workdir" "--user" "0:0" "f83d47620c5735c9fee85bfb209188012d35008517088a0e9855e9b65bebc90b" "/opt/rustwide/cargo-home/bin/cargo" "+1.99.0-beta.8" "test" "--frozen" "--no-run" "--message-format=json" "--release", kill_on_drop: false }`
[INFO] [stderr]    Compiling qilin v0.3.2 (/opt/rustwide/workdir)
[INFO] [stdout] error[E0432]: unresolved import `qilin::text`
[INFO] [stdout]   --> examples/text.rs:10:12
[INFO] [stdout]    |
[INFO] [stdout] 10 | use qilin::text::TextSketch;
[INFO] [stdout]    |            ^^^^ could not find `text` in `qilin`
[INFO] [stdout]    |
[INFO] [stdout] note: found an item that was configured out
[INFO] [stdout]   --> src/lib.rs:27:9
[INFO] [stdout]    |
[INFO] [stdout] 26 | #[cfg(feature = "text")]
[INFO] [stdout]    |       ---------------- the item is gated behind the `text` feature
[INFO] [stdout] 27 | pub mod text;
[INFO] [stdout]    |         ^^^^
[INFO] [stdout] 
[INFO] [stdout] 
[INFO] [stdout] error[E0432]: unresolved import `qilin::audio`
[INFO] [stdout]   --> examples/audio.rs:5:12
[INFO] [stdout]    |
[INFO] [stdout]  5 | use qilin::audio::{AudioManager, Panning};
[INFO] [stdout]    |            ^^^^^ could not find `audio` in `qilin`
[INFO] [stdout]    |
[INFO] [stdout] note: found an item that was configured out
[INFO] [stdout]   --> src/lib.rs:22:9
[INFO] [stdout]    |
[INFO] [stdout] 21 | #[cfg(feature = "audio")]
[INFO] [stdout]    |       ----------------- the item is gated behind the `audio` feature
[INFO] [stdout] 22 | pub mod audio;
[INFO] [stdout]    |         ^^^^^
[INFO] [stdout] 
[INFO] [stdout] 
[INFO] [stdout] For more information about this error, try `rustc --explain E0432`.
[INFO] [stdout] 
[INFO] [stdout] For more information about this error, try `rustc --explain E0432`.
[INFO] [stdout] 
[INFO] [stderr] error: could not compile `qilin` (example "audio") due to 1 previous error
[INFO] [stderr] warning: build failed, waiting for other jobs to finish...
[INFO] [stderr] error: could not compile `qilin` (example "text") due to 1 previous error
[INFO] [stdout] error[E0432]: unresolved import `qilin::text`
[INFO] [stdout]   --> examples/ping_pong.rs:15:12
[INFO] [stdout]    |
[INFO] [stdout] 15 | use qilin::text::TextSketch;
[INFO] [stdout]    |            ^^^^ could not find `text` in `qilin`
[INFO] [stdout]    |
[INFO] [stdout] note: found an item that was configured out
[INFO] [stdout]   --> src/lib.rs:27:9
[INFO] [stdout]    |
[INFO] [stdout] 26 | #[cfg(feature = "text")]
[INFO] [stdout]    |       ---------------- the item is gated behind the `text` feature
[INFO] [stdout] 27 | pub mod text;
[INFO] [stdout]    |         ^^^^
[INFO] [stdout] 
[INFO] [stdout] 
[INFO] [stdout] For more information about this error, try `rustc --explain E0432`.
[INFO] [stdout] 
[INFO] [stderr] error: could not compile `qilin` (example "ping_pong") due to 1 previous error
[INFO] running `Command { std: "docker" "inspect" "f83d47620c5735c9fee85bfb209188012d35008517088a0e9855e9b65bebc90b", kill_on_drop: false }`
[INFO] running `Command { std: "docker" "rm" "-f" "f83d47620c5735c9fee85bfb209188012d35008517088a0e9855e9b65bebc90b", kill_on_drop: false }`
[INFO] [stdout] f83d47620c5735c9fee85bfb209188012d35008517088a0e9855e9b65bebc90b
