[INFO] fetching crate pyxel-platform 2.6.8...
[INFO] testing pyxel-platform-2.6.8 against 1.100.0-beta.1+cargoflags=--release for beta-release-1.100-2
[INFO] extracting crate pyxel-platform 2.6.8 into /workspace/builds/worker-3-tc2/source
[INFO] started tweaking crates.io crate pyxel-platform 2.6.8
[INFO] finished tweaking crates.io crate pyxel-platform 2.6.8
[INFO] tweaked toml for crates.io crate pyxel-platform 2.6.8 written to /workspace/builds/worker-3-tc2/source/Cargo.toml
[INFO] validating manifest of crates.io crate pyxel-platform 2.6.8 on toolchain 1.100.0-beta.1
[INFO] running `Command { std: CARGO_HOME="/workspace/cargo-home" RUSTUP_HOME="/workspace/rustup-home" "/workspace/cargo-home/bin/cargo" "+1.100.0-beta.1" "metadata" "--manifest-path" "Cargo.toml" "--no-deps", kill_on_drop: false }`
[INFO] crate crates.io crate pyxel-platform 2.6.8 already has a lockfile, it will not be regenerated
[INFO] running `Command { std: CARGO_HOME="/workspace/cargo-home" RUSTUP_HOME="/workspace/rustup-home" "/workspace/cargo-home/bin/cargo" "+1.100.0-beta.1" "fetch" "--manifest-path" "Cargo.toml", kill_on_drop: false }`
[INFO] running `Command { std: "docker" "create" "-v" "/var/lib/crater-agent-workspace/builds/worker-3-tc2/source:/opt/rustwide/workdir:ro,Z" "-v" "/var/lib/crater-agent-workspace/builds/worker-3-tc2/target:/opt/rustwide/target:rw,Z" "-v" "/var/lib/crater-agent-workspace/cargo-home:/opt/rustwide/cargo-home:ro,Z" "-v" "/var/lib/crater-agent-workspace/rustup-home:/opt/rustwide/rustup-home:ro,Z" "-m" "1610612736" "--network" "none" "ghcr.io/rust-lang/crates-build-env/linux@sha256:77db811e55d90add9212f6832c23229e3de5f1c1f9905e8cb07319ea15df73ac" "sleep" "infinity", kill_on_drop: false }`
[INFO] [stdout] 212e560e329704cb89f0a32fb6cdad2be824bd0487477e0861ca1c9ba83aa5d0
[INFO] running `Command { std: "docker" "start" "212e560e329704cb89f0a32fb6cdad2be824bd0487477e0861ca1c9ba83aa5d0", kill_on_drop: false }`
[INFO] running `Command { std: "docker" "inspect" "212e560e329704cb89f0a32fb6cdad2be824bd0487477e0861ca1c9ba83aa5d0", kill_on_drop: false }`
[INFO] running `Command { std: "docker" "exec" "-e" "SOURCE_DIR=/opt/rustwide/workdir" "-e" "CARGO_HOME=/opt/rustwide/cargo-home" "-e" "RUSTUP_HOME=/opt/rustwide/rustup-home" "-e" "CARGO_TARGET_DIR=/opt/rustwide/target" "-w" "/opt/rustwide/workdir" "--user" "0:0" "212e560e329704cb89f0a32fb6cdad2be824bd0487477e0861ca1c9ba83aa5d0" "/opt/rustwide/cargo-home/bin/cargo" "+1.100.0-beta.1" "metadata" "--no-deps" "--format-version=1", kill_on_drop: false }`
[INFO] running `Command { std: "docker" "inspect" "212e560e329704cb89f0a32fb6cdad2be824bd0487477e0861ca1c9ba83aa5d0", kill_on_drop: false }`
[INFO] running `Command { std: "docker" "exec" "-e" "SOURCE_DIR=/opt/rustwide/workdir" "-e" "CARGO_HOME=/opt/rustwide/cargo-home" "-e" "RUSTUP_HOME=/opt/rustwide/rustup-home" "-e" "CARGO_TARGET_DIR=/opt/rustwide/target" "-e" "CARGO_INCREMENTAL=0" "-e" "RUST_BACKTRACE=full" "-e" "RUSTFLAGS=--cap-lints=warn" "-e" "RUSTDOCFLAGS=--cap-lints=warn" "-w" "/opt/rustwide/workdir" "--user" "0:0" "212e560e329704cb89f0a32fb6cdad2be824bd0487477e0861ca1c9ba83aa5d0" "/opt/rustwide/cargo-home/bin/cargo" "+1.100.0-beta.1" "build" "--frozen" "--message-format=json" "--release", kill_on_drop: false }`
[INFO] [stderr]    Compiling libc v0.2.182
[INFO] [stderr]    Compiling prettyplease v0.2.37
[INFO] [stderr]    Compiling bitflags v2.11.0
[INFO] [stderr]    Compiling rustix v1.1.3
[INFO] [stderr]    Compiling clang-sys v1.8.1
[INFO] [stderr]    Compiling linux-raw-sys v0.11.0
[INFO] [stderr]    Compiling quote v1.0.44
[INFO] [stderr]    Compiling regex-syntax v0.8.9
[INFO] [stderr]    Compiling crc32fast v1.5.0
[INFO] [stderr]    Compiling nom v7.1.3
[INFO] [stderr]    Compiling libloading v0.8.9
[INFO] [stderr]    Compiling simd-adler32 v0.3.8
[INFO] [stderr]    Compiling syn v2.0.117
[INFO] [stderr]    Compiling adler2 v2.0.1
[INFO] [stderr]    Compiling bindgen v0.72.1
[INFO] [stderr]    Compiling miniz_oxide v0.8.9
[INFO] [stderr]    Compiling cmake v0.1.57
[INFO] [stderr]    Compiling glow v0.16.0
[INFO] [stderr]    Compiling flate2 v1.1.9
[INFO] [stderr]    Compiling filetime v0.2.27
[INFO] [stderr]    Compiling regex-automata v0.4.14
[INFO] [stderr]    Compiling cexpr v0.6.0
[INFO] [stderr]    Compiling xattr v1.6.1
[INFO] [stderr]    Compiling tar v0.4.44
[INFO] [stderr]    Compiling regex v1.12.3
[INFO] [stderr]    Compiling pyxel-platform v2.6.8 (/opt/rustwide/workdir)
[INFO] [stdout] error[E0425]: cannot find type `Platform` in this scope
[INFO] [stdout]   --> src/platform.rs:17:27
[INFO] [stdout]    |
[INFO] [stdout] 17 | static mut PLATFORM: *mut Platform = null_mut();
[INFO] [stdout]    |                           ^^^^^^^^ not found in this scope
[INFO] [stdout] 
[INFO] [stdout] 
[INFO] [stdout] error[E0425]: cannot find type `Platform` in this scope
[INFO] [stdout]   --> src/platform.rs:19:35
[INFO] [stdout]    |
[INFO] [stdout] 19 | pub fn platform() -> &'static mut Platform {
[INFO] [stdout]    |                                   ^^^^^^^^ not found in this scope
[INFO] [stdout] 
[INFO] [stdout] 
[INFO] [stdout] error[E0425]: cannot find type `Platform` in this scope
[INFO] [stdout]   --> src/platform.rs:32:36
[INFO] [stdout]    |
[INFO] [stdout] 32 |         PLATFORM = transmute::<Box<Platform>, *mut Platform>(Box::new(platform));
[INFO] [stdout]    |                                    ^^^^^^^^ not found in this scope
[INFO] [stdout]    |
[INFO] [stdout] help: you might be missing a type parameter
[INFO] [stdout]    |
[INFO] [stdout] 26 | pub fn init<Platform>() {
[INFO] [stdout]    |            ++++++++++
[INFO] [stdout] 
[INFO] [stdout] 
[INFO] [stdout] error[E0425]: cannot find type `Platform` in this scope
[INFO] [stdout]   --> src/platform.rs:32:52
[INFO] [stdout]    |
[INFO] [stdout] 32 |         PLATFORM = transmute::<Box<Platform>, *mut Platform>(Box::new(platform));
[INFO] [stdout]    |                                                    ^^^^^^^^ not found in this scope
[INFO] [stdout]    |
[INFO] [stdout] help: you might be missing a type parameter
[INFO] [stdout]    |
[INFO] [stdout] 26 | pub fn init<Platform>() {
[INFO] [stdout]    |            ++++++++++
[INFO] [stdout] 
[INFO] [stdout] 
[INFO] [stdout] error[E0433]: cannot find type `Platform` in this scope
[INFO] [stdout]   --> src/platform.rs:27:24
[INFO] [stdout]    |
[INFO] [stdout] 27 |     let mut platform = Platform::new();
[INFO] [stdout]    |                        ^^^^^^^^ use of undeclared type `Platform`
[INFO] [stdout] 
[INFO] [stdout] 
[INFO] [stdout] Some errors have detailed explanations: E0425, E0433.
[INFO] [stdout] 
[INFO] [stdout] For more information about an error, try `rustc --explain E0425`.
[INFO] [stdout] 
[INFO] [stderr] error: could not compile `pyxel-platform` (lib) due to 5 previous errors
[INFO] [stderr] warning: unused dependency `parking_lot`
[INFO] [stderr]   --> Cargo.toml:16:15
[INFO] [stderr]    |
[INFO] [stderr] 16 | [dependencies.parking_lot]
[INFO] [stderr]    |               ^^^^^^^^^^^^
[INFO] [stderr]    |
[INFO] [stderr]    = note: `cargo::unused_dependencies` is set to `warn` by default
[INFO] [stderr] help: consider removing the dependency on `parking_lot`
[INFO] [stderr] warning: `pyxel-platform` (manifest) generated 1 warning
[INFO] running `Command { std: "docker" "inspect" "212e560e329704cb89f0a32fb6cdad2be824bd0487477e0861ca1c9ba83aa5d0", kill_on_drop: false }`
[INFO] running `Command { std: "docker" "rm" "-f" "212e560e329704cb89f0a32fb6cdad2be824bd0487477e0861ca1c9ba83aa5d0", kill_on_drop: false }`
[INFO] [stdout] 212e560e329704cb89f0a32fb6cdad2be824bd0487477e0861ca1c9ba83aa5d0
