[INFO] fetching crate python-instruction-dsl-proc 0.2.3...
[INFO] testing python-instruction-dsl-proc-0.2.3 against 1.99.0-beta.8+cargoflags=--release for beta-release-1.100-2
[INFO] extracting crate python-instruction-dsl-proc 0.2.3 into /workspace/builds/worker-5-tc1/source
[INFO] started tweaking crates.io crate python-instruction-dsl-proc 0.2.3
[INFO] removed 0 missing tests
[INFO] finished tweaking crates.io crate python-instruction-dsl-proc 0.2.3
[INFO] tweaked toml for crates.io crate python-instruction-dsl-proc 0.2.3 written to /workspace/builds/worker-5-tc1/source/Cargo.toml
[INFO] validating manifest of crates.io crate python-instruction-dsl-proc 0.2.3 on toolchain 1.99.0-beta.8
[INFO] running `Command { std: CARGO_HOME="/workspace/cargo-home" RUSTUP_HOME="/workspace/rustup-home" "/workspace/cargo-home/bin/cargo" "+1.99.0-beta.8" "metadata" "--manifest-path" "Cargo.toml" "--no-deps", kill_on_drop: false }`
[INFO] crate crates.io crate python-instruction-dsl-proc 0.2.3 already has a lockfile, it will not be regenerated
[INFO] running `Command { std: CARGO_HOME="/workspace/cargo-home" RUSTUP_HOME="/workspace/rustup-home" "/workspace/cargo-home/bin/cargo" "+1.99.0-beta.8" "fetch" "--manifest-path" "Cargo.toml", kill_on_drop: false }`
[INFO] running `Command { std: "docker" "create" "-v" "/var/lib/crater-agent-workspace/builds/worker-5-tc1/source:/opt/rustwide/workdir:ro,Z" "-v" "/var/lib/crater-agent-workspace/builds/worker-5-tc1/target:/opt/rustwide/target:rw,Z" "-v" "/var/lib/crater-agent-workspace/cargo-home:/opt/rustwide/cargo-home:ro,Z" "-v" "/var/lib/crater-agent-workspace/rustup-home:/opt/rustwide/rustup-home:ro,Z" "-m" "1610612736" "--network" "none" "ghcr.io/rust-lang/crates-build-env/linux@sha256:77db811e55d90add9212f6832c23229e3de5f1c1f9905e8cb07319ea15df73ac" "sleep" "infinity", kill_on_drop: false }`
[INFO] [stdout] 78212860ba97738f10a70fe48a8203e473b1f971bc69153fbc18d5051e658cab
[INFO] running `Command { std: "docker" "start" "78212860ba97738f10a70fe48a8203e473b1f971bc69153fbc18d5051e658cab", kill_on_drop: false }`
[INFO] running `Command { std: "docker" "inspect" "78212860ba97738f10a70fe48a8203e473b1f971bc69153fbc18d5051e658cab", kill_on_drop: false }`
[INFO] running `Command { std: "docker" "exec" "-e" "SOURCE_DIR=/opt/rustwide/workdir" "-e" "CARGO_HOME=/opt/rustwide/cargo-home" "-e" "RUSTUP_HOME=/opt/rustwide/rustup-home" "-e" "CARGO_TARGET_DIR=/opt/rustwide/target" "-w" "/opt/rustwide/workdir" "--user" "0:0" "78212860ba97738f10a70fe48a8203e473b1f971bc69153fbc18d5051e658cab" "/opt/rustwide/cargo-home/bin/cargo" "+1.99.0-beta.8" "metadata" "--no-deps" "--format-version=1", kill_on_drop: false }`
[INFO] running `Command { std: "docker" "inspect" "78212860ba97738f10a70fe48a8203e473b1f971bc69153fbc18d5051e658cab", kill_on_drop: false }`
[INFO] running `Command { std: "docker" "exec" "-e" "SOURCE_DIR=/opt/rustwide/workdir" "-e" "CARGO_HOME=/opt/rustwide/cargo-home" "-e" "RUSTUP_HOME=/opt/rustwide/rustup-home" "-e" "CARGO_TARGET_DIR=/opt/rustwide/target" "-e" "CARGO_INCREMENTAL=0" "-e" "RUST_BACKTRACE=full" "-e" "RUSTFLAGS=--cap-lints=warn" "-e" "RUSTDOCFLAGS=--cap-lints=warn" "-w" "/opt/rustwide/workdir" "--user" "0:0" "78212860ba97738f10a70fe48a8203e473b1f971bc69153fbc18d5051e658cab" "/opt/rustwide/cargo-home/bin/cargo" "+1.99.0-beta.8" "build" "--frozen" "--message-format=json" "--release", kill_on_drop: false }`
[INFO] [stderr]    Compiling python-instruction-dsl-proc v0.2.3 (/opt/rustwide/workdir)
[INFO] [stderr]     Finished `release` profile [optimized] target(s) in 3.38s
[INFO] running `Command { std: "docker" "inspect" "78212860ba97738f10a70fe48a8203e473b1f971bc69153fbc18d5051e658cab", kill_on_drop: false }`
[INFO] running `Command { std: "docker" "exec" "-e" "SOURCE_DIR=/opt/rustwide/workdir" "-e" "CARGO_HOME=/opt/rustwide/cargo-home" "-e" "RUSTUP_HOME=/opt/rustwide/rustup-home" "-e" "CARGO_TARGET_DIR=/opt/rustwide/target" "-e" "CARGO_INCREMENTAL=0" "-e" "RUST_BACKTRACE=full" "-e" "RUSTFLAGS=--cap-lints=warn" "-e" "RUSTDOCFLAGS=--cap-lints=warn" "-w" "/opt/rustwide/workdir" "--user" "0:0" "78212860ba97738f10a70fe48a8203e473b1f971bc69153fbc18d5051e658cab" "/opt/rustwide/cargo-home/bin/cargo" "+1.99.0-beta.8" "test" "--frozen" "--no-run" "--message-format=json" "--release", kill_on_drop: false }`
[INFO] [stderr]    Compiling proc-macro2 v1.0.106
[INFO] [stderr]    Compiling quote v1.0.45
[INFO] [stderr]    Compiling python-instruction-dsl-proc v0.2.3 (/opt/rustwide/workdir)
[INFO] [stderr]    Compiling heck v0.5.0
[INFO] [stderr]    Compiling syn v2.0.117
[INFO] [stdout] error[E0433]: cannot find module or crate `pyc_editor` in this scope
[INFO] [stdout]  --> tests/test_simple.rs:1:5
[INFO] [stdout]   |
[INFO] [stdout] 1 | use pyc_editor::traits::StackEffectTrait;
[INFO] [stdout]   |     ^^^^^^^^^^ use of unresolved module or unlinked crate `pyc_editor`
[INFO] [stdout]   |
[INFO] [stdout]   = help: if you wanted to use a crate named `pyc_editor`, use `cargo add pyc_editor` to add it to your `Cargo.toml`
[INFO] [stdout] 
[INFO] [stdout] 
[INFO] [stderr] error: could not compile `python-instruction-dsl-proc` (test "test_simple") due to 4 previous errors; 1 warning emitted
[INFO] [stdout] error[E0433]: cannot find module or crate `pyc_editor` in this scope
[INFO] [stdout]  --> tests/test_simple.rs:2:5
[INFO] [stdout]   |
[INFO] [stdout] 2 | use pyc_editor::utils::StackEffect;
[INFO] [stdout]   |     ^^^^^^^^^^ use of unresolved module or unlinked crate `pyc_editor`
[INFO] [stdout]   |
[INFO] [stdout]   = help: if you wanted to use a crate named `pyc_editor`, use `cargo add pyc_editor` to add it to your `Cargo.toml`
[INFO] [stdout] 
[INFO] [stdout] 
[INFO] [stdout] error[E0433]: cannot find module or crate `pyc_editor` in this scope
[INFO] [stdout]  --> tests/test_simple.rs:3:5
[INFO] [stdout]   |
[INFO] [stdout] 3 | use pyc_editor::v310::ext_instructions::ExtInstruction;
[INFO] [stdout]   |     ^^^^^^^^^^ use of unresolved module or unlinked crate `pyc_editor`
[INFO] [stdout]   |
[INFO] [stdout]   = help: if you wanted to use a crate named `pyc_editor`, use `cargo add pyc_editor` to add it to your `Cargo.toml`
[INFO] [stdout] 
[INFO] [stdout] 
[INFO] [stdout] error[E0433]: cannot find module or crate `pyc_editor` in this scope
[INFO] [stdout]  --> tests/test_simple.rs:4:5
[INFO] [stdout]   |
[INFO] [stdout] 4 | use pyc_editor::v310::instructions::Instruction;
[INFO] [stdout]   |     ^^^^^^^^^^ use of unresolved module or unlinked crate `pyc_editor`
[INFO] [stdout]   |
[INFO] [stdout]   = help: if you wanted to use a crate named `pyc_editor`, use `cargo add pyc_editor` to add it to your `Cargo.toml`
[INFO] [stdout] 
[INFO] [stdout] 
[INFO] [stdout] warning: unused import: `python_instruction_dsl_proc::define_opcodes`
[INFO] [stdout]  --> tests/test_simple.rs:5:5
[INFO] [stdout]   |
[INFO] [stdout] 5 | use python_instruction_dsl_proc::define_opcodes;
[INFO] [stdout]   |     ^^^^^^^^^^^^^^^^^^^^^^^^^^^^^^^^^^^^^^^^^^^
[INFO] [stdout]   |
[INFO] [stdout]   = note: `#[warn(unused_imports)]` (part of `#[warn(unused)]`) on by default
[INFO] [stdout] 
[INFO] [stdout] 
[INFO] [stdout] For more information about this error, try `rustc --explain E0433`.
[INFO] [stdout] 
[INFO] running `Command { std: "docker" "inspect" "78212860ba97738f10a70fe48a8203e473b1f971bc69153fbc18d5051e658cab", kill_on_drop: false }`
[INFO] running `Command { std: "docker" "rm" "-f" "78212860ba97738f10a70fe48a8203e473b1f971bc69153fbc18d5051e658cab", kill_on_drop: false }`
[INFO] [stdout] 78212860ba97738f10a70fe48a8203e473b1f971bc69153fbc18d5051e658cab
