[INFO] fetching crate pymbusparser 0.0.7...
[INFO] testing pymbusparser-0.0.7 against 1.100.0-beta.1+cargoflags=--release for beta-release-1.100-2
[INFO] extracting crate pymbusparser 0.0.7 into /workspace/builds/worker-0-tc2/source
[INFO] started tweaking crates.io crate pymbusparser 0.0.7
[INFO] finished tweaking crates.io crate pymbusparser 0.0.7
[INFO] tweaked toml for crates.io crate pymbusparser 0.0.7 written to /workspace/builds/worker-0-tc2/source/Cargo.toml
[INFO] validating manifest of crates.io crate pymbusparser 0.0.7 on toolchain 1.100.0-beta.1
[INFO] running `Command { std: CARGO_HOME="/workspace/cargo-home" RUSTUP_HOME="/workspace/rustup-home" "/workspace/cargo-home/bin/cargo" "+1.100.0-beta.1" "metadata" "--manifest-path" "Cargo.toml" "--no-deps", kill_on_drop: false }`
[INFO] crate crates.io crate pymbusparser 0.0.7 already has a lockfile, it will not be regenerated
[INFO] running `Command { std: CARGO_HOME="/workspace/cargo-home" RUSTUP_HOME="/workspace/rustup-home" "/workspace/cargo-home/bin/cargo" "+1.100.0-beta.1" "fetch" "--manifest-path" "Cargo.toml", kill_on_drop: false }`
[INFO] running `Command { std: "docker" "create" "-v" "/var/lib/crater-agent-workspace/builds/worker-0-tc2/source:/opt/rustwide/workdir:ro,Z" "-v" "/var/lib/crater-agent-workspace/builds/worker-0-tc2/target:/opt/rustwide/target:rw,Z" "-v" "/var/lib/crater-agent-workspace/cargo-home:/opt/rustwide/cargo-home:ro,Z" "-v" "/var/lib/crater-agent-workspace/rustup-home:/opt/rustwide/rustup-home:ro,Z" "-m" "1610612736" "--network" "none" "ghcr.io/rust-lang/crates-build-env/linux@sha256:77db811e55d90add9212f6832c23229e3de5f1c1f9905e8cb07319ea15df73ac" "sleep" "infinity", kill_on_drop: false }`
[INFO] [stdout] 429fbfbdd9462836271adc65757443c764cfcb72c0c702f755286b08fd0e3317
[INFO] running `Command { std: "docker" "start" "429fbfbdd9462836271adc65757443c764cfcb72c0c702f755286b08fd0e3317", kill_on_drop: false }`
[INFO] running `Command { std: "docker" "inspect" "429fbfbdd9462836271adc65757443c764cfcb72c0c702f755286b08fd0e3317", kill_on_drop: false }`
[INFO] running `Command { std: "docker" "exec" "-e" "SOURCE_DIR=/opt/rustwide/workdir" "-e" "CARGO_HOME=/opt/rustwide/cargo-home" "-e" "RUSTUP_HOME=/opt/rustwide/rustup-home" "-e" "CARGO_TARGET_DIR=/opt/rustwide/target" "-w" "/opt/rustwide/workdir" "--user" "0:0" "429fbfbdd9462836271adc65757443c764cfcb72c0c702f755286b08fd0e3317" "/opt/rustwide/cargo-home/bin/cargo" "+1.100.0-beta.1" "metadata" "--no-deps" "--format-version=1", kill_on_drop: false }`
[INFO] running `Command { std: "docker" "inspect" "429fbfbdd9462836271adc65757443c764cfcb72c0c702f755286b08fd0e3317", kill_on_drop: false }`
[INFO] running `Command { std: "docker" "exec" "-e" "SOURCE_DIR=/opt/rustwide/workdir" "-e" "CARGO_HOME=/opt/rustwide/cargo-home" "-e" "RUSTUP_HOME=/opt/rustwide/rustup-home" "-e" "CARGO_TARGET_DIR=/opt/rustwide/target" "-e" "CARGO_INCREMENTAL=0" "-e" "RUST_BACKTRACE=full" "-e" "RUSTFLAGS=--cap-lints=warn" "-e" "RUSTDOCFLAGS=--cap-lints=warn" "-w" "/opt/rustwide/workdir" "--user" "0:0" "429fbfbdd9462836271adc65757443c764cfcb72c0c702f755286b08fd0e3317" "/opt/rustwide/cargo-home/bin/cargo" "+1.100.0-beta.1" "build" "--frozen" "--message-format=json" "--release", kill_on_drop: false }`
[INFO] [stderr]    Compiling unicode-ident v1.0.16
[INFO] [stderr]    Compiling target-lexicon v0.13.2
[INFO] [stderr]    Compiling python3-dll-a v0.2.12
[INFO] [stderr]    Compiling once_cell v1.20.2
[INFO] [stderr]    Compiling libc v0.2.169
[INFO] [stderr]    Compiling serde v1.0.217
[INFO] [stderr]    Compiling ryu v1.0.19
[INFO] [stderr]    Compiling itoa v1.0.14
[INFO] [stderr]    Compiling serde_json v1.0.138
[INFO] [stderr]    Compiling hashbrown v0.15.2
[INFO] [stderr]    Compiling encode_unicode v1.0.0
[INFO] [stderr]    Compiling csv-core v0.1.11
[INFO] [stderr]    Compiling unindent v0.2.3
[INFO] [stderr]    Compiling indoc v2.0.5
[INFO] [stderr]    Compiling proc-macro2 v1.0.93
[INFO] [stderr]    Compiling quote v1.0.38
[INFO] [stderr]    Compiling syn v2.0.96
[INFO] [stderr]    Compiling indexmap v2.7.1
[INFO] [stderr]    Compiling pyo3-build-config v0.25.0
[INFO] [stderr]    Compiling dirs-sys-next v0.1.2
[INFO] [stderr]    Compiling is-terminal v0.4.15
[INFO] [stderr]    Compiling dirs-next v2.0.0
[INFO] [stderr]    Compiling term v0.7.0
[INFO] [stderr]    Compiling pyo3-ffi v0.25.0
[INFO] [stderr]    Compiling pyo3-macros-backend v0.25.0
[INFO] [stderr]    Compiling pyo3 v0.25.0
[INFO] [stderr]    Compiling serde_derive v1.0.217
[INFO] [stderr]    Compiling pyo3-macros v0.25.0
[INFO] [stderr]    Compiling csv v1.3.1
[INFO] [stderr]    Compiling bitflags v2.8.0
[INFO] [stderr]    Compiling arrayvec v0.7.6
[INFO] [stderr]    Compiling serde_yaml v0.9.34+deprecated
[INFO] [stderr]    Compiling prettytable-rs v0.10.0
[INFO] [stderr]    Compiling m-bus-parser v0.0.27
[INFO] [stderr]    Compiling pymbusparser v0.0.7 (/opt/rustwide/workdir)
[INFO] [stderr]     Finished `release` profile [optimized] target(s) in 28.90s
[INFO] running `Command { std: "docker" "inspect" "429fbfbdd9462836271adc65757443c764cfcb72c0c702f755286b08fd0e3317", kill_on_drop: false }`
[INFO] running `Command { std: "docker" "exec" "-e" "SOURCE_DIR=/opt/rustwide/workdir" "-e" "CARGO_HOME=/opt/rustwide/cargo-home" "-e" "RUSTUP_HOME=/opt/rustwide/rustup-home" "-e" "CARGO_TARGET_DIR=/opt/rustwide/target" "-e" "CARGO_INCREMENTAL=0" "-e" "RUST_BACKTRACE=full" "-e" "RUSTFLAGS=--cap-lints=warn" "-e" "RUSTDOCFLAGS=--cap-lints=warn" "-w" "/opt/rustwide/workdir" "--user" "0:0" "429fbfbdd9462836271adc65757443c764cfcb72c0c702f755286b08fd0e3317" "/opt/rustwide/cargo-home/bin/cargo" "+1.100.0-beta.1" "test" "--frozen" "--no-run" "--message-format=json" "--release", kill_on_drop: false }`
[INFO] [stderr]    Compiling pymbusparser v0.0.7 (/opt/rustwide/workdir)
[INFO] [stdout] error: linking with `cc` failed: exit status: 1
[INFO] [stdout]   |
[INFO] [stdout]   = note:  "cc" "-m64" "/opt/rustwide/target/release/build/pymbusparser/a00e3c16e5a72902/out/rustcqJl32w/symbols.o" "<4 object files omitted>" "-Wl,--as-needed" "-Wl,-Bstatic" "<sysroot>/lib/rustlib/x86_64-unknown-linux-gnu/lib/{libtest-*,libgetopts-*,librustc_std_workspace_std-*}.rlib" "/opt/rustwide/target/release/build/pyo3/f4f1f740fbbbe2b7/out/libpyo3-f4f1f740fbbbe2b7.rlib" "/opt/rustwide/target/release/build/memoffset/c1b2ccb86758d7c5/out/libmemoffset-c1b2ccb86758d7c5.rlib" "/opt/rustwide/target/release/build/once_cell/d14ac526d2a459d4/out/libonce_cell-d14ac526d2a459d4.rlib" "/opt/rustwide/target/release/build/pyo3-ffi/c1a2a1b7149f53c1/out/libpyo3_ffi-c1a2a1b7149f53c1.rlib" "/opt/rustwide/target/release/build/unindent/9849da7e7091f1b4/out/libunindent-9849da7e7091f1b4.rlib" "/opt/rustwide/target/release/build/m-bus-parser/f2bf4614bc074c80/out/libm_bus_parser-f2bf4614bc074c80.rlib" "/opt/rustwide/target/release/build/serde_yaml/f872feed6669ec5b/out/libserde_yaml-f872feed6669ec5b.rlib" "/opt/rustwide/target/release/build/indexmap/cde95a01e2abd3c6/out/libindexmap-cde95a01e2abd3c6.rlib" "/opt/rustwide/target/release/build/equivalent/189ca3e854a233ff/out/libequivalent-189ca3e854a233ff.rlib" "/opt/rustwide/target/release/build/hashbrown/866a6b85555eac9d/out/libhashbrown-866a6b85555eac9d.rlib" "/opt/rustwide/target/release/build/unsafe-libyaml/2882583833813265/out/libunsafe_libyaml-2882583833813265.rlib" "/opt/rustwide/target/release/build/serde_json/2c9ba1d1a0b34d30/out/libserde_json-2c9ba1d1a0b34d30.rlib" "/opt/rustwide/target/release/build/bitflags/260a11d1117da1cf/out/libbitflags-260a11d1117da1cf.rlib" "/opt/rustwide/target/release/build/arrayvec/2b5fcd18db71a707/out/libarrayvec-2b5fcd18db71a707.rlib" "/opt/rustwide/target/release/build/prettytable-rs/f7a3a18948b00588/out/libprettytable-f7a3a18948b00588.rlib" "/opt/rustwide/target/release/build/is-terminal/c10bd2086e8402d0/out/libis_terminal-c10bd2086e8402d0.rlib" "/opt/rustwide/target/release/build/csv/6ac1bc57cb81150e/out/libcsv-6ac1bc57cb81150e.rlib" "/opt/rustwide/target/release/build/ryu/f20d146039ff33b6/out/libryu-f20d146039ff33b6.rlib" "/opt/rustwide/target/release/build/itoa/150dbbb2a456468d/out/libitoa-150dbbb2a456468d.rlib" "/opt/rustwide/target/release/build/csv-core/77303b400d1b8ea5/out/libcsv_core-77303b400d1b8ea5.rlib" "/opt/rustwide/target/release/build/memchr/c37383c48e4ac4f1/out/libmemchr-c37383c48e4ac4f1.rlib" "/opt/rustwide/target/release/build/serde/b4cbc804ee520f89/out/libserde-b4cbc804ee520f89.rlib" "/opt/rustwide/target/release/build/unicode-width/d4b78c57f51ab2bb/out/libunicode_width-d4b78c57f51ab2bb.rlib" "/opt/rustwide/target/release/build/encode_unicode/e6dfd0513a4ab2f9/out/libencode_unicode-e6dfd0513a4ab2f9.rlib" "/opt/rustwide/target/release/build/term/55c6d613f123f406/out/libterm-55c6d613f123f406.rlib" "/opt/rustwide/target/release/build/dirs-next/8fd9deadb6f699fe/out/libdirs_next-8fd9deadb6f699fe.rlib" "/opt/rustwide/target/release/build/dirs-sys-next/7c9047fdd1b9e638/out/libdirs_sys_next-7c9047fdd1b9e638.rlib" "/opt/rustwide/target/release/build/libc/a78799f7cdc80f55/out/liblibc-a78799f7cdc80f55.rlib" "/opt/rustwide/target/release/build/cfg-if/193575a6b29a3ab9/out/libcfg_if-193575a6b29a3ab9.rlib" "/opt/rustwide/target/release/build/lazy_static/fdd6af0286056ca3/out/liblazy_static-fdd6af0286056ca3.rlib" "/opt/rustwide/target/release/build/hex/ffa975566df5dac7/out/libhex-ffa975566df5dac7.rlib" "<sysroot>/lib/rustlib/x86_64-unknown-linux-gnu/lib/{libstd-*,libpanic_unwind-*,libobject-*,libmemchr-*,libaddr2line-*,libgimli-*,libcfg_if-*,librustc_demangle-*,libstd_detect-*,libhashbrown-*,librustc_std_workspace_alloc-*,libminiz_oxide-*,libadler2-*,libunwind-*,liblibc-*,librustc_std_workspace_core-*,liballoc-*,libcore-*,libcompiler_builtins-*}.rlib" "-Wl,-Bdynamic" "-lgcc_s" "-lutil" "-lrt" "-lpthread" "-lm" "-ldl" "-lc" "-L" "/opt/rustwide/target/release/build/pymbusparser/a00e3c16e5a72902/out/rustcqJl32w/raw-dylibs" "-B<sysroot>/lib/rustlib/x86_64-unknown-linux-gnu/bin/gcc-ld" "-fuse-ld=lld" "-Wl,--eh-frame-hdr" "-Wl,-z,noexecstack" "-L" "<sysroot>/lib/rustlib/x86_64-unknown-linux-gnu/lib" "-o" "/opt/rustwide/target/release/build/pymbusparser/a00e3c16e5a72902/out/pymbusparser-a00e3c16e5a72902" "-Wl,--gc-sections" "-pie" "-Wl,-z,relro,-z,now" "-Wl,-O1" "-Wl,--strip-debug" "-nodefaultlibs"
[INFO] [stdout]   = note: some arguments are omitted. use `--verbose` to show all linker arguments
[INFO] [stdout]   = note: rust-lld: error: undefined symbol: PyExc_ValueError
[INFO] [stdout]           >>> referenced by pymbusparser.448c975f68f94e22-cgu.0
[INFO] [stdout]           >>>               /opt/rustwide/target/release/build/pymbusparser/a00e3c16e5a72902/out/pymbusparser-a00e3c16e5a72902.pymbusparser.448c975f68f94e22-cgu.0.rcgu.o:(<<pyo3::err::PyErr>::new<pyo3::exceptions::PyValueError, alloc::string::String>::{closure#0} as core::ops::function::FnOnce<(pyo3::marker::Python,)>>::call_once::{shim:vtable#0})
[INFO] [stdout]           
[INFO] [stdout]           rust-lld: error: undefined symbol: PyExc_SystemError
[INFO] [stdout]           >>> referenced by pyo3.cf7bb119715ac5c2-cgu.00
[INFO] [stdout]           >>>               pyo3-f4f1f740fbbbe2b7.pyo3.cf7bb119715ac5c2-cgu.00.rcgu.o:(<<pyo3::err::PyErr>::new<pyo3::exceptions::PySystemError, &str>::{closure#0} as core::ops::function::FnOnce<(pyo3::marker::Python,)>>::call_once::{shim:vtable#0} (.llvm.4345983504500177659)) in archive /opt/rustwide/target/release/build/pyo3/f4f1f740fbbbe2b7/out/libpyo3-f4f1f740fbbbe2b7.rlib
[INFO] [stdout]           >>> referenced by pyo3.cf7bb119715ac5c2-cgu.02
[INFO] [stdout]           >>>               pyo3-f4f1f740fbbbe2b7.pyo3.cf7bb119715ac5c2-cgu.02.rcgu.o:(<<pyo3::err::PyErr>::new<pyo3::exceptions::PySystemError, &str>::{closure#0} as core::ops::function::FnOnce<(pyo3::marker::Python,)>>::call_once::{shim:vtable#0} (.llvm.2708638072363033619)) in archive /opt/rustwide/target/release/build/pyo3/f4f1f740fbbbe2b7/out/libpyo3-f4f1f740fbbbe2b7.rlib
[INFO] [stdout]           >>> referenced by pyo3.cf7bb119715ac5c2-cgu.01
[INFO] [stdout]           >>>               pyo3-f4f1f740fbbbe2b7.pyo3.cf7bb119715ac5c2-cgu.01.rcgu.o:(<<pyo3::err::PyErr>::new<pyo3::exceptions::PySystemError, &str>::{closure#0} as core::ops::function::FnOnce<(pyo3::marker::Python,)>>::call_once::{shim:vtable#0} (.llvm.2263614579806895371)) in archive /opt/rustwide/target/release/build/pyo3/f4f1f740fbbbe2b7/out/libpyo3-f4f1f740fbbbe2b7.rlib
[INFO] [stdout]           >>> referenced 1 more times
[INFO] [stdout]           
[INFO] [stdout]           rust-lld: error: undefined symbol: PyUnicode_FromStringAndSize
[INFO] [stdout]           >>> referenced by pyo3.cf7bb119715ac5c2-cgu.00
[INFO] [stdout]           >>>               pyo3-f4f1f740fbbbe2b7.pyo3.cf7bb119715ac5c2-cgu.00.rcgu.o:(<<pyo3::err::PyErr>::new<pyo3::exceptions::PySystemError, &str>::{closure#0} as core::ops::function::FnOnce<(pyo3::marker::Python,)>>::call_once::{shim:vtable#0} (.llvm.4345983504500177659)) in archive /opt/rustwide/target/release/build/pyo3/f4f1f740fbbbe2b7/out/libpyo3-f4f1f740fbbbe2b7.rlib
[INFO] [stdout]           >>> referenced by pyo3.cf7bb119715ac5c2-cgu.02
[INFO] [stdout]           >>>               pyo3-f4f1f740fbbbe2b7.pyo3.cf7bb119715ac5c2-cgu.02.rcgu.o:(<<pyo3::err::PyErr>::new<pyo3::exceptions::PySystemError, &str>::{closure#0} as core::ops::function::FnOnce<(pyo3::marker::Python,)>>::call_once::{shim:vtable#0} (.llvm.2708638072363033619)) in archive /opt/rustwide/target/release/build/pyo3/f4f1f740fbbbe2b7/out/libpyo3-f4f1f740fbbbe2b7.rlib
[INFO] [stdout]           >>> referenced by pyo3.cf7bb119715ac5c2-cgu.01
[INFO] [stdout]           >>>               pyo3-f4f1f740fbbbe2b7.pyo3.cf7bb119715ac5c2-cgu.01.rcgu.o:(<<pyo3::err::PyErr>::new<pyo3::exceptions::PySystemError, &str>::{closure#0} as core::ops::function::FnOnce<(pyo3::marker::Python,)>>::call_once::{shim:vtable#0} (.llvm.2263614579806895371)) in archive /opt/rustwide/target/release/build/pyo3/f4f1f740fbbbe2b7/out/libpyo3-f4f1f740fbbbe2b7.rlib
[INFO] [stdout]           >>> referenced 4 more times
[INFO] [stdout]           
[INFO] [stdout]           rust-lld: error: undefined symbol: PyUnicode_AsEncodedString
[INFO] [stdout]           >>> referenced by pyo3.cf7bb119715ac5c2-cgu.00
[INFO] [stdout]           >>>               pyo3-f4f1f740fbbbe2b7.pyo3.cf7bb119715ac5c2-cgu.00.rcgu.o:(<pyo3::instance::Borrowed<pyo3::types::string::PyString>>::to_string_lossy (.llvm.4345983504500177659)) in archive /opt/rustwide/target/release/build/pyo3/f4f1f740fbbbe2b7/out/libpyo3-f4f1f740fbbbe2b7.rlib
[INFO] [stdout]           
[INFO] [stdout]           rust-lld: error: undefined symbol: PyBytes_AsString
[INFO] [stdout]           >>> referenced by pyo3.cf7bb119715ac5c2-cgu.00
[INFO] [stdout]           >>>               pyo3-f4f1f740fbbbe2b7.pyo3.cf7bb119715ac5c2-cgu.00.rcgu.o:(<pyo3::instance::Borrowed<pyo3::types::string::PyString>>::to_string_lossy (.llvm.4345983504500177659)) in archive /opt/rustwide/target/release/build/pyo3/f4f1f740fbbbe2b7/out/libpyo3-f4f1f740fbbbe2b7.rlib
[INFO] [stdout]           
[INFO] [stdout]           rust-lld: error: undefined symbol: PyBytes_Size
[INFO] [stdout]           >>> referenced by pyo3.cf7bb119715ac5c2-cgu.00
[INFO] [stdout]           >>>               pyo3-f4f1f740fbbbe2b7.pyo3.cf7bb119715ac5c2-cgu.00.rcgu.o:(<pyo3::instance::Borrowed<pyo3::types::string::PyString>>::to_string_lossy (.llvm.4345983504500177659)) in archive /opt/rustwide/target/release/build/pyo3/f4f1f740fbbbe2b7/out/libpyo3-f4f1f740fbbbe2b7.rlib
[INFO] [stdout]           
[INFO] [stdout]           rust-lld: error: undefined symbol: _Py_Dealloc
[INFO] [stdout]           >>> referenced by pyo3.cf7bb119715ac5c2-cgu.00
[INFO] [stdout]           >>>               pyo3-f4f1f740fbbbe2b7.pyo3.cf7bb119715ac5c2-cgu.00.rcgu.o:(<pyo3::instance::Borrowed<pyo3::types::string::PyString>>::to_string_lossy (.llvm.4345983504500177659)) in archive /opt/rustwide/target/release/build/pyo3/f4f1f740fbbbe2b7/out/libpyo3-f4f1f740fbbbe2b7.rlib
[INFO] [stdout]           >>> referenced by pyo3.cf7bb119715ac5c2-cgu.00
[INFO] [stdout]           >>>               pyo3-f4f1f740fbbbe2b7.pyo3.cf7bb119715ac5c2-cgu.00.rcgu.o:(<pyo3::instance::Borrowed<pyo3::types::string::PyString>>::to_string_lossy (.llvm.4345983504500177659)) in archive /opt/rustwide/target/release/build/pyo3/f4f1f740fbbbe2b7/out/libpyo3-f4f1f740fbbbe2b7.rlib
[INFO] [stdout]           >>> referenced by pyo3.cf7bb119715ac5c2-cgu.00
[INFO] [stdout]           >>>               pyo3-f4f1f740fbbbe2b7.pyo3.cf7bb119715ac5c2-cgu.00.rcgu.o:(pyo3::instance::python_format) in archive /opt/rustwide/target/release/build/pyo3/f4f1f740fbbbe2b7/out/libpyo3-f4f1f740fbbbe2b7.rlib
[INFO] [stdout]           >>> referenced 30 more times
[INFO] [stdout]           
[INFO] [stdout]           rust-lld: error: undefined symbol: PyUnicode_AsUTF8AndSize
[INFO] [stdout]           >>> referenced by pyo3.cf7bb119715ac5c2-cgu.00
[INFO] [stdout]           >>>               pyo3-f4f1f740fbbbe2b7.pyo3.cf7bb119715ac5c2-cgu.00.rcgu.o:(<pyo3::instance::Borrowed<pyo3::types::string::PyString>>::to_str) in archive /opt/rustwide/target/release/build/pyo3/f4f1f740fbbbe2b7/out/libpyo3-f4f1f740fbbbe2b7.rlib
[INFO] [stdout]           
[INFO] [stdout]           rust-lld: error: undefined symbol: PyErr_SetRaisedException
[INFO] [stdout]           >>> referenced by pyo3.cf7bb119715ac5c2-cgu.00
[INFO] [stdout]           >>>               pyo3-f4f1f740fbbbe2b7.pyo3.cf7bb119715ac5c2-cgu.00.rcgu.o:(pyo3::instance::python_format) in archive /opt/rustwide/target/release/build/pyo3/f4f1f740fbbbe2b7/out/libpyo3-f4f1f740fbbbe2b7.rlib
[INFO] [stdout]           >>> referenced by pyo3.cf7bb119715ac5c2-cgu.01
[INFO] [stdout]           >>>               pyo3-f4f1f740fbbbe2b7.pyo3.cf7bb119715ac5c2-cgu.01.rcgu.o:(<pyo3::err::PyErr>::print_panic_and_unwind (.llvm.2263614579806895371)) in archive /opt/rustwide/target/release/build/pyo3/f4f1f740fbbbe2b7/out/libpyo3-f4f1f740fbbbe2b7.rlib
[INFO] [stdout]           >>> referenced by pyo3.cf7bb119715ac5c2-cgu.01
[INFO] [stdout]           >>>               pyo3-f4f1f740fbbbe2b7.pyo3.cf7bb119715ac5c2-cgu.01.rcgu.o:(<pyo3::err::PyErr as core::fmt::Debug>::fmt) in archive /opt/rustwide/target/release/build/pyo3/f4f1f740fbbbe2b7/out/libpyo3-f4f1f740fbbbe2b7.rlib
[INFO] [stdout]           
[INFO] [stdout]           rust-lld: error: undefined symbol: PyErr_WriteUnraisable
[INFO] [stdout]           >>> referenced by pyo3.cf7bb119715ac5c2-cgu.00
[INFO] [stdout]           >>>               pyo3-f4f1f740fbbbe2b7.pyo3.cf7bb119715ac5c2-cgu.00.rcgu.o:(pyo3::instance::python_format) in archive /opt/rustwide/target/release/build/pyo3/f4f1f740fbbbe2b7/out/libpyo3-f4f1f740fbbbe2b7.rlib
[INFO] [stdout]           >>> referenced by pyo3.cf7bb119715ac5c2-cgu.01
[INFO] [stdout]           >>>               pyo3-f4f1f740fbbbe2b7.pyo3.cf7bb119715ac5c2-cgu.01.rcgu.o:(<pyo3::err::PyErr as core::fmt::Debug>::fmt) in archive /opt/rustwide/target/release/build/pyo3/f4f1f740fbbbe2b7/out/libpyo3-f4f1f740fbbbe2b7.rlib
[INFO] [stdout]           
[INFO] [stdout]           rust-lld: error: undefined symbol: Py_TYPE
[INFO] [stdout]           >>> referenced by pyo3.cf7bb119715ac5c2-cgu.00
[INFO] [stdout]           >>>               pyo3-f4f1f740fbbbe2b7.pyo3.cf7bb119715ac5c2-cgu.00.rcgu.o:(pyo3::instance::python_format) in archive /opt/rustwide/target/release/build/pyo3/f4f1f740fbbbe2b7/out/libpyo3-f4f1f740fbbbe2b7.rlib
[INFO] [stdout]           >>> referenced by pyo3.cf7bb119715ac5c2-cgu.00
[INFO] [stdout]           >>>               pyo3-f4f1f740fbbbe2b7.pyo3.cf7bb119715ac5c2-cgu.00.rcgu.o:(<pyo3::instance::Bound<pyo3::types::traceback::PyTraceback> as pyo3::types::traceback::PyTracebackMethods>::format) in archive /opt/rustwide/target/release/build/pyo3/f4f1f740fbbbe2b7/out/libpyo3-f4f1f740fbbbe2b7.rlib
[INFO] [stdout]           >>> referenced by pyo3.cf7bb119715ac5c2-cgu.01
[INFO] [stdout]           >>>               pyo3-f4f1f740fbbbe2b7.pyo3.cf7bb119715ac5c2-cgu.01.rcgu.o:(<pyo3::err::PyErr>::take) in archive /opt/rustwide/target/release/build/pyo3/f4f1f740fbbbe2b7/out/libpyo3-f4f1f740fbbbe2b7.rlib
[INFO] [stdout]           >>> referenced 3 more times
[INFO] [stdout]           
[INFO] [stdout]           rust-lld: error: undefined symbol: PyType_GetName
[INFO] [stdout]           >>> referenced by pyo3.cf7bb119715ac5c2-cgu.00
[INFO] [stdout]           >>>               pyo3-f4f1f740fbbbe2b7.pyo3.cf7bb119715ac5c2-cgu.00.rcgu.o:(pyo3::instance::python_format) in archive /opt/rustwide/target/release/build/pyo3/f4f1f740fbbbe2b7/out/libpyo3-f4f1f740fbbbe2b7.rlib
[INFO] [stdout]           
[INFO] [stdout]           rust-lld: error: undefined symbol: PyImport_Import
[INFO] [stdout]           >>> referenced by pyo3.cf7bb119715ac5c2-cgu.00
[INFO] [stdout]           >>>               pyo3-f4f1f740fbbbe2b7.pyo3.cf7bb119715ac5c2-cgu.00.rcgu.o:(<pyo3::instance::Bound<pyo3::types::traceback::PyTraceback> as pyo3::types::traceback::PyTracebackMethods>::format) in archive /opt/rustwide/target/release/build/pyo3/f4f1f740fbbbe2b7/out/libpyo3-f4f1f740fbbbe2b7.rlib
[INFO] [stdout]           >>> referenced by pyo3.cf7bb119715ac5c2-cgu.00
[INFO] [stdout]           >>>               pyo3-f4f1f740fbbbe2b7.pyo3.cf7bb119715ac5c2-cgu.00.rcgu.o:(<pyo3::instance::Bound<pyo3::types::traceback::PyTraceback> as pyo3::types::traceback::PyTracebackMethods>::format) in archive /opt/rustwide/target/release/build/pyo3/f4f1f740fbbbe2b7/out/libpyo3-f4f1f740fbbbe2b7.rlib
[INFO] [stdout]           
[INFO] [stdout]           rust-lld: error: undefined symbol: PyObject_GetAttr
[INFO] [stdout]           >>> referenced by pyo3.cf7bb119715ac5c2-cgu.00
[INFO] [stdout]           >>>               pyo3-f4f1f740fbbbe2b7.pyo3.cf7bb119715ac5c2-cgu.00.rcgu.o:(<pyo3::instance::Bound<pyo3::types::traceback::PyTraceback> as pyo3::types::traceback::PyTracebackMethods>::format) in archive /opt/rustwide/target/release/build/pyo3/f4f1f740fbbbe2b7/out/libpyo3-f4f1f740fbbbe2b7.rlib
[INFO] [stdout]           >>> referenced by pyo3.cf7bb119715ac5c2-cgu.00
[INFO] [stdout]           >>>               pyo3-f4f1f740fbbbe2b7.pyo3.cf7bb119715ac5c2-cgu.00.rcgu.o:(<pyo3::instance::Bound<pyo3::types::traceback::PyTraceback> as pyo3::types::traceback::PyTracebackMethods>::format) in archive /opt/rustwide/target/release/build/pyo3/f4f1f740fbbbe2b7/out/libpyo3-f4f1f740fbbbe2b7.rlib
[INFO] [stdout]           
[INFO] [stdout]           rust-lld: error: undefined symbol: PyObject_CallNoArgs
[INFO] [stdout]           >>> referenced by pyo3.cf7bb119715ac5c2-cgu.00
[INFO] [stdout]           >>>               pyo3-f4f1f740fbbbe2b7.pyo3.cf7bb119715ac5c2-cgu.00.rcgu.o:(<pyo3::instance::Bound<pyo3::types::traceback::PyTraceback> as pyo3::types::traceback::PyTracebackMethods>::format) in archive /opt/rustwide/target/release/build/pyo3/f4f1f740fbbbe2b7/out/libpyo3-f4f1f740fbbbe2b7.rlib
[INFO] [stdout]           >>> referenced by pyo3.cf7bb119715ac5c2-cgu.00
[INFO] [stdout]           >>>               pyo3-f4f1f740fbbbe2b7.pyo3.cf7bb119715ac5c2-cgu.00.rcgu.o:(<pyo3::instance::Bound<pyo3::types::traceback::PyTraceback> as pyo3::types::traceback::PyTracebackMethods>::format) in archive /opt/rustwide/target/release/build/pyo3/f4f1f740fbbbe2b7/out/libpyo3-f4f1f740fbbbe2b7.rlib
[INFO] [stdout]           
[INFO] [stdout]           rust-lld: error: undefined symbol: PyTraceBack_Print
[INFO] [stdout]           >>> referenced by pyo3.cf7bb119715ac5c2-cgu.00
[INFO] [stdout]           >>>               pyo3-f4f1f740fbbbe2b7.pyo3.cf7bb119715ac5c2-cgu.00.rcgu.o:(<pyo3::instance::Bound<pyo3::types::traceback::PyTraceback> as pyo3::types::traceback::PyTracebackMethods>::format) in archive /opt/rustwide/target/release/build/pyo3/f4f1f740fbbbe2b7/out/libpyo3-f4f1f740fbbbe2b7.rlib
[INFO] [stdout]           
[INFO] [stdout]           rust-lld: error: undefined symbol: PyObject_Repr
[INFO] [stdout]           >>> referenced by pyo3.cf7bb119715ac5c2-cgu.00
[INFO] [stdout]           >>>               pyo3-f4f1f740fbbbe2b7.pyo3.cf7bb119715ac5c2-cgu.00.rcgu.o:(<pyo3::instance::Bound<pyo3::exceptions::PyBaseException> as core::fmt::Debug>::fmt) in archive /opt/rustwide/target/release/build/pyo3/f4f1f740fbbbe2b7/out/libpyo3-f4f1f740fbbbe2b7.rlib
[INFO] [stdout]           
[INFO] [stdout]           rust-lld: error: undefined symbol: PyObject_Str
[INFO] [stdout]           >>> referenced by pyo3.cf7bb119715ac5c2-cgu.00
[INFO] [stdout]           >>>               pyo3-f4f1f740fbbbe2b7.pyo3.cf7bb119715ac5c2-cgu.00.rcgu.o:(<pyo3::instance::Bound<pyo3::types::typeobject::PyType> as core::fmt::Display>::fmt) in archive /opt/rustwide/target/release/build/pyo3/f4f1f740fbbbe2b7/out/libpyo3-f4f1f740fbbbe2b7.rlib
[INFO] [stdout]           >>> referenced by pyo3.cf7bb119715ac5c2-cgu.00
[INFO] [stdout]           >>>               pyo3-f4f1f740fbbbe2b7.pyo3.cf7bb119715ac5c2-cgu.00.rcgu.o:(<pyo3::instance::Bound<pyo3::types::any::PyAny> as pyo3::types::any::PyAnyMethods>::str) in archive /opt/rustwide/target/release/build/pyo3/f4f1f740fbbbe2b7/out/libpyo3-f4f1f740fbbbe2b7.rlib
[INFO] [stdout]           
[INFO] [stdout]           rust-lld: error: undefined symbol: PyExc_TypeError
[INFO] [stdout]           >>> referenced by pyo3.cf7bb119715ac5c2-cgu.01
[INFO] [stdout]           >>>               pyo3-f4f1f740fbbbe2b7.pyo3.cf7bb119715ac5c2-cgu.01.rcgu.o:(<<pyo3::err::PyErr>::new<pyo3::exceptions::PyTypeError, pyo3::err::PyDowncastErrorArguments>::{closure#0} as core::ops::function::FnOnce<(pyo3::marker::Python,)>>::call_once::{shim:vtable#0} (.llvm.2263614579806895371)) in archive /opt/rustwide/target/release/build/pyo3/f4f1f740fbbbe2b7/out/libpyo3-f4f1f740fbbbe2b7.rlib
[INFO] [stdout]           >>> referenced by pyo3.cf7bb119715ac5c2-cgu.08
[INFO] [stdout]           >>>               pyo3-f4f1f740fbbbe2b7.pyo3.cf7bb119715ac5c2-cgu.08.rcgu.o:(pyo3::err::err_state::raise_lazy (.llvm.3072757658091886387)) in archive /opt/rustwide/target/release/build/pyo3/f4f1f740fbbbe2b7/out/libpyo3-f4f1f740fbbbe2b7.rlib
[INFO] [stdout]           
[INFO] [stdout]           rust-lld: error: undefined symbol: PyErr_PrintEx
[INFO] [stdout]           >>> referenced by pyo3.cf7bb119715ac5c2-cgu.01
[INFO] [stdout]           >>>               pyo3-f4f1f740fbbbe2b7.pyo3.cf7bb119715ac5c2-cgu.01.rcgu.o:(<pyo3::err::PyErr>::print_panic_and_unwind (.llvm.2263614579806895371)) in archive /opt/rustwide/target/release/build/pyo3/f4f1f740fbbbe2b7/out/libpyo3-f4f1f740fbbbe2b7.rlib
[INFO] [stdout]           
[INFO] [stdout]           rust-lld: error: too many errors emitted, stopping now (use --error-limit=0 to see all errors)
[INFO] [stdout]           collect2: error: ld returned 1 exit status
[INFO] [stdout]           
[INFO] [stdout] 
[INFO] [stdout] 
[INFO] [stderr] error: could not compile `pymbusparser` (lib test) due to 1 previous error
[INFO] running `Command { std: "docker" "inspect" "429fbfbdd9462836271adc65757443c764cfcb72c0c702f755286b08fd0e3317", kill_on_drop: false }`
[INFO] running `Command { std: "docker" "rm" "-f" "429fbfbdd9462836271adc65757443c764cfcb72c0c702f755286b08fd0e3317", kill_on_drop: false }`
[INFO] [stdout] 429fbfbdd9462836271adc65757443c764cfcb72c0c702f755286b08fd0e3317
