[INFO] fetching crate pymagba_binding 0.6.0...
[INFO] testing pymagba_binding-0.6.0 against 1.99.0-beta.8+cargoflags=--release for beta-release-1.100-2
[INFO] extracting crate pymagba_binding 0.6.0 into /workspace/builds/worker-1-tc1/source
[INFO] started tweaking crates.io crate pymagba_binding 0.6.0
[INFO] finished tweaking crates.io crate pymagba_binding 0.6.0
[INFO] tweaked toml for crates.io crate pymagba_binding 0.6.0 written to /workspace/builds/worker-1-tc1/source/Cargo.toml
[INFO] validating manifest of crates.io crate pymagba_binding 0.6.0 on toolchain 1.99.0-beta.8
[INFO] running `Command { std: CARGO_HOME="/workspace/cargo-home" RUSTUP_HOME="/workspace/rustup-home" "/workspace/cargo-home/bin/cargo" "+1.99.0-beta.8" "metadata" "--manifest-path" "Cargo.toml" "--no-deps", kill_on_drop: false }`
[INFO] crate crates.io crate pymagba_binding 0.6.0 already has a lockfile, it will not be regenerated
[INFO] running `Command { std: CARGO_HOME="/workspace/cargo-home" RUSTUP_HOME="/workspace/rustup-home" "/workspace/cargo-home/bin/cargo" "+1.99.0-beta.8" "fetch" "--manifest-path" "Cargo.toml", kill_on_drop: false }`
[INFO] [stderr]     Updating crates.io index
[INFO] [stderr]  Downloading crates ...
[INFO] [stderr]   Downloaded toml_writer v1.0.6+spec-1.1.0
[INFO] [stderr]   Downloaded toml_datetime v1.0.0+spec-1.1.0
[INFO] [stderr]   Downloaded toml v1.0.6+spec-1.1.0
[INFO] [stderr]   Downloaded stl_io v0.11.0
[INFO] [stderr]   Downloaded pyo3-stub-gen v0.19.0
[INFO] [stderr]   Downloaded pyo3-macros v0.28.2
[INFO] [stderr]   Downloaded rustpython-parser-core v0.4.0
[INFO] [stderr]   Downloaded unic-emoji-char v0.9.0
[INFO] [stderr]   Downloaded serde_spanned v1.0.4
[INFO] [stderr]   Downloaded num-lazy v0.4.1
[INFO] [stderr]   Downloaded rustpython-parser-vendored v0.4.0
[INFO] [stderr]   Downloaded numeric_literals v0.2.0
[INFO] [stderr]   Downloaded unic-ucd-ident v0.9.0
[INFO] [stderr]   Downloaded openmesh v0.2.3
[INFO] [stderr]   Downloaded pyo3-ffi v0.28.2
[INFO] [stderr]   Downloaded unicode_names2_generator v1.3.0
[INFO] [stderr]   Downloaded concat-idents v1.1.5
[INFO] [stderr]   Downloaded nalgebra-macros v0.3.0
[INFO] [stderr]   Downloaded getset v0.1.6
[INFO] [stderr]   Downloaded delegate v0.13.5
[INFO] [stderr]   Downloaded inventory v0.3.22
[INFO] [stderr]   Downloaded pyo3-build-config v0.28.2
[INFO] [stderr]   Downloaded ellip v1.1.0
[INFO] [stderr]   Downloaded pyo3-stub-gen-derive v0.19.0
[INFO] [stderr]   Downloaded portable-atomic-util v0.2.5
[INFO] [stderr]   Downloaded rustpython-ast v0.4.0
[INFO] [stderr]   Downloaded magba v0.6.2
[INFO] [stderr]   Downloaded pyo3-macros-backend v0.28.2
[INFO] [stderr]   Downloaded numpy v0.28.0
[INFO] [stderr]   Downloaded glam v0.16.0
[INFO] [stderr]   Downloaded glam v0.14.0
[INFO] [stderr]   Downloaded glam v0.19.0
[INFO] [stderr]   Downloaded glam v0.18.0
[INFO] [stderr]   Downloaded glam v0.17.3
[INFO] [stderr]   Downloaded glam v0.15.2
[INFO] [stderr]   Downloaded glam v0.20.5
[INFO] [stderr]   Downloaded rustpython-parser v0.4.0
[INFO] [stderr]   Downloaded glam v0.22.0
[INFO] [stderr]   Downloaded glam v0.23.0
[INFO] [stderr]   Downloaded glam v0.21.3
[INFO] [stderr]   Downloaded unicode_names2 v1.3.0
[INFO] [stderr]   Downloaded glam v0.24.2
[INFO] [stderr]   Downloaded glam v0.25.0
[INFO] [stderr]   Downloaded nalgebra v0.34.2
[INFO] [stderr]   Downloaded glam v0.27.0
[INFO] [stderr]   Downloaded glam v0.28.0
[INFO] [stderr]   Downloaded glam v0.29.3
[INFO] [stderr]   Downloaded glam v0.30.10
[INFO] [stderr]   Downloaded glam v0.31.1
[INFO] [stderr]   Downloaded pyo3 v0.28.2
[INFO] running `Command { std: "docker" "create" "-v" "/var/lib/crater-agent-workspace/builds/worker-1-tc1/source:/opt/rustwide/workdir:ro,Z" "-v" "/var/lib/crater-agent-workspace/builds/worker-1-tc1/target:/opt/rustwide/target:rw,Z" "-v" "/var/lib/crater-agent-workspace/cargo-home:/opt/rustwide/cargo-home:ro,Z" "-v" "/var/lib/crater-agent-workspace/rustup-home:/opt/rustwide/rustup-home:ro,Z" "-m" "1610612736" "--network" "none" "ghcr.io/rust-lang/crates-build-env/linux@sha256:77db811e55d90add9212f6832c23229e3de5f1c1f9905e8cb07319ea15df73ac" "sleep" "infinity", kill_on_drop: false }`
[INFO] [stdout] 88d57d73580a0e1145ea62f4d36decf8a5addde8c114815b7454d0cc60297e2d
[INFO] running `Command { std: "docker" "start" "88d57d73580a0e1145ea62f4d36decf8a5addde8c114815b7454d0cc60297e2d", kill_on_drop: false }`
[INFO] running `Command { std: "docker" "inspect" "88d57d73580a0e1145ea62f4d36decf8a5addde8c114815b7454d0cc60297e2d", kill_on_drop: false }`
[INFO] running `Command { std: "docker" "exec" "-e" "SOURCE_DIR=/opt/rustwide/workdir" "-e" "CARGO_HOME=/opt/rustwide/cargo-home" "-e" "RUSTUP_HOME=/opt/rustwide/rustup-home" "-e" "CARGO_TARGET_DIR=/opt/rustwide/target" "-w" "/opt/rustwide/workdir" "--user" "0:0" "88d57d73580a0e1145ea62f4d36decf8a5addde8c114815b7454d0cc60297e2d" "/opt/rustwide/cargo-home/bin/cargo" "+1.99.0-beta.8" "metadata" "--no-deps" "--format-version=1", kill_on_drop: false }`
[INFO] running `Command { std: "docker" "inspect" "88d57d73580a0e1145ea62f4d36decf8a5addde8c114815b7454d0cc60297e2d", kill_on_drop: false }`
[INFO] running `Command { std: "docker" "exec" "-e" "SOURCE_DIR=/opt/rustwide/workdir" "-e" "CARGO_HOME=/opt/rustwide/cargo-home" "-e" "RUSTUP_HOME=/opt/rustwide/rustup-home" "-e" "CARGO_TARGET_DIR=/opt/rustwide/target" "-e" "CARGO_INCREMENTAL=0" "-e" "RUST_BACKTRACE=full" "-e" "RUSTFLAGS=--cap-lints=warn" "-e" "RUSTDOCFLAGS=--cap-lints=warn" "-w" "/opt/rustwide/workdir" "--user" "0:0" "88d57d73580a0e1145ea62f4d36decf8a5addde8c114815b7454d0cc60297e2d" "/opt/rustwide/cargo-home/bin/cargo" "+1.99.0-beta.8" "build" "--frozen" "--message-format=json" "--release", kill_on_drop: false }`
[INFO] [stderr]    Compiling target-lexicon v0.13.5
[INFO] [stderr]    Compiling syn v2.0.117
[INFO] [stderr]    Compiling bytemuck v1.25.0
[INFO] [stderr]    Compiling syn v1.0.109
[INFO] [stderr]    Compiling libc v0.2.183
[INFO] [stderr]    Compiling either v1.15.0
[INFO] [stderr]    Compiling unicode-segmentation v1.12.0
[INFO] [stderr]    Compiling proc-macro-error-attr2 v2.0.0
[INFO] [stderr]    Compiling unicode-xid v0.2.6
[INFO] [stderr]    Compiling num-traits v0.2.19
[INFO] [stderr]    Compiling matrixmultiply v0.3.10
[INFO] [stderr]    Compiling typenum v1.19.0
[INFO] [stderr]    Compiling memchr v2.8.0
[INFO] [stderr]    Compiling rustc-hash v2.1.3
[INFO] [stderr]    Compiling rustc-std-workspace-alloc v1.0.1
[INFO] [stderr]    Compiling inventory v0.3.22
[INFO] [stderr]    Compiling hashbrown v0.16.1
[INFO] [stderr]    Compiling once_cell v1.21.4
[INFO] [stderr]    Compiling num-lazy v0.4.1
[INFO] [stderr]    Compiling stl_io v0.11.0
[INFO] [stderr]    Compiling safe_arch v0.7.4
[INFO] [stderr]    Compiling rayon v1.11.0
[INFO] [stderr]    Compiling itertools v0.14.0
[INFO] [stderr]    Compiling convert_case v0.10.0
[INFO] [stderr]    Compiling wide v0.7.33
[INFO] [stderr]    Compiling pyo3-build-config v0.28.2
[INFO] [stderr]    Compiling aho-corasick v1.1.4
[INFO] [stderr]    Compiling num-complex v0.4.6
[INFO] [stderr]    Compiling num-integer v0.1.46
[INFO] [stderr]    Compiling approx v0.5.1
[INFO] [stderr]    Compiling num-rational v0.4.2
[INFO] [stderr]    Compiling pyo3-macros-backend v0.28.2
[INFO] [stderr]    Compiling pyo3-ffi v0.28.2
[INFO] [stderr]    Compiling pyo3 v0.28.2
[INFO] [stderr]    Compiling numpy v0.28.0
[INFO] [stderr]    Compiling ndarray v0.17.2
[INFO] [stderr]    Compiling regex-automata v0.4.14
[INFO] [stderr]    Compiling simba v0.9.1
[INFO] [stderr]    Compiling numeric_literals v0.2.0
[INFO] [stderr]    Compiling ellip v1.1.0
[INFO] [stderr]    Compiling proc-macro-error2 v2.0.1
[INFO] [stderr]    Compiling nalgebra-macros v0.3.0
[INFO] [stderr]    Compiling derive_more-impl v2.1.1
[INFO] [stderr]    Compiling concat-idents v1.1.5
[INFO] [stderr]    Compiling delegate v0.13.5
[INFO] [stderr]    Compiling getset v0.1.6
[INFO] [stderr]    Compiling enum_dispatch v0.3.13
[INFO] [stderr]    Compiling regex v1.12.3
[INFO] [stderr]    Compiling derive_more v2.1.1
[INFO] [stderr]    Compiling nalgebra v0.34.2
[INFO] [stderr]    Compiling pyo3-macros v0.28.2
[INFO] [stderr]    Compiling openmesh v0.2.3
[INFO] [stderr]    Compiling magba v0.6.2
[INFO] [stderr]    Compiling pymagba_binding v0.6.0 (/opt/rustwide/workdir)
[INFO] [stderr]     Finished `release` profile [optimized] target(s) in 1m 01s
[INFO] [stderr] warning: the following packages contain code that will be rejected by a future version of Rust: proc-macro-error2 v2.0.1
[INFO] [stderr] note: to see what the problems were, use the option `--future-incompat-report`, or run `cargo report future-incompatibilities --id 2`
[INFO] running `Command { std: "docker" "inspect" "88d57d73580a0e1145ea62f4d36decf8a5addde8c114815b7454d0cc60297e2d", kill_on_drop: false }`
[INFO] running `Command { std: "docker" "exec" "-e" "SOURCE_DIR=/opt/rustwide/workdir" "-e" "CARGO_HOME=/opt/rustwide/cargo-home" "-e" "RUSTUP_HOME=/opt/rustwide/rustup-home" "-e" "CARGO_TARGET_DIR=/opt/rustwide/target" "-e" "CARGO_INCREMENTAL=0" "-e" "RUST_BACKTRACE=full" "-e" "RUSTFLAGS=--cap-lints=warn" "-e" "RUSTDOCFLAGS=--cap-lints=warn" "-w" "/opt/rustwide/workdir" "--user" "0:0" "88d57d73580a0e1145ea62f4d36decf8a5addde8c114815b7454d0cc60297e2d" "/opt/rustwide/cargo-home/bin/cargo" "+1.99.0-beta.8" "test" "--frozen" "--no-run" "--message-format=json" "--release", kill_on_drop: false }`
[INFO] [stderr]    Compiling pymagba_binding v0.6.0 (/opt/rustwide/workdir)
[INFO] [stdout] error: linking with `cc` failed: exit status: 1
[INFO] [stdout]   |
[INFO] [stdout]   = note:  "cc" "-m64" "/opt/rustwide/target/release/deps/rustcAjtL3P/symbols.o" "<17 object files omitted>" "-Wl,--as-needed" "-Wl,-Bstatic" "/opt/rustwide/target/release/deps/libstl_io-ba7bec861d6954a9.rlib" "<sysroot>/lib/rustlib/x86_64-unknown-linux-gnu/lib/{libtest-*,libgetopts-*,librustc_std_workspace_std-*}.rlib" "/opt/rustwide/target/release/deps/{libmagba-c6973f9cb72fdc8a,libdyn_clone-e75423fc41fef366,libitertools-f748a63b591633f6,libderive_more-6898ae678386104d,libopenmesh-c494cf7f254d8c5a,libhashbrown-f32335f9fa91c242,librustc_std_workspace_alloc-a1a8e99df3ced430,libellip-13bee33bea4a9112,libnum_lazy-e333e35bf57417a0,libnalgebra-8cd953f6e148f742,librayon-04d083eae51189f1,librayon_core-200cbe5ba623cbda,libcrossbeam_deque-2a0d55b5d488e9da,libcrossbeam_epoch-5071d9e21cd7edca,libcrossbeam_utils-c35c21890820cf1a,libeither-381c6dbf3b7f9a41,libnum_rational-e1253353312d2466,libtypenum-8462ab9534e178f5,libsimba-4f94b53614df4020,libwide-152873a2916026fb,libsafe_arch-61a11d669b57932b,libbytemuck-e348f3e6b3d43048,libapprox-98c98d1263f3435c,libnumpy-fa50197315aec5a5,librustc_hash-682890645aa46447,libndarray-9b146960a542bee4,libmatrixmultiply-d1cc7fa123e41bdb,libnum_complex-6c0dc023b50f9396,libnum_integer-245ab24dad7e2e4a,libnum_traits-af66b93df6dcecf9,librawpointer-e637704b8109ab79,libpyo3-276c795f326d640d,libonce_cell-a92ce0590bdd2571,libpyo3_ffi-bad42c4f5af6c827,liblibc-c9e046903fda19dd,libinventory-ab956d9bba5c4710}.rlib" "<sysroot>/lib/rustlib/x86_64-unknown-linux-gnu/lib/{libstd-*,libpanic_unwind-*,libobject-*,libmemchr-*,libaddr2line-*,libgimli-*,libcfg_if-*,librustc_demangle-*,libstd_detect-*,libhashbrown-*,librustc_std_workspace_alloc-*,libminiz_oxide-*,libadler2-*,libunwind-*,liblibc-*,librustc_std_workspace_core-*,liballoc-*,libcore-*,libcompiler_builtins-*}.rlib" "-Wl,-Bdynamic" "-lgcc_s" "-lutil" "-lrt" "-lpthread" "-lm" "-ldl" "-lc" "-L" "/opt/rustwide/target/release/deps/rustcAjtL3P/raw-dylibs" "-B<sysroot>/lib/rustlib/x86_64-unknown-linux-gnu/bin/gcc-ld" "-fuse-ld=lld" "-Wl,--eh-frame-hdr" "-Wl,-z,noexecstack" "-L" "<sysroot>/lib/rustlib/x86_64-unknown-linux-gnu/lib" "-o" "/opt/rustwide/target/release/deps/pymagba_binding-43ab65c299f628a4" "-Wl,--gc-sections" "-pie" "-Wl,-z,relro,-z,now" "-Wl,-O1" "-Wl,--strip-debug" "-nodefaultlibs"
[INFO] [stdout]   = note: some arguments are omitted. use `--verbose` to show all linker arguments
[INFO] [stdout]   = note: rust-lld: error: undefined symbol: _Py_Dealloc
[INFO] [stdout]           >>> referenced by pymagba_binding.e33f189ce86ee04c-cgu.01
[INFO] [stdout]           >>>               /opt/rustwide/target/release/deps/pymagba_binding-43ab65c299f628a4.pymagba_binding.e33f189ce86ee04c-cgu.01.rcgu.o:(core::ptr::drop_glue::<pyo3::instance::Py<pyo3::types::any::PyAny>>)
[INFO] [stdout]           >>> referenced by pymagba_binding.e33f189ce86ee04c-cgu.00
[INFO] [stdout]           >>>               /opt/rustwide/target/release/deps/pymagba_binding-43ab65c299f628a4.pymagba_binding.e33f189ce86ee04c-cgu.00.rcgu.o:(core::ptr::drop_glue::<core::option::Option<core::result::Result<pyo3::instance::Bound<pyo3::types::any::PyAny>, pyo3::err::PyErr>>>)
[INFO] [stdout]           >>> referenced by pymagba_binding.e33f189ce86ee04c-cgu.01
[INFO] [stdout]           >>>               /opt/rustwide/target/release/deps/pymagba_binding-43ab65c299f628a4.pymagba_binding.e33f189ce86ee04c-cgu.01.rcgu.o:(core::ptr::drop_glue::<pyo3::err::PyErr> (.llvm.11568057338520608409))
[INFO] [stdout]           >>> referenced 702 more times
[INFO] [stdout]           
[INFO] [stdout]           rust-lld: error: undefined symbol: PyList_New
[INFO] [stdout]           >>> referenced by pymagba_binding.e33f189ce86ee04c-cgu.00
[INFO] [stdout]           >>>               /opt/rustwide/target/release/deps/pymagba_binding-43ab65c299f628a4.pymagba_binding.e33f189ce86ee04c-cgu.00.rcgu.o:(<alloc::vec::into_iter::IntoIter<[usize; 3]> as core::iter::traits::iterator::Iterator>::try_fold::<isize, core::iter::adapters::map::map_try_fold<[usize; 3], core::result::Result<pyo3::instance::Bound<pyo3::types::any::PyAny>, pyo3::err::PyErr>, isize, core::ops::control_flow::ControlFlow<core::result::Result<isize, pyo3::err::PyErr>, isize>, <[usize; 3] as pyo3::conversion::IntoPyObject>::owned_sequence_into_pyobject<alloc::vec::Vec<[usize; 3]>>::{closure#0}, <core::iter::adapters::take::Take<_> as core::iter::traits::iterator::Iterator>::try_fold::check<core::result::Result<pyo3::instance::Bound<pyo3::types::any::PyAny>, pyo3::err::PyErr>, isize, core::result::Result<isize, pyo3::err::PyErr>, pyo3::types::list::try_new_from_iter<&mut core::iter::adapters::map::Map<alloc::vec::into_iter::IntoIter<[usize; 3]>, <[usize; 3] as pyo3::conversion::IntoPyObject>::owned_sequence_into_pyobject<alloc::vec::Vec<[usize; 3]>>::{closure#0}>>::{closure#0}>::{closure#0}>::{closure#0}, core::ops::control_flow::ControlFlow<core::result::Result<isize, pyo3::err::PyErr>, isize>>)
[INFO] [stdout]           >>> referenced by pymagba_binding.e33f189ce86ee04c-cgu.00
[INFO] [stdout]           >>>               /opt/rustwide/target/release/deps/pymagba_binding-43ab65c299f628a4.pymagba_binding.e33f189ce86ee04c-cgu.00.rcgu.o:(<[f64; 3] as pyo3::conversion::IntoPyObject>::owned_sequence_into_pyobject::<[[f64; 3]; 3]>)
[INFO] [stdout]           >>> referenced by pymagba_binding.e33f189ce86ee04c-cgu.00
[INFO] [stdout]           >>>               /opt/rustwide/target/release/deps/pymagba_binding-43ab65c299f628a4.pymagba_binding.e33f189ce86ee04c-cgu.00.rcgu.o:(<[f64; 3] as pyo3::conversion::IntoPyObject>::owned_sequence_into_pyobject::<[[f64; 3]; 4]>)
[INFO] [stdout]           >>> referenced 7 more times
[INFO] [stdout]           
[INFO] [stdout]           rust-lld: error: undefined symbol: PyExc_KeyError
[INFO] [stdout]           >>> referenced by pymagba_binding.e33f189ce86ee04c-cgu.00
[INFO] [stdout]           >>>               /opt/rustwide/target/release/deps/pymagba_binding-43ab65c299f628a4.pymagba_binding.e33f189ce86ee04c-cgu.00.rcgu.o:(<<pyo3::err::PyErr>::new<pyo3::exceptions::PyKeyError, &str>::{closure#0} as core::ops::function::FnOnce<(pyo3::marker::Python,)>>::call_once::{shim:vtable#0})
[INFO] [stdout]           >>> referenced by pymagba_binding.e33f189ce86ee04c-cgu.14
[INFO] [stdout]           >>>               /opt/rustwide/target/release/deps/pymagba_binding-43ab65c299f628a4.pymagba_binding.e33f189ce86ee04c-cgu.14.rcgu.o:(<<pyo3::err::PyErr>::new<pyo3::exceptions::PyKeyError, &str>::{closure#0} as core::ops::function::FnOnce<(pyo3::marker::Python,)>>::call_once::{shim:vtable#0})
[INFO] [stdout]           
[INFO] [stdout]           rust-lld: error: undefined symbol: _Py_NoneStruct
[INFO] [stdout]           >>> referenced by pymagba_binding.e33f189ce86ee04c-cgu.00
[INFO] [stdout]           >>>               /opt/rustwide/target/release/deps/pymagba_binding-43ab65c299f628a4.pymagba_binding.e33f189ce86ee04c-cgu.00.rcgu.o:(<pymagba_binding::currents::triangle::TriangleCurrent>::__pymethod___new____)
[INFO] [stdout]           >>> referenced by pymagba_binding.e33f189ce86ee04c-cgu.00
[INFO] [stdout]           >>>               /opt/rustwide/target/release/deps/pymagba_binding-43ab65c299f628a4.pymagba_binding.e33f189ce86ee04c-cgu.00.rcgu.o:(<pymagba_binding::currents::triangle::TriangleCurrent>::__pymethod___new____)
[INFO] [stdout]           >>> referenced by pymagba_binding.e33f189ce86ee04c-cgu.00
[INFO] [stdout]           >>>               /opt/rustwide/target/release/deps/pymagba_binding-43ab65c299f628a4.pymagba_binding.e33f189ce86ee04c-cgu.00.rcgu.o:(<pymagba_binding::currents::triangle::TriangleCurrent>::__pymethod___new____)
[INFO] [stdout]           >>> referenced 141 more times
[INFO] [stdout]           
[INFO] [stdout]           rust-lld: error: undefined symbol: PyBaseObject_Type
[INFO] [stdout]           >>> referenced by pymagba_binding.e33f189ce86ee04c-cgu.00
[INFO] [stdout]           >>>               /opt/rustwide/target/release/deps/pymagba_binding-43ab65c299f628a4.pymagba_binding.e33f189ce86ee04c-cgu.00.rcgu.o:(<pymagba_binding::currents::triangle::TriangleCurrent>::__pymethod___new____)
[INFO] [stdout]           >>> referenced by pymagba_binding.e33f189ce86ee04c-cgu.01
[INFO] [stdout]           >>>               /opt/rustwide/target/release/deps/pymagba_binding-43ab65c299f628a4.pymagba_binding.e33f189ce86ee04c-cgu.01.rcgu.o:(<pymagba_binding::magnets::sphere::SphereMagnet>::__pymethod___new____)
[INFO] [stdout]           >>> referenced by pymagba_binding.e33f189ce86ee04c-cgu.01
[INFO] [stdout]           >>>               /opt/rustwide/target/release/deps/pymagba_binding-43ab65c299f628a4.pymagba_binding.e33f189ce86ee04c-cgu.01.rcgu.o:(<pymagba_binding::magnets::triangle::TriangleMagnet>::__pymethod___new____)
[INFO] [stdout]           >>> referenced 52 more times
[INFO] [stdout]           
[INFO] [stdout]           rust-lld: error: undefined symbol: PyExc_ValueError
[INFO] [stdout]           >>> referenced by pymagba_binding.e33f189ce86ee04c-cgu.01
[INFO] [stdout]           >>>               /opt/rustwide/target/release/deps/pymagba_binding-43ab65c299f628a4.pymagba_binding.e33f189ce86ee04c-cgu.01.rcgu.o:(<<pyo3::err::PyErr>::new<pyo3::exceptions::PyValueError, alloc::string::String>::{closure#0} as core::ops::function::FnOnce<(pyo3::marker::Python,)>>::call_once::{shim:vtable#0})
[INFO] [stdout]           >>> referenced by pymagba_binding.e33f189ce86ee04c-cgu.04
[INFO] [stdout]           >>>               /opt/rustwide/target/release/deps/pymagba_binding-43ab65c299f628a4.pymagba_binding.e33f189ce86ee04c-cgu.04.rcgu.o:(<<pyo3::err::PyErr>::new<pyo3::exceptions::PyValueError, alloc::string::String>::{closure#0} as core::ops::function::FnOnce<(pyo3::marker::Python,)>>::call_once::{shim:vtable#0})
[INFO] [stdout]           >>> referenced by pymagba_binding.e33f189ce86ee04c-cgu.05
[INFO] [stdout]           >>>               /opt/rustwide/target/release/deps/pymagba_binding-43ab65c299f628a4.pymagba_binding.e33f189ce86ee04c-cgu.05.rcgu.o:(<<pyo3::err::PyErr>::new<pyo3::exceptions::PyValueError, alloc::string::String>::{closure#0} as core::ops::function::FnOnce<(pyo3::marker::Python,)>>::call_once::{shim:vtable#0})
[INFO] [stdout]           >>> referenced 8 more times
[INFO] [stdout]           
[INFO] [stdout]           rust-lld: error: undefined symbol: Py_TYPE
[INFO] [stdout]           >>> referenced by pymagba_binding.e33f189ce86ee04c-cgu.00
[INFO] [stdout]           >>>               /opt/rustwide/target/release/deps/pymagba_binding-43ab65c299f628a4.pymagba_binding.e33f189ce86ee04c-cgu.00.rcgu.o:(<pymagba_binding::currents::triangle::TriangleCurrent>::__pymethod___setstate____)
[INFO] [stdout]           >>> referenced by pymagba_binding.e33f189ce86ee04c-cgu.01
[INFO] [stdout]           >>>               /opt/rustwide/target/release/deps/pymagba_binding-43ab65c299f628a4.pymagba_binding.e33f189ce86ee04c-cgu.01.rcgu.o:(<pymagba_binding::magnets::sphere::SphereMagnet>::__pymethod___setstate____)
[INFO] [stdout]           >>> referenced by pymagba_binding.e33f189ce86ee04c-cgu.01
[INFO] [stdout]           >>>               /opt/rustwide/target/release/deps/pymagba_binding-43ab65c299f628a4.pymagba_binding.e33f189ce86ee04c-cgu.01.rcgu.o:(<pymagba_binding::magnets::triangle::TriangleMagnet>::__pymethod___setstate____)
[INFO] [stdout]           >>> referenced 87 more times
[INFO] [stdout]           
[INFO] [stdout]           rust-lld: error: undefined symbol: PyDict_Type
[INFO] [stdout]           >>> referenced by pymagba_binding.e33f189ce86ee04c-cgu.00
[INFO] [stdout]           >>>               /opt/rustwide/target/release/deps/pymagba_binding-43ab65c299f628a4.pymagba_binding.e33f189ce86ee04c-cgu.00.rcgu.o:(<pymagba_binding::currents::triangle::TriangleCurrent>::__pymethod___setstate____)
[INFO] [stdout]           >>> referenced by pymagba_binding.e33f189ce86ee04c-cgu.00
[INFO] [stdout]           >>>               /opt/rustwide/target/release/deps/pymagba_binding-43ab65c299f628a4.pymagba_binding.e33f189ce86ee04c-cgu.00.rcgu.o:(<pymagba_binding::currents::triangle::TriangleCurrent>::__pymethod___setstate____)
[INFO] [stdout]           >>> referenced by pymagba_binding.e33f189ce86ee04c-cgu.01
[INFO] [stdout]           >>>               /opt/rustwide/target/release/deps/pymagba_binding-43ab65c299f628a4.pymagba_binding.e33f189ce86ee04c-cgu.01.rcgu.o:(<pymagba_binding::magnets::sphere::SphereMagnet>::__pymethod___setstate____)
[INFO] [stdout]           >>> referenced 29 more times
[INFO] [stdout]           
[INFO] [stdout]           rust-lld: error: undefined symbol: PyObject_VectorcallMethod
[INFO] [stdout]           >>> referenced by pymagba_binding.e33f189ce86ee04c-cgu.00
[INFO] [stdout]           >>>               /opt/rustwide/target/release/deps/pymagba_binding-43ab65c299f628a4.pymagba_binding.e33f189ce86ee04c-cgu.00.rcgu.o:(<([f64; 4],) as pyo3::call::PyCallArgs>::call_method_positional)
[INFO] [stdout]           >>> referenced by pymagba_binding.e33f189ce86ee04c-cgu.11
[INFO] [stdout]           >>>               /opt/rustwide/target/release/deps/pymagba_binding-43ab65c299f628a4.pymagba_binding.e33f189ce86ee04c-cgu.11.rcgu.o:(<pymagba_binding::base::pytypes::PyRotation as pyo3::conversion::FromPyObject>::extract)
[INFO] [stdout]           
[INFO] [stdout]           rust-lld: error: undefined symbol: PyType_IsSubtype
[INFO] [stdout]           >>> referenced by pymagba_binding.e33f189ce86ee04c-cgu.04
[INFO] [stdout]           >>>               /opt/rustwide/target/release/deps/pymagba_binding-43ab65c299f628a4.pymagba_binding.e33f189ce86ee04c-cgu.04.rcgu.o:(<pyo3::instance::Borrowed<_>>::cast::inner::<pymagba_binding::collection::SourceCollection>)
[INFO] [stdout]           >>> referenced by pymagba_binding.e33f189ce86ee04c-cgu.04
[INFO] [stdout]           >>>               /opt/rustwide/target/release/deps/pymagba_binding-43ab65c299f628a4.pymagba_binding.e33f189ce86ee04c-cgu.04.rcgu.o:(<pyo3::instance::Borrowed<_>>::cast::inner::<pymagba_binding::collection::ObserverCollection>)
[INFO] [stdout]           >>> referenced by pymagba_binding.e33f189ce86ee04c-cgu.04
[INFO] [stdout]           >>>               /opt/rustwide/target/release/deps/pymagba_binding-43ab65c299f628a4.pymagba_binding.e33f189ce86ee04c-cgu.04.rcgu.o:(<pyo3::instance::Borrowed<_>>::cast::inner::<pymagba_binding::magnets::tetrahedron::TetrahedronMagnet>)
[INFO] [stdout]           >>> referenced 20 more times
[INFO] [stdout]           
[INFO] [stdout]           rust-lld: error: undefined symbol: PyObject_IsInstance
[INFO] [stdout]           >>> referenced by pymagba_binding.e33f189ce86ee04c-cgu.04
[INFO] [stdout]           >>>               /opt/rustwide/target/release/deps/pymagba_binding-43ab65c299f628a4.pymagba_binding.e33f189ce86ee04c-cgu.04.rcgu.o:(<pyo3::instance::Borrowed<_>>::cast::inner::<pyo3::types::sequence::PySequence>)
[INFO] [stdout]           
[INFO] [stdout]           rust-lld: error: undefined symbol: PyErr_WriteUnraisable
[INFO] [stdout]           >>> referenced by pymagba_binding.e33f189ce86ee04c-cgu.04
[INFO] [stdout]           >>>               /opt/rustwide/target/release/deps/pymagba_binding-43ab65c299f628a4.pymagba_binding.e33f189ce86ee04c-cgu.04.rcgu.o:(<pyo3::instance::Borrowed<_>>::cast::inner::<pyo3::types::sequence::PySequence>)
[INFO] [stdout]           >>> referenced by pymagba_binding.e33f189ce86ee04c-cgu.15
[INFO] [stdout]           >>>               /opt/rustwide/target/release/deps/pymagba_binding-43ab65c299f628a4.pymagba_binding.e33f189ce86ee04c-cgu.15.rcgu.o:(pyo3::impl_::trampoline::trampoline_unraisable::<pyo3::impl_::trampoline::dealloc::{closure#0}>)
[INFO] [stdout]           >>> referenced by pyo3.274a68acf474492f-cgu.00
[INFO] [stdout]           >>>               pyo3-276c795f326d640d.pyo3.274a68acf474492f-cgu.00.rcgu.o:(pyo3::instance::panic_on_null) in archive /opt/rustwide/target/release/deps/libpyo3-276c795f326d640d.rlib
[INFO] [stdout]           >>> referenced 3 more times
[INFO] [stdout]           
[INFO] [stdout]           rust-lld: error: undefined symbol: PyExc_IOError
[INFO] [stdout]           >>> referenced by pymagba_binding.e33f189ce86ee04c-cgu.05
[INFO] [stdout]           >>>               /opt/rustwide/target/release/deps/pymagba_binding-43ab65c299f628a4.pymagba_binding.e33f189ce86ee04c-cgu.05.rcgu.o:(<<pyo3::err::PyErr>::new<pyo3::exceptions::PyIOError, alloc::string::String>::{closure#0} as core::ops::function::FnOnce<(pyo3::marker::Python,)>>::call_once::{shim:vtable#0})
[INFO] [stdout]           >>> referenced by pymagba_binding.e33f189ce86ee04c-cgu.12
[INFO] [stdout]           >>>               /opt/rustwide/target/release/deps/pymagba_binding-43ab65c299f628a4.pymagba_binding.e33f189ce86ee04c-cgu.12.rcgu.o:(<<pyo3::err::PyErr>::new<pyo3::exceptions::PyIOError, alloc::string::String>::{closure#0} as core::ops::function::FnOnce<(pyo3::marker::Python,)>>::call_once::{shim:vtable#0})
[INFO] [stdout]           
[INFO] [stdout]           rust-lld: error: undefined symbol: _Py_TrueStruct
[INFO] [stdout]           >>> referenced by pymagba_binding.e33f189ce86ee04c-cgu.08
[INFO] [stdout]           >>>               /opt/rustwide/target/release/deps/pymagba_binding-43ab65c299f628a4.pymagba_binding.e33f189ce86ee04c-cgu.08.rcgu.o:(<pymagba_binding::sensors::hall_latch::HallLatch>::__pymethod_read_state__)
[INFO] [stdout]           >>> referenced by pymagba_binding.e33f189ce86ee04c-cgu.08
[INFO] [stdout]           >>>               /opt/rustwide/target/release/deps/pymagba_binding-43ab65c299f628a4.pymagba_binding.e33f189ce86ee04c-cgu.08.rcgu.o:(<pymagba_binding::sensors::hall_latch::HallLatch>::__pymethod_read__)
[INFO] [stdout]           >>> referenced by pymagba_binding.e33f189ce86ee04c-cgu.10
[INFO] [stdout]           >>>               /opt/rustwide/target/release/deps/pymagba_binding-43ab65c299f628a4.pymagba_binding.e33f189ce86ee04c-cgu.10.rcgu.o:(<pymagba_binding::sensors::hall_switch::HallSwitch>::__pymethod_read_state__)
[INFO] [stdout]           >>> referenced 2 more times
[INFO] [stdout]           
[INFO] [stdout]           rust-lld: error: undefined symbol: _Py_FalseStruct
[INFO] [stdout]           >>> referenced by pymagba_binding.e33f189ce86ee04c-cgu.08
[INFO] [stdout]           >>>               /opt/rustwide/target/release/deps/pymagba_binding-43ab65c299f628a4.pymagba_binding.e33f189ce86ee04c-cgu.08.rcgu.o:(<pymagba_binding::sensors::hall_latch::HallLatch>::__pymethod_read_state__)
[INFO] [stdout]           >>> referenced by pymagba_binding.e33f189ce86ee04c-cgu.08
[INFO] [stdout]           >>>               /opt/rustwide/target/release/deps/pymagba_binding-43ab65c299f628a4.pymagba_binding.e33f189ce86ee04c-cgu.08.rcgu.o:(<pymagba_binding::sensors::hall_latch::HallLatch>::__pymethod_read__)
[INFO] [stdout]           >>> referenced by pymagba_binding.e33f189ce86ee04c-cgu.10
[INFO] [stdout]           >>>               /opt/rustwide/target/release/deps/pymagba_binding-43ab65c299f628a4.pymagba_binding.e33f189ce86ee04c-cgu.10.rcgu.o:(<pymagba_binding::sensors::hall_switch::HallSwitch>::__pymethod_read_state__)
[INFO] [stdout]           >>> referenced 2 more times
[INFO] [stdout]           
[INFO] [stdout]           rust-lld: error: undefined symbol: PyImport_Import
[INFO] [stdout]           >>> referenced by pymagba_binding.e33f189ce86ee04c-cgu.11
[INFO] [stdout]           >>>               /opt/rustwide/target/release/deps/pymagba_binding-43ab65c299f628a4.pymagba_binding.e33f189ce86ee04c-cgu.11.rcgu.o:(<pyo3::types::module::PyModule>::import::<&str>)
[INFO] [stdout]           >>> referenced by numpy.ae2f7d8c0c1e2875-cgu.2
[INFO] [stdout]           >>>               numpy-fa50197315aec5a5.numpy.ae2f7d8c0c1e2875-cgu.2.rcgu.o:(<pyo3::types::module::PyModule>::import::<&str>) in archive /opt/rustwide/target/release/deps/libnumpy-fa50197315aec5a5.rlib
[INFO] [stdout]           >>> referenced by pyo3.274a68acf474492f-cgu.00
[INFO] [stdout]           >>>               pyo3-276c795f326d640d.pyo3.274a68acf474492f-cgu.00.rcgu.o:(<pyo3::instance::Bound<pyo3::types::traceback::PyTraceback> as pyo3::types::traceback::PyTracebackMethods>::format) in archive /opt/rustwide/target/release/deps/libpyo3-276c795f326d640d.rlib
[INFO] [stdout]           >>> referenced 1 more times
[INFO] [stdout]           
[INFO] [stdout]           rust-lld: error: undefined symbol: PySequence_Check
[INFO] [stdout]           >>> referenced by pymagba_binding.e33f189ce86ee04c-cgu.10
[INFO] [stdout]           >>>               /opt/rustwide/target/release/deps/pymagba_binding-43ab65c299f628a4.pymagba_binding.e33f189ce86ee04c-cgu.10.rcgu.o:(pyo3::conversions::std::vec::extract_sequence::<[f64; 3]>)
[INFO] [stdout]           >>> referenced by pymagba_binding.e33f189ce86ee04c-cgu.10
[INFO] [stdout]           >>>               /opt/rustwide/target/release/deps/pymagba_binding-43ab65c299f628a4.pymagba_binding.e33f189ce86ee04c-cgu.10.rcgu.o:(pyo3::conversions::std::vec::extract_sequence::<[usize; 3]>)
[INFO] [stdout]           >>> referenced by pymagba_binding.e33f189ce86ee04c-cgu.10
[INFO] [stdout]           >>>               /opt/rustwide/target/release/deps/pymagba_binding-43ab65c299f628a4.pymagba_binding.e33f189ce86ee04c-cgu.10.rcgu.o:(pyo3::conversions::std::vec::extract_sequence::<pyo3::instance::Py<pyo3::types::any::PyAny>>)
[INFO] [stdout]           >>> referenced 5 more times
[INFO] [stdout]           
[INFO] [stdout]           rust-lld: error: undefined symbol: PyExc_TypeError
[INFO] [stdout]           >>> referenced by pymagba_binding.e33f189ce86ee04c-cgu.11
[INFO] [stdout]           >>>               /opt/rustwide/target/release/deps/pymagba_binding-43ab65c299f628a4.pymagba_binding.e33f189ce86ee04c-cgu.11.rcgu.o:(<<pyo3::err::PyErr>::new<pyo3::exceptions::PyTypeError, &str>::{closure#0} as core::ops::function::FnOnce<(pyo3::marker::Python,)>>::call_once::{shim:vtable#0} (.llvm.11502121134664998878))
[INFO] [stdout]           >>> referenced by numpy.ae2f7d8c0c1e2875-cgu.0
[INFO] [stdout]           >>>               numpy-fa50197315aec5a5.numpy.ae2f7d8c0c1e2875-cgu.0.rcgu.o:(<<pyo3::err::PyErr>::new<pyo3::exceptions::PyTypeError, alloc::string::String>::{closure#0} as core::ops::function::FnOnce<(pyo3::marker::Python,)>>::call_once::{shim:vtable#0}) in archive /opt/rustwide/target/release/deps/libnumpy-fa50197315aec5a5.rlib
[INFO] [stdout]           >>> referenced by pyo3.274a68acf474492f-cgu.01
[INFO] [stdout]           >>>               pyo3-276c795f326d640d.pyo3.274a68acf474492f-cgu.01.rcgu.o:(<<pyo3::err::PyErr>::new<pyo3::exceptions::PyTypeError, pyo3::err::cast_error::CastErrorArguments>::{closure#0} as core::ops::function::FnOnce<(pyo3::marker::Python,)>>::call_once::{shim:vtable#0} (.llvm.10282982427923689739)) in archive /opt/rustwide/target/release/deps/libpyo3-276c795f326d640d.rlib
[INFO] [stdout]           >>> referenced 6 more times
[INFO] [stdout]           
[INFO] [stdout]           rust-lld: error: undefined symbol: PyType_Type
[INFO] [stdout]           >>> referenced by pymagba_binding.e33f189ce86ee04c-cgu.10
[INFO] [stdout]           >>>               /opt/rustwide/target/release/deps/pymagba_binding-43ab65c299f628a4.pymagba_binding.e33f189ce86ee04c-cgu.10.rcgu.o:(<once_cell::imp::OnceCell<pyo3::instance::Py<pyo3::types::typeobject::PyType>>>::initialize::<pyo3::sync::once_lock::try_init_once_cell_py_attached<<pyo3::sync::once_lock::PyOnceLock<pyo3::instance::Py<pyo3::types::typeobject::PyType>>>::import::{closure#0}, pyo3::instance::Py<pyo3::types::typeobject::PyType>, pyo3::err::PyErr>::{closure#0}, pyo3::err::PyErr>::{closure#0} (.llvm.15808357819727192231))
[INFO] [stdout]           >>> referenced by pymagba_binding.e33f189ce86ee04c-cgu.10
[INFO] [stdout]           >>>               /opt/rustwide/target/release/deps/pymagba_binding-43ab65c299f628a4.pymagba_binding.e33f189ce86ee04c-cgu.10.rcgu.o:(<once_cell::imp::OnceCell<pyo3::instance::Py<pyo3::types::typeobject::PyType>>>::initialize::<pyo3::sync::once_lock::try_init_once_cell_py_attached<<pyo3::sync::once_lock::PyOnceLock<pyo3::instance::Py<pyo3::types::typeobject::PyType>>>::import::{closure#0}, pyo3::instance::Py<pyo3::types::typeobject::PyType>, pyo3::err::PyErr>::{closure#0}, pyo3::err::PyErr>::{closure#0} (.llvm.15808357819727192231))
[INFO] [stdout]           >>> referenced by pyo3.274a68acf474492f-cgu.08
[INFO] [stdout]           >>>               pyo3-276c795f326d640d.pyo3.274a68acf474492f-cgu.08.rcgu.o:(<pyo3::err::cast_error::DisplayClassInfo as core::fmt::Display>::fmt) in archive /opt/rustwide/target/release/deps/libpyo3-276c795f326d640d.rlib
[INFO] [stdout]           >>> referenced 6 more times
[INFO] [stdout]           
[INFO] [stdout]           rust-lld: error: undefined symbol: PySequence_Size
[INFO] [stdout]           >>> referenced by pymagba_binding.e33f189ce86ee04c-cgu.11
[INFO] [stdout]           >>>               /opt/rustwide/target/release/deps/pymagba_binding-43ab65c299f628a4.pymagba_binding.e33f189ce86ee04c-cgu.11.rcgu.o:(<pymagba_binding::base::pytypes::ArrayLike3 as pyo3::conversion::FromPyObject>::extract)
[INFO] [stdout]           >>> referenced by pymagba_binding.e33f189ce86ee04c-cgu.11
[INFO] [stdout]           >>>               /opt/rustwide/target/release/deps/pymagba_binding-43ab65c299f628a4.pymagba_binding.e33f189ce86ee04c-cgu.11.rcgu.o:(<pymagba_binding::base::pytypes::ArrayLike3 as pyo3::conversion::FromPyObject>::extract)
[INFO] [stdout]           
[INFO] [stdout]           rust-lld: error: too many errors emitted, stopping now (use --error-limit=0 to see all errors)
[INFO] [stdout]           collect2: error: ld returned 1 exit status
[INFO] [stdout]           
[INFO] [stdout] 
[INFO] [stdout] 
[INFO] [stderr] error: could not compile `pymagba_binding` (lib test) due to 1 previous error
[INFO] running `Command { std: "docker" "inspect" "88d57d73580a0e1145ea62f4d36decf8a5addde8c114815b7454d0cc60297e2d", kill_on_drop: false }`
[INFO] running `Command { std: "docker" "rm" "-f" "88d57d73580a0e1145ea62f4d36decf8a5addde8c114815b7454d0cc60297e2d", kill_on_drop: false }`
[INFO] [stdout] 88d57d73580a0e1145ea62f4d36decf8a5addde8c114815b7454d0cc60297e2d
