[INFO] fetching crate py32csdk-hal-sys 0.4.0...
[INFO] testing py32csdk-hal-sys-0.4.0 against 1.99.0-beta.8+cargoflags=--release for beta-release-1.100-2
[INFO] extracting crate py32csdk-hal-sys 0.4.0 into /workspace/builds/worker-3-tc1/source
[INFO] removed /workspace/builds/worker-3-tc1/source/.cargo/config.toml
[INFO] started tweaking crates.io crate py32csdk-hal-sys 0.4.0
[INFO] finished tweaking crates.io crate py32csdk-hal-sys 0.4.0
[INFO] tweaked toml for crates.io crate py32csdk-hal-sys 0.4.0 written to /workspace/builds/worker-3-tc1/source/Cargo.toml
[INFO] validating manifest of crates.io crate py32csdk-hal-sys 0.4.0 on toolchain 1.99.0-beta.8
[INFO] running `Command { std: CARGO_HOME="/workspace/cargo-home" RUSTUP_HOME="/workspace/rustup-home" "/workspace/cargo-home/bin/cargo" "+1.99.0-beta.8" "metadata" "--manifest-path" "Cargo.toml" "--no-deps", kill_on_drop: false }`
[INFO] running `Command { std: CARGO_HOME="/workspace/cargo-home" RUSTUP_HOME="/workspace/rustup-home" "/workspace/cargo-home/bin/cargo" "+1.99.0-beta.8" "generate-lockfile" "--manifest-path" "Cargo.toml", kill_on_drop: false }`
[INFO] [stderr]     Blocking waiting for file lock on package cache
[INFO] [stderr]     Updating crates.io index
[INFO] [stderr]      Locking 72 packages to highest compatible versions
[INFO] [stderr]       Adding bindgen v0.69.5 (available: v0.73.2)
[INFO] running `Command { std: CARGO_HOME="/workspace/cargo-home" RUSTUP_HOME="/workspace/rustup-home" "/workspace/cargo-home/bin/cargo" "+1.99.0-beta.8" "fetch" "--manifest-path" "Cargo.toml", kill_on_drop: false }`
[INFO] running `Command { std: "docker" "create" "-v" "/var/lib/crater-agent-workspace/builds/worker-3-tc1/source:/opt/rustwide/workdir:ro,Z" "-v" "/var/lib/crater-agent-workspace/builds/worker-3-tc1/target:/opt/rustwide/target:rw,Z" "-v" "/var/lib/crater-agent-workspace/cargo-home:/opt/rustwide/cargo-home:ro,Z" "-v" "/var/lib/crater-agent-workspace/rustup-home:/opt/rustwide/rustup-home:ro,Z" "-m" "1610612736" "--network" "none" "ghcr.io/rust-lang/crates-build-env/linux@sha256:77db811e55d90add9212f6832c23229e3de5f1c1f9905e8cb07319ea15df73ac" "sleep" "infinity", kill_on_drop: false }`
[INFO] [stdout] cf1be30f86e3b04fd058dfee622730598b8707e405c24e2df170471d8f80eb73
[INFO] running `Command { std: "docker" "start" "cf1be30f86e3b04fd058dfee622730598b8707e405c24e2df170471d8f80eb73", kill_on_drop: false }`
[INFO] running `Command { std: "docker" "inspect" "cf1be30f86e3b04fd058dfee622730598b8707e405c24e2df170471d8f80eb73", kill_on_drop: false }`
[INFO] running `Command { std: "docker" "exec" "-e" "SOURCE_DIR=/opt/rustwide/workdir" "-e" "CARGO_HOME=/opt/rustwide/cargo-home" "-e" "RUSTUP_HOME=/opt/rustwide/rustup-home" "-e" "CARGO_TARGET_DIR=/opt/rustwide/target" "-w" "/opt/rustwide/workdir" "--user" "0:0" "cf1be30f86e3b04fd058dfee622730598b8707e405c24e2df170471d8f80eb73" "/opt/rustwide/cargo-home/bin/cargo" "+1.99.0-beta.8" "metadata" "--no-deps" "--format-version=1", kill_on_drop: false }`
[INFO] running `Command { std: "docker" "inspect" "cf1be30f86e3b04fd058dfee622730598b8707e405c24e2df170471d8f80eb73", kill_on_drop: false }`
[INFO] running `Command { std: "docker" "exec" "-e" "SOURCE_DIR=/opt/rustwide/workdir" "-e" "CARGO_HOME=/opt/rustwide/cargo-home" "-e" "RUSTUP_HOME=/opt/rustwide/rustup-home" "-e" "CARGO_TARGET_DIR=/opt/rustwide/target" "-e" "CARGO_INCREMENTAL=0" "-e" "RUST_BACKTRACE=full" "-e" "RUSTFLAGS=--cap-lints=warn" "-e" "RUSTDOCFLAGS=--cap-lints=warn" "-w" "/opt/rustwide/workdir" "--user" "0:0" "cf1be30f86e3b04fd058dfee622730598b8707e405c24e2df170471d8f80eb73" "/opt/rustwide/cargo-home/bin/cargo" "+1.99.0-beta.8" "build" "--frozen" "--message-format=json" "--release", kill_on_drop: false }`
[INFO] [stderr]    Compiling semver-parser v0.7.0
[INFO] [stderr]    Compiling cortex-m v0.7.9
[INFO] [stderr]    Compiling nb v1.1.0
[INFO] [stderr]    Compiling cortex-m-rt v0.7.7
[INFO] [stderr]    Compiling cortex-m-macros v0.7.8
[INFO] [stderr]    Compiling syn v3.0.9
[INFO] [stderr]    Compiling syn v2.0.119
[INFO] [stderr]    Compiling void v1.0.2
[INFO] [stderr]    Compiling vcell v0.1.3
[INFO] [stderr]    Compiling bitfield v0.13.2
[INFO] [stderr]    Compiling py32csdk-hal-sys v0.4.0 (/opt/rustwide/workdir)
[INFO] [stderr]    Compiling critical-section v1.2.0
[INFO] [stderr]    Compiling embedded-hal v1.0.0
[INFO] [stderr]    Compiling nb v0.1.3
[INFO] [stderr]    Compiling volatile-register v0.2.2
[INFO] [stdout] warning: unused variable: `mcu_name`
[INFO] [stdout]   --> build.rs:18:9
[INFO] [stdout]    |
[INFO] [stdout] 18 |     let mcu_name = "PY32F030x6";
[INFO] [stdout]    |         ^^^^^^^^ help: if this is intentional, prefix it with an underscore: `_mcu_name`
[INFO] [stdout]    |
[INFO] [stdout]    = note: `#[warn(unused_variables)]` (part of `#[warn(unused)]`) on by default
[INFO] [stdout] 
[INFO] [stdout] 
[INFO] [stderr]    Compiling embedded-hal v0.2.7
[INFO] [stderr]    Compiling semver v0.9.0
[INFO] [stderr]    Compiling rustc_version v0.2.3
[INFO] [stderr]    Compiling bare-metal v0.2.5
[INFO] [stderr]    Compiling cortex-m-rt-macros v0.7.7
[INFO] [stdout] error[E0080]: index out of bounds: the length is 1 but the index is 8
[INFO] [stdout]     --> /opt/rustwide/target/release/build/py32csdk-hal-sys-05241fa7a3f32d7e/out/bindings.rs:5594:5
[INFO] [stdout]      |
[INFO] [stdout] 5594 |     ["Size of EXTI_HandleTypeDef"][::core::mem::size_of::<EXTI_HandleTypeDef>() - 8usize];
[INFO] [stdout]      |     ^^^^^^^^^^^^^^^^^^^^^^^^^^^^^^^^^^^^^^^^^^^^^^^^^^^^^^^^^^^^^^^^^^^^^^^^^^^^^^^^^^^^^ evaluation of `_` failed here
[INFO] [stdout] 
[INFO] [stdout] 
[INFO] [stdout] error[E0080]: index out of bounds: the length is 1 but the index is 40
[INFO] [stdout]     --> /opt/rustwide/target/release/build/py32csdk-hal-sys-05241fa7a3f32d7e/out/bindings.rs:6003:5
[INFO] [stdout]      |
[INFO] [stdout] 6003 |     ["Size of __DMA_HandleTypeDef"][::core::mem::size_of::<__DMA_HandleTypeDef>() - 72usize];
[INFO] [stdout]      |     ^^^^^^^^^^^^^^^^^^^^^^^^^^^^^^^^^^^^^^^^^^^^^^^^^^^^^^^^^^^^^^^^^^^^^^^^^^^^^^^^^^^^^^^^ evaluation of `_` failed here
[INFO] [stdout] 
[INFO] [stdout] 
[INFO] [stdout] error[E0080]: index out of bounds: the length is 1 but the index is 16
[INFO] [stdout]     --> /opt/rustwide/target/release/build/py32csdk-hal-sys-05241fa7a3f32d7e/out/bindings.rs:6312:5
[INFO] [stdout]      |
[INFO] [stdout] 6312 |     ["Size of __ADC_HandleTypeDef"][::core::mem::size_of::<__ADC_HandleTypeDef>() - 72usize];
[INFO] [stdout]      |     ^^^^^^^^^^^^^^^^^^^^^^^^^^^^^^^^^^^^^^^^^^^^^^^^^^^^^^^^^^^^^^^^^^^^^^^^^^^^^^^^^^^^^^^^ evaluation of `_` failed here
[INFO] [stdout] 
[INFO] [stdout] 
[INFO] [stdout] error[E0080]: index out of bounds: the length is 1 but the index is 4
[INFO] [stdout]     --> /opt/rustwide/target/release/build/py32csdk-hal-sys-05241fa7a3f32d7e/out/bindings.rs:6546:5
[INFO] [stdout]      |
[INFO] [stdout] 6546 |     ["Size of CRC_HandleTypeDef"][::core::mem::size_of::<CRC_HandleTypeDef>() - 12usize];
[INFO] [stdout]      |     ^^^^^^^^^^^^^^^^^^^^^^^^^^^^^^^^^^^^^^^^^^^^^^^^^^^^^^^^^^^^^^^^^^^^^^^^^^^^^^^^^^^^ evaluation of `_` failed here
[INFO] [stdout] 
[INFO] [stdout] 
[INFO] [stdout] error[E0080]: index out of bounds: the length is 1 but the index is 24
[INFO] [stdout]     --> /opt/rustwide/target/release/build/py32csdk-hal-sys-05241fa7a3f32d7e/out/bindings.rs:6963:5
[INFO] [stdout]      |
[INFO] [stdout] 6963 |     ["Size of __I2C_HandleTypeDef"][::core::mem::size_of::<__I2C_HandleTypeDef>() - 80usize];
[INFO] [stdout]      |     ^^^^^^^^^^^^^^^^^^^^^^^^^^^^^^^^^^^^^^^^^^^^^^^^^^^^^^^^^^^^^^^^^^^^^^^^^^^^^^^^^^^^^^^^ evaluation of `_` failed here
[INFO] [stdout] 
[INFO] [stdout] 
[INFO] [stdout] error[E0080]: index out of bounds: the length is 1 but the index is 4
[INFO] [stdout]     --> /opt/rustwide/target/release/build/py32csdk-hal-sys-05241fa7a3f32d7e/out/bindings.rs:7380:5
[INFO] [stdout]      |
[INFO] [stdout] 7380 |     ["Size of IWDG_HandleTypeDef"][::core::mem::size_of::<IWDG_HandleTypeDef>() - 12usize];
[INFO] [stdout]      |     ^^^^^^^^^^^^^^^^^^^^^^^^^^^^^^^^^^^^^^^^^^^^^^^^^^^^^^^^^^^^^^^^^^^^^^^^^^^^^^^^^^^^^^ evaluation of `_` failed here
[INFO] [stdout] 
[INFO] [stdout] 
[INFO] [stdout] error[E0080]: index out of bounds: the length is 1 but the index is 8
[INFO] [stdout]     --> /opt/rustwide/target/release/build/py32csdk-hal-sys-05241fa7a3f32d7e/out/bindings.rs:7689:5
[INFO] [stdout]      |
[INFO] [stdout] 7689 |     ["Size of RTC_HandleTypeDef"][::core::mem::size_of::<RTC_HandleTypeDef>() - 24usize];
[INFO] [stdout]      |     ^^^^^^^^^^^^^^^^^^^^^^^^^^^^^^^^^^^^^^^^^^^^^^^^^^^^^^^^^^^^^^^^^^^^^^^^^^^^^^^^^^^^ evaluation of `_` failed here
[INFO] [stdout] 
[INFO] [stdout] 
[INFO] [stdout] error[E0080]: index out of bounds: the length is 1 but the index is 44
[INFO] [stdout]     --> /opt/rustwide/target/release/build/py32csdk-hal-sys-05241fa7a3f32d7e/out/bindings.rs:7948:5
[INFO] [stdout]      |
[INFO] [stdout] 7948 |     ["Size of __SPI_HandleTypeDef"][::core::mem::size_of::<__SPI_HandleTypeDef>() - 84usize];
[INFO] [stdout]      |     ^^^^^^^^^^^^^^^^^^^^^^^^^^^^^^^^^^^^^^^^^^^^^^^^^^^^^^^^^^^^^^^^^^^^^^^^^^^^^^^^^^^^^^^^ evaluation of `_` failed here
[INFO] [stdout] 
[INFO] [stdout] 
[INFO] [stdout] error[E0080]: index out of bounds: the length is 1 but the index is 36
[INFO] [stdout]     --> /opt/rustwide/target/release/build/py32csdk-hal-sys-05241fa7a3f32d7e/out/bindings.rs:8548:5
[INFO] [stdout]      |
[INFO] [stdout] 8548 |     ["Size of TIM_HandleTypeDef"][::core::mem::size_of::<TIM_HandleTypeDef>() - 68usize];
[INFO] [stdout]      |     ^^^^^^^^^^^^^^^^^^^^^^^^^^^^^^^^^^^^^^^^^^^^^^^^^^^^^^^^^^^^^^^^^^^^^^^^^^^^^^^^^^^^ evaluation of `_` failed here
[INFO] [stdout] 
[INFO] [stdout] 
[INFO] [stdout] error[E0080]: index out of bounds: the length is 1 but the index is 4
[INFO] [stdout]     --> /opt/rustwide/target/release/build/py32csdk-hal-sys-05241fa7a3f32d7e/out/bindings.rs:9480:5
[INFO] [stdout]      |
[INFO] [stdout] 9480 |     ["Size of LPTIM_HandleTypeDef"][::core::mem::size_of::<LPTIM_HandleTypeDef>() - 20usize];
[INFO] [stdout]      |     ^^^^^^^^^^^^^^^^^^^^^^^^^^^^^^^^^^^^^^^^^^^^^^^^^^^^^^^^^^^^^^^^^^^^^^^^^^^^^^^^^^^^^^^^ evaluation of `_` failed here
[INFO] [stdout] 
[INFO] [stdout] 
[INFO] [stdout] error[E0080]: index out of bounds: the length is 1 but the index is 28
[INFO] [stdout]     --> /opt/rustwide/target/release/build/py32csdk-hal-sys-05241fa7a3f32d7e/out/bindings.rs:9662:5
[INFO] [stdout]      |
[INFO] [stdout] 9662 |     ["Size of __UART_HandleTypeDef"][::core::mem::size_of::<__UART_HandleTypeDef>() - 84usize];
[INFO] [stdout]      |     ^^^^^^^^^^^^^^^^^^^^^^^^^^^^^^^^^^^^^^^^^^^^^^^^^^^^^^^^^^^^^^^^^^^^^^^^^^^^^^^^^^^^^^^^^^ evaluation of `_` failed here
[INFO] [stdout] 
[INFO] [stdout] 
[INFO] [stdout] error[E0080]: index out of bounds: the length is 1 but the index is 4
[INFO] [stdout]     --> /opt/rustwide/target/release/build/py32csdk-hal-sys-05241fa7a3f32d7e/out/bindings.rs:9934:5
[INFO] [stdout]      |
[INFO] [stdout] 9934 |     ["Size of WWDG_HandleTypeDef"][::core::mem::size_of::<WWDG_HandleTypeDef>() - 20usize];
[INFO] [stdout]      |     ^^^^^^^^^^^^^^^^^^^^^^^^^^^^^^^^^^^^^^^^^^^^^^^^^^^^^^^^^^^^^^^^^^^^^^^^^^^^^^^^^^^^^^ evaluation of `_` failed here
[INFO] [stdout] 
[INFO] [stdout] 
[INFO] [stdout] error[E0080]: index out of bounds: the length is 1 but the index is 8
[INFO] [stdout]      --> /opt/rustwide/target/release/build/py32csdk-hal-sys-05241fa7a3f32d7e/out/bindings.rs:10016:5
[INFO] [stdout]       |
[INFO] [stdout] 10016 |     ["Size of LED_HandleTypeDef"][::core::mem::size_of::<LED_HandleTypeDef>() - 32usize];
[INFO] [stdout]       |     ^^^^^^^^^^^^^^^^^^^^^^^^^^^^^^^^^^^^^^^^^^^^^^^^^^^^^^^^^^^^^^^^^^^^^^^^^^^^^^^^^^^^ evaluation of `_` failed here
[INFO] [stdout] 
[INFO] [stdout] 
[INFO] [stdout] For more information about this error, try `rustc --explain E0080`.
[INFO] [stdout] 
[INFO] [stderr] error: could not compile `py32csdk-hal-sys` (lib) due to 13 previous errors
[INFO] running `Command { std: "docker" "inspect" "cf1be30f86e3b04fd058dfee622730598b8707e405c24e2df170471d8f80eb73", kill_on_drop: false }`
[INFO] running `Command { std: "docker" "rm" "-f" "cf1be30f86e3b04fd058dfee622730598b8707e405c24e2df170471d8f80eb73", kill_on_drop: false }`
[INFO] [stdout] cf1be30f86e3b04fd058dfee622730598b8707e405c24e2df170471d8f80eb73
