[INFO] fetching crate pxr 0.2.0...
[INFO] testing pxr-0.2.0 against 1.99.0-beta.8+cargoflags=--release for beta-release-1.100-2
[INFO] extracting crate pxr 0.2.0 into /workspace/builds/worker-3-tc1/source
[INFO] started tweaking crates.io crate pxr 0.2.0
[INFO] finished tweaking crates.io crate pxr 0.2.0
[INFO] tweaked toml for crates.io crate pxr 0.2.0 written to /workspace/builds/worker-3-tc1/source/Cargo.toml
[INFO] validating manifest of crates.io crate pxr 0.2.0 on toolchain 1.99.0-beta.8
[INFO] running `Command { std: CARGO_HOME="/workspace/cargo-home" RUSTUP_HOME="/workspace/rustup-home" "/workspace/cargo-home/bin/cargo" "+1.99.0-beta.8" "metadata" "--manifest-path" "Cargo.toml" "--no-deps", kill_on_drop: false }`
[INFO] running `Command { std: CARGO_HOME="/workspace/cargo-home" RUSTUP_HOME="/workspace/rustup-home" "/workspace/cargo-home/bin/cargo" "+1.99.0-beta.8" "generate-lockfile" "--manifest-path" "Cargo.toml", kill_on_drop: false }`
[INFO] [stderr]     Updating crates.io index
[INFO] [stderr]      Locking 252 packages to highest compatible versions
[INFO] [stderr]       Adding thiserror v1.0.69 (available: v2.0.21)
[INFO] running `Command { std: CARGO_HOME="/workspace/cargo-home" RUSTUP_HOME="/workspace/rustup-home" "/workspace/cargo-home/bin/cargo" "+1.99.0-beta.8" "fetch" "--manifest-path" "Cargo.toml", kill_on_drop: false }`
[INFO] [stderr]  Downloading crates ...
[INFO] [stderr]   Downloaded semver-parser v0.7.0
[INFO] [stderr]   Downloaded pxr_sys v0.2.0
[INFO] [stderr]   Downloaded python-config-rs v0.1.2
[INFO] [stderr]   Downloaded pxr_build v0.2.0
[INFO] [stderr]   Downloaded semver v0.9.0
[INFO] [stderr]   Downloaded wasm-bindgen-futures v0.4.79
[INFO] [stderr]   Downloaded security-framework-sys v2.17.0
[INFO] [stderr]   Downloaded schannel v0.1.30
[INFO] [stderr]   Downloaded security-framework v3.7.0
[INFO] [stderr]   Downloaded clap_lex v1.1.1
[INFO] [stderr]   Downloaded cpp_macros v0.5.11
[INFO] [stderr]   Downloaded want v0.3.2
[INFO] [stderr]   Downloaded miette-derive v5.10.0
[INFO] [stderr]   Downloaded built_different v0.1.0
[INFO] [stderr]   Downloaded openssl-probe v0.2.1
[INFO] [stderr]   Downloaded sync_wrapper v0.1.2
[INFO] [stderr]   Downloaded system-configuration v0.5.1
[INFO] [stderr]   Downloaded system-configuration-sys v0.5.0
[INFO] [stderr]   Downloaded autocxx-build v0.26.0
[INFO] [stderr]   Downloaded strum_macros v0.24.3
[INFO] [stderr]   Downloaded cpp_common v0.5.11
[INFO] [stderr]   Downloaded cpp v0.5.11
[INFO] [stderr]   Downloaded cxxbridge-flags v1.0.205
[INFO] [stderr]   Downloaded native-tls v0.2.18
[INFO] [stderr]   Downloaded hyper-tls v0.5.0
[INFO] [stderr]   Downloaded nu-ansi-term v0.46.0
[INFO] [stderr]   Downloaded humantime v2.4.0
[INFO] [stderr]   Downloaded indoc v1.0.9
[INFO] [stderr]   Downloaded autocxx-parser v0.26.0
[INFO] [stderr]   Downloaded autocxx-macro v0.26.0
[INFO] [stderr]   Downloaded which v6.0.3
[INFO] [stderr]   Downloaded equivalent v1.0.3
[INFO] [stderr]   Downloaded cpp_build v0.5.11
[INFO] [stderr]   Downloaded winreg v0.50.0
[INFO] [stderr]   Downloaded ipnet v2.12.2
[INFO] [stderr]   Downloaded overload v0.1.1
[INFO] [stderr]   Downloaded which v4.4.2
[INFO] [stderr]   Downloaded peeking_take_while v0.1.2
[INFO] [stderr]   Downloaded autocxx v0.26.0
[INFO] [stderr]   Downloaded cxx-build v1.0.205
[INFO] [stderr]   Downloaded diffy v0.3.0
[INFO] [stderr]   Downloaded env_logger v0.9.3
[INFO] [stderr]   Downloaded moveit v0.6.0
[INFO] [stderr]   Downloaded codespan-reporting v0.13.1
[INFO] [stderr]   Downloaded derive_more v0.99.20
[INFO] [stderr]   Downloaded indexmap v1.9.3
[INFO] [stderr]   Downloaded cxxbridge-macro v1.0.205
[INFO] [stderr]   Downloaded openssl-sys v0.9.117
[INFO] [stderr]   Downloaded compress-tools v0.14.3
[INFO] [stderr]   Downloaded cxx-gen v0.7.205
[INFO] [stderr]   Downloaded indexmap v2.14.2
[INFO] [stderr]   Downloaded cxxbridge-cmd v1.0.205
[INFO] [stderr]   Downloaded clap v4.6.7
[INFO] [stderr]   Downloaded miette v5.10.0
[INFO] [stderr]   Downloaded itertools v0.9.0
[INFO] [stderr]   Downloaded tokio-util v0.7.20
[INFO] [stderr]   Downloaded autocxx-engine v0.26.0
[INFO] [stderr]   Downloaded clap_builder v4.6.7
[INFO] [stderr]   Downloaded reqwest v0.11.27
[INFO] [stderr]   Downloaded autocxx-bindgen v0.65.1
[INFO] [stderr]   Downloaded cxx v1.0.205
[INFO] [stderr]   Downloaded aquamarine v0.1.12
[INFO] [stderr]   Downloaded openssl v0.10.81
[INFO] [stderr]   Downloaded winsafe v0.0.19
[INFO] running `Command { std: "docker" "create" "-v" "/var/lib/crater-agent-workspace/builds/worker-3-tc1/source:/opt/rustwide/workdir:ro,Z" "-v" "/var/lib/crater-agent-workspace/builds/worker-3-tc1/target:/opt/rustwide/target:rw,Z" "-v" "/var/lib/crater-agent-workspace/cargo-home:/opt/rustwide/cargo-home:ro,Z" "-v" "/var/lib/crater-agent-workspace/rustup-home:/opt/rustwide/rustup-home:ro,Z" "-m" "1610612736" "--network" "none" "ghcr.io/rust-lang/crates-build-env/linux@sha256:77db811e55d90add9212f6832c23229e3de5f1c1f9905e8cb07319ea15df73ac" "sleep" "infinity", kill_on_drop: false }`
[INFO] [stdout] 3fc4ac2bcf2ea2f6562ff414d68e1360490cc741f9b37d79075e187732f4ca80
[INFO] running `Command { std: "docker" "start" "3fc4ac2bcf2ea2f6562ff414d68e1360490cc741f9b37d79075e187732f4ca80", kill_on_drop: false }`
[INFO] running `Command { std: "docker" "inspect" "3fc4ac2bcf2ea2f6562ff414d68e1360490cc741f9b37d79075e187732f4ca80", kill_on_drop: false }`
[INFO] running `Command { std: "docker" "exec" "-e" "SOURCE_DIR=/opt/rustwide/workdir" "-e" "CARGO_HOME=/opt/rustwide/cargo-home" "-e" "RUSTUP_HOME=/opt/rustwide/rustup-home" "-e" "CARGO_TARGET_DIR=/opt/rustwide/target" "-w" "/opt/rustwide/workdir" "--user" "0:0" "3fc4ac2bcf2ea2f6562ff414d68e1360490cc741f9b37d79075e187732f4ca80" "/opt/rustwide/cargo-home/bin/cargo" "+1.99.0-beta.8" "metadata" "--no-deps" "--format-version=1", kill_on_drop: false }`
[INFO] running `Command { std: "docker" "inspect" "3fc4ac2bcf2ea2f6562ff414d68e1360490cc741f9b37d79075e187732f4ca80", kill_on_drop: false }`
[INFO] running `Command { std: "docker" "exec" "-e" "SOURCE_DIR=/opt/rustwide/workdir" "-e" "CARGO_HOME=/opt/rustwide/cargo-home" "-e" "RUSTUP_HOME=/opt/rustwide/rustup-home" "-e" "CARGO_TARGET_DIR=/opt/rustwide/target" "-e" "CARGO_INCREMENTAL=0" "-e" "RUST_BACKTRACE=full" "-e" "RUSTFLAGS=--cap-lints=warn" "-e" "RUSTDOCFLAGS=--cap-lints=warn" "-w" "/opt/rustwide/workdir" "--user" "0:0" "3fc4ac2bcf2ea2f6562ff414d68e1360490cc741f9b37d79075e187732f4ca80" "/opt/rustwide/cargo-home/bin/cargo" "+1.99.0-beta.8" "build" "--frozen" "--message-format=json" "--release", kill_on_drop: false }`
[INFO] [stderr]    Compiling proc-macro2 v1.0.107
[INFO] [stderr]    Compiling find-msvc-tools v0.1.14
[INFO] [stderr]    Compiling shlex v2.0.1
[INFO] [stderr]    Compiling memchr v2.8.3
[INFO] [stderr]    Compiling stable_deref_trait v1.2.1
[INFO] [stderr]    Compiling libc v0.2.191
[INFO] [stderr]    Compiling bitflags v2.13.2
[INFO] [stderr]    Compiling itoa v1.0.18
[INFO] [stderr]    Compiling once_cell v1.21.4
[INFO] [stderr]    Compiling cfg-if v1.0.5
[INFO] [stderr]    Compiling pkg-config v0.3.34
[INFO] [stderr]    Compiling equivalent v1.0.3
[INFO] [stderr]    Compiling hashbrown v0.17.1
[INFO] [stderr]    Compiling serde_core v1.0.229
[INFO] [stderr]    Compiling cc v1.8.0
[INFO] [stderr]    Compiling log v0.4.34
[INFO] [stderr]    Compiling either v1.19.0
[INFO] [stderr]    Compiling vcpkg v0.2.15
[INFO] [stderr]    Compiling serde v1.0.229
[INFO] [stderr]    Compiling pin-project-lite v0.2.17
[INFO] [stderr]    Compiling aho-corasick v1.1.5
[INFO] [stderr]    Compiling quote v1.0.47
[INFO] [stderr]    Compiling indexmap v2.14.2
[INFO] [stderr]    Compiling syn v3.0.9
[INFO] [stderr]    Compiling syn v2.0.119
[INFO] [stderr]    Compiling bytes v1.12.1
[INFO] [stderr]    Compiling syn v1.0.109
[INFO] [stderr]    Compiling litemap v0.8.3
[INFO] [stderr]    Compiling writeable v0.6.4
[INFO] [stderr]    Compiling socket2 v0.6.5
[INFO] [stderr]    Compiling mio v1.2.4
[INFO] [stderr]    Compiling proc-macro-error-attr v1.0.4
[INFO] [stderr]    Compiling icu_properties_data v2.3.0
[INFO] [stderr]    Compiling utf8_iter v1.0.4
[INFO] [stderr]    Compiling rustix v0.38.44
[INFO] [stderr]    Compiling regex-syntax v0.8.11
[INFO] [stderr]    Compiling autocfg v1.5.1
[INFO] [stderr]    Compiling futures-core v0.3.34
[INFO] [stderr]    Compiling openssl-sys v0.9.117
[INFO] [stderr]    Compiling zmij v1.0.23
[INFO] [stderr]    Compiling icu_normalizer_data v2.3.0
[INFO] [stderr]    Compiling tokio v1.53.3
[INFO] [stderr]    Compiling indexmap v1.9.3
[INFO] [stderr]    Compiling thiserror v1.0.69
[INFO] [stderr]    Compiling proc-macro-error v1.0.4
[INFO] [stderr]    Compiling fnv v1.0.7
[INFO] [stderr]    Compiling foreign-types-shared v0.1.1
[INFO] [stderr]    Compiling openssl v0.10.81
[INFO] [stderr]    Compiling linux-raw-sys v0.4.15
[INFO] [stderr]    Compiling serde_json v1.0.154
[INFO] [stderr]    Compiling glob v0.3.4
[INFO] [stderr]    Compiling clang-sys v1.9.1
[INFO] [stderr]    Compiling foreign-types v0.3.2
[INFO] [stderr]    Compiling http v0.2.12
[INFO] [stderr]    Compiling regex-automata v0.4.18
[INFO] [stderr]    Compiling link-cplusplus v1.0.12
[INFO] [stderr]    Compiling itertools v0.10.5
[INFO] [stderr]    Compiling tracing-core v0.1.36
[INFO] [stderr]    Compiling synstructure v0.14.0
[INFO] [stderr]    Compiling futures-task v0.3.34
[INFO] [stderr]    Compiling home v0.5.12
[INFO] [stderr]    Compiling smallvec v1.16.3
[INFO] [stderr]    Compiling prettyplease v0.2.37
[INFO] [stderr]    Compiling hashbrown v0.12.3
[INFO] [stderr]    Compiling httparse v1.10.1
[INFO] [stderr]    Compiling native-tls v0.2.18
[INFO] [stderr]    Compiling futures-sink v0.3.34
[INFO] [stderr]    Compiling futures-util v0.3.34
[INFO] [stderr]    Compiling tracing v0.1.44
[INFO] [stderr]    Compiling termcolor v1.4.1
[INFO] [stderr]    Compiling minimal-lexical v0.2.1
[INFO] [stderr]    Compiling openssl-probe v0.2.1
[INFO] [stderr]    Compiling getrandom v0.4.3
[INFO] [stderr]    Compiling slab v0.4.12
[INFO] [stderr]    Compiling cxxbridge-flags v1.0.205
[INFO] [stderr]    Compiling try-lock v0.2.5
[INFO] [stderr]    Compiling percent-encoding v2.3.2
[INFO] [stderr]    Compiling rustix v1.1.5
[INFO] [stderr]    Compiling form_urlencoded v1.2.2
[INFO] [stderr]    Compiling want v0.3.2
[INFO] [stderr]    Compiling cxx v1.0.205
[INFO] [stderr]    Compiling zerofrom-derive v0.1.8
[INFO] [stderr]    Compiling yoke-derive v0.8.4
[INFO] [stderr]    Compiling zerovec-derive v0.11.6
[INFO] [stderr]    Compiling displaydoc v0.2.7
[INFO] [stderr]    Compiling serde_derive v1.0.229
[INFO] [stderr]    Compiling thiserror-impl v1.0.69
[INFO] [stderr]    Compiling openssl-macros v0.1.1
[INFO] [stderr]    Compiling regex v1.13.1
[INFO] [stderr]    Compiling tokio-util v0.7.20
[INFO] [stderr]    Compiling nom v7.1.3
[INFO] [stderr]    Compiling zerofrom v0.1.8
[INFO] [stderr]    Compiling yoke v0.8.3
[INFO] [stderr]    Compiling zerovec v0.11.8
[INFO] [stderr]    Compiling zerotrie v0.2.5
[INFO] [stderr]    Compiling h2 v0.3.27
[INFO] [stderr]    Compiling http-body v0.4.6
[INFO] [stderr]    Compiling futures-channel v0.3.34
[INFO] [stderr]    Compiling encoding_rs v0.8.42
[INFO] [stderr]    Compiling socket2 v0.5.10
[INFO] [stderr]    Compiling itertools v0.9.0
[INFO] [stderr]    Compiling libloading v0.8.9
[INFO] [stderr]    Compiling linux-raw-sys v0.12.1
[INFO] [stderr]    Compiling tinystr v0.8.4
[INFO] [stderr]    Compiling potential_utf v0.1.6
[INFO] [stderr]    Compiling icu_locale_core v2.3.0
[INFO] [stderr]    Compiling icu_collections v2.3.0
[INFO] [stderr]    Compiling autocxx-bindgen v0.65.1
[INFO] [stderr]    Compiling unicode-width v0.2.2
[INFO] [stderr]    Compiling tower-service v0.3.3
[INFO] [stderr]    Compiling httpdate v1.0.3
[INFO] [stderr]    Compiling codespan-reporting v0.13.1
[INFO] [stderr]    Compiling aquamarine v0.1.12
[INFO] [stderr]    Compiling cexpr v0.6.0
[INFO] [stderr]    Compiling miette-derive v5.10.0
[INFO] [stderr]    Compiling icu_provider v2.3.1
[INFO] [stderr]    Compiling icu_normalizer v2.3.0
[INFO] [stderr]    Compiling icu_properties v2.3.0
[INFO] [stderr]    Compiling hyper v0.14.32
[INFO] [stderr]    Compiling tokio-native-tls v0.3.1
[INFO] [stderr]    Compiling autocxx-parser v0.26.0
[INFO] [stderr]    Compiling which v4.4.2
[INFO] [stderr]    Compiling cpp_common v0.5.11
[INFO] [stderr]    Compiling compress-tools v0.14.3
[INFO] [stderr]    Compiling heck v0.4.1
[INFO] [stderr]    Compiling core_detect v1.0.0
[INFO] [stderr]    Compiling idna_adapter v1.2.2
[INFO] [stderr]    Compiling lazy_static v1.5.1
[INFO] [stderr]    Compiling shlex v1.3.0
[INFO] [stderr]    Compiling idna v1.1.0
[INFO] [stderr]    Compiling fastrand v2.5.0
[INFO] [stderr]    Compiling simdutf8 v0.1.5
[INFO] [stderr]    Compiling lazycell v1.3.0
[INFO] [stderr]    Compiling rustc-hash v1.1.0
[INFO] [stderr]    Compiling overload v0.1.1
[INFO] [stderr]    Compiling option-ext v0.2.0
[INFO] [stderr]    Compiling base64 v0.21.7
[INFO] [stderr]    Compiling peeking_take_while v0.1.2
[INFO] [stderr]    Compiling multiversion_no_op v1.0.0
[INFO] [stderr]    Compiling unicode-width v0.1.14
[INFO] [stderr]    Compiling anyhow v1.0.104
[INFO] [stderr]    Compiling scopeguard v1.2.0
[INFO] [stderr]    Compiling ryu v1.0.23
[INFO] [stderr]    Compiling bitflags v1.3.2
[INFO] [stderr]    Compiling serde_urlencoded v0.7.1
[INFO] [stderr]    Compiling miette v5.10.0
[INFO] [stderr]    Compiling rustls-pemfile v1.0.4
[INFO] [stderr]    Compiling url v2.5.8
[INFO] [stderr]    Compiling dirs-sys v0.4.1
[INFO] [stderr]    Compiling nu-ansi-term v0.46.0
[INFO] [stderr]    Compiling hyper-tls v0.5.0
[INFO] [stderr]    Compiling tempfile v3.27.0
[INFO] [stderr]    Compiling strum_macros v0.24.3
[INFO] [stderr]    Compiling cxx-gen v0.7.205
[INFO] [stderr]    Compiling derive_more v0.99.20
[INFO] [stderr]    Compiling atty v0.2.14
[INFO] [stderr]    Compiling humantime v2.4.0
[INFO] [stderr]    Compiling sync_wrapper v0.1.2
[INFO] [stderr]    Compiling mime v0.3.17
[INFO] [stderr]    Compiling ipnet v2.12.2
[INFO] [stderr]    Compiling semver-parser v0.7.0
[INFO] [stderr]    Compiling same-file v1.0.6
[INFO] [stderr]    Compiling indoc v1.0.9
[INFO] [stderr]    Compiling walkdir v2.5.0
[INFO] [stderr]    Compiling reqwest v0.11.27
[INFO] [stderr]    Compiling semver v0.9.0
[INFO] [stderr]    Compiling env_logger v0.9.3
[INFO] [stderr]    Compiling diffy v0.3.0
[INFO] [stderr]    Compiling dirs v5.0.1
[INFO] [stderr]    Compiling cxxbridge-macro v1.0.205
[INFO] [stderr]    Compiling which v6.0.3
[INFO] [stderr]    Compiling foldhash v0.2.0
[INFO] [stderr]    Compiling zerocopy v0.8.63
[INFO] [stderr]    Compiling unicode-xid v0.2.6
[INFO] [stderr]    Compiling pxr_build v0.2.0
[INFO] [stderr]    Compiling cpp_build v0.5.11
[INFO] [stderr]    Compiling python-config-rs v0.1.2
[INFO] [stderr]    Compiling zerocopy-derive v0.8.63
[INFO] [stderr]    Compiling byteorder v1.5.0
[INFO] [stderr]    Compiling autocxx v0.26.0
[INFO] [stderr]    Compiling autocxx-macro v0.26.0
[INFO] [stderr]    Compiling cpp_macros v0.5.11
[INFO] [stderr]    Compiling built_different v0.1.0
[INFO] [stderr]    Compiling cpp v0.5.11
[INFO] [stderr]    Compiling autocxx-engine v0.26.0
[INFO] [stderr]    Compiling moveit v0.6.0
[INFO] [stderr]    Compiling autocxx-build v0.26.0
[INFO] [stderr]    Compiling pxr_sys v0.2.0
[INFO] [stderr] error: failed to run custom build command for `pxr_sys v0.2.0`
[INFO] [stderr] note: To improve backtraces for build dependencies, set the CARGO_PROFILE_RELEASE_BUILD_OVERRIDE_DEBUG=true environment variable to enable debug information generation.
[INFO] [stderr] 
[INFO] [stderr] Caused by:
[INFO] [stderr]   process didn't exit successfully: `/opt/rustwide/target/release/build/pxr_sys-1e18bbb3dd2441ac/build-script-build` (exit status: 101)
[INFO] [stderr]   --- stdout
[INFO] [stderr]   cargo:rerun-if-env-changed=OPENUSD_PATH
[INFO] [stderr]   cargo:rerun-if-env-changed=OPENUSD_DOWNLOAD_FORCE
[INFO] [stderr]   cargo:rerun-if-env-changed=OPENUSD_DOWNLOAD_VERSION
[INFO] [stderr]   cargo:rerun-if-env-changed=OPENUSD_DOWNLOAD_URL
[INFO] [stderr]   cargo:rerun-if-env-changed=OPENUSD_DOWNLOAD_SYMLINK_CACHE
[INFO] [stderr]   cargo:rustc-env=OPENUSD_PATH=/root/.cache/pxr_rs/openusd22.11_release_with_python
[INFO] [stderr] 
[INFO] [stderr]   --- stderr
[INFO] [stderr] 
[INFO] [stderr]   thread 'main' (2750) panicked at /opt/rustwide/cargo-home/registry/src/index.crates.io-1949cf8c6b5b557f/pxr_sys-0.2.0/build.rs:428:10:
[INFO] [stderr]   called `Result::unwrap()` on an `Err` value: error sending request for url (https://github.com/PixarAnimationStudios/OpenUSD/archive/refs/tags/v22.11.tar.gz): error trying to connect: dns error: failed to lookup address information: Temporary failure in name resolution
[INFO] [stderr] 
[INFO] [stderr]   Caused by:
[INFO] [stderr]       0: error trying to connect: dns error: failed to lookup address information: Temporary failure in name resolution
[INFO] [stderr]       1: dns error: failed to lookup address information: Temporary failure in name resolution
[INFO] [stderr]       2: failed to lookup address information: Temporary failure in name resolution
[INFO] [stderr] 
[INFO] [stderr]   Stack backtrace:
[INFO] [stderr]      0: <anyhow::Error as core::convert::From<reqwest::error::Error>>::from
[INFO] [stderr]      1: <core::result::Result<(), anyhow::Error> as core::ops::try_trait::FromResidual<core::result::Result<core::convert::Infallible, reqwest::error::Error>>>::from_residual
[INFO] [stderr]      2: built_different::download::download_binary_file::<&std::path::PathBuf>::{closure#0}
[INFO] [stderr]      3: <tokio::runtime::park::CachedParkThread>::block_on::<built_different::download::download_binary_file<&std::path::PathBuf>::{closure#0}>::{closure#0}
[INFO] [stderr]      4: <tokio::runtime::park::CachedParkThread>::block_on::<built_different::download::download_binary_file<&std::path::PathBuf>::{closure#0}>
[INFO] [stderr]      5: <tokio::runtime::context::blocking::BlockingRegionGuard>::block_on::<built_different::download::download_binary_file<&std::path::PathBuf>::{closure#0}>
[INFO] [stderr]      6: <tokio::runtime::scheduler::multi_thread::MultiThread>::block_on::<built_different::download::download_binary_file<&std::path::PathBuf>::{closure#0}>::{closure#0}
[INFO] [stderr]      7: tokio::runtime::context::runtime::enter_runtime::<<tokio::runtime::scheduler::multi_thread::MultiThread>::block_on<built_different::download::download_binary_file<&std::path::PathBuf>::{closure#0}>::{closure#0}, core::result::Result<(), anyhow::Error>>
[INFO] [stderr]      8: <tokio::runtime::scheduler::multi_thread::MultiThread>::block_on::<built_different::download::download_binary_file<&std::path::PathBuf>::{closure#0}>
[INFO] [stderr]      9: <tokio::runtime::runtime::Runtime>::block_on_inner::<built_different::download::download_binary_file<&std::path::PathBuf>::{closure#0}>
[INFO] [stderr]     10: <tokio::runtime::runtime::Runtime>::block_on::<built_different::download::download_binary_file<&std::path::PathBuf>::{closure#0}>
[INFO] [stderr]     11: built_different::download::download_and_uncompress::<&std::path::PathBuf>
[INFO] [stderr]     12: build_script_build::vendored::download_and_compile_openusd
[INFO] [stderr]     13: build_script_build::main
[INFO] [stderr]     14: <fn() as core::ops::function::FnOnce<()>>::call_once
[INFO] [stderr]     15: std::sys::backtrace::__rust_begin_short_backtrace::<fn(), ()>
[INFO] [stderr]     16: std::rt::lang_start::<()>::{closure#0}
[INFO] [stderr]     17: std::rt::lang_start_internal
[INFO] [stderr]     18: std::rt::lang_start::<()>
[INFO] [stderr]     19: main
[INFO] [stderr]     20: <unknown>
[INFO] [stderr]     21: __libc_start_main
[INFO] [stderr]     22: _start
[INFO] [stderr]   stack backtrace:
[INFO] [stderr]      0:     0x637f8943c9b1 - <<std[70759c8f55707aa4]::sys::backtrace::BacktraceLock>::print::DisplayBacktrace as core[df12db4294e9bfd3]::fmt::Display>::fmt
[INFO] [stderr]      1:     0x637f894562ba - core[df12db4294e9bfd3]::fmt::write
[INFO] [stderr]      2:     0x637f8944319c - <std[70759c8f55707aa4]::sys::stdio::unix::Stderr as core[df12db4294e9bfd3]::io::write::Write>::write_fmt
[INFO] [stderr]      3:     0x637f89412906 - std[70759c8f55707aa4]::panicking::default_hook::{closure#0}
[INFO] [stderr]      4:     0x637f894326d1 - std[70759c8f55707aa4]::panicking::default_hook
[INFO] [stderr]      5:     0x637f894329fb - std[70759c8f55707aa4]::panicking::panic_with_hook
[INFO] [stderr]      6:     0x637f894129b2 - std[70759c8f55707aa4]::panicking::panic_handler::{closure#0}
[INFO] [stderr]      7:     0x637f8940ac49 - std[70759c8f55707aa4]::sys::backtrace::__rust_end_short_backtrace::<std[70759c8f55707aa4]::panicking::panic_handler::{closure#0}, !>
[INFO] [stderr]      8:     0x637f89413b6d - __rustc[8fa7c3cbc660c2b3]::rust_begin_unwind
[INFO] [stderr]      9:     0x637f89456adc - core[df12db4294e9bfd3]::panicking::panic_fmt
[INFO] [stderr]     10:     0x637f894568b2 - core[df12db4294e9bfd3]::result::unwrap_failed
[INFO] [stderr]     11:     0x637f88670cd8 - build_script_build[961487a16fde257d]::vendored::download_and_compile_openusd
[INFO] [stderr]     12:     0x637f88650d7b - build_script_build[961487a16fde257d]::main
[INFO] [stderr]     13:     0x637f8865310b - <fn() as core[df12db4294e9bfd3]::ops::function::FnOnce<()>>::call_once
[INFO] [stderr]     14:     0x637f8864a0de - std[70759c8f55707aa4]::sys::backtrace::__rust_begin_short_backtrace::<fn(), ()>
[INFO] [stderr]     15:     0x637f88669349 - std[70759c8f55707aa4]::rt::lang_start::<()>::{closure#0}
[INFO] [stderr]     16:     0x637f894313b9 - std[70759c8f55707aa4]::rt::lang_start_internal
[INFO] [stderr]     17:     0x637f88667a41 - std[70759c8f55707aa4]::rt::lang_start::<()>
[INFO] [stderr]     18:     0x637f88653425 - main
[INFO] [stderr]     19:     0x70acb54d8601 - <unknown>
[INFO] [stderr]     20:     0x70acb54d8718 - __libc_start_main
[INFO] [stderr]     21:     0x637f8863ec85 - _start
[INFO] [stderr]     22:                0x0 - <unknown>
[INFO] [stderr] warning: build failed, waiting for other jobs to finish...
[INFO] running `Command { std: "docker" "inspect" "3fc4ac2bcf2ea2f6562ff414d68e1360490cc741f9b37d79075e187732f4ca80", kill_on_drop: false }`
[INFO] running `Command { std: "docker" "rm" "-f" "3fc4ac2bcf2ea2f6562ff414d68e1360490cc741f9b37d79075e187732f4ca80", kill_on_drop: false }`
[INFO] [stdout] 3fc4ac2bcf2ea2f6562ff414d68e1360490cc741f9b37d79075e187732f4ca80
