[INFO] fetching crate puzzlefs-lib 0.2.0...
[INFO] testing puzzlefs-lib-0.2.0 against 1.100.0-beta.1+cargoflags=--release for beta-release-1.100-2
[INFO] extracting crate puzzlefs-lib 0.2.0 into /workspace/builds/worker-3-tc2/source
[INFO] started tweaking crates.io crate puzzlefs-lib 0.2.0
[INFO] finished tweaking crates.io crate puzzlefs-lib 0.2.0
[INFO] tweaked toml for crates.io crate puzzlefs-lib 0.2.0 written to /workspace/builds/worker-3-tc2/source/Cargo.toml
[INFO] validating manifest of crates.io crate puzzlefs-lib 0.2.0 on toolchain 1.100.0-beta.1
[INFO] running `Command { std: CARGO_HOME="/workspace/cargo-home" RUSTUP_HOME="/workspace/rustup-home" "/workspace/cargo-home/bin/cargo" "+1.100.0-beta.1" "metadata" "--manifest-path" "Cargo.toml" "--no-deps", kill_on_drop: false }`
[INFO] running `Command { std: CARGO_HOME="/workspace/cargo-home" RUSTUP_HOME="/workspace/rustup-home" "/workspace/cargo-home/bin/cargo" "+1.100.0-beta.1" "generate-lockfile" "--manifest-path" "Cargo.toml", kill_on_drop: false }`
[INFO] [stderr]     Updating crates.io index
[INFO] [stderr]      Locking 178 packages to highest compatible versions
[INFO] [stderr]       Adding cap-std v3.4.6 (available: v4.0.3)
[INFO] [stderr]       Adding capnp v0.19.8 (available: v0.27.2)
[INFO] [stderr]       Adding capnpc v0.19.0 (available: v0.27.0)
[INFO] [stderr]       Adding fastcdc v3.0.0 (available: v3.2.1)
[INFO] [stderr]       Adding fuser v0.14.0 (available: v0.18.0)
[INFO] [stderr]       Adding generic-array v0.14.7 (available: v0.14.9)
[INFO] [stderr]       Adding nix v0.27.1 (available: v0.31.3)
[INFO] [stderr]       Adding ocidir v0.3.1 (available: v0.8.0)
[INFO] [stderr]       Adding sha2 v0.10.9 (available: v0.11.1)
[INFO] [stderr]       Adding thiserror v1.0.69 (available: v2.0.21)
[INFO] [stderr]       Adding zstd v0.13.3 (available: v0.14.3)
[INFO] running `Command { std: CARGO_HOME="/workspace/cargo-home" RUSTUP_HOME="/workspace/rustup-home" "/workspace/cargo-home/bin/cargo" "+1.100.0-beta.1" "fetch" "--manifest-path" "Cargo.toml", kill_on_drop: false }`
[INFO] [stderr] warning: `package.homepage` is redundant with `package.repository`
[INFO] [stderr]    --> Cargo.toml:111:12
[INFO] [stderr]     |
[INFO] [stderr] 111 | homepage = "https://github.com/project-machine/puzzlefs"
[INFO] [stderr]     |            ^^^^^^^^^^^^^^^^^^^^^^^^^^^^^^^^^^^^^^^^^^^^^
[INFO] [stderr] ...
[INFO] [stderr] 116 | repository = "https://github.com/project-machine/puzzlefs"
[INFO] [stderr]     |              ---------------------------------------------
[INFO] [stderr]     |
[INFO] [stderr]     = note: `cargo::redundant_homepage` is set to `warn` by default
[INFO] [stderr] help: consider removing `package.homepage`
[INFO] [stderr] warning: `puzzlefs-lib` (manifest) generated 1 warning
[INFO] running `Command { std: "docker" "create" "-v" "/var/lib/crater-agent-workspace/builds/worker-3-tc2/source:/opt/rustwide/workdir:ro,Z" "-v" "/var/lib/crater-agent-workspace/builds/worker-3-tc2/target:/opt/rustwide/target:rw,Z" "-v" "/var/lib/crater-agent-workspace/cargo-home:/opt/rustwide/cargo-home:ro,Z" "-v" "/var/lib/crater-agent-workspace/rustup-home:/opt/rustwide/rustup-home:ro,Z" "-m" "1610612736" "--network" "none" "ghcr.io/rust-lang/crates-build-env/linux@sha256:77db811e55d90add9212f6832c23229e3de5f1c1f9905e8cb07319ea15df73ac" "sleep" "infinity", kill_on_drop: false }`
[INFO] [stdout] 196c9d66082d050b1d248da7da2ec84a8a8f824452370c4c3c380d83fe409792
[INFO] running `Command { std: "docker" "start" "196c9d66082d050b1d248da7da2ec84a8a8f824452370c4c3c380d83fe409792", kill_on_drop: false }`
[INFO] running `Command { std: "docker" "inspect" "196c9d66082d050b1d248da7da2ec84a8a8f824452370c4c3c380d83fe409792", kill_on_drop: false }`
[INFO] running `Command { std: "docker" "exec" "-e" "SOURCE_DIR=/opt/rustwide/workdir" "-e" "CARGO_HOME=/opt/rustwide/cargo-home" "-e" "RUSTUP_HOME=/opt/rustwide/rustup-home" "-e" "CARGO_TARGET_DIR=/opt/rustwide/target" "-w" "/opt/rustwide/workdir" "--user" "0:0" "196c9d66082d050b1d248da7da2ec84a8a8f824452370c4c3c380d83fe409792" "/opt/rustwide/cargo-home/bin/cargo" "+1.100.0-beta.1" "metadata" "--no-deps" "--format-version=1", kill_on_drop: false }`
[INFO] running `Command { std: "docker" "inspect" "196c9d66082d050b1d248da7da2ec84a8a8f824452370c4c3c380d83fe409792", kill_on_drop: false }`
[INFO] running `Command { std: "docker" "exec" "-e" "SOURCE_DIR=/opt/rustwide/workdir" "-e" "CARGO_HOME=/opt/rustwide/cargo-home" "-e" "RUSTUP_HOME=/opt/rustwide/rustup-home" "-e" "CARGO_TARGET_DIR=/opt/rustwide/target" "-e" "CARGO_INCREMENTAL=0" "-e" "RUST_BACKTRACE=full" "-e" "RUSTFLAGS=--cap-lints=warn" "-e" "RUSTDOCFLAGS=--cap-lints=warn" "-w" "/opt/rustwide/workdir" "--user" "0:0" "196c9d66082d050b1d248da7da2ec84a8a8f824452370c4c3c380d83fe409792" "/opt/rustwide/cargo-home/bin/cargo" "+1.100.0-beta.1" "build" "--frozen" "--message-format=json" "--release", kill_on_drop: false }`
[INFO] [stderr] warning: `package.homepage` is redundant with `package.repository`
[INFO] [stderr]    --> Cargo.toml:111:12
[INFO] [stderr]     |
[INFO] [stderr] 111 | homepage = "https://github.com/project-machine/puzzlefs"
[INFO] [stderr]     |            ^^^^^^^^^^^^^^^^^^^^^^^^^^^^^^^^^^^^^^^^^^^^^
[INFO] [stderr] ...
[INFO] [stderr] 116 | repository = "https://github.com/project-machine/puzzlefs"
[INFO] [stderr]     |              ---------------------------------------------
[INFO] [stderr]     |
[INFO] [stderr]     = note: `cargo::redundant_homepage` is set to `warn` by default
[INFO] [stderr] help: consider removing `package.homepage`
[INFO] [stderr] warning: `puzzlefs-lib` (manifest) generated 1 warning
[INFO] [stderr]    Compiling libc v0.2.191
[INFO] [stderr]    Compiling rustix v1.1.5
[INFO] [stderr]    Compiling linux-raw-sys v0.12.1
[INFO] [stderr]    Compiling io-lifetimes v2.0.4
[INFO] [stderr]    Compiling syn v3.0.9
[INFO] [stderr]    Compiling darling_core v0.20.11
[INFO] [stderr]    Compiling io-extras v0.18.4
[INFO] [stderr]    Compiling serde_core v1.0.229
[INFO] [stderr]    Compiling cap-primitives v3.4.6
[INFO] [stderr]    Compiling equivalent v1.0.3
[INFO] [stderr]    Compiling serde v1.0.229
[INFO] [stderr]    Compiling indexmap v2.14.2
[INFO] [stderr]    Compiling ipnet v2.12.2
[INFO] [stderr]    Compiling maybe-owned v0.3.4
[INFO] [stderr]    Compiling ambient-authority v0.0.2
[INFO] [stderr]    Compiling cap-std v3.4.6
[INFO] [stderr]    Compiling structmeta-derive v0.2.0
[INFO] [stderr]    Compiling toml_edit v0.19.15
[INFO] [stderr]    Compiling jobserver v0.1.35
[INFO] [stderr]    Compiling cc v1.8.0
[INFO] [stderr]    Compiling crc32fast v1.5.2
[INFO] [stderr]    Compiling thiserror v2.0.21
[INFO] [stderr]    Compiling structmeta v0.2.0
[INFO] [stderr]    Compiling uuid v1.28.0
[INFO] [stderr]    Compiling zstd-safe v7.3.0
[INFO] [stderr]    Compiling capnp v0.19.8
[INFO] [stderr]    Compiling regex-syntax v0.7.5
[INFO] [stderr]    Compiling serde_derive v1.0.229
[INFO] [stderr]    Compiling darling_macro v0.20.11
[INFO] [stderr]    Compiling darling v0.20.11
[INFO] [stderr]    Compiling derive_builder_core v0.20.2
[INFO] [stderr]    Compiling thiserror-impl v2.0.21
[INFO] [stderr]    Compiling zstd-sys v2.1.2+zstd.1.5.7
[INFO] [stderr]    Compiling openssl-sys v0.9.117
[INFO] [stderr]    Compiling libz-sys v1.1.30
[INFO] [stderr]    Compiling bincode v1.3.3
[INFO] [stderr]    Compiling derive_builder_macro v0.20.2
[INFO] [stderr]    Compiling proc-macro-crate v1.3.1
[INFO] [stderr]    Compiling camino v1.2.6
[INFO] [stderr]    Compiling derive_builder v0.20.2
[INFO] [stderr]    Compiling openssl v0.10.81
[INFO] [stderr]    Compiling fs-set-times v0.20.3
[INFO] [stderr]    Compiling rustix-linux-procfs v0.1.1
[INFO] [stderr]    Compiling num_enum_derive v0.6.1
[INFO] [stderr]    Compiling xattr v1.6.1
[INFO] [stderr]    Compiling capnpc v0.19.0
[INFO] [stderr]    Compiling parse-display-derive v0.8.2
[INFO] [stderr]    Compiling strum_macros v0.26.4
[INFO] [stderr]    Compiling cap-tempfile v3.4.6
[INFO] [stderr]    Compiling zstd-seekable v0.1.23
[INFO] [stderr]    Compiling openssl-macros v0.1.1
[INFO] [stderr]    Compiling zerocopy-derive v0.7.35
[INFO] [stderr]    Compiling getset v0.1.7
[INFO] [stderr]    Compiling num_cpus v1.17.0
[INFO] [stderr]    Compiling filetime v0.2.29
[INFO] [stderr]    Compiling fuser v0.14.0
[INFO] [stderr]    Compiling strum v0.26.3
[INFO] [stderr]    Compiling sha2 v0.10.9
[INFO] [stderr]    Compiling threadpool v1.8.1
[INFO] [stderr]    Compiling tar v0.4.46
[INFO] [stderr]    Compiling oci-spec v0.7.1
[INFO] [stderr]    Compiling zerocopy v0.7.35
[INFO] [stderr]    Compiling puzzlefs-lib v0.2.0 (/opt/rustwide/workdir)
[INFO] [stderr]    Compiling olpc-cjson v0.1.4
[INFO] [stderr]    Compiling parse-display v0.8.2
[INFO] [stderr]    Compiling flate2 v1.1.10
[INFO] [stderr]    Compiling cap-std-ext v4.0.7
[INFO] [stderr]    Compiling num_enum v0.6.1
[INFO] [stderr]    Compiling page_size v0.6.0
[INFO] [stderr]    Compiling tempfile v3.27.0
[INFO] [stderr]    Compiling fs-verity v0.2.0
[INFO] [stderr]    Compiling openat v0.1.21
[INFO] [stderr]    Compiling os_pipe v1.2.3
[INFO] [stderr]    Compiling nix v0.27.1
[INFO] [stderr]    Compiling memmap2 v0.9.11
[INFO] [stderr]    Compiling fastcdc v3.0.0
[INFO] [stderr]    Compiling ocidir v0.3.1
[INFO] [stderr]    Compiling zstd v0.13.3
[INFO] [stdout] error[E0432]: unresolved import `thiserror`
[INFO] [stdout]    --> src/format/error.rs:8:10
[INFO] [stdout]     |
[INFO] [stdout]   8 | #[derive(Error, Debug)]
[INFO] [stdout]     |          ^^^^^ no `ThiserrorProvide` in `__private`
[INFO] [stdout]     |
[INFO] [stdout] note: found an item that was configured out
[INFO] [stdout]    --> /opt/rustwide/cargo-home/registry/src/index.crates.io-1949cf8c6b5b557f/thiserror-1.0.69/src/lib.rs:289:29
[INFO] [stdout]     |
[INFO] [stdout] 287 |     #[cfg(error_generic_member_access)]
[INFO] [stdout]     |           --------------------------- the item is gated here
[INFO] [stdout] 288 |     #[doc(hidden)]
[INFO] [stdout] 289 |     pub use crate::provide::ThiserrorProvide;
[INFO] [stdout]     |                             ^^^^^^^^^^^^^^^^
[INFO] [stdout]     = note: this error originates in the derive macro `Error` (in Nightly builds, run with -Z macro-backtrace for more info)
[INFO] [stdout] 
[INFO] [stdout] 
[INFO] [stdout] error[E0554]: `#![feature]` may not be used on the beta release channel
[INFO] [stdout]  --> src/lib.rs:1:1
[INFO] [stdout]   |
[INFO] [stdout] 1 | #![feature(error_generic_member_access)]
[INFO] [stdout]   | ^^^^^^^^^^^^^^^^^^^^^^^^^^^^^^^^^^^^^^^^
[INFO] [stdout] 
[INFO] [stdout] 
[INFO] [stdout] error[E0599]: no method named `thiserror_provide` found for reference `&std::io::Error` in the current scope
[INFO] [stdout]   --> src/format/error.rs:26:13
[INFO] [stdout]    |
[INFO] [stdout] 26 |     #[error("fs error: {0}")]
[INFO] [stdout]    |             ^^^^^^^^^^^^^^^ method not found in `&std::io::Error`
[INFO] [stdout] 
[INFO] [stdout] 
[INFO] [stdout] error[E0599]: no method named `thiserror_provide` found for reference `&capnp::Error` in the current scope
[INFO] [stdout]   --> src/format/error.rs:28:13
[INFO] [stdout]    |
[INFO] [stdout] 28 |     #[error("deserialization error (capnp): {0}")]
[INFO] [stdout]    |             ^^^^^^^^^^^^^^^^^^^^^^^^^^^^^^^^^^^^ method not found in `&capnp::Error`
[INFO] [stdout] 
[INFO] [stdout] 
[INFO] [stdout] error[E0599]: no method named `thiserror_provide` found for reference `&TryFromIntError` in the current scope
[INFO] [stdout]   --> src/format/error.rs:30:13
[INFO] [stdout]    |
[INFO] [stdout] 30 |     #[error("numeric conversion error: {0}")]
[INFO] [stdout]    |             ^^^^^^^^^^^^^^^^^^^^^^^^^^^^^^^ method not found in `&TryFromIntError`
[INFO] [stdout] 
[INFO] [stdout] 
[INFO] [stdout] error[E0599]: no method named `thiserror_provide` found for reference `&serde_json::Error` in the current scope
[INFO] [stdout]   --> src/format/error.rs:32:13
[INFO] [stdout]    |
[INFO] [stdout] 32 |     #[error("deserialization error (json): {0}")]
[INFO] [stdout]    |             ^^^^^^^^^^^^^^^^^^^^^^^^^^^^^^^^^^^ method not found in `&serde_json::Error`
[INFO] [stdout] 
[INFO] [stdout] 
[INFO] [stdout] error[E0599]: no method named `thiserror_provide` found for reference `&TryFromSliceError` in the current scope
[INFO] [stdout]   --> src/format/error.rs:34:13
[INFO] [stdout]    |
[INFO] [stdout] 34 |     #[error("TryFromSlice error: {0}")]
[INFO] [stdout]    |             ^^^^^^^^^^^^^^^^^^^^^^^^^ method not found in `&TryFromSliceError`
[INFO] [stdout] 
[INFO] [stdout] 
[INFO] [stdout] error[E0599]: no method named `thiserror_provide` found for reference `&FromHexError` in the current scope
[INFO] [stdout]   --> src/format/error.rs:36:13
[INFO] [stdout]    |
[INFO] [stdout] 36 |     #[error("hex error: {0}")]
[INFO] [stdout]    |             ^^^^^^^^^^^^^^^^ method not found in `&FromHexError`
[INFO] [stdout] 
[INFO] [stdout] 
[INFO] [stdout] error[E0599]: no method named `thiserror_provide` found for reference `&ocidir::oci_spec::OciSpecError` in the current scope
[INFO] [stdout]   --> src/format/error.rs:38:13
[INFO] [stdout]    |
[INFO] [stdout] 38 |     #[error("Oci error: {0}")]
[INFO] [stdout]    |             ^^^^^^^^^^^^^^^^ method not found in `&ocidir::oci_spec::OciSpecError`
[INFO] [stdout] 
[INFO] [stdout] 
[INFO] [stdout] error[E0599]: no method named `thiserror_provide` found for reference `&ocidir::Error` in the current scope
[INFO] [stdout]   --> src/format/error.rs:40:13
[INFO] [stdout]    |
[INFO] [stdout] 40 |     #[error("Oci dir error: {0}")]
[INFO] [stdout]    |             ^^^^^^^^^^^^^^^^^^^^ method not found in `&ocidir::Error`
[INFO] [stdout] 
[INFO] [stdout] 
[INFO] [stdout] Some errors have detailed explanations: E0432, E0554, E0599.
[INFO] [stdout] 
[INFO] [stdout] For more information about an error, try `rustc --explain E0432`.
[INFO] [stdout] 
[INFO] [stderr] error: could not compile `puzzlefs-lib` (lib) due to 10 previous errors
[INFO] [stderr] warning: unused dependency `openat`
[INFO] [stderr]   --> Cargo.toml:39:15
[INFO] [stderr]    |
[INFO] [stderr] 39 | [dependencies.openat]
[INFO] [stderr]    |               ^^^^^^^
[INFO] [stderr]    |
[INFO] [stderr]    = note: `cargo::unused_dependencies` is set to `warn` by default
[INFO] [stderr] help: consider removing the dependency on `openat`
[INFO] [stderr] warning: unused dependency `tempfile`
[INFO] [stderr]   --> Cargo.toml:55:15
[INFO] [stderr]    |
[INFO] [stderr] 55 | [dependencies.tempfile]
[INFO] [stderr]    |               ^^^^^^^^^
[INFO] [stderr]    |
[INFO] [stderr] help: consider removing the dependency on `tempfile`
[INFO] [stderr] warning: unused dependency `zstd`
[INFO] [stderr]   --> Cargo.toml:67:15
[INFO] [stderr]    |
[INFO] [stderr] 67 | [dependencies.zstd]
[INFO] [stderr]    |               ^^^^^
[INFO] [stderr]    |
[INFO] [stderr] help: consider removing the dependency on `zstd`
[INFO] [stderr] warning: `puzzlefs-lib` (manifest) generated 3 warnings
[INFO] running `Command { std: "docker" "inspect" "196c9d66082d050b1d248da7da2ec84a8a8f824452370c4c3c380d83fe409792", kill_on_drop: false }`
[INFO] running `Command { std: "docker" "rm" "-f" "196c9d66082d050b1d248da7da2ec84a8a8f824452370c4c3c380d83fe409792", kill_on_drop: false }`
[INFO] [stdout] 196c9d66082d050b1d248da7da2ec84a8a8f824452370c4c3c380d83fe409792
