[INFO] fetching crate purrdf-sparql-results 3.0.1...
[INFO] testing purrdf-sparql-results-3.0.1 against 1.99.0-beta.8+cargoflags=--release for beta-release-1.100-2
[INFO] extracting crate purrdf-sparql-results 3.0.1 into /workspace/builds/worker-3-tc1/source
[INFO] started tweaking crates.io crate purrdf-sparql-results 3.0.1
[INFO] removed 0 missing tests
[INFO] finished tweaking crates.io crate purrdf-sparql-results 3.0.1
[INFO] tweaked toml for crates.io crate purrdf-sparql-results 3.0.1 written to /workspace/builds/worker-3-tc1/source/Cargo.toml
[INFO] validating manifest of crates.io crate purrdf-sparql-results 3.0.1 on toolchain 1.99.0-beta.8
[INFO] running `Command { std: CARGO_HOME="/workspace/cargo-home" RUSTUP_HOME="/workspace/rustup-home" "/workspace/cargo-home/bin/cargo" "+1.99.0-beta.8" "metadata" "--manifest-path" "Cargo.toml" "--no-deps", kill_on_drop: false }`
[INFO] crate crates.io crate purrdf-sparql-results 3.0.1 already has a lockfile, it will not be regenerated
[INFO] running `Command { std: CARGO_HOME="/workspace/cargo-home" RUSTUP_HOME="/workspace/rustup-home" "/workspace/cargo-home/bin/cargo" "+1.99.0-beta.8" "fetch" "--manifest-path" "Cargo.toml", kill_on_drop: false }`
[INFO] [stderr]     Updating crates.io index
[INFO] [stderr]  Downloading crates ...
[INFO] [stderr]   Downloaded purrdf-stack v3.0.1
[INFO] [stderr]   Downloaded purrdf-hash v3.0.1
[INFO] [stderr]   Downloaded purrdf-events v3.0.1
[INFO] [stderr]   Downloaded purrdf-deflate v3.0.1
[INFO] [stderr]   Downloaded purrdf-cdt v3.0.1
[INFO] [stderr]   Downloaded purrdf-core v3.0.1
[INFO] [stderr]   Downloaded purrdf-iri v3.0.1
[INFO] [stderr]   Downloaded purrdf-lex v3.0.1
[INFO] [stderr]   Downloaded purrdf-xsd v3.0.1
[INFO] running `Command { std: "docker" "create" "-v" "/var/lib/crater-agent-workspace/builds/worker-3-tc1/source:/opt/rustwide/workdir:ro,Z" "-v" "/var/lib/crater-agent-workspace/builds/worker-3-tc1/target:/opt/rustwide/target:rw,Z" "-v" "/var/lib/crater-agent-workspace/cargo-home:/opt/rustwide/cargo-home:ro,Z" "-v" "/var/lib/crater-agent-workspace/rustup-home:/opt/rustwide/rustup-home:ro,Z" "-m" "1610612736" "--network" "none" "ghcr.io/rust-lang/crates-build-env/linux@sha256:77db811e55d90add9212f6832c23229e3de5f1c1f9905e8cb07319ea15df73ac" "sleep" "infinity", kill_on_drop: false }`
[INFO] [stdout] cfce0e5d5a487cc62e0b95eb6aaf58b27253cb5ed3e60ee9ae1f2d67f61a8664
[INFO] running `Command { std: "docker" "start" "cfce0e5d5a487cc62e0b95eb6aaf58b27253cb5ed3e60ee9ae1f2d67f61a8664", kill_on_drop: false }`
[INFO] running `Command { std: "docker" "inspect" "cfce0e5d5a487cc62e0b95eb6aaf58b27253cb5ed3e60ee9ae1f2d67f61a8664", kill_on_drop: false }`
[INFO] running `Command { std: "docker" "exec" "-e" "SOURCE_DIR=/opt/rustwide/workdir" "-e" "CARGO_HOME=/opt/rustwide/cargo-home" "-e" "RUSTUP_HOME=/opt/rustwide/rustup-home" "-e" "CARGO_TARGET_DIR=/opt/rustwide/target" "-w" "/opt/rustwide/workdir" "--user" "0:0" "cfce0e5d5a487cc62e0b95eb6aaf58b27253cb5ed3e60ee9ae1f2d67f61a8664" "/opt/rustwide/cargo-home/bin/cargo" "+1.99.0-beta.8" "metadata" "--no-deps" "--format-version=1", kill_on_drop: false }`
[INFO] running `Command { std: "docker" "inspect" "cfce0e5d5a487cc62e0b95eb6aaf58b27253cb5ed3e60ee9ae1f2d67f61a8664", kill_on_drop: false }`
[INFO] running `Command { std: "docker" "exec" "-e" "SOURCE_DIR=/opt/rustwide/workdir" "-e" "CARGO_HOME=/opt/rustwide/cargo-home" "-e" "RUSTUP_HOME=/opt/rustwide/rustup-home" "-e" "CARGO_TARGET_DIR=/opt/rustwide/target" "-e" "CARGO_INCREMENTAL=0" "-e" "RUST_BACKTRACE=full" "-e" "RUSTFLAGS=--cap-lints=warn" "-e" "RUSTDOCFLAGS=--cap-lints=warn" "-w" "/opt/rustwide/workdir" "--user" "0:0" "cfce0e5d5a487cc62e0b95eb6aaf58b27253cb5ed3e60ee9ae1f2d67f61a8664" "/opt/rustwide/cargo-home/bin/cargo" "+1.99.0-beta.8" "build" "--frozen" "--message-format=json" "--release", kill_on_drop: false }`
[INFO] [stderr]    Compiling purrdf-hash v3.0.1
[INFO] [stderr]    Compiling purrdf-core v3.0.1
[INFO] [stderr]    Compiling purrdf-events v3.0.1
[INFO] [stderr]    Compiling hybrid-array v0.4.15
[INFO] [stderr]    Compiling regex-automata v0.4.14
[INFO] [stderr]    Compiling crypto-common v0.2.2
[INFO] [stderr]    Compiling block-buffer v0.12.1
[INFO] [stderr]    Compiling digest v0.11.3
[INFO] [stderr]    Compiling sha2 v0.11.0
[INFO] [stderr]    Compiling regex v1.12.4
[INFO] [stderr]    Compiling purrdf-lex v3.0.1
[INFO] [stderr]    Compiling purrdf-deflate v3.0.1
[INFO] [stderr]    Compiling purrdf-iri v3.0.1
[INFO] [stderr]    Compiling purrdf-xsd v3.0.1
[INFO] [stderr]    Compiling purrdf-cdt v3.0.1
[INFO] [stderr]    Compiling purrdf-sparql-results v3.0.1 (/opt/rustwide/workdir)
[INFO] [stderr]     Finished `release` profile [optimized] target(s) in 1m 43s
[INFO] running `Command { std: "docker" "inspect" "cfce0e5d5a487cc62e0b95eb6aaf58b27253cb5ed3e60ee9ae1f2d67f61a8664", kill_on_drop: false }`
[INFO] running `Command { std: "docker" "exec" "-e" "SOURCE_DIR=/opt/rustwide/workdir" "-e" "CARGO_HOME=/opt/rustwide/cargo-home" "-e" "RUSTUP_HOME=/opt/rustwide/rustup-home" "-e" "CARGO_TARGET_DIR=/opt/rustwide/target" "-e" "CARGO_INCREMENTAL=0" "-e" "RUST_BACKTRACE=full" "-e" "RUSTFLAGS=--cap-lints=warn" "-e" "RUSTDOCFLAGS=--cap-lints=warn" "-w" "/opt/rustwide/workdir" "--user" "0:0" "cfce0e5d5a487cc62e0b95eb6aaf58b27253cb5ed3e60ee9ae1f2d67f61a8664" "/opt/rustwide/cargo-home/bin/cargo" "+1.99.0-beta.8" "test" "--frozen" "--no-run" "--message-format=json" "--release", kill_on_drop: false }`
[INFO] [stderr]    Compiling purrdf-stack v3.0.1
[INFO] [stderr]    Compiling purrdf-sparql-results v3.0.1 (/opt/rustwide/workdir)
[INFO] [stdout] error[E0432]: unresolved import `purrdf_alloc_probe`
[INFO] [stdout]   --> tests/results_streaming_is_bounded.rs:19:5
[INFO] [stdout]    |
[INFO] [stdout] 19 | use purrdf_alloc_probe::{CountingAllocator, CurrentThreadWindow};
[INFO] [stdout]    |     ^^^^^^^^^^^^^^^^^^ use of unresolved module or unlinked crate `purrdf_alloc_probe`
[INFO] [stdout]    |
[INFO] [stdout]    = help: if you wanted to use a crate named `purrdf_alloc_probe`, use `cargo add purrdf_alloc_probe` to add it to your `Cargo.toml`
[INFO] [stdout] 
[INFO] [stdout] 
[INFO] [stdout] error[E0433]: cannot find module or crate `purrdf_testkit` in this scope
[INFO] [stdout]    --> tests/results_corpus.rs:151:5
[INFO] [stdout]     |
[INFO] [stdout] 151 |     purrdf_testkit::assert_golden!(
[INFO] [stdout]     |     ^^^^^^^^^^^^^^ use of unresolved module or unlinked crate `purrdf_testkit`
[INFO] [stdout] 
[INFO] [stdout] 
[INFO] [stdout] error[E0433]: cannot find module or crate `purrdf_testkit` in this scope
[INFO] [stdout]    --> tests/results_corpus.rs:164:5
[INFO] [stdout]     |
[INFO] [stdout] 164 |     purrdf_testkit::assert_golden!(
[INFO] [stdout]     |     ^^^^^^^^^^^^^^ use of unresolved module or unlinked crate `purrdf_testkit`
[INFO] [stdout] 
[INFO] [stdout] 
[INFO] [stdout] error[E0433]: cannot find module or crate `purrdf_testkit` in this scope
[INFO] [stdout]    --> tests/results_corpus.rs:192:5
[INFO] [stdout]     |
[INFO] [stdout] 192 |     purrdf_testkit::assert_golden!("results_corpus/select_books_csv.csv", &raw);
[INFO] [stdout]     |     ^^^^^^^^^^^^^^ use of unresolved module or unlinked crate `purrdf_testkit`
[INFO] [stdout] 
[INFO] [stdout] 
[INFO] [stdout] error[E0433]: cannot find module or crate `purrdf_testkit` in this scope
[INFO] [stdout]    --> tests/results_corpus.rs:212:5
[INFO] [stdout]     |
[INFO] [stdout] 212 |     purrdf_testkit::assert_golden!("results_corpus/select_books_tsv.tsv", &raw);
[INFO] [stdout]     |     ^^^^^^^^^^^^^^ use of unresolved module or unlinked crate `purrdf_testkit`
[INFO] [stdout] 
[INFO] [stdout] 
[INFO] [stdout] error[E0433]: cannot find module or crate `purrdf_testkit` in this scope
[INFO] [stdout]    --> tests/results_corpus.rs:223:5
[INFO] [stdout]     |
[INFO] [stdout] 223 |     purrdf_testkit::assert_golden!(
[INFO] [stdout]     |     ^^^^^^^^^^^^^^ use of unresolved module or unlinked crate `purrdf_testkit`
[INFO] [stdout] 
[INFO] [stdout] 
[INFO] [stdout] error[E0433]: cannot find module or crate `purrdf_testkit` in this scope
[INFO] [stdout]    --> tests/results_corpus.rs:236:5
[INFO] [stdout]     |
[INFO] [stdout] 236 |     purrdf_testkit::assert_golden!(
[INFO] [stdout]     |     ^^^^^^^^^^^^^^ use of unresolved module or unlinked crate `purrdf_testkit`
[INFO] [stdout] 
[INFO] [stdout] 
[INFO] [stdout] error[E0433]: cannot find module or crate `purrdf_testkit` in this scope
[INFO] [stdout]    --> tests/results_corpus.rs:315:5
[INFO] [stdout]     |
[INFO] [stdout] 315 |     purrdf_testkit::assert_golden!(
[INFO] [stdout]     |     ^^^^^^^^^^^^^^ use of unresolved module or unlinked crate `purrdf_testkit`
[INFO] [stdout] 
[INFO] [stdout] 
[INFO] [stdout] error[E0433]: cannot find module or crate `purrdf_testkit` in this scope
[INFO] [stdout]    --> tests/results_corpus.rs:333:5
[INFO] [stdout]     |
[INFO] [stdout] 333 |     purrdf_testkit::assert_golden!(
[INFO] [stdout]     |     ^^^^^^^^^^^^^^ use of unresolved module or unlinked crate `purrdf_testkit`
[INFO] [stdout] 
[INFO] [stdout] 
[INFO] [stdout] error[E0433]: cannot find module or crate `purrdf_testkit` in this scope
[INFO] [stdout]    --> tests/results_corpus.rs:346:5
[INFO] [stdout]     |
[INFO] [stdout] 346 |     purrdf_testkit::assert_golden!(
[INFO] [stdout]     |     ^^^^^^^^^^^^^^ use of unresolved module or unlinked crate `purrdf_testkit`
[INFO] [stdout] 
[INFO] [stdout] 
[INFO] [stdout] error[E0433]: cannot find module or crate `purrdf_testkit` in this scope
[INFO] [stdout]    --> tests/results_corpus.rs:472:5
[INFO] [stdout]     |
[INFO] [stdout] 472 |     purrdf_testkit::assert_golden!(
[INFO] [stdout]     |     ^^^^^^^^^^^^^^ use of unresolved module or unlinked crate `purrdf_testkit`
[INFO] [stdout] 
[INFO] [stdout] 
[INFO] [stdout] error[E0433]: cannot find module or crate `purrdf_testkit` in this scope
[INFO] [stdout]    --> tests/results_corpus.rs:485:5
[INFO] [stdout]     |
[INFO] [stdout] 485 |     purrdf_testkit::assert_golden!(
[INFO] [stdout]     |     ^^^^^^^^^^^^^^ use of unresolved module or unlinked crate `purrdf_testkit`
[INFO] [stdout] 
[INFO] [stdout] 
[INFO] [stdout] error[E0433]: cannot find module or crate `purrdf_testkit` in this scope
[INFO] [stdout]    --> tests/results_corpus.rs:512:5
[INFO] [stdout]     |
[INFO] [stdout] 512 |     purrdf_testkit::assert_golden!("results_corpus/edge_cases_csv.csv", &raw);
[INFO] [stdout]     |     ^^^^^^^^^^^^^^ use of unresolved module or unlinked crate `purrdf_testkit`
[INFO] [stdout] 
[INFO] [stdout] 
[INFO] [stdout] error[E0433]: cannot find module or crate `purrdf_testkit` in this scope
[INFO] [stdout]    --> tests/results_corpus.rs:535:5
[INFO] [stdout]     |
[INFO] [stdout] 535 |     purrdf_testkit::assert_golden!("results_corpus/edge_cases_tsv.tsv", &raw);
[INFO] [stdout]     |     ^^^^^^^^^^^^^^ use of unresolved module or unlinked crate `purrdf_testkit`
[INFO] [stdout] 
[INFO] [stdout] 
[INFO] [stdout] For more information about this error, try `rustc --explain E0432`.
[INFO] [stdout] 
[INFO] [stderr] error: could not compile `purrdf-sparql-results` (test "results_streaming_is_bounded") due to 1 previous error
[INFO] [stderr] warning: build failed, waiting for other jobs to finish...
[INFO] [stdout] error[E0433]: cannot find module or crate `purrdf_testkit` in this scope
[INFO] [stdout]    --> src/csv.rs:186:9
[INFO] [stdout]     |
[INFO] [stdout] 186 |     use purrdf_testkit::rng::SplitMix64;
[INFO] [stdout]     |         ^^^^^^^^^^^^^^ use of unresolved module or unlinked crate `purrdf_testkit`
[INFO] [stdout]     |
[INFO] [stdout]     = help: if you wanted to use a crate named `purrdf_testkit`, use `cargo add purrdf_testkit` to add it to your `Cargo.toml`
[INFO] [stdout] 
[INFO] [stdout] 
[INFO] [stderr] error: could not compile `purrdf-sparql-results` (test "results_corpus") due to 13 previous errors
[INFO] [stdout] For more information about this error, try `rustc --explain E0433`.
[INFO] [stdout] 
[INFO] [stdout] error[E0433]: cannot find module or crate `purrdf_testkit` in this scope
[INFO] [stdout]    --> src/json.rs:991:17
[INFO] [stdout]     |
[INFO] [stdout] 991 |                 purrdf_testkit::rng::splitmix64_next,
[INFO] [stdout]     |                 ^^^^^^^^^^^^^^ use of unresolved module or unlinked crate `purrdf_testkit`
[INFO] [stdout]     |
[INFO] [stdout]     = help: if you wanted to use a crate named `purrdf_testkit`, use `cargo add purrdf_testkit` to add it to your `Cargo.toml`
[INFO] [stdout] 
[INFO] [stdout] 
[INFO] [stdout] error[E0433]: cannot find module or crate `purrdf_testkit` in this scope
[INFO] [stdout]    --> src/term.rs:260:17
[INFO] [stdout]     |
[INFO] [stdout] 260 |                 purrdf_testkit::rng::splitmix64_next,
[INFO] [stdout]     |                 ^^^^^^^^^^^^^^ use of unresolved module or unlinked crate `purrdf_testkit`
[INFO] [stdout]     |
[INFO] [stdout]     = help: if you wanted to use a crate named `purrdf_testkit`, use `cargo add purrdf_testkit` to add it to your `Cargo.toml`
[INFO] [stdout] 
[INFO] [stdout] 
[INFO] [stdout] error[E0433]: cannot find module or crate `purrdf_testkit` in this scope
[INFO] [stdout]     --> src/xml.rs:1105:17
[INFO] [stdout]      |
[INFO] [stdout] 1105 |                 purrdf_testkit::rng::splitmix64_next,
[INFO] [stdout]      |                 ^^^^^^^^^^^^^^ use of unresolved module or unlinked crate `purrdf_testkit`
[INFO] [stdout]      |
[INFO] [stdout]      = help: if you wanted to use a crate named `purrdf_testkit`, use `cargo add purrdf_testkit` to add it to your `Cargo.toml`
[INFO] [stdout] 
[INFO] [stdout] 
[INFO] [stdout] error[E0433]: cannot find module or crate `purrdf_testkit` in this scope
[INFO] [stdout]     --> src/xml_read.rs:1157:17
[INFO] [stdout]      |
[INFO] [stdout] 1157 |                 purrdf_testkit::rng::splitmix64_next,
[INFO] [stdout]      |                 ^^^^^^^^^^^^^^ use of unresolved module or unlinked crate `purrdf_testkit`
[INFO] [stdout]      |
[INFO] [stdout]      = help: if you wanted to use a crate named `purrdf_testkit`, use `cargo add purrdf_testkit` to add it to your `Cargo.toml`
[INFO] [stdout] 
[INFO] [stdout] 
[INFO] [stdout] For more information about this error, try `rustc --explain E0433`.
[INFO] [stdout] 
[INFO] [stderr] error: could not compile `purrdf-sparql-results` (lib test) due to 5 previous errors
[INFO] running `Command { std: "docker" "inspect" "cfce0e5d5a487cc62e0b95eb6aaf58b27253cb5ed3e60ee9ae1f2d67f61a8664", kill_on_drop: false }`
[INFO] running `Command { std: "docker" "rm" "-f" "cfce0e5d5a487cc62e0b95eb6aaf58b27253cb5ed3e60ee9ae1f2d67f61a8664", kill_on_drop: false }`
[INFO] [stdout] cfce0e5d5a487cc62e0b95eb6aaf58b27253cb5ed3e60ee9ae1f2d67f61a8664
