[INFO] fetching crate purrdf-sparql-eval 3.0.1...
[INFO] testing purrdf-sparql-eval-3.0.1 against 1.100.0-beta.1+cargoflags=--release for beta-release-1.100-2
[INFO] extracting crate purrdf-sparql-eval 3.0.1 into /workspace/builds/worker-6-tc2/source
[INFO] started tweaking crates.io crate purrdf-sparql-eval 3.0.1
[INFO] removed 0 missing examples
[INFO] removed 0 missing tests
[INFO] finished tweaking crates.io crate purrdf-sparql-eval 3.0.1
[INFO] tweaked toml for crates.io crate purrdf-sparql-eval 3.0.1 written to /workspace/builds/worker-6-tc2/source/Cargo.toml
[INFO] validating manifest of crates.io crate purrdf-sparql-eval 3.0.1 on toolchain 1.100.0-beta.1
[INFO] running `Command { std: CARGO_HOME="/workspace/cargo-home" RUSTUP_HOME="/workspace/rustup-home" "/workspace/cargo-home/bin/cargo" "+1.100.0-beta.1" "metadata" "--manifest-path" "Cargo.toml" "--no-deps", kill_on_drop: false }`
[INFO] crate crates.io crate purrdf-sparql-eval 3.0.1 already has a lockfile, it will not be regenerated
[INFO] running `Command { std: CARGO_HOME="/workspace/cargo-home" RUSTUP_HOME="/workspace/rustup-home" "/workspace/cargo-home/bin/cargo" "+1.100.0-beta.1" "fetch" "--manifest-path" "Cargo.toml", kill_on_drop: false }`
[INFO] running `Command { std: "docker" "create" "-v" "/var/lib/crater-agent-workspace/builds/worker-6-tc2/source:/opt/rustwide/workdir:ro,Z" "-v" "/var/lib/crater-agent-workspace/builds/worker-6-tc2/target:/opt/rustwide/target:rw,Z" "-v" "/var/lib/crater-agent-workspace/cargo-home:/opt/rustwide/cargo-home:ro,Z" "-v" "/var/lib/crater-agent-workspace/rustup-home:/opt/rustwide/rustup-home:ro,Z" "-m" "1610612736" "--network" "none" "ghcr.io/rust-lang/crates-build-env/linux@sha256:77db811e55d90add9212f6832c23229e3de5f1c1f9905e8cb07319ea15df73ac" "sleep" "infinity", kill_on_drop: false }`
[INFO] [stdout] 84d4975b2e44119b4bb2c3d6a1d9f01817c54e82ee96e1e643ed75192b3dbf24
[INFO] running `Command { std: "docker" "start" "84d4975b2e44119b4bb2c3d6a1d9f01817c54e82ee96e1e643ed75192b3dbf24", kill_on_drop: false }`
[INFO] running `Command { std: "docker" "inspect" "84d4975b2e44119b4bb2c3d6a1d9f01817c54e82ee96e1e643ed75192b3dbf24", kill_on_drop: false }`
[INFO] running `Command { std: "docker" "exec" "-e" "SOURCE_DIR=/opt/rustwide/workdir" "-e" "CARGO_HOME=/opt/rustwide/cargo-home" "-e" "RUSTUP_HOME=/opt/rustwide/rustup-home" "-e" "CARGO_TARGET_DIR=/opt/rustwide/target" "-w" "/opt/rustwide/workdir" "--user" "0:0" "84d4975b2e44119b4bb2c3d6a1d9f01817c54e82ee96e1e643ed75192b3dbf24" "/opt/rustwide/cargo-home/bin/cargo" "+1.100.0-beta.1" "metadata" "--no-deps" "--format-version=1", kill_on_drop: false }`
[INFO] running `Command { std: "docker" "inspect" "84d4975b2e44119b4bb2c3d6a1d9f01817c54e82ee96e1e643ed75192b3dbf24", kill_on_drop: false }`
[INFO] running `Command { std: "docker" "exec" "-e" "SOURCE_DIR=/opt/rustwide/workdir" "-e" "CARGO_HOME=/opt/rustwide/cargo-home" "-e" "RUSTUP_HOME=/opt/rustwide/rustup-home" "-e" "CARGO_TARGET_DIR=/opt/rustwide/target" "-e" "CARGO_INCREMENTAL=0" "-e" "RUST_BACKTRACE=full" "-e" "RUSTFLAGS=--cap-lints=warn" "-e" "RUSTDOCFLAGS=--cap-lints=warn" "-w" "/opt/rustwide/workdir" "--user" "0:0" "84d4975b2e44119b4bb2c3d6a1d9f01817c54e82ee96e1e643ed75192b3dbf24" "/opt/rustwide/cargo-home/bin/cargo" "+1.100.0-beta.1" "build" "--frozen" "--message-format=json" "--release", kill_on_drop: false }`
[INFO] [stderr]    Compiling purrdf-hash v3.0.1
[INFO] [stderr]    Compiling purrdf-events v3.0.1
[INFO] [stderr]    Compiling purrdf-core v3.0.1
[INFO] [stderr]    Compiling either v1.16.0
[INFO] [stderr]    Compiling regex-automata v0.4.14
[INFO] [stderr]    Compiling sha2 v0.11.0
[INFO] [stderr]    Compiling purrdf-stack v3.0.1
[INFO] [stderr]    Compiling getrandom v0.3.4
[INFO] [stderr]    Compiling rayon-core v1.13.0
[INFO] [stderr]    Compiling rayon v1.12.0
[INFO] [stderr]    Compiling regex v1.12.4
[INFO] [stderr]    Compiling purrdf-lex v3.0.1
[INFO] [stderr]    Compiling purrdf-deflate v3.0.1
[INFO] [stderr]    Compiling purrdf-xsd v3.0.1
[INFO] [stderr]    Compiling purrdf-iri v3.0.1
[INFO] [stderr]    Compiling purrdf-cdt v3.0.1
[INFO] [stderr]    Compiling purrdf-sparql-algebra v3.0.1
[INFO] [stderr]    Compiling purrdf-sparql-results v3.0.1
[INFO] [stderr]    Compiling purrdf-sparql-eval v3.0.1 (/opt/rustwide/workdir)
[INFO] [stderr]     Finished `release` profile [optimized] target(s) in 2m 27s
[INFO] running `Command { std: "docker" "inspect" "84d4975b2e44119b4bb2c3d6a1d9f01817c54e82ee96e1e643ed75192b3dbf24", kill_on_drop: false }`
[INFO] running `Command { std: "docker" "exec" "-e" "SOURCE_DIR=/opt/rustwide/workdir" "-e" "CARGO_HOME=/opt/rustwide/cargo-home" "-e" "RUSTUP_HOME=/opt/rustwide/rustup-home" "-e" "CARGO_TARGET_DIR=/opt/rustwide/target" "-e" "CARGO_INCREMENTAL=0" "-e" "RUST_BACKTRACE=full" "-e" "RUSTFLAGS=--cap-lints=warn" "-e" "RUSTDOCFLAGS=--cap-lints=warn" "-w" "/opt/rustwide/workdir" "--user" "0:0" "84d4975b2e44119b4bb2c3d6a1d9f01817c54e82ee96e1e643ed75192b3dbf24" "/opt/rustwide/cargo-home/bin/cargo" "+1.100.0-beta.1" "test" "--frozen" "--no-run" "--message-format=json" "--release", kill_on_drop: false }`
[INFO] [stderr]    Compiling purrdf-sparql-eval v3.0.1 (/opt/rustwide/workdir)
[INFO] [stdout] error[E0433]: cannot find module or crate `purrdf_testkit` in this scope
[INFO] [stdout]   --> tests/stack_refusal.rs:96:1
[INFO] [stdout]    |
[INFO] [stdout] 96 | purrdf_testkit::harness_main!(
[INFO] [stdout]    | ^^^^^^^^^^^^^^ use of unresolved module or unlinked crate `purrdf_testkit`
[INFO] [stdout] 
[INFO] [stdout] 
[INFO] [stdout] error[E0601]: `main` function not found in crate `stack_refusal`
[INFO] [stdout]   --> tests/stack_refusal.rs:98:3
[INFO] [stdout]    |
[INFO] [stdout] 98 | );
[INFO] [stdout]    |   ^ consider adding a `main` function to `tests/stack_refusal.rs`
[INFO] [stdout] 
[INFO] [stdout] 
[INFO] [stdout] Some errors have detailed explanations: E0433, E0601.
[INFO] [stdout] 
[INFO] [stdout] For more information about an error, try `rustc --explain E0433`.
[INFO] [stdout] 
[INFO] [stderr] error: could not compile `purrdf-sparql-eval` (test "stack_refusal") due to 2 previous errors
[INFO] [stderr] warning: build failed, waiting for other jobs to finish...
[INFO] [stdout] error[E0432]: unresolved import `purrdf_alloc_probe`
[INFO] [stdout]   --> tests/prepared_execution.rs:69:5
[INFO] [stdout]    |
[INFO] [stdout] 69 | use purrdf_alloc_probe::{CountingAllocator, CurrentThreadWindow};
[INFO] [stdout]    |     ^^^^^^^^^^^^^^^^^^ use of unresolved module or unlinked crate `purrdf_alloc_probe`
[INFO] [stdout]    |
[INFO] [stdout]    = help: if you wanted to use a crate named `purrdf_alloc_probe`, use `cargo add purrdf_alloc_probe` to add it to your `Cargo.toml`
[INFO] [stdout] 
[INFO] [stdout] 
[INFO] [stdout] error[E0432]: unresolved import `purrdf_alloc_probe`
[INFO] [stdout]   --> tests/evaluation_stack.rs:21:5
[INFO] [stdout]    |
[INFO] [stdout] 21 | use purrdf_alloc_probe::{CountingAllocator, CurrentThreadWindow};
[INFO] [stdout]    |     ^^^^^^^^^^^^^^^^^^ use of unresolved module or unlinked crate `purrdf_alloc_probe`
[INFO] [stdout]    |
[INFO] [stdout]    = help: if you wanted to use a crate named `purrdf_alloc_probe`, use `cargo add purrdf_alloc_probe` to add it to your `Cargo.toml`
[INFO] [stdout] 
[INFO] [stdout] 
[INFO] [stdout] error[E0425]: cannot find function `set_memo_verification_enabled` in crate `purrdf_sparql_eval`
[INFO] [stdout]    --> tests/prepared_execution.rs:150:25
[INFO] [stdout]     |
[INFO] [stdout] 150 |     purrdf_sparql_eval::set_memo_verification_enabled(false);
[INFO] [stdout]     |                         ^^^^^^^^^^^^^^^^^^^^^^^^^^^^^ not found in `purrdf_sparql_eval`
[INFO] [stdout]     |
[INFO] [stdout] note: found an item that was configured out
[INFO] [stdout]    --> src/lib.rs:193:20
[INFO] [stdout]     |
[INFO] [stdout] 192 | #[cfg(debug_assertions)]
[INFO] [stdout]     |       ---------------- the item is gated here
[INFO] [stdout] 193 | pub use execution::set_memo_verification_enabled;
[INFO] [stdout]     |                    ^^^^^^^^^^^^^^^^^^^^^^^^^^^^^
[INFO] [stdout] 
[INFO] [stdout] 
[INFO] [stdout] error[E0425]: cannot find function `set_memo_verification_enabled` in crate `purrdf_sparql_eval`
[INFO] [stdout]    --> tests/prepared_execution.rs:152:25
[INFO] [stdout]     |
[INFO] [stdout] 152 |     purrdf_sparql_eval::set_memo_verification_enabled(true);
[INFO] [stdout]     |                         ^^^^^^^^^^^^^^^^^^^^^^^^^^^^^ not found in `purrdf_sparql_eval`
[INFO] [stdout]     |
[INFO] [stdout] note: found an item that was configured out
[INFO] [stdout]    --> src/lib.rs:193:20
[INFO] [stdout]     |
[INFO] [stdout] 192 | #[cfg(debug_assertions)]
[INFO] [stdout]     |       ---------------- the item is gated here
[INFO] [stdout] 193 | pub use execution::set_memo_verification_enabled;
[INFO] [stdout]     |                    ^^^^^^^^^^^^^^^^^^^^^^^^^^^^^
[INFO] [stdout] 
[INFO] [stdout] 
[INFO] [stdout] For more information about this error, try `rustc --explain E0432`.
[INFO] [stdout] 
[INFO] [stderr] error: could not compile `purrdf-sparql-eval` (test "evaluation_stack") due to 1 previous error
[INFO] [stdout] Some errors have detailed explanations: E0425, E0432.
[INFO] [stdout] 
[INFO] [stdout] For more information about an error, try `rustc --explain E0425`.
[INFO] [stdout] 
[INFO] [stderr] error: could not compile `purrdf-sparql-eval` (test "prepared_execution") due to 3 previous errors
[INFO] [stdout] error[E0433]: cannot find module or crate `purrdf_testkit` in this scope
[INFO] [stdout]     --> src/knn/tests.rs:1934:5
[INFO] [stdout]      |
[INFO] [stdout] 1934 | use purrdf_testkit::rng::signed_unit_stream as stream;
[INFO] [stdout]      |     ^^^^^^^^^^^^^^ use of unresolved module or unlinked crate `purrdf_testkit`
[INFO] [stdout]      |
[INFO] [stdout]      = help: if you wanted to use a crate named `purrdf_testkit`, use `cargo add purrdf_testkit` to add it to your `Cargo.toml`
[INFO] [stdout] 
[INFO] [stdout] 
[INFO] [stdout] error[E0433]: cannot find module or crate `purrdf_testkit` in this scope
[INFO] [stdout]     --> src/modifier.rs:6331:9
[INFO] [stdout]      |
[INFO] [stdout] 6331 |     use purrdf_testkit::rng::splitmix64_next;
[INFO] [stdout]      |         ^^^^^^^^^^^^^^ use of unresolved module or unlinked crate `purrdf_testkit`
[INFO] [stdout]      |
[INFO] [stdout]      = help: if you wanted to use a crate named `purrdf_testkit`, use `cargo add purrdf_testkit` to add it to your `Cargo.toml`
[INFO] [stdout] 
[INFO] [stdout] 
[INFO] [stdout] error[E0433]: cannot find module or crate `purrdf_testkit` in this scope
[INFO] [stdout]     --> src/path.rs:3175:9
[INFO] [stdout]      |
[INFO] [stdout] 3175 |     use purrdf_testkit::rng::SplitMix64;
[INFO] [stdout]      |         ^^^^^^^^^^^^^^ use of unresolved module or unlinked crate `purrdf_testkit`
[INFO] [stdout]      |
[INFO] [stdout]      = help: if you wanted to use a crate named `purrdf_testkit`, use `cargo add purrdf_testkit` to add it to your `Cargo.toml`
[INFO] [stdout] 
[INFO] [stdout] 
[INFO] [stdout] error[E0433]: cannot find module or crate `purrdf_testkit` in this scope
[INFO] [stdout]   --> src/vm/tests.rs:22:5
[INFO] [stdout]    |
[INFO] [stdout] 22 | use purrdf_testkit::rng::{LCG64_MMIX_INCREMENT, lcg64_next};
[INFO] [stdout]    |     ^^^^^^^^^^^^^^ use of unresolved module or unlinked crate `purrdf_testkit`
[INFO] [stdout]    |
[INFO] [stdout]    = help: if you wanted to use a crate named `purrdf_testkit`, use `cargo add purrdf_testkit` to add it to your `Cargo.toml`
[INFO] [stdout] 
[INFO] [stdout] 
[INFO] [stdout] error[E0433]: cannot find module or crate `purrdf_testkit` in this scope
[INFO] [stdout]    --> src/basic_profile.rs:603:16
[INFO] [stdout]     |
[INFO] [stdout] 603 |         state: purrdf_testkit::rng::SplitMix64,
[INFO] [stdout]     |                ^^^^^^^^^^^^^^ use of unresolved module or unlinked crate `purrdf_testkit`
[INFO] [stdout]     |
[INFO] [stdout]     = help: if you wanted to use a crate named `purrdf_testkit`, use `cargo add purrdf_testkit` to add it to your `Cargo.toml`
[INFO] [stdout] 
[INFO] [stdout] 
[INFO] [stdout] error[E0433]: cannot find module or crate `purrdf_testkit` in this scope
[INFO] [stdout]    --> src/basic_profile.rs:611:24
[INFO] [stdout]     |
[INFO] [stdout] 611 |                 state: purrdf_testkit::rng::SplitMix64::new(seed),
[INFO] [stdout]     |                        ^^^^^^^^^^^^^^ use of unresolved module or unlinked crate `purrdf_testkit`
[INFO] [stdout]     |
[INFO] [stdout]     = help: if you wanted to use a crate named `purrdf_testkit`, use `cargo add purrdf_testkit` to add it to your `Cargo.toml`
[INFO] [stdout] 
[INFO] [stdout] 
[INFO] [stdout] error[E0433]: cannot find module or crate `purrdf_testkit` in this scope
[INFO] [stdout]     --> src/bgp.rs:3124:21
[INFO] [stdout]      |
[INFO] [stdout] 3124 |             state = purrdf_testkit::rng::splitmix64_step(state);
[INFO] [stdout]      |                     ^^^^^^^^^^^^^^ use of unresolved module or unlinked crate `purrdf_testkit`
[INFO] [stdout]      |
[INFO] [stdout]      = help: if you wanted to use a crate named `purrdf_testkit`, use `cargo add purrdf_testkit` to add it to your `Cargo.toml`
[INFO] [stdout] 
[INFO] [stdout] 
[INFO] [stdout] error[E0433]: cannot find module or crate `purrdf_testkit` in this scope
[INFO] [stdout]     --> src/bgp.rs:3195:16
[INFO] [stdout]      |
[INFO] [stdout] 3195 |         state: purrdf_testkit::rng::SplitMix64,
[INFO] [stdout]      |                ^^^^^^^^^^^^^^ use of unresolved module or unlinked crate `purrdf_testkit`
[INFO] [stdout]      |
[INFO] [stdout]      = help: if you wanted to use a crate named `purrdf_testkit`, use `cargo add purrdf_testkit` to add it to your `Cargo.toml`
[INFO] [stdout] 
[INFO] [stdout] 
[INFO] [stdout] error[E0433]: cannot find module or crate `purrdf_testkit` in this scope
[INFO] [stdout]     --> src/bgp.rs:3202:24
[INFO] [stdout]      |
[INFO] [stdout] 3202 |                 state: purrdf_testkit::rng::SplitMix64::new(seed),
[INFO] [stdout]      |                        ^^^^^^^^^^^^^^ use of unresolved module or unlinked crate `purrdf_testkit`
[INFO] [stdout]      |
[INFO] [stdout]      = help: if you wanted to use a crate named `purrdf_testkit`, use `cargo add purrdf_testkit` to add it to your `Cargo.toml`
[INFO] [stdout] 
[INFO] [stdout] 
[INFO] [stdout] error[E0433]: cannot find module or crate `purrdf_testkit` in this scope
[INFO] [stdout]     --> src/bgp.rs:4380:16
[INFO] [stdout]      |
[INFO] [stdout] 4380 |         state: purrdf_testkit::rng::SplitMix64,
[INFO] [stdout]      |                ^^^^^^^^^^^^^^ use of unresolved module or unlinked crate `purrdf_testkit`
[INFO] [stdout]      |
[INFO] [stdout]      = help: if you wanted to use a crate named `purrdf_testkit`, use `cargo add purrdf_testkit` to add it to your `Cargo.toml`
[INFO] [stdout] 
[INFO] [stdout] 
[INFO] [stdout] error[E0433]: cannot find module or crate `purrdf_testkit` in this scope
[INFO] [stdout]     --> src/bgp.rs:4387:24
[INFO] [stdout]      |
[INFO] [stdout] 4387 |                 state: purrdf_testkit::rng::SplitMix64::new(seed),
[INFO] [stdout]      |                        ^^^^^^^^^^^^^^ use of unresolved module or unlinked crate `purrdf_testkit`
[INFO] [stdout]      |
[INFO] [stdout]      = help: if you wanted to use a crate named `purrdf_testkit`, use `cargo add purrdf_testkit` to add it to your `Cargo.toml`
[INFO] [stdout] 
[INFO] [stdout] 
[INFO] [stdout] error[E0433]: cannot find module or crate `purrdf_testkit` in this scope
[INFO] [stdout]     --> src/blank_scope.rs:1483:16
[INFO] [stdout]      |
[INFO] [stdout] 1483 |         state: purrdf_testkit::rng::SplitMix64,
[INFO] [stdout]      |                ^^^^^^^^^^^^^^ use of unresolved module or unlinked crate `purrdf_testkit`
[INFO] [stdout]      |
[INFO] [stdout]      = help: if you wanted to use a crate named `purrdf_testkit`, use `cargo add purrdf_testkit` to add it to your `Cargo.toml`
[INFO] [stdout] 
[INFO] [stdout] 
[INFO] [stdout] error[E0433]: cannot find module or crate `purrdf_testkit` in this scope
[INFO] [stdout]     --> src/blank_scope.rs:1491:24
[INFO] [stdout]      |
[INFO] [stdout] 1491 |                 state: purrdf_testkit::rng::SplitMix64::new(seed),
[INFO] [stdout]      |                        ^^^^^^^^^^^^^^ use of unresolved module or unlinked crate `purrdf_testkit`
[INFO] [stdout]      |
[INFO] [stdout]      = help: if you wanted to use a crate named `purrdf_testkit`, use `cargo add purrdf_testkit` to add it to your `Cargo.toml`
[INFO] [stdout] 
[INFO] [stdout] 
[INFO] [stdout] error[E0433]: cannot find module or crate `purrdf_testkit` in this scope
[INFO] [stdout]     --> src/construct.rs:2762:16
[INFO] [stdout]      |
[INFO] [stdout] 2762 |         state: purrdf_testkit::rng::SplitMix64,
[INFO] [stdout]      |                ^^^^^^^^^^^^^^ use of unresolved module or unlinked crate `purrdf_testkit`
[INFO] [stdout]      |
[INFO] [stdout]      = help: if you wanted to use a crate named `purrdf_testkit`, use `cargo add purrdf_testkit` to add it to your `Cargo.toml`
[INFO] [stdout] 
[INFO] [stdout] 
[INFO] [stdout] error[E0433]: cannot find module or crate `purrdf_testkit` in this scope
[INFO] [stdout]     --> src/construct.rs:2768:24
[INFO] [stdout]      |
[INFO] [stdout] 2768 |                 state: purrdf_testkit::rng::SplitMix64::new(seed),
[INFO] [stdout]      |                        ^^^^^^^^^^^^^^ use of unresolved module or unlinked crate `purrdf_testkit`
[INFO] [stdout]      |
[INFO] [stdout]      = help: if you wanted to use a crate named `purrdf_testkit`, use `cargo add purrdf_testkit` to add it to your `Cargo.toml`
[INFO] [stdout] 
[INFO] [stdout] 
[INFO] [stdout] error[E0433]: cannot find module or crate `purrdf_testkit` in this scope
[INFO] [stdout]     --> src/construct.rs:3015:16
[INFO] [stdout]      |
[INFO] [stdout] 3015 |         state: purrdf_testkit::rng::SplitMix64,
[INFO] [stdout]      |                ^^^^^^^^^^^^^^ use of unresolved module or unlinked crate `purrdf_testkit`
[INFO] [stdout]      |
[INFO] [stdout]      = help: if you wanted to use a crate named `purrdf_testkit`, use `cargo add purrdf_testkit` to add it to your `Cargo.toml`
[INFO] [stdout] 
[INFO] [stdout] 
[INFO] [stdout] error[E0433]: cannot find module or crate `purrdf_testkit` in this scope
[INFO] [stdout]     --> src/construct.rs:3022:24
[INFO] [stdout]      |
[INFO] [stdout] 3022 |                 state: purrdf_testkit::rng::SplitMix64::new(seed),
[INFO] [stdout]      |                        ^^^^^^^^^^^^^^ use of unresolved module or unlinked crate `purrdf_testkit`
[INFO] [stdout]      |
[INFO] [stdout]      = help: if you wanted to use a crate named `purrdf_testkit`, use `cargo add purrdf_testkit` to add it to your `Cargo.toml`
[INFO] [stdout] 
[INFO] [stdout] 
[INFO] [stdout] error[E0433]: cannot find module or crate `purrdf_testkit` in this scope
[INFO] [stdout]    --> src/convert.rs:342:16
[INFO] [stdout]     |
[INFO] [stdout] 342 |         state: purrdf_testkit::rng::SplitMix64,
[INFO] [stdout]     |                ^^^^^^^^^^^^^^ use of unresolved module or unlinked crate `purrdf_testkit`
[INFO] [stdout]     |
[INFO] [stdout]     = help: if you wanted to use a crate named `purrdf_testkit`, use `cargo add purrdf_testkit` to add it to your `Cargo.toml`
[INFO] [stdout] 
[INFO] [stdout] 
[INFO] [stdout] error[E0433]: cannot find module or crate `purrdf_testkit` in this scope
[INFO] [stdout]    --> src/convert.rs:349:24
[INFO] [stdout]     |
[INFO] [stdout] 349 |                 state: purrdf_testkit::rng::SplitMix64::new(seed),
[INFO] [stdout]     |                        ^^^^^^^^^^^^^^ use of unresolved module or unlinked crate `purrdf_testkit`
[INFO] [stdout]     |
[INFO] [stdout]     = help: if you wanted to use a crate named `purrdf_testkit`, use `cargo add purrdf_testkit` to add it to your `Cargo.toml`
[INFO] [stdout] 
[INFO] [stdout] 
[INFO] [stdout] error[E0433]: cannot find module or crate `purrdf_testkit` in this scope
[INFO] [stdout]     --> src/enf.rs:1353:20
[INFO] [stdout]      |
[INFO] [stdout] 1353 |     struct Choices(purrdf_testkit::rng::SplitMix64);
[INFO] [stdout]      |                    ^^^^^^^^^^^^^^ use of unresolved module or unlinked crate `purrdf_testkit`
[INFO] [stdout]      |
[INFO] [stdout]      = help: if you wanted to use a crate named `purrdf_testkit`, use `cargo add purrdf_testkit` to add it to your `Cargo.toml`
[INFO] [stdout] 
[INFO] [stdout] 
[INFO] [stdout] error[E0433]: cannot find module or crate `purrdf_testkit` in this scope
[INFO] [stdout]     --> src/enf.rs:1552:39
[INFO] [stdout]      |
[INFO] [stdout] 1552 |             let mut choices = Choices(purrdf_testkit::rng::SplitMix64::new(seed));
[INFO] [stdout]      |                                       ^^^^^^^^^^^^^^ use of unresolved module or unlinked crate `purrdf_testkit`
[INFO] [stdout]      |
[INFO] [stdout]      = help: if you wanted to use a crate named `purrdf_testkit`, use `cargo add purrdf_testkit` to add it to your `Cargo.toml`
[INFO] [stdout] 
[INFO] [stdout] 
[INFO] [stdout] error[E0433]: cannot find module or crate `purrdf_testkit` in this scope
[INFO] [stdout]     --> src/eval.rs:4956:16
[INFO] [stdout]      |
[INFO] [stdout] 4956 |         state: purrdf_testkit::rng::SplitMix64,
[INFO] [stdout]      |                ^^^^^^^^^^^^^^ use of unresolved module or unlinked crate `purrdf_testkit`
[INFO] [stdout]      |
[INFO] [stdout]      = help: if you wanted to use a crate named `purrdf_testkit`, use `cargo add purrdf_testkit` to add it to your `Cargo.toml`
[INFO] [stdout] 
[INFO] [stdout] 
[INFO] [stdout] error[E0433]: cannot find module or crate `purrdf_testkit` in this scope
[INFO] [stdout]     --> src/eval.rs:4963:24
[INFO] [stdout]      |
[INFO] [stdout] 4963 |                 state: purrdf_testkit::rng::SplitMix64::new(seed),
[INFO] [stdout]      |                        ^^^^^^^^^^^^^^ use of unresolved module or unlinked crate `purrdf_testkit`
[INFO] [stdout]      |
[INFO] [stdout]      = help: if you wanted to use a crate named `purrdf_testkit`, use `cargo add purrdf_testkit` to add it to your `Cargo.toml`
[INFO] [stdout] 
[INFO] [stdout] 
[INFO] [stdout] error[E0433]: cannot find module or crate `purrdf_testkit` in this scope
[INFO] [stdout]      --> src/expr.rs:10584:25
[INFO] [stdout]       |
[INFO] [stdout] 10584 |             let drawn = purrdf_testkit::rng::lcg64_next(
[INFO] [stdout]       |                         ^^^^^^^^^^^^^^ use of unresolved module or unlinked crate `purrdf_testkit`
[INFO] [stdout]       |
[INFO] [stdout]       = help: if you wanted to use a crate named `purrdf_testkit`, use `cargo add purrdf_testkit` to add it to your `Cargo.toml`
[INFO] [stdout] 
[INFO] [stdout] 
[INFO] [stdout] error[E0433]: cannot find module or crate `purrdf_testkit` in this scope
[INFO] [stdout]      --> src/expr.rs:10586:17
[INFO] [stdout]       |
[INFO] [stdout] 10586 |                 purrdf_testkit::rng::LCG64_MMIX_INCREMENT,
[INFO] [stdout]       |                 ^^^^^^^^^^^^^^ use of unresolved module or unlinked crate `purrdf_testkit`
[INFO] [stdout]       |
[INFO] [stdout]       = help: if you wanted to use a crate named `purrdf_testkit`, use `cargo add purrdf_testkit` to add it to your `Cargo.toml`
[INFO] [stdout] 
[INFO] [stdout] 
[INFO] [stdout] error[E0433]: cannot find module or crate `purrdf_testkit` in this scope
[INFO] [stdout]      --> src/expr.rs:10955:16
[INFO] [stdout]       |
[INFO] [stdout] 10955 |         state: purrdf_testkit::rng::SplitMix64,
[INFO] [stdout]       |                ^^^^^^^^^^^^^^ use of unresolved module or unlinked crate `purrdf_testkit`
[INFO] [stdout]       |
[INFO] [stdout]       = help: if you wanted to use a crate named `purrdf_testkit`, use `cargo add purrdf_testkit` to add it to your `Cargo.toml`
[INFO] [stdout] 
[INFO] [stdout] 
[INFO] [stdout] error[E0433]: cannot find module or crate `purrdf_testkit` in this scope
[INFO] [stdout]      --> src/expr.rs:10962:24
[INFO] [stdout]       |
[INFO] [stdout] 10962 |                 state: purrdf_testkit::rng::SplitMix64::new(seed),
[INFO] [stdout]       |                        ^^^^^^^^^^^^^^ use of unresolved module or unlinked crate `purrdf_testkit`
[INFO] [stdout]       |
[INFO] [stdout]       = help: if you wanted to use a crate named `purrdf_testkit`, use `cargo add purrdf_testkit` to add it to your `Cargo.toml`
[INFO] [stdout] 
[INFO] [stdout] 
[INFO] [stdout] error[E0433]: cannot find module or crate `purrdf_testkit` in this scope
[INFO] [stdout]      --> src/expr.rs:11620:16
[INFO] [stdout]       |
[INFO] [stdout] 11620 |         state: purrdf_testkit::rng::SplitMix64,
[INFO] [stdout]       |                ^^^^^^^^^^^^^^ use of unresolved module or unlinked crate `purrdf_testkit`
[INFO] [stdout]       |
[INFO] [stdout]       = help: if you wanted to use a crate named `purrdf_testkit`, use `cargo add purrdf_testkit` to add it to your `Cargo.toml`
[INFO] [stdout] 
[INFO] [stdout] 
[INFO] [stdout] error[E0433]: cannot find module or crate `purrdf_testkit` in this scope
[INFO] [stdout]      --> src/expr.rs:11627:24
[INFO] [stdout]       |
[INFO] [stdout] 11627 |                 state: purrdf_testkit::rng::SplitMix64::new(seed),
[INFO] [stdout]       |                        ^^^^^^^^^^^^^^ use of unresolved module or unlinked crate `purrdf_testkit`
[INFO] [stdout]       |
[INFO] [stdout]       = help: if you wanted to use a crate named `purrdf_testkit`, use `cargo add purrdf_testkit` to add it to your `Cargo.toml`
[INFO] [stdout] 
[INFO] [stdout] 
[INFO] [stdout] error[E0433]: cannot find module or crate `purrdf_testkit` in this scope
[INFO] [stdout]    --> src/governed.rs:707:16
[INFO] [stdout]     |
[INFO] [stdout] 707 |         state: purrdf_testkit::rng::SplitMix64,
[INFO] [stdout]     |                ^^^^^^^^^^^^^^ use of unresolved module or unlinked crate `purrdf_testkit`
[INFO] [stdout]     |
[INFO] [stdout]     = help: if you wanted to use a crate named `purrdf_testkit`, use `cargo add purrdf_testkit` to add it to your `Cargo.toml`
[INFO] [stdout] 
[INFO] [stdout] 
[INFO] [stdout] error[E0433]: cannot find module or crate `purrdf_testkit` in this scope
[INFO] [stdout]    --> src/governed.rs:713:24
[INFO] [stdout]     |
[INFO] [stdout] 713 |                 state: purrdf_testkit::rng::SplitMix64::new(seed),
[INFO] [stdout]     |                        ^^^^^^^^^^^^^^ use of unresolved module or unlinked crate `purrdf_testkit`
[INFO] [stdout]     |
[INFO] [stdout]     = help: if you wanted to use a crate named `purrdf_testkit`, use `cargo add purrdf_testkit` to add it to your `Cargo.toml`
[INFO] [stdout] 
[INFO] [stdout] 
[INFO] [stdout] error[E0433]: cannot find module or crate `purrdf_testkit` in this scope
[INFO] [stdout]     --> src/governor/soundness.rs:4766:16
[INFO] [stdout]      |
[INFO] [stdout] 4766 |         state: purrdf_testkit::rng::SplitMix64,
[INFO] [stdout]      |                ^^^^^^^^^^^^^^ use of unresolved module or unlinked crate `purrdf_testkit`
[INFO] [stdout]      |
[INFO] [stdout]      = help: if you wanted to use a crate named `purrdf_testkit`, use `cargo add purrdf_testkit` to add it to your `Cargo.toml`
[INFO] [stdout] 
[INFO] [stdout] 
[INFO] [stdout] error[E0433]: cannot find module or crate `purrdf_testkit` in this scope
[INFO] [stdout]     --> src/governor/soundness.rs:4773:24
[INFO] [stdout]      |
[INFO] [stdout] 4773 |                 state: purrdf_testkit::rng::SplitMix64::new(seed),
[INFO] [stdout]      |                        ^^^^^^^^^^^^^^ use of unresolved module or unlinked crate `purrdf_testkit`
[INFO] [stdout]      |
[INFO] [stdout]      = help: if you wanted to use a crate named `purrdf_testkit`, use `cargo add purrdf_testkit` to add it to your `Cargo.toml`
[INFO] [stdout] 
[INFO] [stdout] 
[INFO] [stdout] error[E0433]: cannot find module or crate `purrdf_testkit` in this scope
[INFO] [stdout]     --> src/governor/mod.rs:2768:24
[INFO] [stdout]      |
[INFO] [stdout] 2768 |         let manifest = purrdf_testkit::paths::workspace_root()
[INFO] [stdout]      |                        ^^^^^^^^^^^^^^ use of unresolved module or unlinked crate `purrdf_testkit`
[INFO] [stdout]      |
[INFO] [stdout]      = help: if you wanted to use a crate named `purrdf_testkit`, use `cargo add purrdf_testkit` to add it to your `Cargo.toml`
[INFO] [stdout] 
[INFO] [stdout] 
[INFO] [stdout] error[E0433]: cannot find module or crate `purrdf_testkit` in this scope
[INFO] [stdout]    --> src/knn/metric.rs:710:9
[INFO] [stdout]     |
[INFO] [stdout] 710 |         purrdf_testkit::rng::signed_unit_stream(len, seed)
[INFO] [stdout]     |         ^^^^^^^^^^^^^^ use of unresolved module or unlinked crate `purrdf_testkit`
[INFO] [stdout]     |
[INFO] [stdout]     = help: if you wanted to use a crate named `purrdf_testkit`, use `cargo add purrdf_testkit` to add it to your `Cargo.toml`
[INFO] [stdout] 
[INFO] [stdout] 
[INFO] [stdout] error[E0433]: cannot find module or crate `purrdf_testkit` in this scope
[INFO] [stdout]    --> src/knn/metric.rs:916:27
[INFO] [stdout]     |
[INFO] [stdout] 916 |         let mut next = || purrdf_testkit::rng::signed_unit_next(&mut state) as f32;
[INFO] [stdout]     |                           ^^^^^^^^^^^^^^ use of unresolved module or unlinked crate `purrdf_testkit`
[INFO] [stdout]     |
[INFO] [stdout]     = help: if you wanted to use a crate named `purrdf_testkit`, use `cargo add purrdf_testkit` to add it to your `Cargo.toml`
[INFO] [stdout] 
[INFO] [stdout] 
[INFO] [stdout] error[E0433]: cannot find module or crate `purrdf_testkit` in this scope
[INFO] [stdout]     --> src/modifier.rs:6688:16
[INFO] [stdout]      |
[INFO] [stdout] 6688 |         state: purrdf_testkit::rng::SplitMix64,
[INFO] [stdout]      |                ^^^^^^^^^^^^^^ use of unresolved module or unlinked crate `purrdf_testkit`
[INFO] [stdout]      |
[INFO] [stdout]      = help: if you wanted to use a crate named `purrdf_testkit`, use `cargo add purrdf_testkit` to add it to your `Cargo.toml`
[INFO] [stdout] 
[INFO] [stdout] 
[INFO] [stdout] error[E0433]: cannot find module or crate `purrdf_testkit` in this scope
[INFO] [stdout]     --> src/modifier.rs:6694:24
[INFO] [stdout]      |
[INFO] [stdout] 6694 |                 state: purrdf_testkit::rng::SplitMix64::new(seed),
[INFO] [stdout]      |                        ^^^^^^^^^^^^^^ use of unresolved module or unlinked crate `purrdf_testkit`
[INFO] [stdout]      |
[INFO] [stdout]      = help: if you wanted to use a crate named `purrdf_testkit`, use `cargo add purrdf_testkit` to add it to your `Cargo.toml`
[INFO] [stdout] 
[INFO] [stdout] 
[INFO] [stdout] error[E0433]: cannot find module or crate `purrdf_testkit` in this scope
[INFO] [stdout]     --> src/modifier.rs:6882:16
[INFO] [stdout]      |
[INFO] [stdout] 6882 |         state: purrdf_testkit::rng::SplitMix64,
[INFO] [stdout]      |                ^^^^^^^^^^^^^^ use of unresolved module or unlinked crate `purrdf_testkit`
[INFO] [stdout]      |
[INFO] [stdout]      = help: if you wanted to use a crate named `purrdf_testkit`, use `cargo add purrdf_testkit` to add it to your `Cargo.toml`
[INFO] [stdout] 
[INFO] [stdout] 
[INFO] [stdout] error[E0433]: cannot find module or crate `purrdf_testkit` in this scope
[INFO] [stdout]     --> src/modifier.rs:6889:24
[INFO] [stdout]      |
[INFO] [stdout] 6889 |                 state: purrdf_testkit::rng::SplitMix64::new(seed),
[INFO] [stdout]      |                        ^^^^^^^^^^^^^^ use of unresolved module or unlinked crate `purrdf_testkit`
[INFO] [stdout]      |
[INFO] [stdout]      = help: if you wanted to use a crate named `purrdf_testkit`, use `cargo add purrdf_testkit` to add it to your `Cargo.toml`
[INFO] [stdout] 
[INFO] [stdout] 
[INFO] [stdout] error[E0433]: cannot find module or crate `purrdf_testkit` in this scope
[INFO] [stdout]    --> src/nested_lateral_gate.rs:461:16
[INFO] [stdout]     |
[INFO] [stdout] 461 | struct Choices(purrdf_testkit::rng::SplitMix64);
[INFO] [stdout]     |                ^^^^^^^^^^^^^^ use of unresolved module or unlinked crate `purrdf_testkit`
[INFO] [stdout]     |
[INFO] [stdout]     = help: if you wanted to use a crate named `purrdf_testkit`, use `cargo add purrdf_testkit` to add it to your `Cargo.toml`
[INFO] [stdout] 
[INFO] [stdout] 
[INFO] [stdout] error[E0433]: cannot find module or crate `purrdf_testkit` in this scope
[INFO] [stdout]    --> src/nested_lateral_gate.rs:522:31
[INFO] [stdout]     |
[INFO] [stdout] 522 |     let mut choices = Choices(purrdf_testkit::rng::SplitMix64::new(seed));
[INFO] [stdout]     |                               ^^^^^^^^^^^^^^ use of unresolved module or unlinked crate `purrdf_testkit`
[INFO] [stdout]     |
[INFO] [stdout]     = help: if you wanted to use a crate named `purrdf_testkit`, use `cargo add purrdf_testkit` to add it to your `Cargo.toml`
[INFO] [stdout] 
[INFO] [stdout] 
[INFO] [stdout] error[E0433]: cannot find module or crate `purrdf_testkit` in this scope
[INFO] [stdout]     --> src/parallel.rs:2695:16
[INFO] [stdout]      |
[INFO] [stdout] 2695 |         state: purrdf_testkit::rng::SplitMix64,
[INFO] [stdout]      |                ^^^^^^^^^^^^^^ use of unresolved module or unlinked crate `purrdf_testkit`
[INFO] [stdout]      |
[INFO] [stdout]      = help: if you wanted to use a crate named `purrdf_testkit`, use `cargo add purrdf_testkit` to add it to your `Cargo.toml`
[INFO] [stdout] 
[INFO] [stdout] 
[INFO] [stdout] error[E0433]: cannot find module or crate `purrdf_testkit` in this scope
[INFO] [stdout]     --> src/parallel.rs:2702:24
[INFO] [stdout]      |
[INFO] [stdout] 2702 |                 state: purrdf_testkit::rng::SplitMix64::new(seed),
[INFO] [stdout]      |                        ^^^^^^^^^^^^^^ use of unresolved module or unlinked crate `purrdf_testkit`
[INFO] [stdout]      |
[INFO] [stdout]      = help: if you wanted to use a crate named `purrdf_testkit`, use `cargo add purrdf_testkit` to add it to your `Cargo.toml`
[INFO] [stdout] 
[INFO] [stdout] 
[INFO] [stdout] error[E0433]: cannot find module or crate `purrdf_testkit` in this scope
[INFO] [stdout]    --> src/plan/mod.rs:873:20
[INFO] [stdout]     |
[INFO] [stdout] 873 |             state: purrdf_testkit::rng::SplitMix64::new(0x5EED_0B1D),
[INFO] [stdout]     |                    ^^^^^^^^^^^^^^ use of unresolved module or unlinked crate `purrdf_testkit`
[INFO] [stdout]     |
[INFO] [stdout]     = help: if you wanted to use a crate named `purrdf_testkit`, use `cargo add purrdf_testkit` to add it to your `Cargo.toml`
[INFO] [stdout] 
[INFO] [stdout] 
[INFO] [stdout] error[E0433]: cannot find module or crate `purrdf_testkit` in this scope
[INFO] [stdout]    --> src/plan/mod.rs:884:22
[INFO] [stdout]     |
[INFO] [stdout] 884 |         let suites = purrdf_testkit::paths::workspace_root().join("crates/sparql-conformance");
[INFO] [stdout]     |                      ^^^^^^^^^^^^^^ use of unresolved module or unlinked crate `purrdf_testkit`
[INFO] [stdout]     |
[INFO] [stdout]     = help: if you wanted to use a crate named `purrdf_testkit`, use `cargo add purrdf_testkit` to add it to your `Cargo.toml`
[INFO] [stdout] 
[INFO] [stdout] 
[INFO] [stdout] error[E0433]: cannot find module or crate `purrdf_testkit` in this scope
[INFO] [stdout]     --> src/prebind_memo.rs:1298:20
[INFO] [stdout]      |
[INFO] [stdout] 1298 |     struct Choices(purrdf_testkit::rng::SplitMix64);
[INFO] [stdout]      |                    ^^^^^^^^^^^^^^ use of unresolved module or unlinked crate `purrdf_testkit`
[INFO] [stdout]      |
[INFO] [stdout]      = help: if you wanted to use a crate named `purrdf_testkit`, use `cargo add purrdf_testkit` to add it to your `Cargo.toml`
[INFO] [stdout] 
[INFO] [stdout] 
[INFO] [stdout] error[E0433]: cannot find module or crate `purrdf_testkit` in this scope
[INFO] [stdout]     --> src/prebind_memo.rs:1579:35
[INFO] [stdout]      |
[INFO] [stdout] 1579 |         let mut choices = Choices(purrdf_testkit::rng::SplitMix64::new(seed));
[INFO] [stdout]      |                                   ^^^^^^^^^^^^^^ use of unresolved module or unlinked crate `purrdf_testkit`
[INFO] [stdout]      |
[INFO] [stdout]      = help: if you wanted to use a crate named `purrdf_testkit`, use `cargo add purrdf_testkit` to add it to your `Cargo.toml`
[INFO] [stdout] 
[INFO] [stdout] 
[INFO] [stdout] error[E0433]: cannot find module or crate `purrdf_testkit` in this scope
[INFO] [stdout]     --> src/prebind_memo.rs:1676:39
[INFO] [stdout]      |
[INFO] [stdout] 1676 |             let mut choices = Choices(purrdf_testkit::rng::SplitMix64::new(seed));
[INFO] [stdout]      |                                       ^^^^^^^^^^^^^^ use of unresolved module or unlinked crate `purrdf_testkit`
[INFO] [stdout]      |
[INFO] [stdout]      = help: if you wanted to use a crate named `purrdf_testkit`, use `cargo add purrdf_testkit` to add it to your `Cargo.toml`
[INFO] [stdout] 
[INFO] [stdout] 
[INFO] [stdout] error[E0433]: cannot find module or crate `purrdf_testkit` in this scope
[INFO] [stdout]    --> src/predicate_use.rs:404:16
[INFO] [stdout]     |
[INFO] [stdout] 404 |         state: purrdf_testkit::rng::SplitMix64,
[INFO] [stdout]     |                ^^^^^^^^^^^^^^ use of unresolved module or unlinked crate `purrdf_testkit`
[INFO] [stdout]     |
[INFO] [stdout]     = help: if you wanted to use a crate named `purrdf_testkit`, use `cargo add purrdf_testkit` to add it to your `Cargo.toml`
[INFO] [stdout] 
[INFO] [stdout] 
[INFO] [stdout] error[E0433]: cannot find module or crate `purrdf_testkit` in this scope
[INFO] [stdout]    --> src/predicate_use.rs:411:24
[INFO] [stdout]     |
[INFO] [stdout] 411 |                 state: purrdf_testkit::rng::SplitMix64::new(seed),
[INFO] [stdout]     |                        ^^^^^^^^^^^^^^ use of unresolved module or unlinked crate `purrdf_testkit`
[INFO] [stdout]     |
[INFO] [stdout]     = help: if you wanted to use a crate named `purrdf_testkit`, use `cargo add purrdf_testkit` to add it to your `Cargo.toml`
[INFO] [stdout] 
[INFO] [stdout] 
[INFO] [stdout] error[E0433]: cannot find module or crate `purrdf_testkit` in this scope
[INFO] [stdout]     --> src/property_fn_eval.rs:5838:16
[INFO] [stdout]      |
[INFO] [stdout] 5838 |         state: purrdf_testkit::rng::SplitMix64,
[INFO] [stdout]      |                ^^^^^^^^^^^^^^ use of unresolved module or unlinked crate `purrdf_testkit`
[INFO] [stdout]      |
[INFO] [stdout]      = help: if you wanted to use a crate named `purrdf_testkit`, use `cargo add purrdf_testkit` to add it to your `Cargo.toml`
[INFO] [stdout] 
[INFO] [stdout] 
[INFO] [stdout] error[E0433]: cannot find module or crate `purrdf_testkit` in this scope
[INFO] [stdout]     --> src/property_fn_eval.rs:5845:24
[INFO] [stdout]      |
[INFO] [stdout] 5845 |                 state: purrdf_testkit::rng::SplitMix64::new(seed),
[INFO] [stdout]      |                        ^^^^^^^^^^^^^^ use of unresolved module or unlinked crate `purrdf_testkit`
[INFO] [stdout]      |
[INFO] [stdout]      = help: if you wanted to use a crate named `purrdf_testkit`, use `cargo add purrdf_testkit` to add it to your `Cargo.toml`
[INFO] [stdout] 
[INFO] [stdout] 
[INFO] [stdout] error[E0433]: cannot find module or crate `purrdf_testkit` in this scope
[INFO] [stdout]     --> src/property_fn_plan.rs:5713:20
[INFO] [stdout]      |
[INFO] [stdout] 5713 |     struct Choices(purrdf_testkit::rng::SplitMix64);
[INFO] [stdout]      |                    ^^^^^^^^^^^^^^ use of unresolved module or unlinked crate `purrdf_testkit`
[INFO] [stdout]      |
[INFO] [stdout]      = help: if you wanted to use a crate named `purrdf_testkit`, use `cargo add purrdf_testkit` to add it to your `Cargo.toml`
[INFO] [stdout] 
[INFO] [stdout] 
[INFO] [stdout] error[E0433]: cannot find module or crate `purrdf_testkit` in this scope
[INFO] [stdout]     --> src/property_fn_plan.rs:6164:39
[INFO] [stdout]      |
[INFO] [stdout] 6164 |             let mut choices = Choices(purrdf_testkit::rng::SplitMix64::new(seed));
[INFO] [stdout]      |                                       ^^^^^^^^^^^^^^ use of unresolved module or unlinked crate `purrdf_testkit`
[INFO] [stdout]      |
[INFO] [stdout]      = help: if you wanted to use a crate named `purrdf_testkit`, use `cargo add purrdf_testkit` to add it to your `Cargo.toml`
[INFO] [stdout] 
[INFO] [stdout] 
[INFO] [stdout] error[E0433]: cannot find module or crate `purrdf_testkit` in this scope
[INFO] [stdout]     --> src/property_fn_plan.rs:6179:39
[INFO] [stdout]      |
[INFO] [stdout] 6179 |             let mut choices = Choices(purrdf_testkit::rng::SplitMix64::new(seed));
[INFO] [stdout]      |                                       ^^^^^^^^^^^^^^ use of unresolved module or unlinked crate `purrdf_testkit`
[INFO] [stdout]      |
[INFO] [stdout]      = help: if you wanted to use a crate named `purrdf_testkit`, use `cargo add purrdf_testkit` to add it to your `Cargo.toml`
[INFO] [stdout] 
[INFO] [stdout] 
[INFO] [stdout] error[E0433]: cannot find module or crate `purrdf_testkit` in this scope
[INFO] [stdout]     --> src/property_fn_plan.rs:6215:39
[INFO] [stdout]      |
[INFO] [stdout] 6215 |             let mut choices = Choices(purrdf_testkit::rng::SplitMix64::new(seed));
[INFO] [stdout]      |                                       ^^^^^^^^^^^^^^ use of unresolved module or unlinked crate `purrdf_testkit`
[INFO] [stdout]      |
[INFO] [stdout]      = help: if you wanted to use a crate named `purrdf_testkit`, use `cargo add purrdf_testkit` to add it to your `Cargo.toml`
[INFO] [stdout] 
[INFO] [stdout] 
[INFO] [stdout] error[E0433]: cannot find module or crate `purrdf_testkit` in this scope
[INFO] [stdout]     --> src/property_fn_plan.rs:6246:39
[INFO] [stdout]      |
[INFO] [stdout] 6246 |             let mut choices = Choices(purrdf_testkit::rng::SplitMix64::new(seed));
[INFO] [stdout]      |                                       ^^^^^^^^^^^^^^ use of unresolved module or unlinked crate `purrdf_testkit`
[INFO] [stdout]      |
[INFO] [stdout]      = help: if you wanted to use a crate named `purrdf_testkit`, use `cargo add purrdf_testkit` to add it to your `Cargo.toml`
[INFO] [stdout] 
[INFO] [stdout] 
[INFO] [stdout] error[E0433]: cannot find module or crate `purrdf_testkit` in this scope
[INFO] [stdout]     --> src/property_fn_plan.rs:6277:39
[INFO] [stdout]      |
[INFO] [stdout] 6277 |             let mut choices = Choices(purrdf_testkit::rng::SplitMix64::new(seed));
[INFO] [stdout]      |                                       ^^^^^^^^^^^^^^ use of unresolved module or unlinked crate `purrdf_testkit`
[INFO] [stdout]      |
[INFO] [stdout]      = help: if you wanted to use a crate named `purrdf_testkit`, use `cargo add purrdf_testkit` to add it to your `Cargo.toml`
[INFO] [stdout] 
[INFO] [stdout] 
[INFO] [stdout] error[E0433]: cannot find module or crate `purrdf_testkit` in this scope
[INFO] [stdout]     --> src/remote.rs:3109:16
[INFO] [stdout]      |
[INFO] [stdout] 3109 |         state: purrdf_testkit::rng::SplitMix64,
[INFO] [stdout]      |                ^^^^^^^^^^^^^^ use of unresolved module or unlinked crate `purrdf_testkit`
[INFO] [stdout]      |
[INFO] [stdout]      = help: if you wanted to use a crate named `purrdf_testkit`, use `cargo add purrdf_testkit` to add it to your `Cargo.toml`
[INFO] [stdout] 
[INFO] [stdout] 
[INFO] [stdout] error[E0433]: cannot find module or crate `purrdf_testkit` in this scope
[INFO] [stdout]     --> src/remote.rs:3116:24
[INFO] [stdout]      |
[INFO] [stdout] 3116 |                 state: purrdf_testkit::rng::SplitMix64::new(seed),
[INFO] [stdout]      |                        ^^^^^^^^^^^^^^ use of unresolved module or unlinked crate `purrdf_testkit`
[INFO] [stdout]      |
[INFO] [stdout]      = help: if you wanted to use a crate named `purrdf_testkit`, use `cargo add purrdf_testkit` to add it to your `Cargo.toml`
[INFO] [stdout] 
[INFO] [stdout] 
[INFO] [stdout] error[E0433]: cannot find module or crate `purrdf_testkit` in this scope
[INFO] [stdout]    --> src/scratch.rs:868:16
[INFO] [stdout]     |
[INFO] [stdout] 868 |         state: purrdf_testkit::rng::SplitMix64,
[INFO] [stdout]     |                ^^^^^^^^^^^^^^ use of unresolved module or unlinked crate `purrdf_testkit`
[INFO] [stdout]     |
[INFO] [stdout]     = help: if you wanted to use a crate named `purrdf_testkit`, use `cargo add purrdf_testkit` to add it to your `Cargo.toml`
[INFO] [stdout] 
[INFO] [stdout] 
[INFO] [stdout] error[E0433]: cannot find module or crate `purrdf_testkit` in this scope
[INFO] [stdout]    --> src/scratch.rs:874:24
[INFO] [stdout]     |
[INFO] [stdout] 874 |                 state: purrdf_testkit::rng::SplitMix64::new(seed),
[INFO] [stdout]     |                        ^^^^^^^^^^^^^^ use of unresolved module or unlinked crate `purrdf_testkit`
[INFO] [stdout]     |
[INFO] [stdout]     = help: if you wanted to use a crate named `purrdf_testkit`, use `cargo add purrdf_testkit` to add it to your `Cargo.toml`
[INFO] [stdout] 
[INFO] [stdout] 
[INFO] [stdout] error[E0433]: cannot find module or crate `purrdf_testkit` in this scope
[INFO] [stdout]     --> src/service_endpoints.rs:2669:27
[INFO] [stdout]      |
[INFO] [stdout] 2669 |         pub(crate) state: purrdf_testkit::rng::SplitMix64,
[INFO] [stdout]      |                           ^^^^^^^^^^^^^^ use of unresolved module or unlinked crate `purrdf_testkit`
[INFO] [stdout]      |
[INFO] [stdout]      = help: if you wanted to use a crate named `purrdf_testkit`, use `cargo add purrdf_testkit` to add it to your `Cargo.toml`
[INFO] [stdout] 
[INFO] [stdout] 
[INFO] [stdout] error[E0433]: cannot find module or crate `purrdf_testkit` in this scope
[INFO] [stdout]     --> src/service_endpoints.rs:2900:20
[INFO] [stdout]      |
[INFO] [stdout] 2900 |             state: purrdf_testkit::rng::SplitMix64::new(0x5EED_0358),
[INFO] [stdout]      |                    ^^^^^^^^^^^^^^ use of unresolved module or unlinked crate `purrdf_testkit`
[INFO] [stdout]      |
[INFO] [stdout]      = help: if you wanted to use a crate named `purrdf_testkit`, use `cargo add purrdf_testkit` to add it to your `Cargo.toml`
[INFO] [stdout] 
[INFO] [stdout] 
[INFO] [stdout] error[E0433]: cannot find module or crate `purrdf_testkit` in this scope
[INFO] [stdout]     --> src/substitute.rs:4493:16
[INFO] [stdout]      |
[INFO] [stdout] 4493 |         state: purrdf_testkit::rng::SplitMix64,
[INFO] [stdout]      |                ^^^^^^^^^^^^^^ use of unresolved module or unlinked crate `purrdf_testkit`
[INFO] [stdout]      |
[INFO] [stdout]      = help: if you wanted to use a crate named `purrdf_testkit`, use `cargo add purrdf_testkit` to add it to your `Cargo.toml`
[INFO] [stdout] 
[INFO] [stdout] 
[INFO] [stdout] error[E0433]: cannot find module or crate `purrdf_testkit` in this scope
[INFO] [stdout]     --> src/substitute.rs:4500:24
[INFO] [stdout]      |
[INFO] [stdout] 4500 |                 state: purrdf_testkit::rng::SplitMix64::new(seed),
[INFO] [stdout]      |                        ^^^^^^^^^^^^^^ use of unresolved module or unlinked crate `purrdf_testkit`
[INFO] [stdout]      |
[INFO] [stdout]      = help: if you wanted to use a crate named `purrdf_testkit`, use `cargo add purrdf_testkit` to add it to your `Cargo.toml`
[INFO] [stdout] 
[INFO] [stdout] 
[INFO] [stdout] error[E0433]: cannot find module or crate `purrdf_testkit` in this scope
[INFO] [stdout]    --> src/template.rs:515:16
[INFO] [stdout]     |
[INFO] [stdout] 515 |         state: purrdf_testkit::rng::SplitMix64,
[INFO] [stdout]     |                ^^^^^^^^^^^^^^ use of unresolved module or unlinked crate `purrdf_testkit`
[INFO] [stdout]     |
[INFO] [stdout]     = help: if you wanted to use a crate named `purrdf_testkit`, use `cargo add purrdf_testkit` to add it to your `Cargo.toml`
[INFO] [stdout] 
[INFO] [stdout] 
[INFO] [stdout] error[E0433]: cannot find module or crate `purrdf_testkit` in this scope
[INFO] [stdout]    --> src/template.rs:521:24
[INFO] [stdout]     |
[INFO] [stdout] 521 |                 state: purrdf_testkit::rng::SplitMix64::new(seed),
[INFO] [stdout]     |                        ^^^^^^^^^^^^^^ use of unresolved module or unlinked crate `purrdf_testkit`
[INFO] [stdout]     |
[INFO] [stdout]     = help: if you wanted to use a crate named `purrdf_testkit`, use `cargo add purrdf_testkit` to add it to your `Cargo.toml`
[INFO] [stdout] 
[INFO] [stdout] 
[INFO] [stdout] error[E0433]: cannot find module or crate `purrdf_testkit` in this scope
[INFO] [stdout]    --> src/vm/tests.rs:571:16
[INFO] [stdout]     |
[INFO] [stdout] 571 |     let root = purrdf_testkit::paths::workspace_root();
[INFO] [stdout]     |                ^^^^^^^^^^^^^^ use of unresolved module or unlinked crate `purrdf_testkit`
[INFO] [stdout]     |
[INFO] [stdout]     = help: if you wanted to use a crate named `purrdf_testkit`, use `cargo add purrdf_testkit` to add it to your `Cargo.toml`
[INFO] [stdout] 
[INFO] [stdout] 
[INFO] [stdout] For more information about this error, try `rustc --explain E0433`.
[INFO] [stdout] 
[INFO] [stderr] error: could not compile `purrdf-sparql-eval` (lib test) due to 70 previous errors
[INFO] running `Command { std: "docker" "inspect" "84d4975b2e44119b4bb2c3d6a1d9f01817c54e82ee96e1e643ed75192b3dbf24", kill_on_drop: false }`
[INFO] running `Command { std: "docker" "rm" "-f" "84d4975b2e44119b4bb2c3d6a1d9f01817c54e82ee96e1e643ed75192b3dbf24", kill_on_drop: false }`
[INFO] [stdout] 84d4975b2e44119b4bb2c3d6a1d9f01817c54e82ee96e1e643ed75192b3dbf24
