[INFO] fetching crate purrdf-slice 3.0.1...
[INFO] testing purrdf-slice-3.0.1 against 1.99.0-beta.8+cargoflags=--release for beta-release-1.100-2
[INFO] extracting crate purrdf-slice 3.0.1 into /workspace/builds/worker-7-tc1/source
[INFO] started tweaking crates.io crate purrdf-slice 3.0.1
[INFO] removed 0 missing tests
[INFO] finished tweaking crates.io crate purrdf-slice 3.0.1
[INFO] tweaked toml for crates.io crate purrdf-slice 3.0.1 written to /workspace/builds/worker-7-tc1/source/Cargo.toml
[INFO] validating manifest of crates.io crate purrdf-slice 3.0.1 on toolchain 1.99.0-beta.8
[INFO] running `Command { std: CARGO_HOME="/workspace/cargo-home" RUSTUP_HOME="/workspace/rustup-home" "/workspace/cargo-home/bin/cargo" "+1.99.0-beta.8" "metadata" "--manifest-path" "Cargo.toml" "--no-deps", kill_on_drop: false }`
[INFO] crate crates.io crate purrdf-slice 3.0.1 already has a lockfile, it will not be regenerated
[INFO] running `Command { std: CARGO_HOME="/workspace/cargo-home" RUSTUP_HOME="/workspace/rustup-home" "/workspace/cargo-home/bin/cargo" "+1.99.0-beta.8" "fetch" "--manifest-path" "Cargo.toml", kill_on_drop: false }`
[INFO] [stderr]     Updating crates.io index
[INFO] [stderr]  Downloading crates ...
[INFO] [stderr]   Downloaded purrdf-hash v3.0.1
[INFO] [stderr]   Downloaded purrdf-events v3.0.1
[INFO] [stderr]   Downloaded visual-hashing v1.0.0
[INFO] [stderr]   Downloaded purrdf-stack v3.0.1
[INFO] [stderr]   Downloaded purrdf-sparql-results v3.0.1
[INFO] [stderr]   Downloaded purrdf-deflate v3.0.1
[INFO] [stderr]   Downloaded purrdf-cdt v3.0.1
[INFO] [stderr]   Downloaded aes-gcm v0.11.1
[INFO] [stderr]   Downloaded purrdf-gts v3.0.1
[INFO] [stderr]   Downloaded purrdf-sparql-algebra v3.0.1
[INFO] [stderr]   Downloaded purrdf-ed25519 v3.0.1
[INFO] [stderr]   Downloaded purrdf-rdf v3.0.1
[INFO] [stderr]   Downloaded structured-zstd v0.0.49
[INFO] [stderr]   Downloaded purrdf-core v3.0.1
[INFO] [stderr]   Downloaded purrdf-iri v3.0.1
[INFO] [stderr]   Downloaded purrdf-lex v3.0.1
[INFO] [stderr]   Downloaded purrdf-sparql-eval v3.0.1
[INFO] [stderr]   Downloaded purrdf-xsd v3.0.1
[INFO] running `Command { std: "docker" "create" "-v" "/var/lib/crater-agent-workspace/builds/worker-7-tc1/source:/opt/rustwide/workdir:ro,Z" "-v" "/var/lib/crater-agent-workspace/builds/worker-7-tc1/target:/opt/rustwide/target:rw,Z" "-v" "/var/lib/crater-agent-workspace/cargo-home:/opt/rustwide/cargo-home:ro,Z" "-v" "/var/lib/crater-agent-workspace/rustup-home:/opt/rustwide/rustup-home:ro,Z" "-m" "1610612736" "--network" "none" "ghcr.io/rust-lang/crates-build-env/linux@sha256:77db811e55d90add9212f6832c23229e3de5f1c1f9905e8cb07319ea15df73ac" "sleep" "infinity", kill_on_drop: false }`
[INFO] [stdout] 26ed901dc1e6e06983782d0c83b93485aa230e864053de8d75236631b74fa7a1
[INFO] running `Command { std: "docker" "start" "26ed901dc1e6e06983782d0c83b93485aa230e864053de8d75236631b74fa7a1", kill_on_drop: false }`
[INFO] running `Command { std: "docker" "inspect" "26ed901dc1e6e06983782d0c83b93485aa230e864053de8d75236631b74fa7a1", kill_on_drop: false }`
[INFO] running `Command { std: "docker" "exec" "-e" "SOURCE_DIR=/opt/rustwide/workdir" "-e" "CARGO_HOME=/opt/rustwide/cargo-home" "-e" "RUSTUP_HOME=/opt/rustwide/rustup-home" "-e" "CARGO_TARGET_DIR=/opt/rustwide/target" "-w" "/opt/rustwide/workdir" "--user" "0:0" "26ed901dc1e6e06983782d0c83b93485aa230e864053de8d75236631b74fa7a1" "/opt/rustwide/cargo-home/bin/cargo" "+1.99.0-beta.8" "metadata" "--no-deps" "--format-version=1", kill_on_drop: false }`
[INFO] running `Command { std: "docker" "inspect" "26ed901dc1e6e06983782d0c83b93485aa230e864053de8d75236631b74fa7a1", kill_on_drop: false }`
[INFO] running `Command { std: "docker" "exec" "-e" "SOURCE_DIR=/opt/rustwide/workdir" "-e" "CARGO_HOME=/opt/rustwide/cargo-home" "-e" "RUSTUP_HOME=/opt/rustwide/rustup-home" "-e" "CARGO_TARGET_DIR=/opt/rustwide/target" "-e" "CARGO_INCREMENTAL=0" "-e" "RUST_BACKTRACE=full" "-e" "RUSTFLAGS=--cap-lints=warn" "-e" "RUSTDOCFLAGS=--cap-lints=warn" "-w" "/opt/rustwide/workdir" "--user" "0:0" "26ed901dc1e6e06983782d0c83b93485aa230e864053de8d75236631b74fa7a1" "/opt/rustwide/cargo-home/bin/cargo" "+1.99.0-beta.8" "build" "--frozen" "--message-format=json" "--release", kill_on_drop: false }`
[INFO] [stderr]    Compiling hybrid-array v0.4.15
[INFO] [stderr]    Compiling purrdf-hash v3.0.1
[INFO] [stderr]    Compiling purrdf-events v3.0.1
[INFO] [stderr]    Compiling cmov v0.5.4
[INFO] [stderr]    Compiling cpubits v0.1.1
[INFO] [stderr]    Compiling purrdf-core v3.0.1
[INFO] [stderr]    Compiling getrandom v0.3.4
[INFO] [stderr]    Compiling either v1.16.0
[INFO] [stderr]    Compiling regex-automata v0.4.14
[INFO] [stderr]    Compiling twox-hash v2.1.2
[INFO] [stderr]    Compiling visual-hashing v1.0.0
[INFO] [stderr]    Compiling purrdf-stack v3.0.1
[INFO] [stderr]    Compiling structured-zstd v0.0.49
[INFO] [stderr]    Compiling rayon v1.12.0
[INFO] [stderr]    Compiling ctutils v0.4.2
[INFO] [stderr]    Compiling crypto-common v0.2.2
[INFO] [stderr]    Compiling block-buffer v0.12.1
[INFO] [stderr]    Compiling inout v0.2.2
[INFO] [stderr]    Compiling digest v0.11.3
[INFO] [stderr]    Compiling universal-hash v0.6.1
[INFO] [stderr]    Compiling cipher v0.5.2
[INFO] [stderr]    Compiling aead v0.6.1
[INFO] [stderr]    Compiling polyval v0.7.3
[INFO] [stderr]    Compiling sha2 v0.11.0
[INFO] [stderr]    Compiling ctr v0.10.1
[INFO] [stderr]    Compiling aes v0.9.3
[INFO] [stderr]    Compiling ghash v0.6.0
[INFO] [stderr]    Compiling aes-gcm v0.11.1
[INFO] [stderr]    Compiling regex v1.12.4
[INFO] [stderr]    Compiling purrdf-lex v3.0.1
[INFO] [stderr]    Compiling purrdf-deflate v3.0.1
[INFO] [stderr]    Compiling purrdf-ed25519 v3.0.1
[INFO] [stderr]    Compiling purrdf-xsd v3.0.1
[INFO] [stderr]    Compiling purrdf-iri v3.0.1
[INFO] [stderr]    Compiling purrdf-cdt v3.0.1
[INFO] [stderr]    Compiling purrdf-gts v3.0.1
[INFO] [stderr]    Compiling purrdf-sparql-algebra v3.0.1
[INFO] [stderr]    Compiling purrdf-sparql-results v3.0.1
[INFO] [stderr]    Compiling purrdf-sparql-eval v3.0.1
[INFO] [stderr]    Compiling purrdf-rdf v3.0.1
[INFO] [stderr]    Compiling purrdf-slice v3.0.1 (/opt/rustwide/workdir)
[INFO] [stderr]     Finished `release` profile [optimized] target(s) in 5m 08s
[INFO] running `Command { std: "docker" "inspect" "26ed901dc1e6e06983782d0c83b93485aa230e864053de8d75236631b74fa7a1", kill_on_drop: false }`
[INFO] running `Command { std: "docker" "exec" "-e" "SOURCE_DIR=/opt/rustwide/workdir" "-e" "CARGO_HOME=/opt/rustwide/cargo-home" "-e" "RUSTUP_HOME=/opt/rustwide/rustup-home" "-e" "CARGO_TARGET_DIR=/opt/rustwide/target" "-e" "CARGO_INCREMENTAL=0" "-e" "RUST_BACKTRACE=full" "-e" "RUSTFLAGS=--cap-lints=warn" "-e" "RUSTDOCFLAGS=--cap-lints=warn" "-w" "/opt/rustwide/workdir" "--user" "0:0" "26ed901dc1e6e06983782d0c83b93485aa230e864053de8d75236631b74fa7a1" "/opt/rustwide/cargo-home/bin/cargo" "+1.99.0-beta.8" "test" "--frozen" "--no-run" "--message-format=json" "--release", kill_on_drop: false }`
[INFO] [stderr]    Compiling purrdf-slice v3.0.1 (/opt/rustwide/workdir)
[INFO] [stdout] error[E0433]: cannot find module or crate `purrdf_testkit` in this scope
[INFO] [stdout]    --> tests/catalog_tests.rs:250:14
[INFO] [stdout]     |
[INFO] [stdout] 250 |     let t2 = purrdf_testkit::temp_dir!().unwrap();
[INFO] [stdout]     |              ^^^^^^^^^^^^^^ use of unresolved module or unlinked crate `purrdf_testkit`
[INFO] [stdout] 
[INFO] [stdout] 
[INFO] [stdout] error[E0433]: cannot find module or crate `purrdf_testkit` in this scope
[INFO] [stdout]    --> tests/catalog_tests.rs:237:14
[INFO] [stdout]     |
[INFO] [stdout] 237 |     let t1 = purrdf_testkit::temp_dir!().unwrap();
[INFO] [stdout]     |              ^^^^^^^^^^^^^^ use of unresolved module or unlinked crate `purrdf_testkit`
[INFO] [stdout] 
[INFO] [stdout] 
[INFO] [stdout] error[E0433]: cannot find module or crate `purrdf_testkit` in this scope
[INFO] [stdout]   --> tests/catalog_tests.rs:27:15
[INFO] [stdout]    |
[INFO] [stdout] 27 |     let tmp = purrdf_testkit::temp_dir!().expect("tempdir");
[INFO] [stdout]    |               ^^^^^^^^^^^^^^ use of unresolved module or unlinked crate `purrdf_testkit`
[INFO] [stdout] 
[INFO] [stdout] 
[INFO] [stdout] error[E0432]: unresolved import `purrdf_testkit`
[INFO] [stdout]   --> tests/ownership_tests.rs:11:5
[INFO] [stdout]    |
[INFO] [stdout] 11 | use purrdf_testkit::temp_dir;
[INFO] [stdout]    |     ^^^^^^^^^^^^^^ use of unresolved module or unlinked crate `purrdf_testkit`
[INFO] [stdout]    |
[INFO] [stdout]    = help: if you wanted to use a crate named `purrdf_testkit`, use `cargo add purrdf_testkit` to add it to your `Cargo.toml`
[INFO] [stdout] 
[INFO] [stdout] 
[INFO] [stdout] For more information about this error, try `rustc --explain E0433`.
[INFO] [stdout] 
[INFO] [stderr] error: could not compile `purrdf-slice` (test "catalog_tests") due to 3 previous errors
[INFO] [stderr] warning: build failed, waiting for other jobs to finish...
[INFO] [stdout] error[E0433]: cannot find module or crate `purrdf_testkit` in this scope
[INFO] [stdout]   --> src/claim_view.rs:66:9
[INFO] [stdout]    |
[INFO] [stdout] 66 |     use purrdf_testkit::paths::workspace_root;
[INFO] [stdout]    |         ^^^^^^^^^^^^^^ use of unresolved module or unlinked crate `purrdf_testkit`
[INFO] [stdout]    |
[INFO] [stdout]    = help: if you wanted to use a crate named `purrdf_testkit`, use `cargo add purrdf_testkit` to add it to your `Cargo.toml`
[INFO] [stdout] 
[INFO] [stdout] 
[INFO] [stdout] error[E0433]: cannot find module or crate `purrdf_testkit` in this scope
[INFO] [stdout]    --> src/dsl_stats_emit.rs:147:9
[INFO] [stdout]     |
[INFO] [stdout] 147 |     use purrdf_testkit::paths::workspace_root;
[INFO] [stdout]     |         ^^^^^^^^^^^^^^ use of unresolved module or unlinked crate `purrdf_testkit`
[INFO] [stdout]     |
[INFO] [stdout]     = help: if you wanted to use a crate named `purrdf_testkit`, use `cargo add purrdf_testkit` to add it to your `Cargo.toml`
[INFO] [stdout] 
[INFO] [stdout] 
[INFO] [stdout] error[E0433]: cannot find module or crate `purrdf_testkit` in this scope
[INFO] [stdout]    --> src/prefix_lint.rs:165:9
[INFO] [stdout]     |
[INFO] [stdout] 165 |     use purrdf_testkit::paths::workspace_root;
[INFO] [stdout]     |         ^^^^^^^^^^^^^^ use of unresolved module or unlinked crate `purrdf_testkit`
[INFO] [stdout]     |
[INFO] [stdout]     = help: if you wanted to use a crate named `purrdf_testkit`, use `cargo add purrdf_testkit` to add it to your `Cargo.toml`
[INFO] [stdout] 
[INFO] [stdout] 
[INFO] [stdout] error[E0433]: cannot find module or crate `purrdf_testkit` in this scope
[INFO] [stdout]    --> src/standpoint_emit.rs:406:9
[INFO] [stdout]     |
[INFO] [stdout] 406 |     use purrdf_testkit::paths::workspace_root;
[INFO] [stdout]     |         ^^^^^^^^^^^^^^ use of unresolved module or unlinked crate `purrdf_testkit`
[INFO] [stdout]     |
[INFO] [stdout]     = help: if you wanted to use a crate named `purrdf_testkit`, use `cargo add purrdf_testkit` to add it to your `Cargo.toml`
[INFO] [stdout] 
[INFO] [stdout] 
[INFO] [stdout] error[E0433]: cannot find module or crate `purrdf_testkit` in this scope
[INFO] [stdout]    --> src/standpoint_modality.rs:267:9
[INFO] [stdout]     |
[INFO] [stdout] 267 |     use purrdf_testkit::paths::workspace_root;
[INFO] [stdout]     |         ^^^^^^^^^^^^^^ use of unresolved module or unlinked crate `purrdf_testkit`
[INFO] [stdout]     |
[INFO] [stdout]     = help: if you wanted to use a crate named `purrdf_testkit`, use `cargo add purrdf_testkit` to add it to your `Cargo.toml`
[INFO] [stdout] 
[INFO] [stdout] 
[INFO] [stdout] error[E0432]: unresolved import `purrdf_testkit`
[INFO] [stdout]   --> src/cache/tests.rs:11:5
[INFO] [stdout]    |
[INFO] [stdout] 11 | use purrdf_testkit::TempDir;
[INFO] [stdout]    |     ^^^^^^^^^^^^^^ use of unresolved module or unlinked crate `purrdf_testkit`
[INFO] [stdout]    |
[INFO] [stdout]    = help: if you wanted to use a crate named `purrdf_testkit`, use `cargo add purrdf_testkit` to add it to your `Cargo.toml`
[INFO] [stdout] 
[INFO] [stdout] 
[INFO] [stdout] For more information about this error, try `rustc --explain E0432`.
[INFO] [stdout] 
[INFO] [stderr] error: could not compile `purrdf-slice` (test "ownership_tests") due to 1 previous error
[INFO] [stdout] error[E0433]: cannot find module or crate `purrdf_testkit` in this scope
[INFO] [stdout]    --> src/catalog.rs:614:19
[INFO] [stdout]     |
[INFO] [stdout] 614 |         let dir = purrdf_testkit::TempDir::for_unit_test().expect("tempdir");
[INFO] [stdout]     |                   ^^^^^^^^^^^^^^ use of unresolved module or unlinked crate `purrdf_testkit`
[INFO] [stdout]     |
[INFO] [stdout]     = help: if you wanted to use a crate named `purrdf_testkit`, use `cargo add purrdf_testkit` to add it to your `Cargo.toml`
[INFO] [stdout] 
[INFO] [stdout] 
[INFO] [stdout] error[E0433]: cannot find module or crate `purrdf_testkit` in this scope
[INFO] [stdout]    --> src/catalog.rs:650:19
[INFO] [stdout]     |
[INFO] [stdout] 650 |         let dir = purrdf_testkit::TempDir::for_unit_test().expect("tempdir");
[INFO] [stdout]     |                   ^^^^^^^^^^^^^^ use of unresolved module or unlinked crate `purrdf_testkit`
[INFO] [stdout]     |
[INFO] [stdout]     = help: if you wanted to use a crate named `purrdf_testkit`, use `cargo add purrdf_testkit` to add it to your `Cargo.toml`
[INFO] [stdout] 
[INFO] [stdout] 
[INFO] [stdout] error[E0433]: cannot find module or crate `purrdf_testkit` in this scope
[INFO] [stdout]    --> src/catalog.rs:680:19
[INFO] [stdout]     |
[INFO] [stdout] 680 |         let dir = purrdf_testkit::TempDir::for_unit_test().expect("tempdir");
[INFO] [stdout]     |                   ^^^^^^^^^^^^^^ use of unresolved module or unlinked crate `purrdf_testkit`
[INFO] [stdout]     |
[INFO] [stdout]     = help: if you wanted to use a crate named `purrdf_testkit`, use `cargo add purrdf_testkit` to add it to your `Cargo.toml`
[INFO] [stdout] 
[INFO] [stdout] 
[INFO] [stdout] error[E0433]: cannot find module or crate `purrdf_testkit` in this scope
[INFO] [stdout]    --> src/catalog.rs:715:23
[INFO] [stdout]     |
[INFO] [stdout] 715 |             let dir = purrdf_testkit::TempDir::for_unit_test().expect("tempdir");
[INFO] [stdout]     |                       ^^^^^^^^^^^^^^ use of unresolved module or unlinked crate `purrdf_testkit`
[INFO] [stdout]     |
[INFO] [stdout]     = help: if you wanted to use a crate named `purrdf_testkit`, use `cargo add purrdf_testkit` to add it to your `Cargo.toml`
[INFO] [stdout] 
[INFO] [stdout] 
[INFO] [stdout] error[E0433]: cannot find module or crate `purrdf_testkit` in this scope
[INFO] [stdout]     --> src/ownership.rs:1252:17
[INFO] [stdout]      |
[INFO] [stdout] 1252 |                 purrdf_testkit::rng::splitmix64_next,
[INFO] [stdout]      |                 ^^^^^^^^^^^^^^ use of unresolved module or unlinked crate `purrdf_testkit`
[INFO] [stdout]      |
[INFO] [stdout]      = help: if you wanted to use a crate named `purrdf_testkit`, use `cargo add purrdf_testkit` to add it to your `Cargo.toml`
[INFO] [stdout] 
[INFO] [stdout] 
[INFO] [stdout] error[E0433]: cannot find module or crate `purrdf_testkit` in this scope
[INFO] [stdout]     --> src/rdf_query.rs:1556:19
[INFO] [stdout]      |
[INFO] [stdout] 1556 |         let dir = purrdf_testkit::TempDir::for_unit_test().expect("tempdir");
[INFO] [stdout]      |                   ^^^^^^^^^^^^^^ use of unresolved module or unlinked crate `purrdf_testkit`
[INFO] [stdout]      |
[INFO] [stdout]      = help: if you wanted to use a crate named `purrdf_testkit`, use `cargo add purrdf_testkit` to add it to your `Cargo.toml`
[INFO] [stdout] 
[INFO] [stdout] 
[INFO] [stdout] error[E0433]: cannot find module or crate `purrdf_testkit` in this scope
[INFO] [stdout]     --> src/rdf_query.rs:1637:17
[INFO] [stdout]      |
[INFO] [stdout] 1637 |                 purrdf_testkit::rng::splitmix64_next,
[INFO] [stdout]      |                 ^^^^^^^^^^^^^^ use of unresolved module or unlinked crate `purrdf_testkit`
[INFO] [stdout]      |
[INFO] [stdout]      = help: if you wanted to use a crate named `purrdf_testkit`, use `cargo add purrdf_testkit` to add it to your `Cargo.toml`
[INFO] [stdout] 
[INFO] [stdout] 
[INFO] [stdout] error[E0433]: cannot find module or crate `purrdf_testkit` in this scope
[INFO] [stdout]    --> src/retrieval.rs:263:19
[INFO] [stdout]     |
[INFO] [stdout] 263 |         let dir = purrdf_testkit::TempDir::for_unit_test().expect("tempdir");
[INFO] [stdout]     |                   ^^^^^^^^^^^^^^ use of unresolved module or unlinked crate `purrdf_testkit`
[INFO] [stdout]     |
[INFO] [stdout]     = help: if you wanted to use a crate named `purrdf_testkit`, use `cargo add purrdf_testkit` to add it to your `Cargo.toml`
[INFO] [stdout] 
[INFO] [stdout] 
[INFO] [stdout] error[E0433]: cannot find module or crate `purrdf_testkit` in this scope
[INFO] [stdout]    --> src/retrieval.rs:282:19
[INFO] [stdout]     |
[INFO] [stdout] 282 |         let dir = purrdf_testkit::TempDir::for_unit_test().expect("tempdir");
[INFO] [stdout]     |                   ^^^^^^^^^^^^^^ use of unresolved module or unlinked crate `purrdf_testkit`
[INFO] [stdout]     |
[INFO] [stdout]     = help: if you wanted to use a crate named `purrdf_testkit`, use `cargo add purrdf_testkit` to add it to your `Cargo.toml`
[INFO] [stdout] 
[INFO] [stdout] 
[INFO] [stdout] error[E0433]: cannot find module or crate `purrdf_testkit` in this scope
[INFO] [stdout]    --> src/retrieval.rs:299:19
[INFO] [stdout]     |
[INFO] [stdout] 299 |         let dir = purrdf_testkit::TempDir::for_unit_test().expect("tempdir");
[INFO] [stdout]     |                   ^^^^^^^^^^^^^^ use of unresolved module or unlinked crate `purrdf_testkit`
[INFO] [stdout]     |
[INFO] [stdout]     = help: if you wanted to use a crate named `purrdf_testkit`, use `cargo add purrdf_testkit` to add it to your `Cargo.toml`
[INFO] [stdout] 
[INFO] [stdout] 
[INFO] [stdout] error[E0433]: cannot find module or crate `purrdf_testkit` in this scope
[INFO] [stdout]    --> src/retrieval.rs:314:19
[INFO] [stdout]     |
[INFO] [stdout] 314 |         let dir = purrdf_testkit::TempDir::for_unit_test().expect("tempdir");
[INFO] [stdout]     |                   ^^^^^^^^^^^^^^ use of unresolved module or unlinked crate `purrdf_testkit`
[INFO] [stdout]     |
[INFO] [stdout]     = help: if you wanted to use a crate named `purrdf_testkit`, use `cargo add purrdf_testkit` to add it to your `Cargo.toml`
[INFO] [stdout] 
[INFO] [stdout] 
[INFO] [stdout] error[E0433]: cannot find module or crate `purrdf_testkit` in this scope
[INFO] [stdout]    --> src/retrieval.rs:331:19
[INFO] [stdout]     |
[INFO] [stdout] 331 |         let dir = purrdf_testkit::TempDir::for_unit_test().expect("tempdir");
[INFO] [stdout]     |                   ^^^^^^^^^^^^^^ use of unresolved module or unlinked crate `purrdf_testkit`
[INFO] [stdout]     |
[INFO] [stdout]     = help: if you wanted to use a crate named `purrdf_testkit`, use `cargo add purrdf_testkit` to add it to your `Cargo.toml`
[INFO] [stdout] 
[INFO] [stdout] 
[INFO] [stdout] Some errors have detailed explanations: E0432, E0433.
[INFO] [stdout] 
[INFO] [stdout] For more information about an error, try `rustc --explain E0432`.
[INFO] [stdout] 
[INFO] [stderr] error: could not compile `purrdf-slice` (lib test) due to 18 previous errors
[INFO] running `Command { std: "docker" "inspect" "26ed901dc1e6e06983782d0c83b93485aa230e864053de8d75236631b74fa7a1", kill_on_drop: false }`
[INFO] running `Command { std: "docker" "rm" "-f" "26ed901dc1e6e06983782d0c83b93485aa230e864053de8d75236631b74fa7a1", kill_on_drop: false }`
[INFO] [stdout] 26ed901dc1e6e06983782d0c83b93485aa230e864053de8d75236631b74fa7a1
