[INFO] fetching crate purrdf-retrieval 3.0.1...
[INFO] testing purrdf-retrieval-3.0.1 against 1.99.0-beta.8+cargoflags=--release for beta-release-1.100-2
[INFO] extracting crate purrdf-retrieval 3.0.1 into /workspace/builds/worker-7-tc1/source
[INFO] started tweaking crates.io crate purrdf-retrieval 3.0.1
[INFO] removed 0 missing examples
[INFO] removed 0 missing tests
[INFO] finished tweaking crates.io crate purrdf-retrieval 3.0.1
[INFO] tweaked toml for crates.io crate purrdf-retrieval 3.0.1 written to /workspace/builds/worker-7-tc1/source/Cargo.toml
[INFO] validating manifest of crates.io crate purrdf-retrieval 3.0.1 on toolchain 1.99.0-beta.8
[INFO] running `Command { std: CARGO_HOME="/workspace/cargo-home" RUSTUP_HOME="/workspace/rustup-home" "/workspace/cargo-home/bin/cargo" "+1.99.0-beta.8" "metadata" "--manifest-path" "Cargo.toml" "--no-deps", kill_on_drop: false }`
[INFO] crate crates.io crate purrdf-retrieval 3.0.1 already has a lockfile, it will not be regenerated
[INFO] running `Command { std: CARGO_HOME="/workspace/cargo-home" RUSTUP_HOME="/workspace/rustup-home" "/workspace/cargo-home/bin/cargo" "+1.99.0-beta.8" "fetch" "--manifest-path" "Cargo.toml", kill_on_drop: false }`
[INFO] [stderr]     Updating crates.io index
[INFO] [stderr]  Downloading crates ...
[INFO] [stderr]   Downloaded purrdf-hash v3.0.1
[INFO] [stderr]   Downloaded purrdf-events v3.0.1
[INFO] [stderr]   Downloaded purrdf-stack v3.0.1
[INFO] [stderr]   Downloaded purrdf-sparql-results v3.0.1
[INFO] [stderr]   Downloaded purrdf-deflate v3.0.1
[INFO] [stderr]   Downloaded purrdf-cdt v3.0.1
[INFO] [stderr]   Downloaded purrdf-sparql-algebra v3.0.1
[INFO] [stderr]   Downloaded purrdf-core v3.0.1
[INFO] [stderr]   Downloaded purrdf-lex v3.0.1
[INFO] [stderr]   Downloaded purrdf-iri v3.0.1
[INFO] [stderr]   Downloaded purrdf-sparql-eval v3.0.1
[INFO] [stderr]   Downloaded purrdf-text v3.0.1
[INFO] [stderr]   Downloaded purrdf-xsd v3.0.1
[INFO] running `Command { std: "docker" "create" "-v" "/var/lib/crater-agent-workspace/builds/worker-7-tc1/source:/opt/rustwide/workdir:ro,Z" "-v" "/var/lib/crater-agent-workspace/builds/worker-7-tc1/target:/opt/rustwide/target:rw,Z" "-v" "/var/lib/crater-agent-workspace/cargo-home:/opt/rustwide/cargo-home:ro,Z" "-v" "/var/lib/crater-agent-workspace/rustup-home:/opt/rustwide/rustup-home:ro,Z" "-m" "1610612736" "--network" "none" "ghcr.io/rust-lang/crates-build-env/linux@sha256:77db811e55d90add9212f6832c23229e3de5f1c1f9905e8cb07319ea15df73ac" "sleep" "infinity", kill_on_drop: false }`
[INFO] [stdout] 20ef2417967918340aa7d3007fdc81be42040f52a4b9d0af22f9398a531bb3c3
[INFO] running `Command { std: "docker" "start" "20ef2417967918340aa7d3007fdc81be42040f52a4b9d0af22f9398a531bb3c3", kill_on_drop: false }`
[INFO] running `Command { std: "docker" "inspect" "20ef2417967918340aa7d3007fdc81be42040f52a4b9d0af22f9398a531bb3c3", kill_on_drop: false }`
[INFO] running `Command { std: "docker" "exec" "-e" "SOURCE_DIR=/opt/rustwide/workdir" "-e" "CARGO_HOME=/opt/rustwide/cargo-home" "-e" "RUSTUP_HOME=/opt/rustwide/rustup-home" "-e" "CARGO_TARGET_DIR=/opt/rustwide/target" "-w" "/opt/rustwide/workdir" "--user" "0:0" "20ef2417967918340aa7d3007fdc81be42040f52a4b9d0af22f9398a531bb3c3" "/opt/rustwide/cargo-home/bin/cargo" "+1.99.0-beta.8" "metadata" "--no-deps" "--format-version=1", kill_on_drop: false }`
[INFO] running `Command { std: "docker" "inspect" "20ef2417967918340aa7d3007fdc81be42040f52a4b9d0af22f9398a531bb3c3", kill_on_drop: false }`
[INFO] running `Command { std: "docker" "exec" "-e" "SOURCE_DIR=/opt/rustwide/workdir" "-e" "CARGO_HOME=/opt/rustwide/cargo-home" "-e" "RUSTUP_HOME=/opt/rustwide/rustup-home" "-e" "CARGO_TARGET_DIR=/opt/rustwide/target" "-e" "CARGO_INCREMENTAL=0" "-e" "RUST_BACKTRACE=full" "-e" "RUSTFLAGS=--cap-lints=warn" "-e" "RUSTDOCFLAGS=--cap-lints=warn" "-w" "/opt/rustwide/workdir" "--user" "0:0" "20ef2417967918340aa7d3007fdc81be42040f52a4b9d0af22f9398a531bb3c3" "/opt/rustwide/cargo-home/bin/cargo" "+1.99.0-beta.8" "build" "--frozen" "--message-format=json" "--release", kill_on_drop: false }`
[INFO] [stderr]    Compiling purrdf-hash v3.0.1
[INFO] [stderr]    Compiling purrdf-events v3.0.1
[INFO] [stderr]    Compiling purrdf-core v3.0.1
[INFO] [stderr]    Compiling either v1.16.0
[INFO] [stderr]    Compiling regex-automata v0.4.14
[INFO] [stderr]    Compiling digest v0.11.3
[INFO] [stderr]    Compiling purrdf-stack v3.0.1
[INFO] [stderr]    Compiling getrandom v0.3.4
[INFO] [stderr]    Compiling sha2 v0.11.0
[INFO] [stderr]    Compiling rayon v1.12.0
[INFO] [stderr]    Compiling regex v1.12.4
[INFO] [stderr]    Compiling purrdf-lex v3.0.1
[INFO] [stderr]    Compiling purrdf-deflate v3.0.1
[INFO] [stderr]    Compiling purrdf-iri v3.0.1
[INFO] [stderr]    Compiling purrdf-xsd v3.0.1
[INFO] [stderr]    Compiling purrdf-cdt v3.0.1
[INFO] [stderr]    Compiling purrdf-sparql-algebra v3.0.1
[INFO] [stderr]    Compiling purrdf-sparql-results v3.0.1
[INFO] [stderr]    Compiling purrdf-sparql-eval v3.0.1
[INFO] [stderr]    Compiling purrdf-text v3.0.1
[INFO] [stderr]    Compiling purrdf-retrieval v3.0.1 (/opt/rustwide/workdir)
[INFO] [stderr]     Finished `release` profile [optimized] target(s) in 2m 47s
[INFO] running `Command { std: "docker" "inspect" "20ef2417967918340aa7d3007fdc81be42040f52a4b9d0af22f9398a531bb3c3", kill_on_drop: false }`
[INFO] running `Command { std: "docker" "exec" "-e" "SOURCE_DIR=/opt/rustwide/workdir" "-e" "CARGO_HOME=/opt/rustwide/cargo-home" "-e" "RUSTUP_HOME=/opt/rustwide/rustup-home" "-e" "CARGO_TARGET_DIR=/opt/rustwide/target" "-e" "CARGO_INCREMENTAL=0" "-e" "RUST_BACKTRACE=full" "-e" "RUSTFLAGS=--cap-lints=warn" "-e" "RUSTDOCFLAGS=--cap-lints=warn" "-w" "/opt/rustwide/workdir" "--user" "0:0" "20ef2417967918340aa7d3007fdc81be42040f52a4b9d0af22f9398a531bb3c3" "/opt/rustwide/cargo-home/bin/cargo" "+1.99.0-beta.8" "test" "--frozen" "--no-run" "--message-format=json" "--release", kill_on_drop: false }`
[INFO] [stderr]    Compiling purrdf-retrieval v3.0.1 (/opt/rustwide/workdir)
[INFO] [stdout] error: couldn't read `tests/../../../docs/SUPERSEDED-CLAIMS.md`: No such file or directory (os error 2)
[INFO] [stdout]   --> tests/superseded_claims.rs:40:22
[INFO] [stdout]    |
[INFO] [stdout] 40 | const LEDGER: &str = include_str!("../../../docs/SUPERSEDED-CLAIMS.md");
[INFO] [stdout]    |                      ^^^^^^^^^^^^^^^^^^^^^^^^^^^^^^^^^^^^^^^^^^^^^^^^^^
[INFO] [stdout] 
[INFO] [stdout] 
[INFO] [stdout] error: couldn't read `tests/../../../docs/design/purrdf-retrieval-ladder.md`: No such file or directory (os error 2)
[INFO] [stdout]   --> tests/superseded_claims.rs:50:9
[INFO] [stdout]    |
[INFO] [stdout] 50 |         include_str!("../../../docs/design/purrdf-retrieval-ladder.md"),
[INFO] [stdout]    |         ^^^^^^^^^^^^^^^^^^^^^^^^^^^^^^^^^^^^^^^^^^^^^^^^^^^^^^^^^^^^^^^
[INFO] [stdout] 
[INFO] [stdout] 
[INFO] [stdout] error[E0433]: cannot find module or crate `purrdf_testkit` in this scope
[INFO] [stdout]    --> tests/wasm_determinism.rs:698:1
[INFO] [stdout]     |
[INFO] [stdout] 698 | purrdf_testkit::harness_main!(
[INFO] [stdout]     | ^^^^^^^^^^^^^^ use of unresolved module or unlinked crate `purrdf_testkit`
[INFO] [stdout] 
[INFO] [stdout] 
[INFO] [stdout] error[E0601]: `main` function not found in crate `wasm_determinism`
[INFO] [stdout]    --> tests/wasm_determinism.rs:705:3
[INFO] [stdout]     |
[INFO] [stdout] 705 | );
[INFO] [stdout]     |   ^ consider adding a `main` function to `tests/wasm_determinism.rs`
[INFO] [stdout] 
[INFO] [stdout] 
[INFO] [stdout] error[E0432]: unresolved import `purrdf_alloc_probe`
[INFO] [stdout]   --> tests/fusion_frontier_alloc.rs:51:5
[INFO] [stdout]    |
[INFO] [stdout] 51 | use purrdf_alloc_probe::{CountingAllocator, CurrentThreadWindow};
[INFO] [stdout]    |     ^^^^^^^^^^^^^^^^^^ use of unresolved module or unlinked crate `purrdf_alloc_probe`
[INFO] [stdout]    |
[INFO] [stdout]    = help: if you wanted to use a crate named `purrdf_alloc_probe`, use `cargo add purrdf_alloc_probe` to add it to your `Cargo.toml`
[INFO] [stdout] 
[INFO] [stdout] 
[INFO] [stderr] error: could not compile `purrdf-retrieval` (test "superseded_claims") due to 2 previous errors
[INFO] [stderr] warning: build failed, waiting for other jobs to finish...
[INFO] [stdout] error[E0433]: cannot find module or crate `purrdf_testkit` in this scope
[INFO] [stdout]   --> tests/fusion.rs:10:5
[INFO] [stdout]    |
[INFO] [stdout] 10 | use purrdf_testkit::rng::xorshift64_next;
[INFO] [stdout]    |     ^^^^^^^^^^^^^^ use of unresolved module or unlinked crate `purrdf_testkit`
[INFO] [stdout]    |
[INFO] [stdout] help: there is a crate or module with a similar name
[INFO] [stdout]    |
[INFO] [stdout] 10 - use purrdf_testkit::rng::xorshift64_next;
[INFO] [stdout] 10 + use purrdf_text::rng::xorshift64_next;
[INFO] [stdout]    |
[INFO] [stdout] 
[INFO] [stdout] 
[INFO] [stdout] Some errors have detailed explanations: E0433, E0601.
[INFO] [stdout] 
[INFO] [stdout] For more information about an error, try `rustc --explain E0433`.
[INFO] [stdout] 
[INFO] [stderr] error: could not compile `purrdf-retrieval` (test "wasm_determinism") due to 2 previous errors
[INFO] [stdout] For more information about this error, try `rustc --explain E0432`.
[INFO] [stdout] 
[INFO] [stderr] error: could not compile `purrdf-retrieval` (test "fusion_frontier_alloc") due to 1 previous error
[INFO] [stdout] error[E0433]: cannot find module or crate `purrdf_testkit` in this scope
[INFO] [stdout]     --> src/render.rs:1117:17
[INFO] [stdout]      |
[INFO] [stdout] 1117 |                 purrdf_testkit::rng::splitmix64_next,
[INFO] [stdout]      |                 ^^^^^^^^^^^^^^ use of unresolved module or unlinked crate `purrdf_testkit`
[INFO] [stdout]      |
[INFO] [stdout] help: there is a crate or module with a similar name
[INFO] [stdout]      |
[INFO] [stdout] 1117 -                 purrdf_testkit::rng::splitmix64_next,
[INFO] [stdout] 1117 +                 purrdf_text::rng::splitmix64_next,
[INFO] [stdout]      |
[INFO] [stdout] 
[INFO] [stdout] 
[INFO] [stdout] For more information about this error, try `rustc --explain E0433`.
[INFO] [stdout] 
[INFO] [stderr] error: could not compile `purrdf-retrieval` (test "fusion") due to 1 previous error
[INFO] [stdout] For more information about this error, try `rustc --explain E0433`.
[INFO] [stdout] 
[INFO] [stderr] error: could not compile `purrdf-retrieval` (lib test) due to 1 previous error
[INFO] running `Command { std: "docker" "inspect" "20ef2417967918340aa7d3007fdc81be42040f52a4b9d0af22f9398a531bb3c3", kill_on_drop: false }`
[INFO] running `Command { std: "docker" "rm" "-f" "20ef2417967918340aa7d3007fdc81be42040f52a4b9d0af22f9398a531bb3c3", kill_on_drop: false }`
[INFO] [stdout] 20ef2417967918340aa7d3007fdc81be42040f52a4b9d0af22f9398a531bb3c3
