[INFO] fetching crate purrdf-hnsw 3.0.1...
[INFO] testing purrdf-hnsw-3.0.1 against 1.99.0-beta.8+cargoflags=--release for beta-release-1.100-2
[INFO] extracting crate purrdf-hnsw 3.0.1 into /workspace/builds/worker-5-tc1/source
[INFO] started tweaking crates.io crate purrdf-hnsw 3.0.1
[INFO] removed 0 missing tests
[INFO] finished tweaking crates.io crate purrdf-hnsw 3.0.1
[INFO] tweaked toml for crates.io crate purrdf-hnsw 3.0.1 written to /workspace/builds/worker-5-tc1/source/Cargo.toml
[INFO] validating manifest of crates.io crate purrdf-hnsw 3.0.1 on toolchain 1.99.0-beta.8
[INFO] running `Command { std: CARGO_HOME="/workspace/cargo-home" RUSTUP_HOME="/workspace/rustup-home" "/workspace/cargo-home/bin/cargo" "+1.99.0-beta.8" "metadata" "--manifest-path" "Cargo.toml" "--no-deps", kill_on_drop: false }`
[INFO] crate crates.io crate purrdf-hnsw 3.0.1 already has a lockfile, it will not be regenerated
[INFO] running `Command { std: CARGO_HOME="/workspace/cargo-home" RUSTUP_HOME="/workspace/rustup-home" "/workspace/cargo-home/bin/cargo" "+1.99.0-beta.8" "fetch" "--manifest-path" "Cargo.toml", kill_on_drop: false }`
[INFO] [stderr]     Updating crates.io index
[INFO] [stderr]  Downloading crates ...
[INFO] [stderr]   Downloaded purrdf-stack v3.0.1
[INFO] [stderr]   Downloaded purrdf-hash v3.0.1
[INFO] [stderr]   Downloaded purrdf-events v3.0.1
[INFO] [stderr]   Downloaded purrdf-deflate v3.0.1
[INFO] [stderr]   Downloaded purrdf-sparql-results v3.0.1
[INFO] [stderr]   Downloaded purrdf-cdt v3.0.1
[INFO] [stderr]   Downloaded purrdf-sparql-algebra v3.0.1
[INFO] [stderr]   Downloaded purrdf-core v3.0.1
[INFO] [stderr]   Downloaded purrdf-iri v3.0.1
[INFO] [stderr]   Downloaded purrdf-lex v3.0.1
[INFO] [stderr]   Downloaded purrdf-sparql-eval v3.0.1
[INFO] [stderr]   Downloaded purrdf-xsd v3.0.1
[INFO] running `Command { std: "docker" "create" "-v" "/var/lib/crater-agent-workspace/builds/worker-5-tc1/source:/opt/rustwide/workdir:ro,Z" "-v" "/var/lib/crater-agent-workspace/builds/worker-5-tc1/target:/opt/rustwide/target:rw,Z" "-v" "/var/lib/crater-agent-workspace/cargo-home:/opt/rustwide/cargo-home:ro,Z" "-v" "/var/lib/crater-agent-workspace/rustup-home:/opt/rustwide/rustup-home:ro,Z" "-m" "1610612736" "--network" "none" "ghcr.io/rust-lang/crates-build-env/linux@sha256:77db811e55d90add9212f6832c23229e3de5f1c1f9905e8cb07319ea15df73ac" "sleep" "infinity", kill_on_drop: false }`
[INFO] [stdout] 756d215151273fa3534cf3c7e53d983138bb9a918b6a058650db3aacb1539f23
[INFO] running `Command { std: "docker" "start" "756d215151273fa3534cf3c7e53d983138bb9a918b6a058650db3aacb1539f23", kill_on_drop: false }`
[INFO] running `Command { std: "docker" "inspect" "756d215151273fa3534cf3c7e53d983138bb9a918b6a058650db3aacb1539f23", kill_on_drop: false }`
[INFO] running `Command { std: "docker" "exec" "-e" "SOURCE_DIR=/opt/rustwide/workdir" "-e" "CARGO_HOME=/opt/rustwide/cargo-home" "-e" "RUSTUP_HOME=/opt/rustwide/rustup-home" "-e" "CARGO_TARGET_DIR=/opt/rustwide/target" "-w" "/opt/rustwide/workdir" "--user" "0:0" "756d215151273fa3534cf3c7e53d983138bb9a918b6a058650db3aacb1539f23" "/opt/rustwide/cargo-home/bin/cargo" "+1.99.0-beta.8" "metadata" "--no-deps" "--format-version=1", kill_on_drop: false }`
[INFO] running `Command { std: "docker" "inspect" "756d215151273fa3534cf3c7e53d983138bb9a918b6a058650db3aacb1539f23", kill_on_drop: false }`
[INFO] running `Command { std: "docker" "exec" "-e" "SOURCE_DIR=/opt/rustwide/workdir" "-e" "CARGO_HOME=/opt/rustwide/cargo-home" "-e" "RUSTUP_HOME=/opt/rustwide/rustup-home" "-e" "CARGO_TARGET_DIR=/opt/rustwide/target" "-e" "CARGO_INCREMENTAL=0" "-e" "RUST_BACKTRACE=full" "-e" "RUSTFLAGS=--cap-lints=warn" "-e" "RUSTDOCFLAGS=--cap-lints=warn" "-w" "/opt/rustwide/workdir" "--user" "0:0" "756d215151273fa3534cf3c7e53d983138bb9a918b6a058650db3aacb1539f23" "/opt/rustwide/cargo-home/bin/cargo" "+1.99.0-beta.8" "build" "--frozen" "--message-format=json" "--release", kill_on_drop: false }`
[INFO] [stderr]    Compiling purrdf-hash v3.0.1
[INFO] [stderr]    Compiling purrdf-events v3.0.1
[INFO] [stderr]    Compiling purrdf-core v3.0.1
[INFO] [stderr]    Compiling regex-automata v0.4.14
[INFO] [stderr]    Compiling sha2 v0.11.0
[INFO] [stderr]    Compiling getrandom v0.3.4
[INFO] [stderr]    Compiling purrdf-stack v3.0.1
[INFO] [stderr]    Compiling regex v1.12.4
[INFO] [stderr]    Compiling purrdf-lex v3.0.1
[INFO] [stderr]    Compiling purrdf-deflate v3.0.1
[INFO] [stderr]    Compiling purrdf-iri v3.0.1
[INFO] [stderr]    Compiling purrdf-xsd v3.0.1
[INFO] [stderr]    Compiling purrdf-cdt v3.0.1
[INFO] [stderr]    Compiling purrdf-sparql-algebra v3.0.1
[INFO] [stderr]    Compiling purrdf-sparql-results v3.0.1
[INFO] [stderr]    Compiling purrdf-sparql-eval v3.0.1
[INFO] [stderr]    Compiling purrdf-hnsw v3.0.1 (/opt/rustwide/workdir)
[INFO] [stderr]     Finished `release` profile [optimized] target(s) in 2m 48s
[INFO] running `Command { std: "docker" "inspect" "756d215151273fa3534cf3c7e53d983138bb9a918b6a058650db3aacb1539f23", kill_on_drop: false }`
[INFO] running `Command { std: "docker" "exec" "-e" "SOURCE_DIR=/opt/rustwide/workdir" "-e" "CARGO_HOME=/opt/rustwide/cargo-home" "-e" "RUSTUP_HOME=/opt/rustwide/rustup-home" "-e" "CARGO_TARGET_DIR=/opt/rustwide/target" "-e" "CARGO_INCREMENTAL=0" "-e" "RUST_BACKTRACE=full" "-e" "RUSTFLAGS=--cap-lints=warn" "-e" "RUSTDOCFLAGS=--cap-lints=warn" "-w" "/opt/rustwide/workdir" "--user" "0:0" "756d215151273fa3534cf3c7e53d983138bb9a918b6a058650db3aacb1539f23" "/opt/rustwide/cargo-home/bin/cargo" "+1.99.0-beta.8" "test" "--frozen" "--no-run" "--message-format=json" "--release", kill_on_drop: false }`
[INFO] [stderr]    Compiling purrdf-hnsw v3.0.1 (/opt/rustwide/workdir)
[INFO] [stdout] error[E0433]: cannot find module or crate `purrdf_testkit` in this scope
[INFO] [stdout]    --> tests/wasm_reassociated.rs:370:1
[INFO] [stdout]     |
[INFO] [stdout] 370 | purrdf_testkit::harness_main!(
[INFO] [stdout]     | ^^^^^^^^^^^^^^ use of unresolved module or unlinked crate `purrdf_testkit`
[INFO] [stdout] 
[INFO] [stdout] 
[INFO] [stdout] error[E0433]: cannot find module or crate `purrdf_testkit` in this scope
[INFO] [stdout]   --> tests/determinism.rs:47:5
[INFO] [stdout]    |
[INFO] [stdout] 47 | use purrdf_testkit::harness::report_digest;
[INFO] [stdout]    |     ^^^^^^^^^^^^^^ use of unresolved module or unlinked crate `purrdf_testkit`
[INFO] [stdout]    |
[INFO] [stdout]    = help: if you wanted to use a crate named `purrdf_testkit`, use `cargo add purrdf_testkit` to add it to your `Cargo.toml`
[INFO] [stdout] 
[INFO] [stdout] 
[INFO] [stdout] error[E0433]: cannot find module or crate `purrdf_testkit` in this scope
[INFO] [stdout]    --> tests/determinism.rs:207:1
[INFO] [stdout]     |
[INFO] [stdout] 207 | purrdf_testkit::harness_main!(
[INFO] [stdout]     | ^^^^^^^^^^^^^^ use of unresolved module or unlinked crate `purrdf_testkit`
[INFO] [stdout] 
[INFO] [stdout] 
[INFO] [stdout] error[E0433]: cannot find module or crate `purrdf_testkit` in this scope
[INFO] [stdout]   --> tests/support/fixture.rs:26:17
[INFO] [stdout]    |
[INFO] [stdout] 26 |                 purrdf_testkit::rng::signed_unit_step_nonzero(&mut state, substitute)
[INFO] [stdout]    |                 ^^^^^^^^^^^^^^ use of unresolved module or unlinked crate `purrdf_testkit`
[INFO] [stdout]    |
[INFO] [stdout]    = help: if you wanted to use a crate named `purrdf_testkit`, use `cargo add purrdf_testkit` to add it to your `Cargo.toml`
[INFO] [stdout] 
[INFO] [stdout] 
[INFO] [stdout] error[E0433]: cannot find module or crate `purrdf_testkit` in this scope
[INFO] [stdout]   --> tests/wasm_reassociated.rs:71:18
[INFO] [stdout]    |
[INFO] [stdout] 71 |         .map(|_| purrdf_testkit::rng::signed_unit_step(&mut state))
[INFO] [stdout]    |                  ^^^^^^^^^^^^^^ use of unresolved module or unlinked crate `purrdf_testkit`
[INFO] [stdout]    |
[INFO] [stdout]    = help: if you wanted to use a crate named `purrdf_testkit`, use `cargo add purrdf_testkit` to add it to your `Cargo.toml`
[INFO] [stdout] 
[INFO] [stdout] 
[INFO] [stdout] error[E0433]: cannot find module or crate `purrdf_testkit` in this scope
[INFO] [stdout]   --> tests/support/fixture.rs:26:17
[INFO] [stdout]    |
[INFO] [stdout] 26 |                 purrdf_testkit::rng::signed_unit_step_nonzero(&mut state, substitute)
[INFO] [stdout]    |                 ^^^^^^^^^^^^^^ use of unresolved module or unlinked crate `purrdf_testkit`
[INFO] [stdout]    |
[INFO] [stdout]    = help: if you wanted to use a crate named `purrdf_testkit`, use `cargo add purrdf_testkit` to add it to your `Cargo.toml`
[INFO] [stdout] 
[INFO] [stdout] 
[INFO] [stdout] error[E0601]: `main` function not found in crate `wasm_reassociated`
[INFO] [stdout]    --> tests/wasm_reassociated.rs:375:3
[INFO] [stdout]     |
[INFO] [stdout] 375 | );
[INFO] [stdout]     |   ^ consider adding a `main` function to `tests/wasm_reassociated.rs`
[INFO] [stdout] 
[INFO] [stdout] 
[INFO] [stdout] error[E0433]: cannot find module or crate `purrdf_testkit` in this scope
[INFO] [stdout]   --> tests/support/fixture.rs:26:17
[INFO] [stdout]    |
[INFO] [stdout] 26 |                 purrdf_testkit::rng::signed_unit_step_nonzero(&mut state, substitute)
[INFO] [stdout]    |                 ^^^^^^^^^^^^^^ use of unresolved module or unlinked crate `purrdf_testkit`
[INFO] [stdout]    |
[INFO] [stdout]    = help: if you wanted to use a crate named `purrdf_testkit`, use `cargo add purrdf_testkit` to add it to your `Cargo.toml`
[INFO] [stdout] 
[INFO] [stdout] 
[INFO] [stdout] error[E0433]: cannot find module or crate `purrdf_testkit` in this scope
[INFO] [stdout]   --> tests/support/fixture.rs:28:21
[INFO] [stdout]    |
[INFO] [stdout] 28 |             None => purrdf_testkit::rng::signed_unit_step(&mut state),
[INFO] [stdout]    |                     ^^^^^^^^^^^^^^ use of unresolved module or unlinked crate `purrdf_testkit`
[INFO] [stdout]    |
[INFO] [stdout]    = help: if you wanted to use a crate named `purrdf_testkit`, use `cargo add purrdf_testkit` to add it to your `Cargo.toml`
[INFO] [stdout] 
[INFO] [stdout] 
[INFO] [stdout] error[E0433]: cannot find module or crate `purrdf_testkit` in this scope
[INFO] [stdout]   --> tests/support/fixture.rs:28:21
[INFO] [stdout]    |
[INFO] [stdout] 28 |             None => purrdf_testkit::rng::signed_unit_step(&mut state),
[INFO] [stdout]    |                     ^^^^^^^^^^^^^^ use of unresolved module or unlinked crate `purrdf_testkit`
[INFO] [stdout]    |
[INFO] [stdout]    = help: if you wanted to use a crate named `purrdf_testkit`, use `cargo add purrdf_testkit` to add it to your `Cargo.toml`
[INFO] [stdout] 
[INFO] [stdout] 
[INFO] [stdout] error[E0433]: cannot find module or crate `purrdf_testkit` in this scope
[INFO] [stdout]   --> tests/support/fixture.rs:26:17
[INFO] [stdout]    |
[INFO] [stdout] 26 |                 purrdf_testkit::rng::signed_unit_step_nonzero(&mut state, substitute)
[INFO] [stdout]    |                 ^^^^^^^^^^^^^^ use of unresolved module or unlinked crate `purrdf_testkit`
[INFO] [stdout]    |
[INFO] [stdout]    = help: if you wanted to use a crate named `purrdf_testkit`, use `cargo add purrdf_testkit` to add it to your `Cargo.toml`
[INFO] [stdout] 
[INFO] [stdout] 
[INFO] [stdout] error[E0433]: cannot find module or crate `purrdf_testkit` in this scope
[INFO] [stdout]   --> tests/support/fixture.rs:28:21
[INFO] [stdout]    |
[INFO] [stdout] 28 |             None => purrdf_testkit::rng::signed_unit_step(&mut state),
[INFO] [stdout]    |                     ^^^^^^^^^^^^^^ use of unresolved module or unlinked crate `purrdf_testkit`
[INFO] [stdout]    |
[INFO] [stdout]    = help: if you wanted to use a crate named `purrdf_testkit`, use `cargo add purrdf_testkit` to add it to your `Cargo.toml`
[INFO] [stdout] 
[INFO] [stdout] 
[INFO] [stdout] error[E0433]: cannot find module or crate `purrdf_testkit` in this scope
[INFO] [stdout]   --> tests/support/fixture.rs:28:21
[INFO] [stdout]    |
[INFO] [stdout] 28 |             None => purrdf_testkit::rng::signed_unit_step(&mut state),
[INFO] [stdout]    |                     ^^^^^^^^^^^^^^ use of unresolved module or unlinked crate `purrdf_testkit`
[INFO] [stdout]    |
[INFO] [stdout]    = help: if you wanted to use a crate named `purrdf_testkit`, use `cargo add purrdf_testkit` to add it to your `Cargo.toml`
[INFO] [stdout] 
[INFO] [stdout] 
[INFO] [stdout] error[E0433]: cannot find module or crate `purrdf_testkit` in this scope
[INFO] [stdout]   --> tests/support/fixture.rs:26:17
[INFO] [stdout]    |
[INFO] [stdout] 26 |                 purrdf_testkit::rng::signed_unit_step_nonzero(&mut state, substitute)
[INFO] [stdout]    |                 ^^^^^^^^^^^^^^ use of unresolved module or unlinked crate `purrdf_testkit`
[INFO] [stdout]    |
[INFO] [stdout]    = help: if you wanted to use a crate named `purrdf_testkit`, use `cargo add purrdf_testkit` to add it to your `Cargo.toml`
[INFO] [stdout] 
[INFO] [stdout] 
[INFO] [stdout] error[E0433]: cannot find module or crate `purrdf_testkit` in this scope
[INFO] [stdout]   --> tests/support/fixture.rs:26:17
[INFO] [stdout]    |
[INFO] [stdout] 26 |                 purrdf_testkit::rng::signed_unit_step_nonzero(&mut state, substitute)
[INFO] [stdout]    |                 ^^^^^^^^^^^^^^ use of unresolved module or unlinked crate `purrdf_testkit`
[INFO] [stdout]    |
[INFO] [stdout]    = help: if you wanted to use a crate named `purrdf_testkit`, use `cargo add purrdf_testkit` to add it to your `Cargo.toml`
[INFO] [stdout] 
[INFO] [stdout] 
[INFO] [stdout] error[E0433]: cannot find module or crate `purrdf_testkit` in this scope
[INFO] [stdout]   --> tests/support/fixture.rs:28:21
[INFO] [stdout]    |
[INFO] [stdout] 28 |             None => purrdf_testkit::rng::signed_unit_step(&mut state),
[INFO] [stdout]    |                     ^^^^^^^^^^^^^^ use of unresolved module or unlinked crate `purrdf_testkit`
[INFO] [stdout]    |
[INFO] [stdout]    = help: if you wanted to use a crate named `purrdf_testkit`, use `cargo add purrdf_testkit` to add it to your `Cargo.toml`
[INFO] [stdout] 
[INFO] [stdout] 
[INFO] [stdout] error[E0433]: cannot find module or crate `purrdf_testkit` in this scope
[INFO] [stdout]   --> tests/support/fixture.rs:26:17
[INFO] [stdout]    |
[INFO] [stdout] 26 |                 purrdf_testkit::rng::signed_unit_step_nonzero(&mut state, substitute)
[INFO] [stdout]    |                 ^^^^^^^^^^^^^^ use of unresolved module or unlinked crate `purrdf_testkit`
[INFO] [stdout]    |
[INFO] [stdout]    = help: if you wanted to use a crate named `purrdf_testkit`, use `cargo add purrdf_testkit` to add it to your `Cargo.toml`
[INFO] [stdout] 
[INFO] [stdout] 
[INFO] [stdout] error[E0433]: cannot find module or crate `purrdf_testkit` in this scope
[INFO] [stdout]   --> tests/support/fixture.rs:28:21
[INFO] [stdout]    |
[INFO] [stdout] 28 |             None => purrdf_testkit::rng::signed_unit_step(&mut state),
[INFO] [stdout]    |                     ^^^^^^^^^^^^^^ use of unresolved module or unlinked crate `purrdf_testkit`
[INFO] [stdout]    |
[INFO] [stdout]    = help: if you wanted to use a crate named `purrdf_testkit`, use `cargo add purrdf_testkit` to add it to your `Cargo.toml`
[INFO] [stdout] 
[INFO] [stdout] 
[INFO] [stdout] error[E0433]: cannot find module or crate `purrdf_testkit` in this scope
[INFO] [stdout]   --> tests/support/fixture.rs:28:21
[INFO] [stdout]    |
[INFO] [stdout] 28 |             None => purrdf_testkit::rng::signed_unit_step(&mut state),
[INFO] [stdout]    |                     ^^^^^^^^^^^^^^ use of unresolved module or unlinked crate `purrdf_testkit`
[INFO] [stdout]    |
[INFO] [stdout]    = help: if you wanted to use a crate named `purrdf_testkit`, use `cargo add purrdf_testkit` to add it to your `Cargo.toml`
[INFO] [stdout] 
[INFO] [stdout] 
[INFO] [stdout] error[E0433]: cannot find module or crate `purrdf_testkit` in this scope
[INFO] [stdout]   --> tests/support/fixture.rs:26:17
[INFO] [stdout]    |
[INFO] [stdout] 26 |                 purrdf_testkit::rng::signed_unit_step_nonzero(&mut state, substitute)
[INFO] [stdout]    |                 ^^^^^^^^^^^^^^ use of unresolved module or unlinked crate `purrdf_testkit`
[INFO] [stdout]    |
[INFO] [stdout]    = help: if you wanted to use a crate named `purrdf_testkit`, use `cargo add purrdf_testkit` to add it to your `Cargo.toml`
[INFO] [stdout] 
[INFO] [stdout] 
[INFO] [stdout] error[E0433]: cannot find module or crate `purrdf_testkit` in this scope
[INFO] [stdout]   --> tests/support/fixture.rs:26:17
[INFO] [stdout]    |
[INFO] [stdout] 26 |                 purrdf_testkit::rng::signed_unit_step_nonzero(&mut state, substitute)
[INFO] [stdout]    |                 ^^^^^^^^^^^^^^ use of unresolved module or unlinked crate `purrdf_testkit`
[INFO] [stdout]    |
[INFO] [stdout]    = help: if you wanted to use a crate named `purrdf_testkit`, use `cargo add purrdf_testkit` to add it to your `Cargo.toml`
[INFO] [stdout] 
[INFO] [stdout] 
[INFO] [stdout] error[E0433]: cannot find module or crate `purrdf_testkit` in this scope
[INFO] [stdout]    --> tests/determinism.rs:186:18
[INFO] [stdout]     |
[INFO] [stdout] 186 |         .map(|_| purrdf_testkit::rng::signed_unit_step(&mut state))
[INFO] [stdout]     |                  ^^^^^^^^^^^^^^ use of unresolved module or unlinked crate `purrdf_testkit`
[INFO] [stdout]     |
[INFO] [stdout]     = help: if you wanted to use a crate named `purrdf_testkit`, use `cargo add purrdf_testkit` to add it to your `Cargo.toml`
[INFO] [stdout] 
[INFO] [stdout] 
[INFO] [stdout] error[E0601]: `main` function not found in crate `determinism`
[INFO] [stdout]    --> tests/determinism.rs:220:3
[INFO] [stdout]     |
[INFO] [stdout] 220 | );
[INFO] [stdout]     |   ^ consider adding a `main` function to `tests/determinism.rs`
[INFO] [stdout] 
[INFO] [stdout] 
[INFO] [stdout] error[E0433]: cannot find module or crate `purrdf_testkit` in this scope
[INFO] [stdout]   --> tests/support/fixture.rs:28:21
[INFO] [stdout]    |
[INFO] [stdout] 28 |             None => purrdf_testkit::rng::signed_unit_step(&mut state),
[INFO] [stdout]    |                     ^^^^^^^^^^^^^^ use of unresolved module or unlinked crate `purrdf_testkit`
[INFO] [stdout]    |
[INFO] [stdout]    = help: if you wanted to use a crate named `purrdf_testkit`, use `cargo add purrdf_testkit` to add it to your `Cargo.toml`
[INFO] [stdout] 
[INFO] [stdout] 
[INFO] [stdout] error[E0433]: cannot find module or crate `purrdf_testkit` in this scope
[INFO] [stdout]    --> tests/support/corpus.rs:202:9
[INFO] [stdout]     |
[INFO] [stdout] 202 |         purrdf_testkit::rng::signed_unit_step_nonzero(&mut self.0, 0.125)
[INFO] [stdout]     |         ^^^^^^^^^^^^^^ use of unresolved module or unlinked crate `purrdf_testkit`
[INFO] [stdout]     |
[INFO] [stdout]     = help: if you wanted to use a crate named `purrdf_testkit`, use `cargo add purrdf_testkit` to add it to your `Cargo.toml`
[INFO] [stdout] 
[INFO] [stdout] 
[INFO] [stdout] error[E0433]: cannot find module or crate `purrdf_testkit` in this scope
[INFO] [stdout]    --> tests/support/corpus.rs:202:9
[INFO] [stdout]     |
[INFO] [stdout] 202 |         purrdf_testkit::rng::signed_unit_step_nonzero(&mut self.0, 0.125)
[INFO] [stdout]     |         ^^^^^^^^^^^^^^ use of unresolved module or unlinked crate `purrdf_testkit`
[INFO] [stdout]     |
[INFO] [stdout]     = help: if you wanted to use a crate named `purrdf_testkit`, use `cargo add purrdf_testkit` to add it to your `Cargo.toml`
[INFO] [stdout] 
[INFO] [stdout] 
[INFO] [stdout] error[E0433]: cannot find module or crate `purrdf_testkit` in this scope
[INFO] [stdout]    --> tests/support/corpus.rs:202:9
[INFO] [stdout]     |
[INFO] [stdout] 202 |         purrdf_testkit::rng::signed_unit_step_nonzero(&mut self.0, 0.125)
[INFO] [stdout]     |         ^^^^^^^^^^^^^^ use of unresolved module or unlinked crate `purrdf_testkit`
[INFO] [stdout]     |
[INFO] [stdout]     = help: if you wanted to use a crate named `purrdf_testkit`, use `cargo add purrdf_testkit` to add it to your `Cargo.toml`
[INFO] [stdout] 
[INFO] [stdout] 
[INFO] [stdout] error[E0433]: cannot find module or crate `purrdf_testkit` in this scope
[INFO] [stdout]   --> tests/support/fixture.rs:28:21
[INFO] [stdout]    |
[INFO] [stdout] 28 |             None => purrdf_testkit::rng::signed_unit_step(&mut state),
[INFO] [stdout]    |                     ^^^^^^^^^^^^^^ use of unresolved module or unlinked crate `purrdf_testkit`
[INFO] [stdout]    |
[INFO] [stdout]    = help: if you wanted to use a crate named `purrdf_testkit`, use `cargo add purrdf_testkit` to add it to your `Cargo.toml`
[INFO] [stdout] 
[INFO] [stdout] 
[INFO] [stdout] Some errors have detailed explanations: E0433, E0601.
[INFO] [stdout] 
[INFO] [stdout] For more information about an error, try `rustc --explain E0433`.
[INFO] [stdout] 
[INFO] [stderr] error: could not compile `purrdf-hnsw` (test "wasm_reassociated") due to 3 previous errors
[INFO] [stderr] warning: build failed, waiting for other jobs to finish...
[INFO] [stdout] error[E0433]: cannot find module or crate `purrdf_testkit` in this scope
[INFO] [stdout]    --> tests/support/corpus.rs:220:18
[INFO] [stdout]     |
[INFO] [stdout] 220 |         .map(|_| purrdf_testkit::rng::signed_unit_next_nonzero(&mut state, 0.125))
[INFO] [stdout]     |                  ^^^^^^^^^^^^^^ use of unresolved module or unlinked crate `purrdf_testkit`
[INFO] [stdout]     |
[INFO] [stdout]     = help: if you wanted to use a crate named `purrdf_testkit`, use `cargo add purrdf_testkit` to add it to your `Cargo.toml`
[INFO] [stdout] 
[INFO] [stdout] 
[INFO] [stdout] error[E0433]: cannot find module or crate `purrdf_testkit` in this scope
[INFO] [stdout]    --> tests/support/corpus.rs:220:18
[INFO] [stdout]     |
[INFO] [stdout] 220 |         .map(|_| purrdf_testkit::rng::signed_unit_next_nonzero(&mut state, 0.125))
[INFO] [stdout]     |                  ^^^^^^^^^^^^^^ use of unresolved module or unlinked crate `purrdf_testkit`
[INFO] [stdout]     |
[INFO] [stdout]     = help: if you wanted to use a crate named `purrdf_testkit`, use `cargo add purrdf_testkit` to add it to your `Cargo.toml`
[INFO] [stdout] 
[INFO] [stdout] 
[INFO] [stdout] error[E0433]: cannot find module or crate `purrdf_testkit` in this scope
[INFO] [stdout]    --> tests/support/corpus.rs:220:18
[INFO] [stdout]     |
[INFO] [stdout] 220 |         .map(|_| purrdf_testkit::rng::signed_unit_next_nonzero(&mut state, 0.125))
[INFO] [stdout]     |                  ^^^^^^^^^^^^^^ use of unresolved module or unlinked crate `purrdf_testkit`
[INFO] [stdout]     |
[INFO] [stdout]     = help: if you wanted to use a crate named `purrdf_testkit`, use `cargo add purrdf_testkit` to add it to your `Cargo.toml`
[INFO] [stdout] 
[INFO] [stdout] 
[INFO] [stdout] error[E0433]: cannot find module or crate `purrdf_testkit` in this scope
[INFO] [stdout]   --> tests/conformance.rs:84:19
[INFO] [stdout]    |
[INFO] [stdout] 84 |         data.push(purrdf_testkit::rng::signed_unit_step_nonzero(
[INFO] [stdout]    |                   ^^^^^^^^^^^^^^ use of unresolved module or unlinked crate `purrdf_testkit`
[INFO] [stdout]    |
[INFO] [stdout]    = help: if you wanted to use a crate named `purrdf_testkit`, use `cargo add purrdf_testkit` to add it to your `Cargo.toml`
[INFO] [stdout] 
[INFO] [stdout] 
[INFO] [stdout] Some errors have detailed explanations: E0433, E0601.
[INFO] [stdout] 
[INFO] [stdout] For more information about an error, try `rustc --explain E0433`.
[INFO] [stdout] 
[INFO] [stdout] error[E0433]: cannot find module or crate `purrdf_testkit` in this scope
[INFO] [stdout]   --> tests/vector_query.rs:62:23
[INFO] [stdout]    |
[INFO] [stdout] 62 |     let mut next = || purrdf_testkit::rng::signed_unit_step(&mut state);
[INFO] [stdout]    |                       ^^^^^^^^^^^^^^ use of unresolved module or unlinked crate `purrdf_testkit`
[INFO] [stdout]    |
[INFO] [stdout]    = help: if you wanted to use a crate named `purrdf_testkit`, use `cargo add purrdf_testkit` to add it to your `Cargo.toml`
[INFO] [stdout] 
[INFO] [stdout] 
[INFO] [stdout] error[E0433]: cannot find module or crate `purrdf_testkit` in this scope
[INFO] [stdout]    --> tests/invariants.rs:397:18
[INFO] [stdout]     |
[INFO] [stdout] 397 |         .map(|_| purrdf_testkit::rng::signed_unit_step_nonzero(&mut state, 0.125) as f32)
[INFO] [stdout]     |                  ^^^^^^^^^^^^^^ use of unresolved module or unlinked crate `purrdf_testkit`
[INFO] [stdout]     |
[INFO] [stdout]     = help: if you wanted to use a crate named `purrdf_testkit`, use `cargo add purrdf_testkit` to add it to your `Cargo.toml`
[INFO] [stdout] 
[INFO] [stdout] 
[INFO] [stderr] error: could not compile `purrdf-hnsw` (test "determinism") due to 4 previous errors
[INFO] [stdout] For more information about this error, try `rustc --explain E0433`.
[INFO] [stdout] 
[INFO] [stderr] error: could not compile `purrdf-hnsw` (test "adversarial_payload") due to 2 previous errors
[INFO] [stdout] error[E0433]: cannot find module or crate `purrdf_testkit` in this scope
[INFO] [stdout]    --> tests/conformance.rs:152:26
[INFO] [stdout]     |
[INFO] [stdout] 152 |                 .map(|_| purrdf_testkit::rng::signed_unit_step(&mut state) * scale)
[INFO] [stdout]     |                          ^^^^^^^^^^^^^^ use of unresolved module or unlinked crate `purrdf_testkit`
[INFO] [stdout]     |
[INFO] [stdout]     = help: if you wanted to use a crate named `purrdf_testkit`, use `cargo add purrdf_testkit` to add it to your `Cargo.toml`
[INFO] [stdout] 
[INFO] [stdout] 
[INFO] [stdout] error[E0433]: cannot find module or crate `purrdf_testkit` in this scope
[INFO] [stdout]    --> src/builder.rs:506:23
[INFO] [stdout]     |
[INFO] [stdout] 506 |             data.push(purrdf_testkit::rng::signed_unit_step_nonzero(
[INFO] [stdout]     |                       ^^^^^^^^^^^^^^ use of unresolved module or unlinked crate `purrdf_testkit`
[INFO] [stdout]     |
[INFO] [stdout]     = help: if you wanted to use a crate named `purrdf_testkit`, use `cargo add purrdf_testkit` to add it to your `Cargo.toml`
[INFO] [stdout] 
[INFO] [stdout] 
[INFO] [stdout] For more information about this error, try `rustc --explain E0433`.
[INFO] [stdout] 
[INFO] [stderr] error: could not compile `purrdf-hnsw` (test "float_environment_rayon") due to 2 previous errors
[INFO] [stdout] For more information about this error, try `rustc --explain E0433`.
[INFO] [stdout] 
[INFO] [stderr] error: could not compile `purrdf-hnsw` (test "float_environment") due to 2 previous errors
[INFO] [stdout] For more information about this error, try `rustc --explain E0433`.
[INFO] [stdout] 
[INFO] [stdout] error[E0433]: cannot find module or crate `purrdf_testkit` in this scope
[INFO] [stdout]     --> src/relation.rs:1092:23
[INFO] [stdout]      |
[INFO] [stdout] 1092 |             data.push(purrdf_testkit::rng::signed_unit_step_nonzero(
[INFO] [stdout]      |                       ^^^^^^^^^^^^^^ use of unresolved module or unlinked crate `purrdf_testkit`
[INFO] [stdout]      |
[INFO] [stdout]      = help: if you wanted to use a crate named `purrdf_testkit`, use `cargo add purrdf_testkit` to add it to your `Cargo.toml`
[INFO] [stdout] 
[INFO] [stdout] 
[INFO] [stderr] error: could not compile `purrdf-hnsw` (test "sparql_e2e") due to 2 previous errors
[INFO] [stdout] error[E0433]: cannot find module or crate `purrdf_testkit` in this scope
[INFO] [stdout]     --> src/lib.rs:1002:23
[INFO] [stdout]      |
[INFO] [stdout] 1002 |             data.push(purrdf_testkit::rng::signed_unit_step_nonzero(
[INFO] [stdout]      |                       ^^^^^^^^^^^^^^ use of unresolved module or unlinked crate `purrdf_testkit`
[INFO] [stdout]      |
[INFO] [stdout]      = help: if you wanted to use a crate named `purrdf_testkit`, use `cargo add purrdf_testkit` to add it to your `Cargo.toml`
[INFO] [stdout] 
[INFO] [stdout] 
[INFO] [stdout] For more information about this error, try `rustc --explain E0433`.
[INFO] [stdout] 
[INFO] [stderr] error: could not compile `purrdf-hnsw` (test "purremb_roundtrip") due to 2 previous errors
[INFO] [stdout] For more information about this error, try `rustc --explain E0433`.
[INFO] [stdout] 
[INFO] [stderr] error: could not compile `purrdf-hnsw` (test "exclusion_membership") due to 2 previous errors
[INFO] [stdout] For more information about this error, try `rustc --explain E0433`.
[INFO] [stdout] 
[INFO] [stderr] error: could not compile `purrdf-hnsw` (test "oracle_contract") due to 2 previous errors
[INFO] [stdout] error[E0433]: cannot find module or crate `purrdf_testkit` in this scope
[INFO] [stdout]    --> tests/support/corpus.rs:202:9
[INFO] [stdout]     |
[INFO] [stdout] 202 |         purrdf_testkit::rng::signed_unit_step_nonzero(&mut self.0, 0.125)
[INFO] [stdout]     |         ^^^^^^^^^^^^^^ use of unresolved module or unlinked crate `purrdf_testkit`
[INFO] [stdout]     |
[INFO] [stdout]     = help: if you wanted to use a crate named `purrdf_testkit`, use `cargo add purrdf_testkit` to add it to your `Cargo.toml`
[INFO] [stdout] 
[INFO] [stdout] 
[INFO] [stdout] For more information about this error, try `rustc --explain E0433`.
[INFO] [stdout] 
[INFO] [stderr] error: could not compile `purrdf-hnsw` (test "corpus_geometry") due to 2 previous errors
[INFO] [stdout] error[E0433]: cannot find module or crate `purrdf_testkit` in this scope
[INFO] [stdout]    --> tests/support/corpus.rs:220:18
[INFO] [stdout]     |
[INFO] [stdout] 220 |         .map(|_| purrdf_testkit::rng::signed_unit_next_nonzero(&mut state, 0.125))
[INFO] [stdout]     |                  ^^^^^^^^^^^^^^ use of unresolved module or unlinked crate `purrdf_testkit`
[INFO] [stdout]     |
[INFO] [stdout]     = help: if you wanted to use a crate named `purrdf_testkit`, use `cargo add purrdf_testkit` to add it to your `Cargo.toml`
[INFO] [stdout] 
[INFO] [stdout] 
[INFO] [stdout] For more information about this error, try `rustc --explain E0433`.
[INFO] [stdout] 
[INFO] [stderr] error: could not compile `purrdf-hnsw` (test "vector_query") due to 3 previous errors
[INFO] [stdout] For more information about this error, try `rustc --explain E0433`.
[INFO] [stdout] 
[INFO] [stderr] error: could not compile `purrdf-hnsw` (test "invariants") due to 5 previous errors
[INFO] [stdout] For more information about this error, try `rustc --explain E0433`.
[INFO] [stdout] 
[INFO] [stderr] error: could not compile `purrdf-hnsw` (test "conformance") due to 4 previous errors
[INFO] [stdout] For more information about this error, try `rustc --explain E0433`.
[INFO] [stdout] 
[INFO] [stderr] error: could not compile `purrdf-hnsw` (test "ranked_declaration") due to 2 previous errors
[INFO] [stdout] For more information about this error, try `rustc --explain E0433`.
[INFO] [stdout] 
[INFO] [stderr] error: could not compile `purrdf-hnsw` (lib test) due to 3 previous errors
[INFO] running `Command { std: "docker" "inspect" "756d215151273fa3534cf3c7e53d983138bb9a918b6a058650db3aacb1539f23", kill_on_drop: false }`
[INFO] running `Command { std: "docker" "rm" "-f" "756d215151273fa3534cf3c7e53d983138bb9a918b6a058650db3aacb1539f23", kill_on_drop: false }`
[INFO] [stdout] 756d215151273fa3534cf3c7e53d983138bb9a918b6a058650db3aacb1539f23
