[INFO] fetching crate purrdf-ed25519 3.0.1...
[INFO] testing purrdf-ed25519-3.0.1 against 1.100.0-beta.1+cargoflags=--release for beta-release-1.100-2
[INFO] extracting crate purrdf-ed25519 3.0.1 into /workspace/builds/worker-6-tc2/source
[INFO] started tweaking crates.io crate purrdf-ed25519 3.0.1
[INFO] removed 0 missing tests
[INFO] finished tweaking crates.io crate purrdf-ed25519 3.0.1
[INFO] tweaked toml for crates.io crate purrdf-ed25519 3.0.1 written to /workspace/builds/worker-6-tc2/source/Cargo.toml
[INFO] validating manifest of crates.io crate purrdf-ed25519 3.0.1 on toolchain 1.100.0-beta.1
[INFO] running `Command { std: CARGO_HOME="/workspace/cargo-home" RUSTUP_HOME="/workspace/rustup-home" "/workspace/cargo-home/bin/cargo" "+1.100.0-beta.1" "metadata" "--manifest-path" "Cargo.toml" "--no-deps", kill_on_drop: false }`
[INFO] crate crates.io crate purrdf-ed25519 3.0.1 already has a lockfile, it will not be regenerated
[INFO] running `Command { std: CARGO_HOME="/workspace/cargo-home" RUSTUP_HOME="/workspace/rustup-home" "/workspace/cargo-home/bin/cargo" "+1.100.0-beta.1" "fetch" "--manifest-path" "Cargo.toml", kill_on_drop: false }`
[INFO] running `Command { std: "docker" "create" "-v" "/var/lib/crater-agent-workspace/builds/worker-6-tc2/source:/opt/rustwide/workdir:ro,Z" "-v" "/var/lib/crater-agent-workspace/builds/worker-6-tc2/target:/opt/rustwide/target:rw,Z" "-v" "/var/lib/crater-agent-workspace/cargo-home:/opt/rustwide/cargo-home:ro,Z" "-v" "/var/lib/crater-agent-workspace/rustup-home:/opt/rustwide/rustup-home:ro,Z" "-m" "1610612736" "--network" "none" "ghcr.io/rust-lang/crates-build-env/linux@sha256:77db811e55d90add9212f6832c23229e3de5f1c1f9905e8cb07319ea15df73ac" "sleep" "infinity", kill_on_drop: false }`
[INFO] [stdout] 750eea318f1dcc662756b92fdb36ef0b74c9420be7075a5ebe8c0b1dbfda62e7
[INFO] running `Command { std: "docker" "start" "750eea318f1dcc662756b92fdb36ef0b74c9420be7075a5ebe8c0b1dbfda62e7", kill_on_drop: false }`
[INFO] running `Command { std: "docker" "inspect" "750eea318f1dcc662756b92fdb36ef0b74c9420be7075a5ebe8c0b1dbfda62e7", kill_on_drop: false }`
[INFO] running `Command { std: "docker" "exec" "-e" "SOURCE_DIR=/opt/rustwide/workdir" "-e" "CARGO_HOME=/opt/rustwide/cargo-home" "-e" "RUSTUP_HOME=/opt/rustwide/rustup-home" "-e" "CARGO_TARGET_DIR=/opt/rustwide/target" "-w" "/opt/rustwide/workdir" "--user" "0:0" "750eea318f1dcc662756b92fdb36ef0b74c9420be7075a5ebe8c0b1dbfda62e7" "/opt/rustwide/cargo-home/bin/cargo" "+1.100.0-beta.1" "metadata" "--no-deps" "--format-version=1", kill_on_drop: false }`
[INFO] running `Command { std: "docker" "inspect" "750eea318f1dcc662756b92fdb36ef0b74c9420be7075a5ebe8c0b1dbfda62e7", kill_on_drop: false }`
[INFO] running `Command { std: "docker" "exec" "-e" "SOURCE_DIR=/opt/rustwide/workdir" "-e" "CARGO_HOME=/opt/rustwide/cargo-home" "-e" "RUSTUP_HOME=/opt/rustwide/rustup-home" "-e" "CARGO_TARGET_DIR=/opt/rustwide/target" "-e" "CARGO_INCREMENTAL=0" "-e" "RUST_BACKTRACE=full" "-e" "RUSTFLAGS=--cap-lints=warn" "-e" "RUSTDOCFLAGS=--cap-lints=warn" "-w" "/opt/rustwide/workdir" "--user" "0:0" "750eea318f1dcc662756b92fdb36ef0b74c9420be7075a5ebe8c0b1dbfda62e7" "/opt/rustwide/cargo-home/bin/cargo" "+1.100.0-beta.1" "build" "--frozen" "--message-format=json" "--release", kill_on_drop: false }`
[INFO] [stderr]    Compiling purrdf-hash v3.0.1
[INFO] [stderr]    Compiling digest v0.11.3
[INFO] [stderr]    Compiling sha2 v0.11.0
[INFO] [stderr]    Compiling purrdf-ed25519 v3.0.1 (/opt/rustwide/workdir)
[INFO] [stderr]     Finished `release` profile [optimized] target(s) in 15.84s
[INFO] running `Command { std: "docker" "inspect" "750eea318f1dcc662756b92fdb36ef0b74c9420be7075a5ebe8c0b1dbfda62e7", kill_on_drop: false }`
[INFO] running `Command { std: "docker" "exec" "-e" "SOURCE_DIR=/opt/rustwide/workdir" "-e" "CARGO_HOME=/opt/rustwide/cargo-home" "-e" "RUSTUP_HOME=/opt/rustwide/rustup-home" "-e" "CARGO_TARGET_DIR=/opt/rustwide/target" "-e" "CARGO_INCREMENTAL=0" "-e" "RUST_BACKTRACE=full" "-e" "RUSTFLAGS=--cap-lints=warn" "-e" "RUSTDOCFLAGS=--cap-lints=warn" "-w" "/opt/rustwide/workdir" "--user" "0:0" "750eea318f1dcc662756b92fdb36ef0b74c9420be7075a5ebe8c0b1dbfda62e7" "/opt/rustwide/cargo-home/bin/cargo" "+1.100.0-beta.1" "test" "--frozen" "--no-run" "--message-format=json" "--release", kill_on_drop: false }`
[INFO] [stderr]    Compiling purrdf-lex v3.0.1
[INFO] [stderr]    Compiling purrdf-ed25519 v3.0.1 (/opt/rustwide/workdir)
[INFO] [stdout] error[E0433]: cannot find module or crate `purrdf_testkit` in this scope
[INFO] [stdout]    --> src/field.rs:305:9
[INFO] [stdout]     |
[INFO] [stdout] 305 |     use purrdf_testkit::rng::SplitMix64;
[INFO] [stdout]     |         ^^^^^^^^^^^^^^ use of unresolved module or unlinked crate `purrdf_testkit`
[INFO] [stdout]     |
[INFO] [stdout]     = help: if you wanted to use a crate named `purrdf_testkit`, use `cargo add purrdf_testkit` to add it to your `Cargo.toml`
[INFO] [stdout] 
[INFO] [stdout] 
[INFO] [stdout] error[E0433]: cannot find module or crate `purrdf_testkit` in this scope
[INFO] [stdout]    --> src/point.rs:327:9
[INFO] [stdout]     |
[INFO] [stdout] 327 |     use purrdf_testkit::rng::SplitMix64;
[INFO] [stdout]     |         ^^^^^^^^^^^^^^ use of unresolved module or unlinked crate `purrdf_testkit`
[INFO] [stdout]     |
[INFO] [stdout]     = help: if you wanted to use a crate named `purrdf_testkit`, use `cargo add purrdf_testkit` to add it to your `Cargo.toml`
[INFO] [stdout] 
[INFO] [stdout] 
[INFO] [stdout] error[E0433]: cannot find module or crate `purrdf_testkit` in this scope
[INFO] [stdout]    --> src/scalar.rs:296:9
[INFO] [stdout]     |
[INFO] [stdout] 296 |     use purrdf_testkit::rng::SplitMix64;
[INFO] [stdout]     |         ^^^^^^^^^^^^^^ use of unresolved module or unlinked crate `purrdf_testkit`
[INFO] [stdout]     |
[INFO] [stdout]     = help: if you wanted to use a crate named `purrdf_testkit`, use `cargo add purrdf_testkit` to add it to your `Cargo.toml`
[INFO] [stdout] 
[INFO] [stdout] 
[INFO] [stdout] error[E0433]: cannot find module or crate `purrdf_testkit` in this scope
[INFO] [stdout]  --> src/strictness_tests.rs:9:5
[INFO] [stdout]   |
[INFO] [stdout] 9 | use purrdf_testkit::rng::SplitMix64;
[INFO] [stdout]   |     ^^^^^^^^^^^^^^ use of unresolved module or unlinked crate `purrdf_testkit`
[INFO] [stdout]   |
[INFO] [stdout]   = help: if you wanted to use a crate named `purrdf_testkit`, use `cargo add purrdf_testkit` to add it to your `Cargo.toml`
[INFO] [stdout] 
[INFO] [stdout] 
[INFO] [stdout] error[E0433]: cannot find module or crate `purrdf_testkit` in this scope
[INFO] [stdout]   --> src/strictness_tests.rs:10:5
[INFO] [stdout]    |
[INFO] [stdout] 10 | use purrdf_testkit::vectors::{VectorFile, encode_str};
[INFO] [stdout]    |     ^^^^^^^^^^^^^^ use of unresolved module or unlinked crate `purrdf_testkit`
[INFO] [stdout]    |
[INFO] [stdout]    = help: if you wanted to use a crate named `purrdf_testkit`, use `cargo add purrdf_testkit` to add it to your `Cargo.toml`
[INFO] [stdout] 
[INFO] [stdout] 
[INFO] [stdout] error[E0433]: cannot find module or crate `purrdf_testkit` in this scope
[INFO] [stdout]   --> tests/wycheproof.rs:23:5
[INFO] [stdout]    |
[INFO] [stdout] 23 | use purrdf_testkit::paths::workspace_root;
[INFO] [stdout]    |     ^^^^^^^^^^^^^^ use of unresolved module or unlinked crate `purrdf_testkit`
[INFO] [stdout]    |
[INFO] [stdout]    = help: if you wanted to use a crate named `purrdf_testkit`, use `cargo add purrdf_testkit` to add it to your `Cargo.toml`
[INFO] [stdout] 
[INFO] [stdout] 
[INFO] [stdout] For more information about this error, try `rustc --explain E0433`.
[INFO] [stdout] 
[INFO] [stderr] error: could not compile `purrdf-ed25519` (test "wycheproof") due to 1 previous error
[INFO] [stderr] warning: build failed, waiting for other jobs to finish...
[INFO] [stdout] error[E0433]: cannot find module or crate `purrdf_testkit` in this scope
[INFO] [stdout]   --> tests/reference_vectors.rs:12:5
[INFO] [stdout]    |
[INFO] [stdout] 12 | use purrdf_testkit::rng::SplitMix64;
[INFO] [stdout]    |     ^^^^^^^^^^^^^^ use of unresolved module or unlinked crate `purrdf_testkit`
[INFO] [stdout]    |
[INFO] [stdout]    = help: if you wanted to use a crate named `purrdf_testkit`, use `cargo add purrdf_testkit` to add it to your `Cargo.toml`
[INFO] [stdout] 
[INFO] [stdout] 
[INFO] [stdout] error[E0433]: cannot find module or crate `purrdf_testkit` in this scope
[INFO] [stdout]   --> tests/reference_vectors.rs:13:5
[INFO] [stdout]    |
[INFO] [stdout] 13 | use purrdf_testkit::vectors::{VectorFile, decode_str, encode_str};
[INFO] [stdout]    |     ^^^^^^^^^^^^^^ use of unresolved module or unlinked crate `purrdf_testkit`
[INFO] [stdout]    |
[INFO] [stdout]    = help: if you wanted to use a crate named `purrdf_testkit`, use `cargo add purrdf_testkit` to add it to your `Cargo.toml`
[INFO] [stdout] 
[INFO] [stdout] 
[INFO] [stdout] For more information about this error, try `rustc --explain E0433`.
[INFO] [stdout] 
[INFO] [stderr] error: could not compile `purrdf-ed25519` (test "reference_vectors") due to 2 previous errors
[INFO] [stdout] For more information about this error, try `rustc --explain E0433`.
[INFO] [stdout] 
[INFO] [stderr] error: could not compile `purrdf-ed25519` (lib test) due to 5 previous errors
[INFO] running `Command { std: "docker" "inspect" "750eea318f1dcc662756b92fdb36ef0b74c9420be7075a5ebe8c0b1dbfda62e7", kill_on_drop: false }`
[INFO] running `Command { std: "docker" "rm" "-f" "750eea318f1dcc662756b92fdb36ef0b74c9420be7075a5ebe8c0b1dbfda62e7", kill_on_drop: false }`
[INFO] [stdout] 750eea318f1dcc662756b92fdb36ef0b74c9420be7075a5ebe8c0b1dbfda62e7
