[INFO] fetching crate purrdf-deflate 3.0.1...
[INFO] testing purrdf-deflate-3.0.1 against 1.100.0-beta.1+cargoflags=--release for beta-release-1.100-2
[INFO] extracting crate purrdf-deflate 3.0.1 into /workspace/builds/worker-2-tc2/source
[INFO] started tweaking crates.io crate purrdf-deflate 3.0.1
[INFO] removed 0 missing tests
[INFO] finished tweaking crates.io crate purrdf-deflate 3.0.1
[INFO] tweaked toml for crates.io crate purrdf-deflate 3.0.1 written to /workspace/builds/worker-2-tc2/source/Cargo.toml
[INFO] validating manifest of crates.io crate purrdf-deflate 3.0.1 on toolchain 1.100.0-beta.1
[INFO] running `Command { std: CARGO_HOME="/workspace/cargo-home" RUSTUP_HOME="/workspace/rustup-home" "/workspace/cargo-home/bin/cargo" "+1.100.0-beta.1" "metadata" "--manifest-path" "Cargo.toml" "--no-deps", kill_on_drop: false }`
[INFO] crate crates.io crate purrdf-deflate 3.0.1 already has a lockfile, it will not be regenerated
[INFO] running `Command { std: CARGO_HOME="/workspace/cargo-home" RUSTUP_HOME="/workspace/rustup-home" "/workspace/cargo-home/bin/cargo" "+1.100.0-beta.1" "fetch" "--manifest-path" "Cargo.toml", kill_on_drop: false }`
[INFO] [stderr]     Blocking waiting for file lock on package cache
[INFO] [stderr]     Blocking waiting for file lock on package cache
[INFO] running `Command { std: "docker" "create" "-v" "/var/lib/crater-agent-workspace/builds/worker-2-tc2/source:/opt/rustwide/workdir:ro,Z" "-v" "/var/lib/crater-agent-workspace/builds/worker-2-tc2/target:/opt/rustwide/target:rw,Z" "-v" "/var/lib/crater-agent-workspace/cargo-home:/opt/rustwide/cargo-home:ro,Z" "-v" "/var/lib/crater-agent-workspace/rustup-home:/opt/rustwide/rustup-home:ro,Z" "-m" "1610612736" "--network" "none" "ghcr.io/rust-lang/crates-build-env/linux@sha256:77db811e55d90add9212f6832c23229e3de5f1c1f9905e8cb07319ea15df73ac" "sleep" "infinity", kill_on_drop: false }`
[INFO] [stdout] 36a38bea93f8204ff84e2bf6f6888fccc72c0b5ad92caf34f08fa773c179ffff
[INFO] running `Command { std: "docker" "start" "36a38bea93f8204ff84e2bf6f6888fccc72c0b5ad92caf34f08fa773c179ffff", kill_on_drop: false }`
[INFO] running `Command { std: "docker" "inspect" "36a38bea93f8204ff84e2bf6f6888fccc72c0b5ad92caf34f08fa773c179ffff", kill_on_drop: false }`
[INFO] running `Command { std: "docker" "exec" "-e" "SOURCE_DIR=/opt/rustwide/workdir" "-e" "CARGO_HOME=/opt/rustwide/cargo-home" "-e" "RUSTUP_HOME=/opt/rustwide/rustup-home" "-e" "CARGO_TARGET_DIR=/opt/rustwide/target" "-w" "/opt/rustwide/workdir" "--user" "0:0" "36a38bea93f8204ff84e2bf6f6888fccc72c0b5ad92caf34f08fa773c179ffff" "/opt/rustwide/cargo-home/bin/cargo" "+1.100.0-beta.1" "metadata" "--no-deps" "--format-version=1", kill_on_drop: false }`
[INFO] running `Command { std: "docker" "inspect" "36a38bea93f8204ff84e2bf6f6888fccc72c0b5ad92caf34f08fa773c179ffff", kill_on_drop: false }`
[INFO] running `Command { std: "docker" "exec" "-e" "SOURCE_DIR=/opt/rustwide/workdir" "-e" "CARGO_HOME=/opt/rustwide/cargo-home" "-e" "RUSTUP_HOME=/opt/rustwide/rustup-home" "-e" "CARGO_TARGET_DIR=/opt/rustwide/target" "-e" "CARGO_INCREMENTAL=0" "-e" "RUST_BACKTRACE=full" "-e" "RUSTFLAGS=--cap-lints=warn" "-e" "RUSTDOCFLAGS=--cap-lints=warn" "-w" "/opt/rustwide/workdir" "--user" "0:0" "36a38bea93f8204ff84e2bf6f6888fccc72c0b5ad92caf34f08fa773c179ffff" "/opt/rustwide/cargo-home/bin/cargo" "+1.100.0-beta.1" "build" "--frozen" "--message-format=json" "--release", kill_on_drop: false }`
[INFO] [stderr]    Compiling purrdf-hash v3.0.1
[INFO] [stderr]    Compiling purrdf-deflate v3.0.1 (/opt/rustwide/workdir)
[INFO] [stderr]     Finished `release` profile [optimized] target(s) in 11.34s
[INFO] running `Command { std: "docker" "inspect" "36a38bea93f8204ff84e2bf6f6888fccc72c0b5ad92caf34f08fa773c179ffff", kill_on_drop: false }`
[INFO] running `Command { std: "docker" "exec" "-e" "SOURCE_DIR=/opt/rustwide/workdir" "-e" "CARGO_HOME=/opt/rustwide/cargo-home" "-e" "RUSTUP_HOME=/opt/rustwide/rustup-home" "-e" "CARGO_TARGET_DIR=/opt/rustwide/target" "-e" "CARGO_INCREMENTAL=0" "-e" "RUST_BACKTRACE=full" "-e" "RUSTFLAGS=--cap-lints=warn" "-e" "RUSTDOCFLAGS=--cap-lints=warn" "-w" "/opt/rustwide/workdir" "--user" "0:0" "36a38bea93f8204ff84e2bf6f6888fccc72c0b5ad92caf34f08fa773c179ffff" "/opt/rustwide/cargo-home/bin/cargo" "+1.100.0-beta.1" "test" "--frozen" "--no-run" "--message-format=json" "--release", kill_on_drop: false }`
[INFO] [stderr]    Compiling purrdf-deflate v3.0.1 (/opt/rustwide/workdir)
[INFO] [stdout] error: couldn't read `tests/../../../vectors/tar/gzip-basic.tar.gz`: No such file or directory (os error 2)
[INFO] [stdout]    --> tests/deflate_conformance.rs:633:16
[INFO] [stdout]     |
[INFO] [stdout] 633 |     let data = include_bytes!("../../../vectors/tar/gzip-basic.tar.gz");
[INFO] [stdout]     |                ^^^^^^^^^^^^^^^^^^^^^^^^^^^^^^^^^^^^^^^^^^^^^^^^^^^^^^^^
[INFO] [stdout] 
[INFO] [stdout] 
[INFO] [stdout] error[E0433]: cannot find module or crate `purrdf_testkit` in this scope
[INFO] [stdout]   --> tests/deflate_conformance.rs:13:5
[INFO] [stdout]    |
[INFO] [stdout] 13 | use purrdf_testkit::rng::{splitmix64_bytes, xoshiro256_bytes};
[INFO] [stdout]    |     ^^^^^^^^^^^^^^ use of unresolved module or unlinked crate `purrdf_testkit`
[INFO] [stdout]    |
[INFO] [stdout]    = help: if you wanted to use a crate named `purrdf_testkit`, use `cargo add purrdf_testkit` to add it to your `Cargo.toml`
[INFO] [stdout] 
[INFO] [stdout] 
[INFO] [stdout] error[E0433]: cannot find module or crate `purrdf_testkit` in this scope
[INFO] [stdout]   --> tests/deflate_conformance.rs:24:5
[INFO] [stdout]    |
[INFO] [stdout] 24 | use purrdf_testkit::rng::Xoshiro256;
[INFO] [stdout]    |     ^^^^^^^^^^^^^^ use of unresolved module or unlinked crate `purrdf_testkit`
[INFO] [stdout]    |
[INFO] [stdout]    = help: if you wanted to use a crate named `purrdf_testkit`, use `cargo add purrdf_testkit` to add it to your `Cargo.toml`
[INFO] [stdout] 
[INFO] [stdout] 
[INFO] [stdout] error[E0433]: cannot find module or crate `purrdf_testkit` in this scope
[INFO] [stdout]     --> tests/deflate_conformance.rs:1565:1
[INFO] [stdout]      |
[INFO] [stdout] 1565 | purrdf_testkit::harness_main!(
[INFO] [stdout]      | ^^^^^^^^^^^^^^ use of unresolved module or unlinked crate `purrdf_testkit`
[INFO] [stdout] 
[INFO] [stdout] 
[INFO] [stdout] error[E0432]: unresolved import `purrdf_alloc_probe`
[INFO] [stdout]  --> tests/allocation_budget.rs:6:5
[INFO] [stdout]   |
[INFO] [stdout] 6 | use purrdf_alloc_probe::{CountingAllocator, CurrentThreadWindow};
[INFO] [stdout]   |     ^^^^^^^^^^^^^^^^^^ use of unresolved module or unlinked crate `purrdf_alloc_probe`
[INFO] [stdout]   |
[INFO] [stdout]   = help: if you wanted to use a crate named `purrdf_alloc_probe`, use `cargo add purrdf_alloc_probe` to add it to your `Cargo.toml`
[INFO] [stdout] 
[INFO] [stdout] 
[INFO] [stdout] error[E0433]: cannot find module or crate `purrdf_testkit` in this scope
[INFO] [stdout]    --> tests/deflate_conformance.rs:319:9
[INFO] [stdout]     |
[INFO] [stdout] 319 |         purrdf_testkit::harness::print_line(&format!("deflate: {} agrees", backend.name()));
[INFO] [stdout]     |         ^^^^^^^^^^^^^^ use of unresolved module or unlinked crate `purrdf_testkit`
[INFO] [stdout]     |
[INFO] [stdout]     = help: if you wanted to use a crate named `purrdf_testkit`, use `cargo add purrdf_testkit` to add it to your `Cargo.toml`
[INFO] [stdout] 
[INFO] [stdout] 
[INFO] [stdout] For more information about this error, try `rustc --explain E0432`.
[INFO] [stdout] 
[INFO] [stdout] error[E0433]: cannot find module or crate `purrdf_testkit` in this scope
[INFO] [stdout]     --> tests/deflate_conformance.rs:1361:16
[INFO] [stdout]      |
[INFO] [stdout] 1361 |     let file = purrdf_testkit::vectors::VectorFile::parse(MATCH_LENGTH_VECTORS)
[INFO] [stdout]      |                ^^^^^^^^^^^^^^ use of unresolved module or unlinked crate `purrdf_testkit`
[INFO] [stdout]      |
[INFO] [stdout]      = help: if you wanted to use a crate named `purrdf_testkit`, use `cargo add purrdf_testkit` to add it to your `Cargo.toml`
[INFO] [stdout] 
[INFO] [stdout] 
[INFO] [stdout] error[E0433]: cannot find module or crate `purrdf_testkit` in this scope
[INFO] [stdout]     --> tests/deflate_conformance.rs:1381:16
[INFO] [stdout]      |
[INFO] [stdout] 1381 |     let file = purrdf_testkit::vectors::VectorFile::parse(MATCH_LENGTH_VECTORS)
[INFO] [stdout]      |                ^^^^^^^^^^^^^^ use of unresolved module or unlinked crate `purrdf_testkit`
[INFO] [stdout]      |
[INFO] [stdout]      = help: if you wanted to use a crate named `purrdf_testkit`, use `cargo add purrdf_testkit` to add it to your `Cargo.toml`
[INFO] [stdout] 
[INFO] [stdout] 
[INFO] [stderr] error: could not compile `purrdf-deflate` (test "allocation_budget") due to 1 previous error
[INFO] [stderr] warning: build failed, waiting for other jobs to finish...
[INFO] [stdout] error[E0433]: cannot find module or crate `purrdf_testkit` in this scope
[INFO] [stdout]     --> tests/deflate_conformance.rs:1410:24
[INFO] [stdout]      |
[INFO] [stdout] 1410 |     let mut recorder = purrdf_testkit::vectors::Recorder::new();
[INFO] [stdout]      |                        ^^^^^^^^^^^^^^ use of unresolved module or unlinked crate `purrdf_testkit`
[INFO] [stdout]      |
[INFO] [stdout]      = help: if you wanted to use a crate named `purrdf_testkit`, use `cargo add purrdf_testkit` to add it to your `Cargo.toml`
[INFO] [stdout] 
[INFO] [stdout] 
[INFO] [stdout] error[E0433]: cannot find module or crate `purrdf_testkit` in this scope
[INFO] [stdout]     --> tests/deflate_conformance.rs:1463:5
[INFO] [stdout]      |
[INFO] [stdout] 1463 |     purrdf_testkit::harness::print_line("recorded the match-length vectors");
[INFO] [stdout]      |     ^^^^^^^^^^^^^^ use of unresolved module or unlinked crate `purrdf_testkit`
[INFO] [stdout]      |
[INFO] [stdout]      = help: if you wanted to use a crate named `purrdf_testkit`, use `cargo add purrdf_testkit` to add it to your `Cargo.toml`
[INFO] [stdout] 
[INFO] [stdout] 
[INFO] [stdout] error[E0433]: cannot find module or crate `purrdf_testkit` in this scope
[INFO] [stdout]     --> tests/deflate_conformance.rs:1497:5
[INFO] [stdout]      |
[INFO] [stdout] 1497 |     purrdf_testkit::harness::print_line(&format!("deflate: selected path {}", selected.name()));
[INFO] [stdout]      |     ^^^^^^^^^^^^^^ use of unresolved module or unlinked crate `purrdf_testkit`
[INFO] [stdout]      |
[INFO] [stdout]      = help: if you wanted to use a crate named `purrdf_testkit`, use `cargo add purrdf_testkit` to add it to your `Cargo.toml`
[INFO] [stdout] 
[INFO] [stdout] 
[INFO] [stdout] error[E0601]: `main` function not found in crate `deflate_conformance`
[INFO] [stdout]     --> tests/deflate_conformance.rs:1616:3
[INFO] [stdout]      |
[INFO] [stdout] 1616 | );
[INFO] [stdout]      |   ^ consider adding a `main` function to `tests/deflate_conformance.rs`
[INFO] [stdout] 
[INFO] [stdout] 
[INFO] [stdout] Some errors have detailed explanations: E0433, E0601.
[INFO] [stdout] 
[INFO] [stdout] For more information about an error, try `rustc --explain E0433`.
[INFO] [stdout] 
[INFO] [stderr] error: could not compile `purrdf-deflate` (test "deflate_conformance") due to 11 previous errors
[INFO] running `Command { std: "docker" "inspect" "36a38bea93f8204ff84e2bf6f6888fccc72c0b5ad92caf34f08fa773c179ffff", kill_on_drop: false }`
[INFO] running `Command { std: "docker" "rm" "-f" "36a38bea93f8204ff84e2bf6f6888fccc72c0b5ad92caf34f08fa773c179ffff", kill_on_drop: false }`
[INFO] [stdout] 36a38bea93f8204ff84e2bf6f6888fccc72c0b5ad92caf34f08fa773c179ffff
