[INFO] fetching crate pubmed-parser 0.4.1...
[INFO] testing pubmed-parser-0.4.1 against 1.100.0-beta.1+cargoflags=--release for beta-release-1.100-2
[INFO] extracting crate pubmed-parser 0.4.1 into /workspace/builds/worker-4-tc2/source
[INFO] started tweaking crates.io crate pubmed-parser 0.4.1
[INFO] removed 0 missing examples
[INFO] removed 0 missing tests
[INFO] finished tweaking crates.io crate pubmed-parser 0.4.1
[INFO] tweaked toml for crates.io crate pubmed-parser 0.4.1 written to /workspace/builds/worker-4-tc2/source/Cargo.toml
[INFO] validating manifest of crates.io crate pubmed-parser 0.4.1 on toolchain 1.100.0-beta.1
[INFO] running `Command { std: CARGO_HOME="/workspace/cargo-home" RUSTUP_HOME="/workspace/rustup-home" "/workspace/cargo-home/bin/cargo" "+1.100.0-beta.1" "metadata" "--manifest-path" "Cargo.toml" "--no-deps", kill_on_drop: false }`
[INFO] crate crates.io crate pubmed-parser 0.4.1 already has a lockfile, it will not be regenerated
[INFO] running `Command { std: CARGO_HOME="/workspace/cargo-home" RUSTUP_HOME="/workspace/rustup-home" "/workspace/cargo-home/bin/cargo" "+1.100.0-beta.1" "fetch" "--manifest-path" "Cargo.toml", kill_on_drop: false }`
[INFO] running `Command { std: "docker" "create" "-v" "/var/lib/crater-agent-workspace/builds/worker-4-tc2/source:/opt/rustwide/workdir:ro,Z" "-v" "/var/lib/crater-agent-workspace/builds/worker-4-tc2/target:/opt/rustwide/target:rw,Z" "-v" "/var/lib/crater-agent-workspace/cargo-home:/opt/rustwide/cargo-home:ro,Z" "-v" "/var/lib/crater-agent-workspace/rustup-home:/opt/rustwide/rustup-home:ro,Z" "-m" "1610612736" "--network" "none" "ghcr.io/rust-lang/crates-build-env/linux@sha256:77db811e55d90add9212f6832c23229e3de5f1c1f9905e8cb07319ea15df73ac" "sleep" "infinity", kill_on_drop: false }`
[INFO] [stdout] a40622c3a199dda46cffa7a006414b08db666c807bdc568a9a3832a16200e255
[INFO] running `Command { std: "docker" "start" "a40622c3a199dda46cffa7a006414b08db666c807bdc568a9a3832a16200e255", kill_on_drop: false }`
[INFO] running `Command { std: "docker" "inspect" "a40622c3a199dda46cffa7a006414b08db666c807bdc568a9a3832a16200e255", kill_on_drop: false }`
[INFO] running `Command { std: "docker" "exec" "-e" "SOURCE_DIR=/opt/rustwide/workdir" "-e" "CARGO_HOME=/opt/rustwide/cargo-home" "-e" "RUSTUP_HOME=/opt/rustwide/rustup-home" "-e" "CARGO_TARGET_DIR=/opt/rustwide/target" "-w" "/opt/rustwide/workdir" "--user" "0:0" "a40622c3a199dda46cffa7a006414b08db666c807bdc568a9a3832a16200e255" "/opt/rustwide/cargo-home/bin/cargo" "+1.100.0-beta.1" "metadata" "--no-deps" "--format-version=1", kill_on_drop: false }`
[INFO] running `Command { std: "docker" "inspect" "a40622c3a199dda46cffa7a006414b08db666c807bdc568a9a3832a16200e255", kill_on_drop: false }`
[INFO] running `Command { std: "docker" "exec" "-e" "SOURCE_DIR=/opt/rustwide/workdir" "-e" "CARGO_HOME=/opt/rustwide/cargo-home" "-e" "RUSTUP_HOME=/opt/rustwide/rustup-home" "-e" "CARGO_TARGET_DIR=/opt/rustwide/target" "-e" "CARGO_INCREMENTAL=0" "-e" "RUST_BACKTRACE=full" "-e" "RUSTFLAGS=--cap-lints=warn" "-e" "RUSTDOCFLAGS=--cap-lints=warn" "-w" "/opt/rustwide/workdir" "--user" "0:0" "a40622c3a199dda46cffa7a006414b08db666c807bdc568a9a3832a16200e255" "/opt/rustwide/cargo-home/bin/cargo" "+1.100.0-beta.1" "build" "--frozen" "--message-format=json" "--release", kill_on_drop: false }`
[INFO] [stderr]    Compiling proc-macro2 v1.0.106
[INFO] [stderr]    Compiling thiserror v2.0.20
[INFO] [stderr]    Compiling aho-corasick v1.1.3
[INFO] [stderr]    Compiling serde_json v1.0.151
[INFO] [stderr]    Compiling quote v1.0.44
[INFO] [stderr]    Compiling syn v3.0.3
[INFO] [stderr]    Compiling syn v2.0.117
[INFO] [stderr]    Compiling regex-automata v0.4.18
[INFO] [stderr]    Compiling serde_derive v1.0.229
[INFO] [stderr]    Compiling thiserror-impl v2.0.20
[INFO] [stderr]    Compiling tracing-attributes v0.1.31
[INFO] [stderr]    Compiling regex v1.13.1
[INFO] [stderr]    Compiling tracing v0.1.44
[INFO] [stderr]    Compiling serde v1.0.229
[INFO] [stderr]    Compiling quick-xml v0.41.0
[INFO] [stderr]    Compiling pubmed-parser v0.4.1 (/opt/rustwide/workdir)
[INFO] [stderr] warning: unused dependency `urlencoding`
[INFO] [stderr]   --> Cargo.toml:31:15
[INFO] [stderr]    |
[INFO] [stderr] 31 | [dependencies.urlencoding]
[INFO] [stderr]    |               ^^^^^^^^^^^^
[INFO] [stderr]    |
[INFO] [stderr]    = note: `cargo::unused_dependencies` is set to `warn` by default
[INFO] [stderr] help: consider removing the dependency on `urlencoding`
[INFO] [stderr] warning: `pubmed-parser` (manifest) generated 1 warning
[INFO] [stderr]     Finished `release` profile [optimized] target(s) in 46.97s
[INFO] running `Command { std: "docker" "inspect" "a40622c3a199dda46cffa7a006414b08db666c807bdc568a9a3832a16200e255", kill_on_drop: false }`
[INFO] running `Command { std: "docker" "exec" "-e" "SOURCE_DIR=/opt/rustwide/workdir" "-e" "CARGO_HOME=/opt/rustwide/cargo-home" "-e" "RUSTUP_HOME=/opt/rustwide/rustup-home" "-e" "CARGO_TARGET_DIR=/opt/rustwide/target" "-e" "CARGO_INCREMENTAL=0" "-e" "RUST_BACKTRACE=full" "-e" "RUSTFLAGS=--cap-lints=warn" "-e" "RUSTDOCFLAGS=--cap-lints=warn" "-w" "/opt/rustwide/workdir" "--user" "0:0" "a40622c3a199dda46cffa7a006414b08db666c807bdc568a9a3832a16200e255" "/opt/rustwide/cargo-home/bin/cargo" "+1.100.0-beta.1" "test" "--frozen" "--no-run" "--message-format=json" "--release", kill_on_drop: false }`
[INFO] [stderr]    Compiling syn v3.0.3
[INFO] [stderr]    Compiling syn v2.0.117
[INFO] [stderr]    Compiling tracing-core v0.1.36
[INFO] [stderr]    Compiling regex-automata v0.4.18
[INFO] [stderr]    Compiling winnow v0.7.13
[INFO] [stderr]    Compiling memchr v2.7.5
[INFO] [stderr]    Compiling indexmap v2.13.0
[INFO] [stderr]    Compiling cc v1.2.27
[INFO] [stderr]    Compiling num-traits v0.2.19
[INFO] [stderr]    Compiling toml_datetime v1.0.0+spec-1.1.0
[INFO] [stderr]    Compiling rstest_macros v0.26.1
[INFO] [stderr]    Compiling serde_json v1.0.151
[INFO] [stderr]    Compiling half v2.6.0
[INFO] [stderr]    Compiling ciborium-io v0.2.2
[INFO] [stderr]    Compiling clap_lex v1.1.0
[INFO] [stderr]    Compiling rustix v1.1.4
[INFO] [stderr]    Compiling getrandom v0.4.3
[INFO] [stderr]    Compiling clap_builder v4.5.60
[INFO] [stderr]    Compiling ciborium-ll v0.2.2
[INFO] [stderr]    Compiling thread_local v1.1.9
[INFO] [stderr]    Compiling glob v0.3.2
[INFO] [stderr]    Compiling relative-path v1.9.3
[INFO] [stderr]    Compiling slab v0.4.11
[INFO] [stderr]    Compiling criterion-plot v0.8.2
[INFO] [stderr]    Compiling rayon v1.12.0
[INFO] [stderr]    Compiling console v0.16.4
[INFO] [stderr]    Compiling page_size v0.6.0
[INFO] [stderr]    Compiling anes v0.1.6
[INFO] [stderr]    Compiling tracing-log v0.2.0
[INFO] [stderr]    Compiling aho-corasick v1.1.3
[INFO] [stderr]    Compiling plotters v0.3.7
[INFO] [stderr]    Compiling alloca v0.4.0
[INFO] [stderr]    Compiling toml_parser v1.0.9+spec-1.1.0
[INFO] [stderr]    Compiling tempfile v3.27.0
[INFO] [stderr]    Compiling toml_edit v0.25.4+spec-1.1.0
[INFO] [stderr]    Compiling clap v4.5.60
[INFO] [stderr]    Compiling proc-macro-crate v3.5.0
[INFO] [stderr]    Compiling serde_derive v1.0.229
[INFO] [stderr]    Compiling thiserror-impl v2.0.20
[INFO] [stderr]    Compiling futures-macro v0.3.34
[INFO] [stderr]    Compiling futures-util v0.3.34
[INFO] [stderr]    Compiling thiserror v2.0.20
[INFO] [stderr]    Compiling regex v1.13.1
[INFO] [stderr]    Compiling tracing-attributes v0.1.31
[INFO] [stderr]    Compiling tracing-test-macro v0.2.6
[INFO] [stderr]    Compiling serde v1.0.229
[INFO] [stderr]    Compiling matchers v0.2.0
[INFO] [stderr]    Compiling tracing v0.1.44
[INFO] [stderr]    Compiling tinytemplate v1.2.1
[INFO] [stderr]    Compiling quick-xml v0.41.0
[INFO] [stderr]    Compiling ciborium v0.2.2
[INFO] [stderr]    Compiling tracing-subscriber v0.3.23
[INFO] [stderr]    Compiling insta v1.48.0
[INFO] [stderr]    Compiling criterion v0.8.2
[INFO] [stderr]    Compiling rstest v0.26.1
[INFO] [stderr]    Compiling pubmed-parser v0.4.1 (/opt/rustwide/workdir)
[INFO] [stderr]    Compiling tracing-test v0.2.6
[INFO] [stdout] error[E0432]: unresolved import `pubmed_test_utils`
[INFO] [stdout]  --> tests/integration/parsing/../common/mod.rs:4:9
[INFO] [stdout]   |
[INFO] [stdout] 4 | pub use pubmed_test_utils::{PmcXmlTestCase, PubMedXmlTestCase};
[INFO] [stdout]   |         ^^^^^^^^^^^^^^^^^ use of unresolved module or unlinked crate `pubmed_test_utils`
[INFO] [stdout]   |
[INFO] [stdout]   = help: if you wanted to use a crate named `pubmed_test_utils`, use `cargo add pubmed_test_utils` to add it to your `Cargo.toml`
[INFO] [stdout] 
[INFO] [stdout] 
[INFO] [stdout] error[E0432]: unresolved import `pubmed_test_utils`
[INFO] [stdout]  --> tests/integration/parsing/../common/mod.rs:4:9
[INFO] [stdout]   |
[INFO] [stdout] 4 | pub use pubmed_test_utils::{PmcXmlTestCase, PubMedXmlTestCase};
[INFO] [stdout]   |         ^^^^^^^^^^^^^^^^^ use of unresolved module or unlinked crate `pubmed_test_utils`
[INFO] [stdout]   |
[INFO] [stdout]   = help: if you wanted to use a crate named `pubmed_test_utils`, use `cargo add pubmed_test_utils` to add it to your `Cargo.toml`
[INFO] [stdout] 
[INFO] [stdout] 
[INFO] [stdout] error[E0433]: cannot find module or crate `pubmed_test_utils` in this scope
[INFO] [stdout]  --> tests/integration/parsing/../common/mod.rs:7:5
[INFO] [stdout]   |
[INFO] [stdout] 7 |     pubmed_test_utils::get_pmc_xml_test_cases_from(env!("CARGO_MANIFEST_DIR"))
[INFO] [stdout]   |     ^^^^^^^^^^^^^^^^^ use of unresolved module or unlinked crate `pubmed_test_utils`
[INFO] [stdout]   |
[INFO] [stdout]   = help: if you wanted to use a crate named `pubmed_test_utils`, use `cargo add pubmed_test_utils` to add it to your `Cargo.toml`
[INFO] [stdout] 
[INFO] [stdout] 
[INFO] [stdout] error[E0433]: cannot find module or crate `pubmed_test_utils` in this scope
[INFO] [stdout]   --> tests/integration/parsing/../common/mod.rs:11:5
[INFO] [stdout]    |
[INFO] [stdout] 11 |     pubmed_test_utils::get_pmc_xml_test_case_from(env!("CARGO_MANIFEST_DIR"), filename)
[INFO] [stdout]    |     ^^^^^^^^^^^^^^^^^ use of unresolved module or unlinked crate `pubmed_test_utils`
[INFO] [stdout]    |
[INFO] [stdout]    = help: if you wanted to use a crate named `pubmed_test_utils`, use `cargo add pubmed_test_utils` to add it to your `Cargo.toml`
[INFO] [stdout] 
[INFO] [stdout] 
[INFO] [stdout] error[E0433]: cannot find module or crate `pubmed_test_utils` in this scope
[INFO] [stdout]   --> tests/integration/parsing/../common/mod.rs:19:5
[INFO] [stdout]    |
[INFO] [stdout] 19 |     pubmed_test_utils::get_pubmed_xml_test_cases_from(env!("CARGO_MANIFEST_DIR"))
[INFO] [stdout]    |     ^^^^^^^^^^^^^^^^^ use of unresolved module or unlinked crate `pubmed_test_utils`
[INFO] [stdout]    |
[INFO] [stdout]    = help: if you wanted to use a crate named `pubmed_test_utils`, use `cargo add pubmed_test_utils` to add it to your `Cargo.toml`
[INFO] [stdout] 
[INFO] [stdout] 
[INFO] [stdout] error[E0433]: cannot find module or crate `pubmed_test_utils` in this scope
[INFO] [stdout]   --> tests/integration/parsing/../common/mod.rs:23:5
[INFO] [stdout]    |
[INFO] [stdout] 23 |     pubmed_test_utils::get_pubmed_xml_test_case_from(env!("CARGO_MANIFEST_DIR"), pmid)
[INFO] [stdout]    |     ^^^^^^^^^^^^^^^^^ use of unresolved module or unlinked crate `pubmed_test_utils`
[INFO] [stdout]    |
[INFO] [stdout]    = help: if you wanted to use a crate named `pubmed_test_utils`, use `cargo add pubmed_test_utils` to add it to your `Cargo.toml`
[INFO] [stdout] 
[INFO] [stdout] 
[INFO] [stdout] error[E0433]: cannot find module or crate `pubmed_test_utils` in this scope
[INFO] [stdout]  --> tests/integration/parsing/../common/mod.rs:7:5
[INFO] [stdout]   |
[INFO] [stdout] 7 |     pubmed_test_utils::get_pmc_xml_test_cases_from(env!("CARGO_MANIFEST_DIR"))
[INFO] [stdout]   |     ^^^^^^^^^^^^^^^^^ use of unresolved module or unlinked crate `pubmed_test_utils`
[INFO] [stdout]   |
[INFO] [stdout]   = help: if you wanted to use a crate named `pubmed_test_utils`, use `cargo add pubmed_test_utils` to add it to your `Cargo.toml`
[INFO] [stdout] 
[INFO] [stdout] 
[INFO] [stdout] error[E0433]: cannot find module or crate `pubmed_test_utils` in this scope
[INFO] [stdout]   --> tests/integration/parsing/../common/mod.rs:11:5
[INFO] [stdout]    |
[INFO] [stdout] 11 |     pubmed_test_utils::get_pmc_xml_test_case_from(env!("CARGO_MANIFEST_DIR"), filename)
[INFO] [stdout]    |     ^^^^^^^^^^^^^^^^^ use of unresolved module or unlinked crate `pubmed_test_utils`
[INFO] [stdout]    |
[INFO] [stdout]    = help: if you wanted to use a crate named `pubmed_test_utils`, use `cargo add pubmed_test_utils` to add it to your `Cargo.toml`
[INFO] [stdout] 
[INFO] [stdout] 
[INFO] [stdout] error[E0433]: cannot find module or crate `pubmed_test_utils` in this scope
[INFO] [stdout]   --> tests/integration/parsing/../common/mod.rs:19:5
[INFO] [stdout]    |
[INFO] [stdout] 19 |     pubmed_test_utils::get_pubmed_xml_test_cases_from(env!("CARGO_MANIFEST_DIR"))
[INFO] [stdout]    |     ^^^^^^^^^^^^^^^^^ use of unresolved module or unlinked crate `pubmed_test_utils`
[INFO] [stdout]    |
[INFO] [stdout]    = help: if you wanted to use a crate named `pubmed_test_utils`, use `cargo add pubmed_test_utils` to add it to your `Cargo.toml`
[INFO] [stdout] 
[INFO] [stdout] 
[INFO] [stdout] error[E0433]: cannot find module or crate `pubmed_test_utils` in this scope
[INFO] [stdout]   --> tests/integration/parsing/../common/mod.rs:23:5
[INFO] [stdout]    |
[INFO] [stdout] 23 |     pubmed_test_utils::get_pubmed_xml_test_case_from(env!("CARGO_MANIFEST_DIR"), pmid)
[INFO] [stdout]    |     ^^^^^^^^^^^^^^^^^ use of unresolved module or unlinked crate `pubmed_test_utils`
[INFO] [stdout]    |
[INFO] [stdout]    = help: if you wanted to use a crate named `pubmed_test_utils`, use `cargo add pubmed_test_utils` to add it to your `Cargo.toml`
[INFO] [stdout] 
[INFO] [stdout] 
[INFO] [stdout] Some errors have detailed explanations: E0432, E0433.
[INFO] [stdout] 
[INFO] [stdout] For more information about an error, try `rustc --explain E0432`.
[INFO] [stdout] 
[INFO] [stderr] error: could not compile `pubmed-parser` (test "parsing_pmc") due to 5 previous errors
[INFO] [stderr] warning: build failed, waiting for other jobs to finish...
[INFO] [stdout] Some errors have detailed explanations: E0432, E0433.
[INFO] [stdout] 
[INFO] [stdout] For more information about an error, try `rustc --explain E0432`.
[INFO] [stdout] 
[INFO] [stderr] error: could not compile `pubmed-parser` (test "parsing_pubmed") due to 5 previous errors
[INFO] [stderr] warning: unused dependency `urlencoding`
[INFO] [stderr]   --> Cargo.toml:31:15
[INFO] [stderr]    |
[INFO] [stderr] 31 | [dependencies.urlencoding]
[INFO] [stderr]    |               ^^^^^^^^^^^^
[INFO] [stderr]    |
[INFO] [stderr]    = note: `cargo::unused_dependencies` is set to `warn` by default
[INFO] [stderr] help: consider removing the dependency on `urlencoding`
[INFO] [stderr] warning: `pubmed-parser` (manifest) generated 1 warning
[INFO] running `Command { std: "docker" "inspect" "a40622c3a199dda46cffa7a006414b08db666c807bdc568a9a3832a16200e255", kill_on_drop: false }`
[INFO] running `Command { std: "docker" "rm" "-f" "a40622c3a199dda46cffa7a006414b08db666c807bdc568a9a3832a16200e255", kill_on_drop: false }`
[INFO] [stdout] a40622c3a199dda46cffa7a006414b08db666c807bdc568a9a3832a16200e255
