[INFO] fetching crate ptrace-inject-android 0.2.0...
[INFO] testing ptrace-inject-android-0.2.0 against 1.99.0-beta.8+cargoflags=--release for beta-release-1.100-2
[INFO] extracting crate ptrace-inject-android 0.2.0 into /workspace/builds/worker-6-tc1/source
[INFO] started tweaking crates.io crate ptrace-inject-android 0.2.0
[INFO] finished tweaking crates.io crate ptrace-inject-android 0.2.0
[INFO] tweaked toml for crates.io crate ptrace-inject-android 0.2.0 written to /workspace/builds/worker-6-tc1/source/Cargo.toml
[INFO] validating manifest of crates.io crate ptrace-inject-android 0.2.0 on toolchain 1.99.0-beta.8
[INFO] running `Command { std: CARGO_HOME="/workspace/cargo-home" RUSTUP_HOME="/workspace/rustup-home" "/workspace/cargo-home/bin/cargo" "+1.99.0-beta.8" "metadata" "--manifest-path" "Cargo.toml" "--no-deps", kill_on_drop: false }`
[INFO] running `Command { std: CARGO_HOME="/workspace/cargo-home" RUSTUP_HOME="/workspace/rustup-home" "/workspace/cargo-home/bin/cargo" "+1.99.0-beta.8" "generate-lockfile" "--manifest-path" "Cargo.toml", kill_on_drop: false }`
[INFO] [stderr]     Blocking waiting for file lock on package cache
[INFO] [stderr]     Updating crates.io index
[INFO] [stderr]     Blocking waiting for file lock on package cache
[INFO] [stderr]      Locking 11 packages to highest compatible versions
[INFO] [stderr]       Adding thiserror v1.0.69 (available: v2.0.21)
[INFO] running `Command { std: CARGO_HOME="/workspace/cargo-home" RUSTUP_HOME="/workspace/rustup-home" "/workspace/cargo-home/bin/cargo" "+1.99.0-beta.8" "fetch" "--manifest-path" "Cargo.toml", kill_on_drop: false }`
[INFO] [stderr]     Blocking waiting for file lock on package cache
[INFO] [stderr]     Blocking waiting for file lock on package cache
[INFO] running `Command { std: "docker" "create" "-v" "/var/lib/crater-agent-workspace/builds/worker-6-tc1/source:/opt/rustwide/workdir:ro,Z" "-v" "/var/lib/crater-agent-workspace/builds/worker-6-tc1/target:/opt/rustwide/target:rw,Z" "-v" "/var/lib/crater-agent-workspace/cargo-home:/opt/rustwide/cargo-home:ro,Z" "-v" "/var/lib/crater-agent-workspace/rustup-home:/opt/rustwide/rustup-home:ro,Z" "-m" "1610612736" "--network" "none" "ghcr.io/rust-lang/crates-build-env/linux@sha256:77db811e55d90add9212f6832c23229e3de5f1c1f9905e8cb07319ea15df73ac" "sleep" "infinity", kill_on_drop: false }`
[INFO] [stdout] 4a9322e7b031172e749d9a541721667839ea93dbdcccf5b8a4046432f6b85bcf
[INFO] running `Command { std: "docker" "start" "4a9322e7b031172e749d9a541721667839ea93dbdcccf5b8a4046432f6b85bcf", kill_on_drop: false }`
[INFO] running `Command { std: "docker" "inspect" "4a9322e7b031172e749d9a541721667839ea93dbdcccf5b8a4046432f6b85bcf", kill_on_drop: false }`
[INFO] running `Command { std: "docker" "exec" "-e" "SOURCE_DIR=/opt/rustwide/workdir" "-e" "CARGO_HOME=/opt/rustwide/cargo-home" "-e" "RUSTUP_HOME=/opt/rustwide/rustup-home" "-e" "CARGO_TARGET_DIR=/opt/rustwide/target" "-w" "/opt/rustwide/workdir" "--user" "0:0" "4a9322e7b031172e749d9a541721667839ea93dbdcccf5b8a4046432f6b85bcf" "/opt/rustwide/cargo-home/bin/cargo" "+1.99.0-beta.8" "metadata" "--no-deps" "--format-version=1", kill_on_drop: false }`
[INFO] running `Command { std: "docker" "inspect" "4a9322e7b031172e749d9a541721667839ea93dbdcccf5b8a4046432f6b85bcf", kill_on_drop: false }`
[INFO] running `Command { std: "docker" "exec" "-e" "SOURCE_DIR=/opt/rustwide/workdir" "-e" "CARGO_HOME=/opt/rustwide/cargo-home" "-e" "RUSTUP_HOME=/opt/rustwide/rustup-home" "-e" "CARGO_TARGET_DIR=/opt/rustwide/target" "-e" "CARGO_INCREMENTAL=0" "-e" "RUST_BACKTRACE=full" "-e" "RUSTFLAGS=--cap-lints=warn" "-e" "RUSTDOCFLAGS=--cap-lints=warn" "-w" "/opt/rustwide/workdir" "--user" "0:0" "4a9322e7b031172e749d9a541721667839ea93dbdcccf5b8a4046432f6b85bcf" "/opt/rustwide/cargo-home/bin/cargo" "+1.99.0-beta.8" "build" "--frozen" "--message-format=json" "--release", kill_on_drop: false }`
[INFO] [stderr]    Compiling proc-macro2 v1.0.107
[INFO] [stderr]    Compiling unicode-ident v1.0.27
[INFO] [stderr]    Compiling quote v1.0.47
[INFO] [stderr]    Compiling anyhow v1.0.104
[INFO] [stderr]    Compiling shlex v2.0.1
[INFO] [stderr]    Compiling find-msvc-tools v0.1.14
[INFO] [stderr]    Compiling thiserror v1.0.69
[INFO] [stderr]    Compiling libc v0.2.191
[INFO] [stderr]    Compiling cc v1.8.0
[INFO] [stderr]    Compiling syn v2.0.119
[INFO] [stderr]    Compiling ptrace-inject-android v0.2.0 (/opt/rustwide/workdir)
[INFO] [stderr] warning: ptrace-inject-android@0.2.0: In file included from /usr/include/x86_64-linux-gnu/asm/ptrace.h:6,
[INFO] [stderr] warning: ptrace-inject-android@0.2.0:                  from Inject/PtraceInject.c:2:
[INFO] [stderr] warning: ptrace-inject-android@0.2.0: /usr/include/x86_64-linux-gnu/sys/ptrace.h:74:3: error: expected identifier before numeric constant
[INFO] [stderr] warning: ptrace-inject-android@0.2.0:    74 |   PTRACE_GETREGS = 12,
[INFO] [stderr] warning: ptrace-inject-android@0.2.0:       |   ^~~~~~~~~~~~~~
[INFO] [stderr] warning: ptrace-inject-android@0.2.0: In file included from Inject/Utils/PtraceUtils.h:21,
[INFO] [stderr] warning: ptrace-inject-android@0.2.0:                  from Inject/PtraceInject.c:16:
[INFO] [stderr] warning: ptrace-inject-android@0.2.0: Inject/Utils/Utils.h:19:10: fatal error: sys/system_properties.h: No such file or directory
[INFO] [stderr] warning: ptrace-inject-android@0.2.0:    19 | #include <sys/system_properties.h>
[INFO] [stderr] warning: ptrace-inject-android@0.2.0:       |          ^~~~~~~~~~~~~~~~~~~~~~~~~
[INFO] [stderr] warning: ptrace-inject-android@0.2.0: compilation terminated.
[INFO] [stderr] error: failed to run custom build command for `ptrace-inject-android v0.2.0 (/opt/rustwide/workdir)`
[INFO] [stderr] note: To improve backtraces for build dependencies, set the CARGO_PROFILE_RELEASE_BUILD_OVERRIDE_DEBUG=true environment variable to enable debug information generation.
[INFO] [stderr] 
[INFO] [stderr] Caused by:
[INFO] [stderr]   process didn't exit successfully: `/opt/rustwide/target/release/build/ptrace-inject-android-217ae91870d6d106/build-script-build` (exit status: 1)
[INFO] [stderr]   --- stdout
[INFO] [stderr]   cargo:rerun-if-env-changed=CC_FORCE_DISABLE
[INFO] [stderr]   CC_FORCE_DISABLE = None
[INFO] [stderr]   cargo:rerun-if-env-changed=CC_x86_64-unknown-linux-gnu
[INFO] [stderr]   CC_x86_64-unknown-linux-gnu = None
[INFO] [stderr]   cargo:rerun-if-env-changed=CC_x86_64_unknown_linux_gnu
[INFO] [stderr]   CC_x86_64_unknown_linux_gnu = None
[INFO] [stderr]   cargo:rerun-if-env-changed=HOST_CC
[INFO] [stderr]   HOST_CC = None
[INFO] [stderr]   cargo:rerun-if-env-changed=CC
[INFO] [stderr]   CC = None
[INFO] [stderr]   cargo:rerun-if-env-changed=CC_ENABLE_DEBUG_OUTPUT
[INFO] [stderr]   cargo:rerun-if-env-changed=CRATE_CC_NO_DEFAULTS
[INFO] [stderr]   CRATE_CC_NO_DEFAULTS = None
[INFO] [stderr]   cargo:rerun-if-env-changed=CFLAGS
[INFO] [stderr]   CFLAGS = None
[INFO] [stderr]   cargo:rerun-if-env-changed=HOST_CFLAGS
[INFO] [stderr]   HOST_CFLAGS = None
[INFO] [stderr]   cargo:rerun-if-env-changed=CFLAGS_x86_64_unknown_linux_gnu
[INFO] [stderr]   CFLAGS_x86_64_unknown_linux_gnu = None
[INFO] [stderr]   cargo:rerun-if-env-changed=CFLAGS_x86_64-unknown-linux-gnu
[INFO] [stderr]   CFLAGS_x86_64-unknown-linux-gnu = None
[INFO] [stderr]   cargo:warning=In file included from /usr/include/x86_64-linux-gnu/asm/ptrace.h:6,
[INFO] [stderr]   cargo:warning=                 from Inject/PtraceInject.c:2:
[INFO] [stderr]   cargo:warning=/usr/include/x86_64-linux-gnu/sys/ptrace.h:74:3: error: expected identifier before numeric constant
[INFO] [stderr]   cargo:warning=   74 |   PTRACE_GETREGS = 12,
[INFO] [stderr]   cargo:warning=      |   ^~~~~~~~~~~~~~
[INFO] [stderr]   cargo:warning=In file included from Inject/Utils/PtraceUtils.h:21,
[INFO] [stderr]   cargo:warning=                 from Inject/PtraceInject.c:16:
[INFO] [stderr]   cargo:warning=Inject/Utils/Utils.h:19:10: fatal error: sys/system_properties.h: No such file or directory
[INFO] [stderr]   cargo:warning=   19 | #include <sys/system_properties.h>
[INFO] [stderr]   cargo:warning=      |          ^~~~~~~~~~~~~~~~~~~~~~~~~
[INFO] [stderr]   cargo:warning=compilation terminated.
[INFO] [stderr] 
[INFO] [stderr]   --- stderr
[INFO] [stderr] 
[INFO] [stderr] 
[INFO] [stderr]   error occurred in cc-rs: command did not execute successfully (status code exit status: 1): "cc" "-O3" "-ffunction-sections" "-fdata-sections" "-fPIC" "-m64" "-I" "Inject/Utils" "-w" "-o" "/opt/rustwide/target/release/build/ptrace-inject-android-961b5bc63306e143/out/2ae3cf46e1887560-PtraceInject.o" "-c" "Inject/PtraceInject.c"
[INFO] [stderr] 
[INFO] [stderr] 
[INFO] [stderr] warning: build failed, waiting for other jobs to finish...
[INFO] running `Command { std: "docker" "inspect" "4a9322e7b031172e749d9a541721667839ea93dbdcccf5b8a4046432f6b85bcf", kill_on_drop: false }`
[INFO] running `Command { std: "docker" "rm" "-f" "4a9322e7b031172e749d9a541721667839ea93dbdcccf5b8a4046432f6b85bcf", kill_on_drop: false }`
[INFO] [stdout] 4a9322e7b031172e749d9a541721667839ea93dbdcccf5b8a4046432f6b85bcf
