[INFO] fetching crate pso-protocol 0.11.1...
[INFO] testing pso-protocol-0.11.1 against 1.99.0-beta.8+cargoflags=--release for beta-release-1.100-2
[INFO] extracting crate pso-protocol 0.11.1 into /workspace/builds/worker-5-tc1/source
[INFO] started tweaking crates.io crate pso-protocol 0.11.1
[INFO] removed 0 missing tests
[INFO] finished tweaking crates.io crate pso-protocol 0.11.1
[INFO] tweaked toml for crates.io crate pso-protocol 0.11.1 written to /workspace/builds/worker-5-tc1/source/Cargo.toml
[INFO] validating manifest of crates.io crate pso-protocol 0.11.1 on toolchain 1.99.0-beta.8
[INFO] running `Command { std: CARGO_HOME="/workspace/cargo-home" RUSTUP_HOME="/workspace/rustup-home" "/workspace/cargo-home/bin/cargo" "+1.99.0-beta.8" "metadata" "--manifest-path" "Cargo.toml" "--no-deps", kill_on_drop: false }`
[INFO] crate crates.io crate pso-protocol 0.11.1 already has a lockfile, it will not be regenerated
[INFO] running `Command { std: CARGO_HOME="/workspace/cargo-home" RUSTUP_HOME="/workspace/rustup-home" "/workspace/cargo-home/bin/cargo" "+1.99.0-beta.8" "fetch" "--manifest-path" "Cargo.toml", kill_on_drop: false }`
[INFO] [stderr]     Updating crates.io index
[INFO] [stderr]  Downloading crates ...
[INFO] [stderr]   Downloaded keccak v0.2.2
[INFO] [stderr]   Downloaded ark-grumpkin v0.6.0
[INFO] [stderr]   Downloaded const-hex v1.19.3
[INFO] [stderr]   Downloaded cc v1.5.0
[INFO] [stderr]   Downloaded generic-array v1.4.5
[INFO] [stderr]   Downloaded zerocopy-derive v0.8.58
[INFO] [stderr]   Downloaded alloy-primitives v1.7.3
[INFO] [stderr]   Downloaded ruint v1.20.1
[INFO] [stderr]   Downloaded serde_with v3.23.0
[INFO] [stderr]   Downloaded zerocopy v0.8.58
[INFO] [stderr]   Downloaded sha3 v0.11.0
[INFO] [stderr]   Downloaded pso-poseidon v0.4.0
[INFO] running `Command { std: "docker" "create" "-v" "/var/lib/crater-agent-workspace/builds/worker-5-tc1/source:/opt/rustwide/workdir:ro,Z" "-v" "/var/lib/crater-agent-workspace/builds/worker-5-tc1/target:/opt/rustwide/target:rw,Z" "-v" "/var/lib/crater-agent-workspace/cargo-home:/opt/rustwide/cargo-home:ro,Z" "-v" "/var/lib/crater-agent-workspace/rustup-home:/opt/rustwide/rustup-home:ro,Z" "-m" "1610612736" "--network" "none" "ghcr.io/rust-lang/crates-build-env/linux@sha256:77db811e55d90add9212f6832c23229e3de5f1c1f9905e8cb07319ea15df73ac" "sleep" "infinity", kill_on_drop: false }`
[INFO] [stdout] e74c230f581da4d950568e73f7d73288a446fc1480bfb29585b7dbb2a9436530
[INFO] running `Command { std: "docker" "start" "e74c230f581da4d950568e73f7d73288a446fc1480bfb29585b7dbb2a9436530", kill_on_drop: false }`
[INFO] running `Command { std: "docker" "inspect" "e74c230f581da4d950568e73f7d73288a446fc1480bfb29585b7dbb2a9436530", kill_on_drop: false }`
[INFO] running `Command { std: "docker" "exec" "-e" "SOURCE_DIR=/opt/rustwide/workdir" "-e" "CARGO_HOME=/opt/rustwide/cargo-home" "-e" "RUSTUP_HOME=/opt/rustwide/rustup-home" "-e" "CARGO_TARGET_DIR=/opt/rustwide/target" "-w" "/opt/rustwide/workdir" "--user" "0:0" "e74c230f581da4d950568e73f7d73288a446fc1480bfb29585b7dbb2a9436530" "/opt/rustwide/cargo-home/bin/cargo" "+1.99.0-beta.8" "metadata" "--no-deps" "--format-version=1", kill_on_drop: false }`
[INFO] running `Command { std: "docker" "inspect" "e74c230f581da4d950568e73f7d73288a446fc1480bfb29585b7dbb2a9436530", kill_on_drop: false }`
[INFO] running `Command { std: "docker" "exec" "-e" "SOURCE_DIR=/opt/rustwide/workdir" "-e" "CARGO_HOME=/opt/rustwide/cargo-home" "-e" "RUSTUP_HOME=/opt/rustwide/rustup-home" "-e" "CARGO_TARGET_DIR=/opt/rustwide/target" "-e" "CARGO_INCREMENTAL=0" "-e" "RUST_BACKTRACE=full" "-e" "RUSTFLAGS=--cap-lints=warn" "-e" "RUSTDOCFLAGS=--cap-lints=warn" "-w" "/opt/rustwide/workdir" "--user" "0:0" "e74c230f581da4d950568e73f7d73288a446fc1480bfb29585b7dbb2a9436530" "/opt/rustwide/cargo-home/bin/cargo" "+1.99.0-beta.8" "build" "--frozen" "--message-format=json" "--release", kill_on_drop: false }`
[INFO] [stderr]    Compiling unicode-ident v1.0.26
[INFO] [stderr]    Compiling zerocopy v0.8.58
[INFO] [stderr]    Compiling crossbeam-utils v0.8.23
[INFO] [stderr]    Compiling crossbeam-epoch v0.9.21
[INFO] [stderr]    Compiling crossbeam-deque v0.8.8
[INFO] [stderr]    Compiling rayon-core v1.13.0
[INFO] [stderr]    Compiling either v1.18.0
[INFO] [stderr]    Compiling cfg-if v1.0.5
[INFO] [stderr]    Compiling once_cell v1.21.4
[INFO] [stderr]    Compiling zeroize v1.9.0
[INFO] [stderr]    Compiling num-traits v0.2.19
[INFO] [stderr]    Compiling ahash v0.8.12
[INFO] [stderr]    Compiling hashbrown v0.17.1
[INFO] [stderr]    Compiling thiserror v2.0.21
[INFO] [stderr]    Compiling generic-array v0.14.7
[INFO] [stderr]    Compiling digest v0.11.3
[INFO] [stderr]    Compiling proc-macro2 v1.0.107
[INFO] [stderr]    Compiling keccak v0.2.2
[INFO] [stderr]    Compiling generic-array v1.4.5
[INFO] [stderr]    Compiling sha3 v0.11.0
[INFO] [stderr]    Compiling itertools v0.14.0
[INFO] [stderr]    Compiling quote v1.0.47
[INFO] [stderr]    Compiling num-integer v0.1.47
[INFO] [stderr]    Compiling syn v2.0.119
[INFO] [stderr]    Compiling syn v3.0.6
[INFO] [stderr]    Compiling crypto-common v0.1.7
[INFO] [stderr]    Compiling block-buffer v0.10.4
[INFO] [stderr]    Compiling digest v0.10.7
[INFO] [stderr]    Compiling num-bigint v0.4.8
[INFO] [stderr]    Compiling blake2 v0.10.6
[INFO] [stderr]    Compiling rayon v1.12.0
[INFO] [stderr]    Compiling enum-ordinalize-derive v4.4.2
[INFO] [stderr]    Compiling thiserror-impl v2.0.21
[INFO] [stderr]    Compiling enum-ordinalize v4.4.2
[INFO] [stderr]    Compiling ark-serialize-derive v0.6.0
[INFO] [stderr]    Compiling ark-ff-macros v0.6.0
[INFO] [stderr]    Compiling ark-ff-asm v0.6.0
[INFO] [stderr]    Compiling educe v0.6.0
[INFO] [stderr]    Compiling zeroize_derive v1.5.0
[INFO] [stderr]    Compiling ppv-lite86 v0.2.21
[INFO] [stderr]    Compiling rand_chacha v0.3.1
[INFO] [stderr]    Compiling rand v0.8.8
[INFO] [stderr]    Compiling ark-std v0.6.0
[INFO] [stderr]    Compiling ark-serialize v0.6.0
[INFO] [stderr]    Compiling ark-ff v0.6.0
[INFO] [stderr]    Compiling ark-poly v0.6.0
[INFO] [stderr]    Compiling ark-ec v0.6.0
[INFO] [stderr]    Compiling ark-bn254 v0.6.0
[INFO] [stderr]    Compiling pso-poseidon v0.4.0
[INFO] [stderr]    Compiling ark-grumpkin v0.6.0
[INFO] [stderr]    Compiling pso-protocol v0.11.1 (/opt/rustwide/workdir)
[INFO] [stderr]     Finished `release` profile [optimized] target(s) in 39.00s
[INFO] running `Command { std: "docker" "inspect" "e74c230f581da4d950568e73f7d73288a446fc1480bfb29585b7dbb2a9436530", kill_on_drop: false }`
[INFO] running `Command { std: "docker" "exec" "-e" "SOURCE_DIR=/opt/rustwide/workdir" "-e" "CARGO_HOME=/opt/rustwide/cargo-home" "-e" "RUSTUP_HOME=/opt/rustwide/rustup-home" "-e" "CARGO_TARGET_DIR=/opt/rustwide/target" "-e" "CARGO_INCREMENTAL=0" "-e" "RUST_BACKTRACE=full" "-e" "RUSTFLAGS=--cap-lints=warn" "-e" "RUSTDOCFLAGS=--cap-lints=warn" "-w" "/opt/rustwide/workdir" "--user" "0:0" "e74c230f581da4d950568e73f7d73288a446fc1480bfb29585b7dbb2a9436530" "/opt/rustwide/cargo-home/bin/cargo" "+1.99.0-beta.8" "test" "--frozen" "--no-run" "--message-format=json" "--release", kill_on_drop: false }`
[INFO] [stderr]    Compiling serde_core v1.0.229
[INFO] [stderr]    Compiling serde_json v1.0.151
[INFO] [stderr]    Compiling pso-protocol v0.11.1 (/opt/rustwide/workdir)
[INFO] [stdout] error[E0432]: unresolved import `pso_protocol_derive`
[INFO] [stdout]   --> tests/sorted_set.rs:20:5
[INFO] [stdout]    |
[INFO] [stdout] 20 | use pso_protocol_derive::Entity;
[INFO] [stdout]    |     ^^^^^^^^^^^^^^^^^^^ use of unresolved module or unlinked crate `pso_protocol_derive`
[INFO] [stdout]    |
[INFO] [stdout]    = help: if you wanted to use a crate named `pso_protocol_derive`, use `cargo add pso_protocol_derive` to add it to your `Cargo.toml`
[INFO] [stdout] 
[INFO] [stdout] 
[INFO] [stdout] error[E0432]: unresolved import `pso_protocol_derive`
[INFO] [stdout]   --> tests/limbed.rs:18:5
[INFO] [stdout]    |
[INFO] [stdout] 18 | use pso_protocol_derive::Entity;
[INFO] [stdout]    |     ^^^^^^^^^^^^^^^^^^^ use of unresolved module or unlinked crate `pso_protocol_derive`
[INFO] [stdout]    |
[INFO] [stdout]    = help: if you wanted to use a crate named `pso_protocol_derive`, use `cargo add pso_protocol_derive` to add it to your `Cargo.toml`
[INFO] [stdout] 
[INFO] [stdout] 
[INFO] [stdout] error: cannot find attribute `pso` in this scope
[INFO] [stdout]   --> tests/sorted_set.rs:26:7
[INFO] [stdout]    |
[INFO] [stdout] 26 |     #[pso(id_seed)]
[INFO] [stdout]    |       ^^^
[INFO] [stdout] 
[INFO] [stdout] 
[INFO] [stdout] error: cannot find attribute `pso` in this scope
[INFO] [stdout]   --> tests/sorted_set.rs:28:7
[INFO] [stdout]    |
[INFO] [stdout] 28 |     #[pso(body, pos = 0)]
[INFO] [stdout]    |       ^^^
[INFO] [stdout] 
[INFO] [stdout] 
[INFO] [stdout] error: cannot find attribute `pso` in this scope
[INFO] [stdout]   --> tests/limbed.rs:38:7
[INFO] [stdout]    |
[INFO] [stdout] 38 |     #[pso(id_seed)]
[INFO] [stdout]    |       ^^^
[INFO] [stdout] 
[INFO] [stdout] 
[INFO] [stdout] error: cannot find attribute `pso` in this scope
[INFO] [stdout]   --> tests/sorted_set.rs:30:7
[INFO] [stdout]    |
[INFO] [stdout] 30 |     #[pso(body, pos = 1)]
[INFO] [stdout]    |       ^^^
[INFO] [stdout] 
[INFO] [stdout] 
[INFO] [stdout] error: cannot find attribute `pso` in this scope
[INFO] [stdout]   --> tests/limbed.rs:40:7
[INFO] [stdout]    |
[INFO] [stdout] 40 |     #[pso(body, pos = 0)]
[INFO] [stdout]    |       ^^^
[INFO] [stdout] 
[INFO] [stdout] 
[INFO] [stdout] error[E0277]: the trait bound `TwoSets: Entity<PsoV1>` is not satisfied
[INFO] [stdout]   --> tests/sorted_set.rs:40:39
[INFO] [stdout]    |
[INFO] [stdout] 40 |     EntityTrait::<PsoV1>::entity_hash(&e)
[INFO] [stdout]    |     --------------------------------- ^^ unsatisfied trait bound
[INFO] [stdout]    |     |
[INFO] [stdout]    |     required by a bound introduced by this call
[INFO] [stdout]    |
[INFO] [stdout] help: the trait `Entity<PsoV1>` is not implemented for `TwoSets`
[INFO] [stdout]   --> tests/sorted_set.rs:25:1
[INFO] [stdout]    |
[INFO] [stdout] 25 | struct TwoSets {
[INFO] [stdout]    | ^^^^^^^^^^^^^^
[INFO] [stdout] help: the trait `Entity<S>` is implemented for `OwnershipReceipt<S>`
[INFO] [stdout]   --> src/protocol/entity.rs:75:1
[INFO] [stdout]    |
[INFO] [stdout] 75 | impl<S: Suite> Entity<S> for OwnershipReceipt<S> {
[INFO] [stdout]    | ^^^^^^^^^^^^^^^^^^^^^^^^^^^^^^^^^^^^^^^^^^^^^^^^
[INFO] [stdout] 
[INFO] [stdout] 
[INFO] [stdout] error: cannot find attribute `pso` in this scope
[INFO] [stdout]   --> tests/limbed.rs:42:7
[INFO] [stdout]    |
[INFO] [stdout] 42 |     #[pso(body, pos = 1, limbed)]
[INFO] [stdout]    |       ^^^
[INFO] [stdout] 
[INFO] [stdout] 
[INFO] [stdout] error[E0277]: the trait bound `WithLimbed: Entity<PsoV1>` is not satisfied
[INFO] [stdout]   --> tests/limbed.rs:66:39
[INFO] [stdout]    |
[INFO] [stdout] 66 |     EntityTrait::<PsoV1>::encode_body(&e, &mut body).unwrap();
[INFO] [stdout]    |     --------------------------------- ^^ unsatisfied trait bound
[INFO] [stdout]    |     |
[INFO] [stdout]    |     required by a bound introduced by this call
[INFO] [stdout]    |
[INFO] [stdout] help: the trait `Entity<PsoV1>` is not implemented for `WithLimbed`
[INFO] [stdout]   --> tests/limbed.rs:37:1
[INFO] [stdout]    |
[INFO] [stdout] 37 | struct WithLimbed {
[INFO] [stdout]    | ^^^^^^^^^^^^^^^^^
[INFO] [stdout] help: the trait `Entity<S>` is implemented for `OwnershipReceipt<S>`
[INFO] [stdout]   --> src/protocol/entity.rs:75:1
[INFO] [stdout]    |
[INFO] [stdout] 75 | impl<S: Suite> Entity<S> for OwnershipReceipt<S> {
[INFO] [stdout]    | ^^^^^^^^^^^^^^^^^^^^^^^^^^^^^^^^^^^^^^^^^^^^^^^^
[INFO] [stdout] 
[INFO] [stdout] 
[INFO] [stdout] Some errors have detailed explanations: E0277, E0432.
[INFO] [stdout] 
[INFO] [stdout] For more information about an error, try `rustc --explain E0277`.
[INFO] [stdout] 
[INFO] [stderr] error: could not compile `pso-protocol` (test "limbed") due to 5 previous errors
[INFO] [stderr] warning: build failed, waiting for other jobs to finish...
[INFO] [stdout] Some errors have detailed explanations: E0277, E0432.
[INFO] [stdout] 
[INFO] [stdout] For more information about an error, try `rustc --explain E0277`.
[INFO] [stdout] 
[INFO] [stderr] error: could not compile `pso-protocol` (test "sorted_set") due to 5 previous errors
[INFO] running `Command { std: "docker" "inspect" "e74c230f581da4d950568e73f7d73288a446fc1480bfb29585b7dbb2a9436530", kill_on_drop: false }`
[INFO] running `Command { std: "docker" "rm" "-f" "e74c230f581da4d950568e73f7d73288a446fc1480bfb29585b7dbb2a9436530", kill_on_drop: false }`
[INFO] [stdout] e74c230f581da4d950568e73f7d73288a446fc1480bfb29585b7dbb2a9436530
