[INFO] fetching crate pryzm-std-derive 0.1.2...
[INFO] testing pryzm-std-derive-0.1.2 against 1.99.0-beta.8+cargoflags=--release for beta-release-1.100-2
[INFO] extracting crate pryzm-std-derive 0.1.2 into /workspace/builds/worker-4-tc1/source
[INFO] started tweaking crates.io crate pryzm-std-derive 0.1.2
[INFO] finished tweaking crates.io crate pryzm-std-derive 0.1.2
[INFO] tweaked toml for crates.io crate pryzm-std-derive 0.1.2 written to /workspace/builds/worker-4-tc1/source/Cargo.toml
[INFO] validating manifest of crates.io crate pryzm-std-derive 0.1.2 on toolchain 1.99.0-beta.8
[INFO] running `Command { std: CARGO_HOME="/workspace/cargo-home" RUSTUP_HOME="/workspace/rustup-home" "/workspace/cargo-home/bin/cargo" "+1.99.0-beta.8" "metadata" "--manifest-path" "Cargo.toml" "--no-deps", kill_on_drop: false }`
[INFO] running `Command { std: CARGO_HOME="/workspace/cargo-home" RUSTUP_HOME="/workspace/rustup-home" "/workspace/cargo-home/bin/cargo" "+1.99.0-beta.8" "generate-lockfile" "--manifest-path" "Cargo.toml", kill_on_drop: false }`
[INFO] [stderr]     Updating crates.io index
[INFO] [stderr]      Locking 96 packages to highest compatible versions
[INFO] [stderr]       Adding cosmwasm-std v1.5.11 (available: v3.0.11)
[INFO] [stderr]       Adding crypto-common v0.1.6 (available: v0.1.7)
[INFO] [stderr]       Adding curve25519-dalek v3.2.0 (available: v3.2.1)
[INFO] [stderr]       Adding itertools v0.10.5 (available: v0.15.0)
[INFO] [stderr]       Adding prost v0.11.9 (available: v0.14.4)
[INFO] [stderr]       Adding prost-types v0.11.9 (available: v0.14.4)
[INFO] [stderr]       Adding syn v1.0.109 (available: v3.0.9)
[INFO] running `Command { std: CARGO_HOME="/workspace/cargo-home" RUSTUP_HOME="/workspace/rustup-home" "/workspace/cargo-home/bin/cargo" "+1.99.0-beta.8" "fetch" "--manifest-path" "Cargo.toml", kill_on_drop: false }`
[INFO] [stderr]  Downloading crates ...
[INFO] [stderr]   Downloaded forward_ref v1.0.0
[INFO] [stderr]   Downloaded dissimilar v1.0.11
[INFO] [stderr]   Downloaded serde-json-wasm v0.5.2
[INFO] [stderr]   Downloaded prost-types v0.11.9
[INFO] [stderr]   Downloaded cosmwasm-derive v1.5.11
[INFO] [stderr]   Downloaded bech32 v0.9.1
[INFO] [stderr]   Downloaded cosmwasm-crypto v1.5.11
[INFO] [stderr]   Downloaded cosmwasm-std v1.5.11
[INFO] [stderr]   Downloaded bnum v0.10.0
[INFO] running `Command { std: "docker" "create" "-v" "/var/lib/crater-agent-workspace/builds/worker-4-tc1/source:/opt/rustwide/workdir:ro,Z" "-v" "/var/lib/crater-agent-workspace/builds/worker-4-tc1/target:/opt/rustwide/target:rw,Z" "-v" "/var/lib/crater-agent-workspace/cargo-home:/opt/rustwide/cargo-home:ro,Z" "-v" "/var/lib/crater-agent-workspace/rustup-home:/opt/rustwide/rustup-home:ro,Z" "-m" "1610612736" "--network" "none" "ghcr.io/rust-lang/crates-build-env/linux@sha256:77db811e55d90add9212f6832c23229e3de5f1c1f9905e8cb07319ea15df73ac" "sleep" "infinity", kill_on_drop: false }`
[INFO] [stdout] aa67c44ecf984cf26ee4fe97e6c286157381da74009f9e0d4a63b258a13233ad
[INFO] running `Command { std: "docker" "start" "aa67c44ecf984cf26ee4fe97e6c286157381da74009f9e0d4a63b258a13233ad", kill_on_drop: false }`
[INFO] running `Command { std: "docker" "inspect" "aa67c44ecf984cf26ee4fe97e6c286157381da74009f9e0d4a63b258a13233ad", kill_on_drop: false }`
[INFO] running `Command { std: "docker" "exec" "-e" "SOURCE_DIR=/opt/rustwide/workdir" "-e" "CARGO_HOME=/opt/rustwide/cargo-home" "-e" "RUSTUP_HOME=/opt/rustwide/rustup-home" "-e" "CARGO_TARGET_DIR=/opt/rustwide/target" "-w" "/opt/rustwide/workdir" "--user" "0:0" "aa67c44ecf984cf26ee4fe97e6c286157381da74009f9e0d4a63b258a13233ad" "/opt/rustwide/cargo-home/bin/cargo" "+1.99.0-beta.8" "metadata" "--no-deps" "--format-version=1", kill_on_drop: false }`
[INFO] running `Command { std: "docker" "inspect" "aa67c44ecf984cf26ee4fe97e6c286157381da74009f9e0d4a63b258a13233ad", kill_on_drop: false }`
[INFO] running `Command { std: "docker" "exec" "-e" "SOURCE_DIR=/opt/rustwide/workdir" "-e" "CARGO_HOME=/opt/rustwide/cargo-home" "-e" "RUSTUP_HOME=/opt/rustwide/rustup-home" "-e" "CARGO_TARGET_DIR=/opt/rustwide/target" "-e" "CARGO_INCREMENTAL=0" "-e" "RUST_BACKTRACE=full" "-e" "RUSTFLAGS=--cap-lints=warn" "-e" "RUSTDOCFLAGS=--cap-lints=warn" "-w" "/opt/rustwide/workdir" "--user" "0:0" "aa67c44ecf984cf26ee4fe97e6c286157381da74009f9e0d4a63b258a13233ad" "/opt/rustwide/cargo-home/bin/cargo" "+1.99.0-beta.8" "build" "--frozen" "--message-format=json" "--release", kill_on_drop: false }`
[INFO] [stderr]    Compiling syn v1.0.109
[INFO] [stderr]    Compiling either v1.19.0
[INFO] [stderr]    Compiling bytes v1.12.1
[INFO] [stderr]    Compiling itertools v0.10.5
[INFO] [stderr]    Compiling prost-derive v0.11.9
[INFO] [stderr]    Compiling prost v0.11.9
[INFO] [stderr]    Compiling prost-types v0.11.9
[INFO] [stderr]    Compiling pryzm-std-derive v0.1.2 (/opt/rustwide/workdir)
[INFO] [stderr]     Finished `release` profile [optimized] target(s) in 12.12s
[INFO] running `Command { std: "docker" "inspect" "aa67c44ecf984cf26ee4fe97e6c286157381da74009f9e0d4a63b258a13233ad", kill_on_drop: false }`
[INFO] running `Command { std: "docker" "exec" "-e" "SOURCE_DIR=/opt/rustwide/workdir" "-e" "CARGO_HOME=/opt/rustwide/cargo-home" "-e" "RUSTUP_HOME=/opt/rustwide/rustup-home" "-e" "CARGO_TARGET_DIR=/opt/rustwide/target" "-e" "CARGO_INCREMENTAL=0" "-e" "RUST_BACKTRACE=full" "-e" "RUSTFLAGS=--cap-lints=warn" "-e" "RUSTDOCFLAGS=--cap-lints=warn" "-w" "/opt/rustwide/workdir" "--user" "0:0" "aa67c44ecf984cf26ee4fe97e6c286157381da74009f9e0d4a63b258a13233ad" "/opt/rustwide/cargo-home/bin/cargo" "+1.99.0-beta.8" "test" "--frozen" "--no-run" "--message-format=json" "--release", kill_on_drop: false }`
[INFO] [stderr]    Compiling libc v0.2.191
[INFO] [stderr]    Compiling zeroize v1.9.1
[INFO] [stderr]    Compiling generic-array v0.14.9
[INFO] [stderr]    Compiling syn v3.0.9
[INFO] [stderr]    Compiling subtle v2.6.1
[INFO] [stderr]    Compiling ahash v0.7.8
[INFO] [stderr]    Compiling syn v2.0.119
[INFO] [stderr]    Compiling const-oid v0.9.6
[INFO] [stderr]    Compiling serde_core v1.0.229
[INFO] [stderr]    Compiling schemars v0.8.22
[INFO] [stderr]    Compiling target-tuple v1.0.2
[INFO] [stderr]    Compiling serde v1.0.229
[INFO] [stderr]    Compiling once_cell v1.21.4
[INFO] [stderr]    Compiling base16ct v0.2.0
[INFO] [stderr]    Compiling derivative v2.2.0
[INFO] [stderr]    Compiling cosmwasm-derive v1.5.11
[INFO] [stderr]    Compiling rand_core v0.5.1
[INFO] [stderr]    Compiling byteorder v1.5.0
[INFO] [stderr]    Compiling der v0.7.10
[INFO] [stderr]    Compiling serde_json v1.0.154
[INFO] [stderr]    Compiling opaque-debug v0.3.1
[INFO] [stderr]    Compiling memchr v2.8.3
[INFO] [stderr]    Compiling winnow v1.0.4
[INFO] [stderr]    Compiling serde_spanned v1.1.2
[INFO] [stderr]    Compiling toml_datetime v1.1.2+spec-1.1.0
[INFO] [stderr]    Compiling bytes v1.12.1
[INFO] [stderr]    Compiling dyn-clone v1.0.20
[INFO] [stderr]    Compiling crypto-common v0.1.6
[INFO] [stderr]    Compiling block-buffer v0.10.4
[INFO] [stderr]    Compiling digest v0.9.0
[INFO] [stderr]    Compiling block-buffer v0.9.0
[INFO] [stderr]    Compiling digest v0.10.7
[INFO] [stderr]    Compiling curve25519-dalek v3.2.0
[INFO] [stderr]    Compiling toml_parser v1.1.5+spec-1.1.0
[INFO] [stderr]    Compiling sha2 v0.9.9
[INFO] [stderr]    Compiling hmac v0.12.1
[INFO] [stderr]    Compiling sha2 v0.10.9
[INFO] [stderr]    Compiling spki v0.7.3
[INFO] [stderr]    Compiling sec1 v0.7.3
[INFO] [stderr]    Compiling pkcs8 v0.10.2
[INFO] [stderr]    Compiling rfc6979 v0.4.0
[INFO] [stderr]    Compiling getrandom v0.2.17
[INFO] [stderr]    Compiling rand_core v0.6.4
[INFO] [stderr]    Compiling toml_writer v1.1.3+spec-1.1.0
[INFO] [stderr]    Compiling prost v0.11.9
[INFO] [stderr]    Compiling serde_derive_internals v0.29.1
[INFO] [stderr]    Compiling ff v0.13.1
[INFO] [stderr]    Compiling crypto-bigint v0.5.5
[INFO] [stderr]    Compiling group v0.13.0
[INFO] [stderr]    Compiling signature v2.2.0
[INFO] [stderr]    Compiling hashbrown v0.12.3
[INFO] [stderr]    Compiling toml v1.1.8+spec-1.1.0
[INFO] [stderr]    Compiling thiserror-impl v1.0.69
[INFO] [stderr]    Compiling schemars_derive v0.8.22
[INFO] [stderr]    Compiling pryzm-std-derive v0.1.2 (/opt/rustwide/workdir)
[INFO] [stderr]    Compiling syn v1.0.109
[INFO] [stderr]    Compiling glob v0.3.4
[INFO] [stderr]    Compiling serde_derive v1.0.229
[INFO] [stderr]    Compiling bech32 v0.9.1
[INFO] [stderr]    Compiling dissimilar v1.0.11
[INFO] [stderr]    Compiling bnum v0.10.0
[INFO] [stderr]    Compiling base64 v0.21.7
[INFO] [stderr]    Compiling forward_ref v1.0.0
[INFO] [stderr]    Compiling elliptic-curve v0.13.8
[INFO] [stderr]    Compiling prost-types v0.11.9
[INFO] [stderr]    Compiling ecdsa v0.16.9
[INFO] [stderr]    Compiling thiserror v1.0.69
[INFO] [stderr]    Compiling k256 v0.13.4
[INFO] [stderr]    Compiling ed25519-zebra v3.1.0
[INFO] [stderr]    Compiling serde-json-wasm v0.5.2
[INFO] [stderr]    Compiling trybuild v1.0.122
[INFO] [stderr]    Compiling cosmwasm-crypto v1.5.11
[INFO] [stderr]    Compiling cosmwasm-std v1.5.11
[INFO] [stdout] error[E0433]: cannot find `shim` in the crate root
[INFO] [stdout]  --> tests/query.rs:4:88
[INFO] [stdout]   |
[INFO] [stdout] 4 | #[derive(Clone, PartialEq, Eq, ::prost::Message, serde::Serialize, serde::Deserialize, CosmwasmExt)]
[INFO] [stdout]   |                                                                                        ^^^^^^^^^^^ could not find `shim` in the crate root
[INFO] [stdout]   |
[INFO] [stdout]   = note: this error originates in the derive macro `CosmwasmExt` (in Nightly builds, run with -Z macro-backtrace for more info)
[INFO] [stdout] 
[INFO] [stdout] 
[INFO] [stdout] error[E0433]: cannot find `shim` in the crate root
[INFO] [stdout]   --> tests/query.rs:14:88
[INFO] [stdout]    |
[INFO] [stdout] 14 | #[derive(Clone, PartialEq, Eq, ::prost::Message, serde::Serialize, serde::Deserialize, CosmwasmExt)]
[INFO] [stdout]    |                                                                                        ^^^^^^^^^^^ could not find `shim` in the crate root
[INFO] [stdout]    |
[INFO] [stdout]    = note: this error originates in the derive macro `CosmwasmExt` (in Nightly builds, run with -Z macro-backtrace for more info)
[INFO] [stdout] 
[INFO] [stdout] 
[INFO] [stdout] error[E0433]: cannot find `shim` in the crate root
[INFO] [stdout]  --> tests/struct.rs:4:50
[INFO] [stdout]   |
[INFO] [stdout] 4 | #[derive(Clone, PartialEq, Eq, ::prost::Message, CosmwasmExt)]
[INFO] [stdout]   |                                                  ^^^^^^^^^^^ could not find `shim` in the crate root
[INFO] [stdout]   |
[INFO] [stdout]   = note: this error originates in the derive macro `CosmwasmExt` (in Nightly builds, run with -Z macro-backtrace for more info)
[INFO] [stdout] 
[INFO] [stdout] 
[INFO] [stdout] For more information about this error, try `rustc --explain E0433`.
[INFO] [stdout] 
[INFO] [stderr] error: could not compile `pryzm-std-derive` (test "struct") due to 1 previous error
[INFO] [stderr] warning: build failed, waiting for other jobs to finish...
[INFO] [stdout] For more information about this error, try `rustc --explain E0433`.
[INFO] [stdout] 
[INFO] [stderr] error: could not compile `pryzm-std-derive` (test "query") due to 2 previous errors
[INFO] running `Command { std: "docker" "inspect" "aa67c44ecf984cf26ee4fe97e6c286157381da74009f9e0d4a63b258a13233ad", kill_on_drop: false }`
[INFO] running `Command { std: "docker" "rm" "-f" "aa67c44ecf984cf26ee4fe97e6c286157381da74009f9e0d4a63b258a13233ad", kill_on_drop: false }`
[INFO] [stdout] aa67c44ecf984cf26ee4fe97e6c286157381da74009f9e0d4a63b258a13233ad
