[INFO] fetching crate proxyconf 0.2.3...
[INFO] testing proxyconf-0.2.3 against 1.99.0-beta.8+cargoflags=--release for beta-release-1.100-2
[INFO] extracting crate proxyconf 0.2.3 into /workspace/builds/worker-4-tc1/source
[INFO] removed /workspace/builds/worker-4-tc1/source/rust-toolchain.toml
[INFO] started tweaking crates.io crate proxyconf 0.2.3
[INFO] finished tweaking crates.io crate proxyconf 0.2.3
[INFO] tweaked toml for crates.io crate proxyconf 0.2.3 written to /workspace/builds/worker-4-tc1/source/Cargo.toml
[INFO] validating manifest of crates.io crate proxyconf 0.2.3 on toolchain 1.99.0-beta.8
[INFO] running `Command { std: CARGO_HOME="/workspace/cargo-home" RUSTUP_HOME="/workspace/rustup-home" "/workspace/cargo-home/bin/cargo" "+1.99.0-beta.8" "metadata" "--manifest-path" "Cargo.toml" "--no-deps", kill_on_drop: false }`
[INFO] crate crates.io crate proxyconf 0.2.3 already has a lockfile, it will not be regenerated
[INFO] running `Command { std: CARGO_HOME="/workspace/cargo-home" RUSTUP_HOME="/workspace/rustup-home" "/workspace/cargo-home/bin/cargo" "+1.99.0-beta.8" "fetch" "--manifest-path" "Cargo.toml", kill_on_drop: false }`
[INFO] [stderr]  Downloading crates ...
[INFO] [stderr]   Downloaded winreg v0.56.0
[INFO] running `Command { std: "docker" "create" "-v" "/var/lib/crater-agent-workspace/builds/worker-4-tc1/source:/opt/rustwide/workdir:ro,Z" "-v" "/var/lib/crater-agent-workspace/builds/worker-4-tc1/target:/opt/rustwide/target:rw,Z" "-v" "/var/lib/crater-agent-workspace/cargo-home:/opt/rustwide/cargo-home:ro,Z" "-v" "/var/lib/crater-agent-workspace/rustup-home:/opt/rustwide/rustup-home:ro,Z" "-m" "1610612736" "--network" "none" "ghcr.io/rust-lang/crates-build-env/linux@sha256:77db811e55d90add9212f6832c23229e3de5f1c1f9905e8cb07319ea15df73ac" "sleep" "infinity", kill_on_drop: false }`
[INFO] [stdout] d9a5b87952b55925768226c3522fd0f57df5c2f0e05ee960a92a2fcd691a734b
[INFO] running `Command { std: "docker" "start" "d9a5b87952b55925768226c3522fd0f57df5c2f0e05ee960a92a2fcd691a734b", kill_on_drop: false }`
[INFO] running `Command { std: "docker" "inspect" "d9a5b87952b55925768226c3522fd0f57df5c2f0e05ee960a92a2fcd691a734b", kill_on_drop: false }`
[INFO] running `Command { std: "docker" "exec" "-e" "SOURCE_DIR=/opt/rustwide/workdir" "-e" "CARGO_HOME=/opt/rustwide/cargo-home" "-e" "RUSTUP_HOME=/opt/rustwide/rustup-home" "-e" "CARGO_TARGET_DIR=/opt/rustwide/target" "-w" "/opt/rustwide/workdir" "--user" "0:0" "d9a5b87952b55925768226c3522fd0f57df5c2f0e05ee960a92a2fcd691a734b" "/opt/rustwide/cargo-home/bin/cargo" "+1.99.0-beta.8" "metadata" "--no-deps" "--format-version=1", kill_on_drop: false }`
[INFO] running `Command { std: "docker" "inspect" "d9a5b87952b55925768226c3522fd0f57df5c2f0e05ee960a92a2fcd691a734b", kill_on_drop: false }`
[INFO] running `Command { std: "docker" "exec" "-e" "SOURCE_DIR=/opt/rustwide/workdir" "-e" "CARGO_HOME=/opt/rustwide/cargo-home" "-e" "RUSTUP_HOME=/opt/rustwide/rustup-home" "-e" "CARGO_TARGET_DIR=/opt/rustwide/target" "-e" "CARGO_INCREMENTAL=0" "-e" "RUST_BACKTRACE=full" "-e" "RUSTFLAGS=--cap-lints=warn" "-e" "RUSTDOCFLAGS=--cap-lints=warn" "-w" "/opt/rustwide/workdir" "--user" "0:0" "d9a5b87952b55925768226c3522fd0f57df5c2f0e05ee960a92a2fcd691a734b" "/opt/rustwide/cargo-home/bin/cargo" "+1.99.0-beta.8" "build" "--frozen" "--message-format=json" "--release", kill_on_drop: false }`
[INFO] [stderr]    Compiling proc-macro2 v1.0.107
[INFO] [stderr]    Compiling quote v1.0.47
[INFO] [stderr]    Compiling unicode-ident v1.0.26
[INFO] [stderr]    Compiling utf8parse v0.2.2
[INFO] [stderr]    Compiling anstyle v1.0.14
[INFO] [stderr]    Compiling is_terminal_polyfill v1.70.2
[INFO] [stderr]    Compiling colorchoice v1.0.5
[INFO] [stderr]    Compiling anstyle-query v1.1.5
[INFO] [stderr]    Compiling strsim v0.11.1
[INFO] [stderr]    Compiling clap_lex v1.1.1
[INFO] [stderr]    Compiling thiserror v2.0.20
[INFO] [stderr]    Compiling byteorder v1.5.0
[INFO] [stderr]    Compiling anstyle-parse v1.0.0
[INFO] [stderr]    Compiling anstream v1.0.0
[INFO] [stderr]    Compiling clap_builder v4.6.7
[INFO] [stderr]    Compiling syn v3.0.6
[INFO] [stderr]    Compiling clap v4.6.7
[INFO] [stderr]    Compiling thiserror-impl v2.0.20
[INFO] [stderr]    Compiling proxyconf v0.2.3 (/opt/rustwide/workdir)
[INFO] [stdout] error[E0433]: cannot find module or crate `winreg` in this scope
[INFO] [stdout]  --> src/proxyconf/envvars.rs:5:5
[INFO] [stdout]   |
[INFO] [stdout] 5 | use winreg::enums::*;
[INFO] [stdout]   |     ^^^^^^ use of unresolved module or unlinked crate `winreg`
[INFO] [stdout]   |
[INFO] [stdout]   = help: if you wanted to use a crate named `winreg`, use `cargo add winreg` to add it to your `Cargo.toml`
[INFO] [stdout] 
[INFO] [stdout] 
[INFO] [stdout] error[E0433]: cannot find module or crate `winreg` in this scope
[INFO] [stdout]   --> src/proxyconf/internet_settings/legacy/registry.rs:11:5
[INFO] [stdout]    |
[INFO] [stdout] 11 | use winreg::enums::*;
[INFO] [stdout]    |     ^^^^^^ use of unresolved module or unlinked crate `winreg`
[INFO] [stdout]    |
[INFO] [stdout]    = help: if you wanted to use a crate named `winreg`, use `cargo add winreg` to add it to your `Cargo.toml`
[INFO] [stdout] 
[INFO] [stdout] 
[INFO] [stdout] error[E0433]: cannot find module or crate `winreg` in this scope
[INFO] [stdout]   --> src/proxyconf/internet_settings/modern/registry.rs:17:5
[INFO] [stdout]    |
[INFO] [stdout] 17 | use winreg::enums::*;
[INFO] [stdout]    |     ^^^^^^ use of unresolved module or unlinked crate `winreg`
[INFO] [stdout]    |
[INFO] [stdout]    = help: if you wanted to use a crate named `winreg`, use `cargo add winreg` to add it to your `Cargo.toml`
[INFO] [stdout] 
[INFO] [stdout] 
[INFO] [stdout] error[E0432]: unresolved import `winreg`
[INFO] [stdout]  --> src/proxyconf/registry_helpers.rs:4:5
[INFO] [stdout]   |
[INFO] [stdout] 4 | use winreg::RegKey;
[INFO] [stdout]   |     ^^^^^^ use of unresolved module or unlinked crate `winreg`
[INFO] [stdout]   |
[INFO] [stdout]   = help: if you wanted to use a crate named `winreg`, use `cargo add winreg` to add it to your `Cargo.toml`
[INFO] [stdout] 
[INFO] [stdout] 
[INFO] [stdout] error[E0432]: unresolved import `winreg`
[INFO] [stdout]  --> src/proxyconf/envvars.rs:6:5
[INFO] [stdout]   |
[INFO] [stdout] 6 | use winreg::RegKey;
[INFO] [stdout]   |     ^^^^^^ use of unresolved module or unlinked crate `winreg`
[INFO] [stdout]   |
[INFO] [stdout]   = help: if you wanted to use a crate named `winreg`, use `cargo add winreg` to add it to your `Cargo.toml`
[INFO] [stdout] 
[INFO] [stdout] 
[INFO] [stdout] error[E0432]: unresolved import `winreg`
[INFO] [stdout]   --> src/proxyconf/internet_settings/legacy/registry.rs:12:5
[INFO] [stdout]    |
[INFO] [stdout] 12 | use winreg::RegKey;
[INFO] [stdout]    |     ^^^^^^ use of unresolved module or unlinked crate `winreg`
[INFO] [stdout]    |
[INFO] [stdout]    = help: if you wanted to use a crate named `winreg`, use `cargo add winreg` to add it to your `Cargo.toml`
[INFO] [stdout] 
[INFO] [stdout] 
[INFO] [stdout] error[E0432]: unresolved import `winreg`
[INFO] [stdout]   --> src/proxyconf/internet_settings/modern/registry.rs:18:5
[INFO] [stdout]    |
[INFO] [stdout] 18 | use winreg::{RegKey, RegValue};
[INFO] [stdout]    |     ^^^^^^ use of unresolved module or unlinked crate `winreg`
[INFO] [stdout]    |
[INFO] [stdout]    = help: if you wanted to use a crate named `winreg`, use `cargo add winreg` to add it to your `Cargo.toml`
[INFO] [stdout] 
[INFO] [stdout] 
[INFO] [stdout] error[E0425]: cannot find value `HKEY_LOCAL_MACHINE` in this scope
[INFO] [stdout]   --> src/proxyconf/envvars.rs:14:30
[INFO] [stdout]    |
[INFO] [stdout] 14 |     let key = RegKey::predef(HKEY_LOCAL_MACHINE).open_subkey_with_flags(MACHINE_PATH, KEY_READ)?;
[INFO] [stdout]    |                              ^^^^^^^^^^^^^^^^^^ not found in this scope
[INFO] [stdout] 
[INFO] [stdout] 
[INFO] [stdout] error[E0425]: cannot find value `KEY_READ` in this scope
[INFO] [stdout]   --> src/proxyconf/envvars.rs:14:87
[INFO] [stdout]    |
[INFO] [stdout] 14 |     let key = RegKey::predef(HKEY_LOCAL_MACHINE).open_subkey_with_flags(MACHINE_PATH, KEY_READ)?;
[INFO] [stdout]    |                                                                                       ^^^^^^^^ not found in this scope
[INFO] [stdout] 
[INFO] [stdout] 
[INFO] [stdout] error[E0425]: cannot find value `HKEY_CURRENT_USER` in this scope
[INFO] [stdout]   --> src/proxyconf/envvars.rs:21:30
[INFO] [stdout]    |
[INFO] [stdout] 21 |     let key = RegKey::predef(HKEY_CURRENT_USER).open_subkey_with_flags(USER_PATH, KEY_READ)?;
[INFO] [stdout]    |                              ^^^^^^^^^^^^^^^^^ not found in this scope
[INFO] [stdout] 
[INFO] [stdout] 
[INFO] [stdout] error[E0425]: cannot find value `KEY_READ` in this scope
[INFO] [stdout]   --> src/proxyconf/envvars.rs:21:83
[INFO] [stdout]    |
[INFO] [stdout] 21 |     let key = RegKey::predef(HKEY_CURRENT_USER).open_subkey_with_flags(USER_PATH, KEY_READ)?;
[INFO] [stdout]    |                                                                                   ^^^^^^^^ not found in this scope
[INFO] [stdout] 
[INFO] [stdout] 
[INFO] [stdout] error[E0425]: cannot find value `HKEY_CURRENT_USER` in this scope
[INFO] [stdout]   --> src/proxyconf/internet_settings/legacy/registry.rs:17:31
[INFO] [stdout]    |
[INFO] [stdout] 17 |     let hkcu = RegKey::predef(HKEY_CURRENT_USER);
[INFO] [stdout]    |                               ^^^^^^^^^^^^^^^^^ not found in this scope
[INFO] [stdout] 
[INFO] [stdout] 
[INFO] [stdout] error[E0425]: cannot find value `KEY_ALL_ACCESS` in this scope
[INFO] [stdout]   --> src/proxyconf/internet_settings/legacy/registry.rs:18:29
[INFO] [stdout]    |
[INFO] [stdout] 18 |     let access = if write { KEY_ALL_ACCESS } else { KEY_READ };
[INFO] [stdout]    |                             ^^^^^^^^^^^^^^ not found in this scope
[INFO] [stdout] 
[INFO] [stdout] 
[INFO] [stdout] error[E0425]: cannot find value `KEY_READ` in this scope
[INFO] [stdout]   --> src/proxyconf/internet_settings/legacy/registry.rs:18:53
[INFO] [stdout]    |
[INFO] [stdout] 18 |     let access = if write { KEY_ALL_ACCESS } else { KEY_READ };
[INFO] [stdout]    |                                                     ^^^^^^^^ not found in this scope
[INFO] [stdout] 
[INFO] [stdout] 
[INFO] [stdout] error[E0425]: cannot find value `HKEY_LOCAL_MACHINE` in this scope
[INFO] [stdout]   --> src/proxyconf/internet_settings/modern/registry.rs:55:42
[INFO] [stdout]    |
[INFO] [stdout] 55 |         Target::System => RegKey::predef(HKEY_LOCAL_MACHINE),
[INFO] [stdout]    |                                          ^^^^^^^^^^^^^^^^^^ not found in this scope
[INFO] [stdout] 
[INFO] [stdout] 
[INFO] [stdout] error[E0425]: cannot find value `HKEY_CURRENT_USER` in this scope
[INFO] [stdout]   --> src/proxyconf/internet_settings/modern/registry.rs:56:47
[INFO] [stdout]    |
[INFO] [stdout] 56 |         Target::CurrentUser => RegKey::predef(HKEY_CURRENT_USER),
[INFO] [stdout]    |                                               ^^^^^^^^^^^^^^^^^ not found in this scope
[INFO] [stdout] 
[INFO] [stdout] 
[INFO] [stdout] error[E0425]: cannot find value `KEY_ALL_ACCESS` in this scope
[INFO] [stdout]   --> src/proxyconf/internet_settings/modern/registry.rs:58:29
[INFO] [stdout]    |
[INFO] [stdout] 58 |     let access = if write { KEY_ALL_ACCESS } else { KEY_READ };
[INFO] [stdout]    |                             ^^^^^^^^^^^^^^ not found in this scope
[INFO] [stdout] 
[INFO] [stdout] 
[INFO] [stdout] error[E0425]: cannot find value `KEY_READ` in this scope
[INFO] [stdout]   --> src/proxyconf/internet_settings/modern/registry.rs:58:53
[INFO] [stdout]    |
[INFO] [stdout] 58 |     let access = if write { KEY_ALL_ACCESS } else { KEY_READ };
[INFO] [stdout]    |                                                     ^^^^^^^^ not found in this scope
[INFO] [stdout] 
[INFO] [stdout] 
[INFO] [stdout] error[E0425]: cannot find value `REG_BINARY` in this scope
[INFO] [stdout]   --> src/proxyconf/internet_settings/modern/registry.rs:67:16
[INFO] [stdout]    |
[INFO] [stdout] 67 |         vtype: REG_BINARY,
[INFO] [stdout]    |                ^^^^^^^^^^ not found in this scope
[INFO] [stdout] 
[INFO] [stdout] 
[INFO] [stdout] Some errors have detailed explanations: E0425, E0432, E0433.
[INFO] [stdout] 
[INFO] [stdout] For more information about an error, try `rustc --explain E0425`.
[INFO] [stdout] 
[INFO] [stderr] error: could not compile `proxyconf` (lib) due to 19 previous errors
[INFO] [stderr] warning: build failed, waiting for other jobs to finish...
[INFO] running `Command { std: "docker" "inspect" "d9a5b87952b55925768226c3522fd0f57df5c2f0e05ee960a92a2fcd691a734b", kill_on_drop: false }`
[INFO] running `Command { std: "docker" "rm" "-f" "d9a5b87952b55925768226c3522fd0f57df5c2f0e05ee960a92a2fcd691a734b", kill_on_drop: false }`
[INFO] [stdout] d9a5b87952b55925768226c3522fd0f57df5c2f0e05ee960a92a2fcd691a734b
