[INFO] fetching crate prov-cosmwasm-vm 1.0.0-provbeta3...
[INFO] testing prov-cosmwasm-vm-1.0.0-provbeta3 against 1.99.0-beta.8+cargoflags=--release for beta-release-1.100-2
[INFO] extracting crate prov-cosmwasm-vm 1.0.0-provbeta3 into /workspace/builds/worker-4-tc1/source
[INFO] started tweaking crates.io crate prov-cosmwasm-vm 1.0.0-provbeta3
[INFO] removed 0 missing examples
[INFO] finished tweaking crates.io crate prov-cosmwasm-vm 1.0.0-provbeta3
[INFO] tweaked toml for crates.io crate prov-cosmwasm-vm 1.0.0-provbeta3 written to /workspace/builds/worker-4-tc1/source/Cargo.toml
[INFO] validating manifest of crates.io crate prov-cosmwasm-vm 1.0.0-provbeta3 on toolchain 1.99.0-beta.8
[INFO] running `Command { std: CARGO_HOME="/workspace/cargo-home" RUSTUP_HOME="/workspace/rustup-home" "/workspace/cargo-home/bin/cargo" "+1.99.0-beta.8" "metadata" "--manifest-path" "Cargo.toml" "--no-deps", kill_on_drop: false }`
[INFO] crate crates.io crate prov-cosmwasm-vm 1.0.0-provbeta3 already has a lockfile, it will not be regenerated
[INFO] running `Command { std: CARGO_HOME="/workspace/cargo-home" RUSTUP_HOME="/workspace/rustup-home" "/workspace/cargo-home/bin/cargo" "+1.99.0-beta.8" "fetch" "--manifest-path" "Cargo.toml", kill_on_drop: false }`
[INFO] [stderr]     Blocking waiting for file lock on package cache
[INFO] [stderr]     Updating crates.io index
[INFO] [stderr]     Blocking waiting for file lock on package cache
[INFO] [stderr]  Downloading crates ...
[INFO] [stderr]   Downloaded wast v39.0.0
[INFO] [stderr]   Downloaded wat v1.0.41
[INFO] [stderr]   Downloaded wasmer-middlewares v2.2.0-rc1
[INFO] [stderr]   Downloaded wasmer-vm v2.2.0-rc1
[INFO] [stderr]   Downloaded more-asserts v0.2.2
[INFO] [stderr]   Downloaded enum-iterator v0.7.0
[INFO] [stderr]   Downloaded enum-iterator-derive v0.7.0
[INFO] [stderr]   Downloaded enumset_derive v0.5.5
[INFO] [stderr]   Downloaded darling_macro v0.13.1
[INFO] [stderr]   Downloaded wasmer-object v2.2.0-rc1
[INFO] [stderr]   Downloaded loupe-derive v0.1.3
[INFO] [stderr]   Downloaded wasmer-engine-universal v2.2.0-rc1
[INFO] [stderr]   Downloaded serde_bytes v0.11.5
[INFO] [stderr]   Downloaded wasmer-derive v2.2.0-rc1
[INFO] [stderr]   Downloaded cranelift-codegen-shared v0.76.0
[INFO] [stderr]   Downloaded rend v0.3.6
[INFO] [stderr]   Downloaded bytecheck v0.6.7
[INFO] [stderr]   Downloaded bytecheck_derive v0.6.7
[INFO] [stderr]   Downloaded loupe v0.1.3
[INFO] [stderr]   Downloaded target-lexicon v0.12.3
[INFO] [stderr]   Downloaded enumset v1.0.8
[INFO] [stderr]   Downloaded wasmer-engine-dylib v2.2.0-rc1
[INFO] [stderr]   Downloaded which v4.2.4
[INFO] [stderr]   Downloaded libloading v0.7.3
[INFO] [stderr]   Downloaded cranelift-frontend v0.76.0
[INFO] [stderr]   Downloaded cranelift-entity v0.76.0
[INFO] [stderr]   Downloaded cranelift-bforest v0.76.0
[INFO] [stderr]   Downloaded plotters-svg v0.3.1
[INFO] [stderr]   Downloaded plotters-backend v0.3.2
[INFO] [stderr]   Downloaded oorandom v11.1.3
[INFO] [stderr]   Downloaded cast v0.2.7
[INFO] [stderr]   Downloaded wasmer-types v2.2.0-rc1
[INFO] [stderr]   Downloaded rkyv_derive v0.7.33
[INFO] [stderr]   Downloaded ahash v0.7.6
[INFO] [stderr]   Downloaded region v3.0.0
[INFO] [stderr]   Downloaded wasmer-engine v2.2.0-rc1
[INFO] [stderr]   Downloaded wasmer-compiler v2.2.0-rc1
[INFO] [stderr]   Downloaded darling v0.13.1
[INFO] [stderr]   Downloaded memmap2 v0.5.3
[INFO] [stderr]   Downloaded crossbeam-deque v0.8.1
[INFO] [stderr]   Downloaded dynasmrt v1.2.1
[INFO] [stderr]   Downloaded half v1.8.2
[INFO] [stderr]   Downloaded criterion-plot v0.4.4
[INFO] [stderr]   Downloaded clru v0.4.0
[INFO] [stderr]   Downloaded darling_core v0.13.1
[INFO] [stderr]   Downloaded rayon-core v1.9.1
[INFO] [stderr]   Downloaded crossbeam-epoch v0.9.7
[INFO] [stderr]   Downloaded wasmer-compiler-cranelift v2.2.0-rc1
[INFO] [stderr]   Downloaded indexmap v1.8.0
[INFO] [stderr]   Downloaded backtrace v0.3.64
[INFO] [stderr]   Downloaded tracing v0.1.31
[INFO] [stderr]   Downloaded parity-wasm v0.42.2
[INFO] [stderr]   Downloaded hashbrown v0.12.0
[INFO] [stderr]   Downloaded wasmparser v0.78.2
[INFO] [stderr]   Downloaded wasmer v2.2.0-rc1
[INFO] [stderr]   Downloaded wasmer-compiler-singlepass v2.2.0-rc1
[INFO] [stderr]   Downloaded prov-cosmwasm-std v1.0.0-provbeta3
[INFO] [stderr]   Downloaded rkyv v0.7.33
[INFO] [stderr]   Downloaded dynasm v1.2.1
[INFO] [stderr]   Downloaded criterion v0.3.5
[INFO] [stderr]   Downloaded rayon v1.5.1
[INFO] [stderr]   Downloaded regalloc v0.0.31
[INFO] [stderr]   Downloaded cranelift-codegen-meta v0.76.0
[INFO] [stderr]   Downloaded object v0.27.1
[INFO] [stderr]   Downloaded object v0.28.3
[INFO] [stderr]   Downloaded gimli v0.25.0
[INFO] [stderr]   Downloaded cranelift-codegen v0.76.0
[INFO] [stderr]   Downloaded plotters v0.3.1
[INFO] running `Command { std: "docker" "create" "-v" "/var/lib/crater-agent-workspace/builds/worker-4-tc1/source:/opt/rustwide/workdir:ro,Z" "-v" "/var/lib/crater-agent-workspace/builds/worker-4-tc1/target:/opt/rustwide/target:rw,Z" "-v" "/var/lib/crater-agent-workspace/cargo-home:/opt/rustwide/cargo-home:ro,Z" "-v" "/var/lib/crater-agent-workspace/rustup-home:/opt/rustwide/rustup-home:ro,Z" "-m" "1610612736" "--network" "none" "ghcr.io/rust-lang/crates-build-env/linux@sha256:77db811e55d90add9212f6832c23229e3de5f1c1f9905e8cb07319ea15df73ac" "sleep" "infinity", kill_on_drop: false }`
[INFO] [stdout] cb1f5bddb93ff93a30944c54462f3fe52a07324198c7ef0bcab175024de53cf3
[INFO] running `Command { std: "docker" "start" "cb1f5bddb93ff93a30944c54462f3fe52a07324198c7ef0bcab175024de53cf3", kill_on_drop: false }`
[INFO] running `Command { std: "docker" "inspect" "cb1f5bddb93ff93a30944c54462f3fe52a07324198c7ef0bcab175024de53cf3", kill_on_drop: false }`
[INFO] running `Command { std: "docker" "exec" "-e" "SOURCE_DIR=/opt/rustwide/workdir" "-e" "CARGO_HOME=/opt/rustwide/cargo-home" "-e" "RUSTUP_HOME=/opt/rustwide/rustup-home" "-e" "CARGO_TARGET_DIR=/opt/rustwide/target" "-w" "/opt/rustwide/workdir" "--user" "0:0" "cb1f5bddb93ff93a30944c54462f3fe52a07324198c7ef0bcab175024de53cf3" "/opt/rustwide/cargo-home/bin/cargo" "+1.99.0-beta.8" "metadata" "--no-deps" "--format-version=1", kill_on_drop: false }`
[INFO] running `Command { std: "docker" "inspect" "cb1f5bddb93ff93a30944c54462f3fe52a07324198c7ef0bcab175024de53cf3", kill_on_drop: false }`
[INFO] running `Command { std: "docker" "exec" "-e" "SOURCE_DIR=/opt/rustwide/workdir" "-e" "CARGO_HOME=/opt/rustwide/cargo-home" "-e" "RUSTUP_HOME=/opt/rustwide/rustup-home" "-e" "CARGO_TARGET_DIR=/opt/rustwide/target" "-e" "CARGO_INCREMENTAL=0" "-e" "RUST_BACKTRACE=full" "-e" "RUSTFLAGS=--cap-lints=warn" "-e" "RUSTDOCFLAGS=--cap-lints=warn" "-w" "/opt/rustwide/workdir" "--user" "0:0" "cb1f5bddb93ff93a30944c54462f3fe52a07324198c7ef0bcab175024de53cf3" "/opt/rustwide/cargo-home/bin/cargo" "+1.99.0-beta.8" "build" "--frozen" "--message-format=json" "--release", kill_on_drop: false }`
[INFO] [stderr]    Compiling proc-macro2 v1.0.36
[INFO] [stderr]    Compiling unicode-xid v0.2.2
[INFO] [stderr]    Compiling syn v1.0.86
[INFO] [stderr]    Compiling libc v0.2.119
[INFO] [stderr]    Compiling serde_derive v1.0.136
[INFO] [stderr]    Compiling serde v1.0.136
[INFO] [stderr]    Compiling once_cell v1.9.0
[INFO] [stderr]    Compiling memchr v2.4.1
[INFO] [stderr]    Compiling bytecheck v0.6.7
[INFO] [stderr]    Compiling ahash v0.7.6
[INFO] [stderr]    Compiling indexmap v1.8.0
[INFO] [stderr]    Compiling memoffset v0.6.5
[INFO] [stderr]    Compiling generic-array v0.14.5
[INFO] [stderr]    Compiling strsim v0.10.0
[INFO] [stderr]    Compiling rend v0.3.6
[INFO] [stderr]    Compiling miniz_oxide v0.4.4
[INFO] [stderr]    Compiling target-lexicon v0.12.3
[INFO] [stderr]    Compiling rkyv v0.7.33
[INFO] [stderr]    Compiling backtrace v0.3.64
[INFO] [stderr]    Compiling subtle v2.4.1
[INFO] [stderr]    Compiling seahash v4.1.0
[INFO] [stderr]    Compiling addr2line v0.17.0
[INFO] [stderr]    Compiling wasmer-vm v2.2.0-rc1
[INFO] [stderr]    Compiling crossbeam-utils v0.8.7
[INFO] [stderr]    Compiling log v0.4.14
[INFO] [stderr]    Compiling more-asserts v0.2.2
[INFO] [stderr]    Compiling byteorder v1.4.3
[INFO] [stderr]    Compiling wasmparser v0.78.2
[INFO] [stderr]    Compiling crossbeam-epoch v0.9.7
[INFO] [stderr]    Compiling const-oid v0.6.2
[INFO] [stderr]    Compiling rayon-core v1.9.1
[INFO] [stderr]    Compiling cranelift-codegen-shared v0.76.0
[INFO] [stderr]    Compiling zeroize v1.4.3
[INFO] [stderr]    Compiling cranelift-entity v0.76.0
[INFO] [stderr]    Compiling der v0.4.5
[INFO] [stderr]    Compiling either v1.6.1
[INFO] [stderr]    Compiling getrandom v0.2.5
[INFO] [stderr]    Compiling region v3.0.0
[INFO] [stderr]    Compiling digest v0.9.0
[INFO] [stderr]    Compiling cranelift-codegen-meta v0.76.0
[INFO] [stderr]    Compiling memmap2 v0.5.3
[INFO] [stderr]    Compiling crc32fast v1.3.2
[INFO] [stderr]    Compiling num_cpus v1.13.1
[INFO] [stderr]    Compiling rayon v1.5.1
[INFO] [stderr]    Compiling crossbeam-channel v0.5.2
[INFO] [stderr]    Compiling rand_core v0.6.3
[INFO] [stderr]    Compiling fallible-iterator v0.2.0
[INFO] [stderr]    Compiling hashbrown v0.11.2
[INFO] [stderr]    Compiling hashbrown v0.12.0
[INFO] [stderr]    Compiling stable_deref_trait v1.2.0
[INFO] [stderr]    Compiling regalloc v0.0.31
[INFO] [stderr]    Compiling quote v1.0.15
[INFO] [stderr]    Compiling object v0.27.1
[INFO] [stderr]    Compiling crossbeam-deque v0.8.1
[INFO] [stderr]    Compiling ff v0.10.1
[INFO] [stderr]    Compiling spki v0.4.1
[INFO] [stderr]    Compiling proc-macro-error-attr v1.0.4
[INFO] [stderr]    Compiling group v0.10.0
[INFO] [stderr]    Compiling pkcs8 v0.7.6
[INFO] [stderr]    Compiling crypto-bigint v0.2.11
[INFO] [stderr]    Compiling cranelift-bforest v0.76.0
[INFO] [stderr]    Compiling getrandom v0.1.16
[INFO] [stderr]    Compiling block-buffer v0.9.0
[INFO] [stderr]    Compiling crypto-mac v0.11.1
[INFO] [stderr]    Compiling tracing-core v0.1.22
[INFO] [stderr]    Compiling pin-project-lite v0.2.8
[INFO] [stderr]    Compiling cpufeatures v0.2.1
[INFO] [stderr]    Compiling sha2 v0.9.9
[INFO] [stderr]    Compiling rand_core v0.5.1
[INFO] [stderr]    Compiling hmac v0.11.0
[INFO] [stderr]    Compiling signature v1.3.2
[INFO] [stderr]    Compiling serde_json v1.0.79
[INFO] [stderr]    Compiling leb128 v0.2.5
[INFO] [stderr]    Compiling crunchy v0.2.2
[INFO] [stderr]    Compiling wasmer-compiler-cranelift v2.2.0-rc1
[INFO] [stderr]    Compiling tempfile v3.3.0
[INFO] [stderr]    Compiling which v4.2.4
[INFO] [stderr]    Compiling libloading v0.7.3
[INFO] [stderr]    Compiling schemars v0.8.8
[INFO] [stderr]    Compiling elliptic-curve v0.10.6
[INFO] [stderr]    Compiling dyn-clone v1.0.4
[INFO] [stderr]    Compiling uint v0.9.1
[INFO] [stderr]    Compiling curve25519-dalek v3.2.0
[INFO] [stderr]    Compiling clru v0.4.0
[INFO] [stderr]    Compiling parity-wasm v0.42.2
[INFO] [stderr]    Compiling ecdsa v0.12.4
[INFO] [stderr]    Compiling k256 v0.9.6
[INFO] [stderr]    Compiling cranelift-codegen v0.76.0
[INFO] [stderr]    Compiling darling_core v0.13.1
[INFO] [stderr]    Compiling proc-macro-error v1.0.4
[INFO] [stderr]    Compiling serde_derive_internals v0.25.0
[INFO] [stderr]    Compiling thiserror-impl v1.0.30
[INFO] [stderr]    Compiling ptr_meta_derive v0.1.4
[INFO] [stderr]    Compiling bytecheck_derive v0.6.7
[INFO] [stderr]    Compiling rkyv_derive v0.7.33
[INFO] [stderr]    Compiling loupe-derive v0.1.3
[INFO] [stderr]    Compiling enum-iterator-derive v0.7.0
[INFO] [stderr]    Compiling tracing-attributes v0.1.19
[INFO] [stderr]    Compiling dynasm v1.2.1
[INFO] [stderr]    Compiling schemars_derive v0.8.8
[INFO] [stderr]    Compiling wasmer-derive v2.2.0-rc1
[INFO] [stderr]    Compiling prov-cosmwasm-derive v1.0.0-provbeta3
[INFO] [stderr]    Compiling ptr_meta v0.1.4
[INFO] [stderr]    Compiling enum-iterator v0.7.0
[INFO] [stderr]    Compiling darling_macro v0.13.1
[INFO] [stderr]    Compiling darling v0.13.1
[INFO] [stderr]    Compiling enumset_derive v0.5.5
[INFO] [stderr]    Compiling thiserror v1.0.30
[INFO] [stderr]    Compiling enumset v1.0.8
[INFO] [stderr]    Compiling tracing v0.1.31
[INFO] [stderr]    Compiling serde_bytes v0.11.5
[INFO] [stderr]    Compiling ed25519-zebra v2.2.0
[INFO] [stderr]    Compiling serde-json-wasm v0.3.2
[INFO] [stderr]    Compiling prov-cosmwasm-crypto v1.0.0-provbeta3
[INFO] [stderr]    Compiling loupe v0.1.3
[INFO] [stderr]    Compiling gimli v0.25.0
[INFO] [stderr]    Compiling object v0.28.3
[INFO] [stderr]    Compiling wasmer-types v2.2.0-rc1
[INFO] [stderr]    Compiling prov-cosmwasm-std v1.0.0-provbeta3
[INFO] [stderr]    Compiling dynasmrt v1.2.1
[INFO] [stderr]    Compiling wasmer-compiler v2.2.0-rc1
[INFO] [stderr]    Compiling wasmer-engine v2.2.0-rc1
[INFO] [stderr]    Compiling wasmer-object v2.2.0-rc1
[INFO] [stderr]    Compiling wasmer-compiler-singlepass v2.2.0-rc1
[INFO] [stderr]    Compiling wasmer-engine-dylib v2.2.0-rc1
[INFO] [stderr]    Compiling wasmer-engine-universal v2.2.0-rc1
[INFO] [stderr]    Compiling cranelift-frontend v0.76.0
[INFO] [stderr]    Compiling wasmer v2.2.0-rc1
[INFO] [stderr]    Compiling wasmer-middlewares v2.2.0-rc1
[INFO] [stderr]    Compiling prov-cosmwasm-vm v1.0.0-provbeta3 (/opt/rustwide/workdir)
[INFO] [stdout] warning: unused import: `limiting_tunables::LimitingTunables`
[INFO] [stdout]  --> src/wasm_backend/mod.rs:7:9
[INFO] [stdout]   |
[INFO] [stdout] 7 | pub use limiting_tunables::LimitingTunables;
[INFO] [stdout]   |         ^^^^^^^^^^^^^^^^^^^^^^^^^^^^^^^^^^^
[INFO] [stdout]   |
[INFO] [stdout]   = note: `#[warn(unused_imports)]` (part of `#[warn(unused)]`) on by default
[INFO] [stdout] 
[INFO] [stdout] 
[INFO] [stderr]     Finished `release` profile [optimized] target(s) in 1m 44s
[INFO] [stderr] warning: the following packages contain code that will be rejected by a future version of Rust: cranelift-codegen-meta v0.76.0, wasmparser v0.78.2
[INFO] [stderr] note: to see what the problems were, use the option `--future-incompat-report`, or run `cargo report future-incompatibilities --id 1`
[INFO] running `Command { std: "docker" "inspect" "cb1f5bddb93ff93a30944c54462f3fe52a07324198c7ef0bcab175024de53cf3", kill_on_drop: false }`
[INFO] running `Command { std: "docker" "exec" "-e" "SOURCE_DIR=/opt/rustwide/workdir" "-e" "CARGO_HOME=/opt/rustwide/cargo-home" "-e" "RUSTUP_HOME=/opt/rustwide/rustup-home" "-e" "CARGO_TARGET_DIR=/opt/rustwide/target" "-e" "CARGO_INCREMENTAL=0" "-e" "RUST_BACKTRACE=full" "-e" "RUSTFLAGS=--cap-lints=warn" "-e" "RUSTDOCFLAGS=--cap-lints=warn" "-w" "/opt/rustwide/workdir" "--user" "0:0" "cb1f5bddb93ff93a30944c54462f3fe52a07324198c7ef0bcab175024de53cf3" "/opt/rustwide/cargo-home/bin/cargo" "+1.99.0-beta.8" "test" "--frozen" "--no-run" "--message-format=json" "--release", kill_on_drop: false }`
[INFO] [stderr]    Compiling semver v1.0.6
[INFO] [stderr]    Compiling num-traits v0.2.14
[INFO] [stderr]    Compiling regex-automata v0.1.10
[INFO] [stderr]    Compiling plotters-backend v0.3.2
[INFO] [stderr]    Compiling itertools v0.10.3
[INFO] [stderr]    Compiling atty v0.2.14
[INFO] [stderr]    Compiling csv-core v0.1.10
[INFO] [stderr]    Compiling itoa v0.4.8
[INFO] [stderr]    Compiling regex-syntax v0.6.25
[INFO] [stderr]    Compiling half v1.8.2
[INFO] [stderr]    Compiling rand_chacha v0.3.1
[INFO] [stderr]    Compiling walkdir v2.3.2
[INFO] [stderr]    Compiling tinytemplate v1.2.1
[INFO] [stderr]    Compiling wast v39.0.0
[INFO] [stderr]    Compiling oorandom v11.1.3
[INFO] [stderr]    Compiling hex-literal v0.3.4
[INFO] [stderr]    Compiling clap v2.34.0
[INFO] [stdout] warning: unused import: `limiting_tunables::LimitingTunables`
[INFO] [stdout]  --> src/wasm_backend/mod.rs:7:9
[INFO] [stdout]   |
[INFO] [stdout] 7 | pub use limiting_tunables::LimitingTunables;
[INFO] [stdout]   |         ^^^^^^^^^^^^^^^^^^^^^^^^^^^^^^^^^^^
[INFO] [stdout]   |
[INFO] [stdout]   = note: `#[warn(unused_imports)]` (part of `#[warn(unused)]`) on by default
[INFO] [stdout] 
[INFO] [stdout] 
[INFO] [stderr]    Compiling rustc_version v0.4.0
[INFO] [stderr]    Compiling bstr v0.2.17
[INFO] [stderr]    Compiling plotters-svg v0.3.1
[INFO] [stderr]    Compiling serde_cbor v0.11.2
[INFO] [stderr]    Compiling rand v0.8.5
[INFO] [stderr]    Compiling cast v0.2.7
[INFO] [stderr]    Compiling csv v1.1.6
[INFO] [stderr]    Compiling regex v1.5.4
[INFO] [stderr]    Compiling plotters v0.3.1
[INFO] [stderr]    Compiling criterion-plot v0.4.4
[INFO] [stderr]    Compiling criterion v0.3.5
[INFO] [stderr]    Compiling wat v1.0.41
[INFO] [stderr]    Compiling prov-cosmwasm-vm v1.0.0-provbeta3 (/opt/rustwide/workdir)
[INFO] [stdout] warning: unused import: `limiting_tunables::LimitingTunables`
[INFO] [stdout]  --> src/wasm_backend/mod.rs:7:9
[INFO] [stdout]   |
[INFO] [stdout] 7 | pub use limiting_tunables::LimitingTunables;
[INFO] [stdout]   |         ^^^^^^^^^^^^^^^^^^^^^^^^^^^^^^^^^^^
[INFO] [stdout]   |
[INFO] [stdout]   = note: `#[warn(unused_imports)]` (part of `#[warn(unused)]`) on by default
[INFO] [stdout] 
[INFO] [stdout] 
[INFO] [stdout] error: linking with `cc` failed: exit status: 1
[INFO] [stdout]   |
[INFO] [stdout]   = note:  "cc" "-m64" "/opt/rustwide/target/release/examples/rustcn2XrwZ/symbols.o" "<2 object files omitted>" "-Wl,--as-needed" "-Wl,-Bstatic" "/opt/rustwide/target/release/deps/{libprov_cosmwasm_vm-e7f03e87b15f70e6,libclru-9f3d0db065097c22,libwasmer_middlewares-c1c90d29751ff18e,libparity_wasm-ee57659bb47c30df,libwasmer-052b2547068c5416,libwasmer_engine_universal-412a33fdb280708e,libwasmer_compiler_cranelift-afede67964664258,libtracing-1cf548c360ba2645,libpin_project_lite-f61c297262a2a027,libtracing_core-0beac059fba7b75f,libcranelift_frontend-d05acf6dfe7b33b6,libcranelift_codegen-890e38a472d3ad0d,libgimli-77f89f6b74eab696,libfallible_iterator-a3920e6e5d4a0ea9,libstable_deref_trait-6316f83de98535f7,libregalloc-a0bbeea61159e326,librustc_hash-594aa461f15f3238,liblog-a177ca17544118e1,libcranelift_codegen_shared-e3f9cb6095c1e4fd,libcranelift_bforest-6fddfbd472b43ec6,libcranelift_entity-9c5004f8c71640c1,libwasmer_compiler_singlepass-6b9ffee21654f872,libdynasmrt-18b156510833e8df,librayon-6362b78c0934b5e3,librayon_core-0b2b81d97c4d87bd,libnum_cpus-a72fc8b353729427,libcrossbeam_deque-aa1f46e93711ee24,libcrossbeam_epoch-4f66de78fc92557b,libscopeguard-d6f31e6f1ec771b5,libcrossbeam_channel-1cfccb9dda7c3ed7,libcrossbeam_utils-ee8adb6d2a284487,libeither-f9fa016b7f109794,libwasmer_engine-57e6ad7efea9b258,liblazy_static-480433dca0d17907,libmemmap2-95a7f255ad3676bf,libwasmer_compiler-20c8fe9fd7e1f552,libserde_bytes-ab01b4aa6a93453d,libsmallvec-87e1a5b4d62eea6e,libtarget_lexicon-08d90fbfef48a5d8,libwasmer_vm-49c99e80d03c534f,libregion-b86855e9a68062e0,libenum_iterator-b0fe55d1a796a20f,libbacktrace-7cfac7fa6a6d7927,libminiz_oxide-3de9ebba277e1a98,libadler-f334a75a447e9ef2,libobject-2548813234cbde2e,libmemchr-4f1ace6183a6b8a7,libaddr2line-ce263aa406cb60bb,libgimli-65d5fbdee7f94927,librustc_demangle-8af3701e06bac89e,libmore_asserts-28fdb277cb5caab8,libmemoffset-99a9041c836de5b2,libwasmparser-0ca6b24b6ececd69,libwasmer_types-924c7bc7243a3f51,librkyv-599f37f6008e9051,librend-cadf6a6bd9779a70,libhashbrown-1e936ef0c52d8337,libseahash-41f1d4a16f6a9f7f,libptr_meta-82fd88b088102268,libenumset-d7af733103fe3f3f,libloupe-d527b448cbd24da2,libindexmap-5bdeb987be025d76,libhashbrown-b506f7770d0796ae,libahash-0c17c8610b264320,libonce_cell-8fc3fe753bc06607,libprov_cosmwasm_std-55becd4e35f1ce4b,libserde_json_wasm-e2586492b1da8ec3,libbase64-41ed288cdd36b78f,libuint-e4a8ca6591bf1afb,libcrunchy-05e0b256e30c1906,libstatic_assertions-306fc8cfb43dc741,libprov_cosmwasm_crypto-a097b773670197a9,libk256-de17441fa86f8e28,libecdsa-7228bb256f4be895,libsignature-3087157c3a3eceeb,libhmac-cd76e0f5c29448b6,libcrypto_mac-b76714b176f73b0d,libelliptic_curve-a3709ebb7b388d2b,libcrypto_bigint-cafd8b2dc944667b,libpkcs8-33496373669a0496,libspki-6261c7c72e2add9e,libder-c494ff2b2afa11af,libconst_oid-78eb94405409d77e,libgroup-977b050f3ead40bb,libff-951650a452bc4f25,librand_core-a241b7b871119de2,libgetrandom-0c76c927ed18a679,libed25519_zebra-2b3bc7ca0a298e14,libhex-ffa975566df5dac7,libsha2-79e2a9d013429441,libcpufeatures-23ef0acc9bfa40e5,libopaque_debug-3c7f88476b12ca94,libblock_buffer-b72cc55577e71bba,libcurve25519_dalek-4a5ce6f1c312a9a5,libsubtle-34ba7109203c4154,libzeroize-b8ae438377537b20,librand_core-f243c1150e745442,libgetrandom-06f21230ff242e3a,libcfg_if-193575a6b29a3ab9,libdigest-dcfc533cbb733a25,libgeneric_array-d3d31897e89c2a4f,libtypenum-15320cb8a9930e74,libbyteorder-071363929d6d94f5,libschemars-19f672ae0edb7852,libdyn_clone-ef5c86001f3fa637,libserde_json-5f82565a7c0a9aef,libryu-17ffb69ea84478ce,libitoa-775aa4ef328e5376,libserde-4722944fe8a6d629,libthiserror-46f916ff641e5ea1,libclap-8ebeb85760b0f05e,libvec_map-0c63c46b16946dae,libtextwrap-23426180ad13b1fc,libunicode_width-def6b5955cad25eb,libstrsim-a9397c47b6022ed0,libbitflags-68973b8086863992,libatty-7f259ec9a7f2c7f7,liblibc-9bb808910506eaf6,libansi_term-73ffbc0b1cfa6e1e}.rlib" "<sysroot>/lib/rustlib/x86_64-unknown-linux-gnu/lib/{libstd-*,libpanic_unwind-*,libobject-*,libmemchr-*,libaddr2line-*,libgimli-*,libcfg_if-*,librustc_demangle-*,libstd_detect-*,libhashbrown-*,librustc_std_workspace_alloc-*,libminiz_oxide-*,libadler2-*,libunwind-*,liblibc-*,librustc_std_workspace_core-*,liballoc-*,libcore-*,libcompiler_builtins-*}.rlib" "-Wl,-Bdynamic" "-lgcc_s" "-lutil" "-lrt" "-lpthread" "-lm" "-ldl" "-lc" "-L" "/opt/rustwide/target/release/examples/rustcn2XrwZ/raw-dylibs" "-B<sysroot>/lib/rustlib/x86_64-unknown-linux-gnu/bin/gcc-ld" "-fuse-ld=lld" "-Wl,--eh-frame-hdr" "-Wl,-z,noexecstack" "-L" "/opt/rustwide/target/release/build/wasmer-vm-bb97b857a51d1447/out" "-L" "<sysroot>/lib/rustlib/x86_64-unknown-linux-gnu/lib" "-o" "/opt/rustwide/target/release/examples/module_size-f7c4a4e4d420fd0c" "-Wl,--gc-sections" "-pie" "-Wl,-z,relro,-z,now" "-Wl,-O1" "-Wl,--strip-debug" "-nodefaultlibs"
[INFO] [stdout]   = note: some arguments are omitted. use `--verbose` to show all linker arguments
[INFO] [stdout]   = note: rust-lld: error: undefined symbol: __rust_probestack
[INFO] [stdout]           >>> referenced by wasmer_vm.ee7414553554448f-cgu.8
[INFO] [stdout]           >>>               wasmer_vm-49c99e80d03c534f.wasmer_vm.ee7414553554448f-cgu.8.rcgu.o:(wasmer_vm_probestack) in archive /opt/rustwide/target/release/deps/libwasmer_vm-49c99e80d03c534f.rlib
[INFO] [stdout]           collect2: error: ld returned 1 exit status
[INFO] [stdout]           
[INFO] [stdout] 
[INFO] [stdout] 
[INFO] [stderr] error: could not compile `prov-cosmwasm-vm` (example "module_size") due to 1 previous error
[INFO] [stderr] warning: build failed, waiting for other jobs to finish...
[INFO] [stdout] error: linking with `cc` failed: exit status: 1
[INFO] [stdout]   |
[INFO] [stdout]   = note:  "cc" "-m64" "/opt/rustwide/target/release/examples/rustcIF2fb3/symbols.o" "<2 object files omitted>" "-Wl,--as-needed" "-Wl,-Bstatic" "/opt/rustwide/target/release/deps/{libprov_cosmwasm_vm-e7f03e87b15f70e6,libclru-9f3d0db065097c22,libwasmer_middlewares-c1c90d29751ff18e,libparity_wasm-ee57659bb47c30df,libwasmer-052b2547068c5416,libwasmer_engine_universal-412a33fdb280708e,libwasmer_compiler_cranelift-afede67964664258,libtracing-1cf548c360ba2645,libpin_project_lite-f61c297262a2a027,libtracing_core-0beac059fba7b75f,libcranelift_frontend-d05acf6dfe7b33b6,libcranelift_codegen-890e38a472d3ad0d,libgimli-77f89f6b74eab696,libfallible_iterator-a3920e6e5d4a0ea9,libstable_deref_trait-6316f83de98535f7,libregalloc-a0bbeea61159e326,librustc_hash-594aa461f15f3238,liblog-a177ca17544118e1,libcranelift_codegen_shared-e3f9cb6095c1e4fd,libcranelift_bforest-6fddfbd472b43ec6,libcranelift_entity-9c5004f8c71640c1,libwasmer_compiler_singlepass-6b9ffee21654f872,libdynasmrt-18b156510833e8df,librayon-6362b78c0934b5e3,librayon_core-0b2b81d97c4d87bd,libnum_cpus-a72fc8b353729427,libcrossbeam_deque-aa1f46e93711ee24,libcrossbeam_epoch-4f66de78fc92557b,libscopeguard-d6f31e6f1ec771b5,libcrossbeam_channel-1cfccb9dda7c3ed7,libcrossbeam_utils-ee8adb6d2a284487,libeither-f9fa016b7f109794,libwasmer_engine-57e6ad7efea9b258,liblazy_static-480433dca0d17907,libmemmap2-95a7f255ad3676bf,libwasmer_compiler-20c8fe9fd7e1f552,libserde_bytes-ab01b4aa6a93453d,libsmallvec-87e1a5b4d62eea6e,libtarget_lexicon-08d90fbfef48a5d8,libwasmer_vm-49c99e80d03c534f,libregion-b86855e9a68062e0,libenum_iterator-b0fe55d1a796a20f,libbacktrace-7cfac7fa6a6d7927,libminiz_oxide-3de9ebba277e1a98,libadler-f334a75a447e9ef2,libobject-2548813234cbde2e,libmemchr-4f1ace6183a6b8a7,libaddr2line-ce263aa406cb60bb,libgimli-65d5fbdee7f94927,librustc_demangle-8af3701e06bac89e,libmore_asserts-28fdb277cb5caab8,libmemoffset-99a9041c836de5b2,libwasmparser-0ca6b24b6ececd69,libwasmer_types-924c7bc7243a3f51,librkyv-599f37f6008e9051,librend-cadf6a6bd9779a70,libhashbrown-1e936ef0c52d8337,libseahash-41f1d4a16f6a9f7f,libptr_meta-82fd88b088102268,libenumset-d7af733103fe3f3f,libloupe-d527b448cbd24da2,libindexmap-5bdeb987be025d76,libhashbrown-b506f7770d0796ae,libahash-0c17c8610b264320,libonce_cell-8fc3fe753bc06607,libprov_cosmwasm_std-55becd4e35f1ce4b,libserde_json_wasm-e2586492b1da8ec3,libbase64-41ed288cdd36b78f,libuint-e4a8ca6591bf1afb,libcrunchy-05e0b256e30c1906,libstatic_assertions-306fc8cfb43dc741,libprov_cosmwasm_crypto-a097b773670197a9,libk256-de17441fa86f8e28,libecdsa-7228bb256f4be895,libsignature-3087157c3a3eceeb,libhmac-cd76e0f5c29448b6,libcrypto_mac-b76714b176f73b0d,libelliptic_curve-a3709ebb7b388d2b,libcrypto_bigint-cafd8b2dc944667b,libpkcs8-33496373669a0496,libspki-6261c7c72e2add9e,libder-c494ff2b2afa11af,libconst_oid-78eb94405409d77e,libgroup-977b050f3ead40bb,libff-951650a452bc4f25,librand_core-a241b7b871119de2,libgetrandom-0c76c927ed18a679,libed25519_zebra-2b3bc7ca0a298e14,libhex-ffa975566df5dac7,libsha2-79e2a9d013429441,libcpufeatures-23ef0acc9bfa40e5,libopaque_debug-3c7f88476b12ca94,libblock_buffer-b72cc55577e71bba,libcurve25519_dalek-4a5ce6f1c312a9a5,libsubtle-34ba7109203c4154,libzeroize-b8ae438377537b20,librand_core-f243c1150e745442,libgetrandom-06f21230ff242e3a,libcfg_if-193575a6b29a3ab9,libdigest-dcfc533cbb733a25,libgeneric_array-d3d31897e89c2a4f,libtypenum-15320cb8a9930e74,libbyteorder-071363929d6d94f5,libschemars-19f672ae0edb7852,libdyn_clone-ef5c86001f3fa637,libserde_json-5f82565a7c0a9aef,libryu-17ffb69ea84478ce,libitoa-775aa4ef328e5376,libserde-4722944fe8a6d629,libthiserror-46f916ff641e5ea1,libclap-8ebeb85760b0f05e,libvec_map-0c63c46b16946dae,libtextwrap-23426180ad13b1fc,libunicode_width-def6b5955cad25eb,libstrsim-a9397c47b6022ed0,libbitflags-68973b8086863992,libatty-7f259ec9a7f2c7f7,liblibc-9bb808910506eaf6,libansi_term-73ffbc0b1cfa6e1e}.rlib" "<sysroot>/lib/rustlib/x86_64-unknown-linux-gnu/lib/{libstd-*,libpanic_unwind-*,libobject-*,libmemchr-*,libaddr2line-*,libgimli-*,libcfg_if-*,librustc_demangle-*,libstd_detect-*,libhashbrown-*,librustc_std_workspace_alloc-*,libminiz_oxide-*,libadler2-*,libunwind-*,liblibc-*,librustc_std_workspace_core-*,liballoc-*,libcore-*,libcompiler_builtins-*}.rlib" "-Wl,-Bdynamic" "-lgcc_s" "-lutil" "-lrt" "-lpthread" "-lm" "-ldl" "-lc" "-L" "/opt/rustwide/target/release/examples/rustcIF2fb3/raw-dylibs" "-B<sysroot>/lib/rustlib/x86_64-unknown-linux-gnu/bin/gcc-ld" "-fuse-ld=lld" "-Wl,--eh-frame-hdr" "-Wl,-z,noexecstack" "-L" "/opt/rustwide/target/release/build/wasmer-vm-bb97b857a51d1447/out" "-L" "<sysroot>/lib/rustlib/x86_64-unknown-linux-gnu/lib" "-o" "/opt/rustwide/target/release/examples/check_contract-043b79f9cd5601ee" "-Wl,--gc-sections" "-pie" "-Wl,-z,relro,-z,now" "-Wl,-O1" "-Wl,--strip-debug" "-nodefaultlibs"
[INFO] [stdout]   = note: some arguments are omitted. use `--verbose` to show all linker arguments
[INFO] [stdout]   = note: rust-lld: error: undefined symbol: __rust_probestack
[INFO] [stdout]           >>> referenced by wasmer_vm.ee7414553554448f-cgu.8
[INFO] [stdout]           >>>               wasmer_vm-49c99e80d03c534f.wasmer_vm.ee7414553554448f-cgu.8.rcgu.o:(wasmer_vm_probestack) in archive /opt/rustwide/target/release/deps/libwasmer_vm-49c99e80d03c534f.rlib
[INFO] [stdout]           collect2: error: ld returned 1 exit status
[INFO] [stdout]           
[INFO] [stdout] 
[INFO] [stdout] 
[INFO] [stderr] error: could not compile `prov-cosmwasm-vm` (example "check_contract") due to 1 previous error
[INFO] [stdout] error: linking with `cc` failed: exit status: 1
[INFO] [stdout]   |
[INFO] [stdout]   = note:  "cc" "-m64" "/opt/rustwide/target/release/examples/rustcMz77e9/symbols.o" "<17 object files omitted>" "-Wl,--as-needed" "-Wl,-Bstatic" "/opt/rustwide/target/release/deps/{libprov_cosmwasm_vm-e7f03e87b15f70e6,libclru-9f3d0db065097c22,libwasmer_middlewares-c1c90d29751ff18e,libparity_wasm-ee57659bb47c30df,libwasmer-052b2547068c5416,libwasmer_engine_universal-412a33fdb280708e,libwasmer_compiler_cranelift-afede67964664258,libtracing-1cf548c360ba2645,libpin_project_lite-f61c297262a2a027,libtracing_core-0beac059fba7b75f,libcranelift_frontend-d05acf6dfe7b33b6,libcranelift_codegen-890e38a472d3ad0d,libgimli-77f89f6b74eab696,libfallible_iterator-a3920e6e5d4a0ea9,libstable_deref_trait-6316f83de98535f7,libregalloc-a0bbeea61159e326,librustc_hash-594aa461f15f3238,liblog-a177ca17544118e1,libcranelift_codegen_shared-e3f9cb6095c1e4fd,libcranelift_bforest-6fddfbd472b43ec6,libcranelift_entity-9c5004f8c71640c1,libwasmer_compiler_singlepass-6b9ffee21654f872,libdynasmrt-18b156510833e8df,librayon-6362b78c0934b5e3,librayon_core-0b2b81d97c4d87bd,libnum_cpus-a72fc8b353729427,libcrossbeam_deque-aa1f46e93711ee24,libcrossbeam_epoch-4f66de78fc92557b,libscopeguard-d6f31e6f1ec771b5,libcrossbeam_channel-1cfccb9dda7c3ed7,libcrossbeam_utils-ee8adb6d2a284487,libeither-f9fa016b7f109794,libwasmer_engine-57e6ad7efea9b258,liblazy_static-480433dca0d17907,libmemmap2-95a7f255ad3676bf,libwasmer_compiler-20c8fe9fd7e1f552,libserde_bytes-ab01b4aa6a93453d,libsmallvec-87e1a5b4d62eea6e,libtarget_lexicon-08d90fbfef48a5d8,libwasmer_vm-49c99e80d03c534f,libregion-b86855e9a68062e0,libbitflags-68973b8086863992,libenum_iterator-b0fe55d1a796a20f,libbacktrace-7cfac7fa6a6d7927,libminiz_oxide-3de9ebba277e1a98,libadler-f334a75a447e9ef2,libobject-2548813234cbde2e,libmemchr-4f1ace6183a6b8a7,libaddr2line-ce263aa406cb60bb,libgimli-65d5fbdee7f94927,librustc_demangle-8af3701e06bac89e,libmore_asserts-28fdb277cb5caab8,libmemoffset-99a9041c836de5b2,libwasmparser-0ca6b24b6ececd69,libwasmer_types-924c7bc7243a3f51,librkyv-599f37f6008e9051,librend-cadf6a6bd9779a70,libhashbrown-1e936ef0c52d8337,libseahash-41f1d4a16f6a9f7f,libptr_meta-82fd88b088102268,libenumset-d7af733103fe3f3f,libloupe-d527b448cbd24da2,libindexmap-5bdeb987be025d76,libhashbrown-b506f7770d0796ae,libahash-0c17c8610b264320,libonce_cell-8fc3fe753bc06607,libprov_cosmwasm_std-55becd4e35f1ce4b,libserde_json_wasm-e2586492b1da8ec3,libbase64-41ed288cdd36b78f,libuint-e4a8ca6591bf1afb,libcrunchy-05e0b256e30c1906,libstatic_assertions-306fc8cfb43dc741,libprov_cosmwasm_crypto-a097b773670197a9,libk256-de17441fa86f8e28,libecdsa-7228bb256f4be895,libsignature-3087157c3a3eceeb,libhmac-cd76e0f5c29448b6,libcrypto_mac-b76714b176f73b0d,libelliptic_curve-a3709ebb7b388d2b,libcrypto_bigint-cafd8b2dc944667b,libpkcs8-33496373669a0496,libspki-6261c7c72e2add9e,libder-c494ff2b2afa11af,libconst_oid-78eb94405409d77e,libgroup-977b050f3ead40bb,libff-951650a452bc4f25,librand_core-a241b7b871119de2,libgetrandom-0c76c927ed18a679,libed25519_zebra-2b3bc7ca0a298e14,libhex-ffa975566df5dac7,libthiserror-46f916ff641e5ea1,libsha2-79e2a9d013429441,libcpufeatures-23ef0acc9bfa40e5,libopaque_debug-3c7f88476b12ca94,libblock_buffer-b72cc55577e71bba,libcurve25519_dalek-4a5ce6f1c312a9a5,libsubtle-34ba7109203c4154,libzeroize-b8ae438377537b20,librand_core-f243c1150e745442,libgetrandom-06f21230ff242e3a,libdigest-dcfc533cbb733a25,libgeneric_array-d3d31897e89c2a4f,libtypenum-15320cb8a9930e74,libbyteorder-071363929d6d94f5,libschemars-19f672ae0edb7852,libdyn_clone-ef5c86001f3fa637,libserde_json-5f82565a7c0a9aef,libryu-17ffb69ea84478ce,libitoa-775aa4ef328e5376,libserde-4722944fe8a6d629,libtempfile-73bb98dbfbcea387,liblibc-9bb808910506eaf6,libcfg_if-193575a6b29a3ab9,libfastrand-8cbc67af14a20b30,libremove_dir_all-27862dcbd8bdc902}.rlib" "<sysroot>/lib/rustlib/x86_64-unknown-linux-gnu/lib/{libstd-*,libpanic_unwind-*,libobject-*,libmemchr-*,libaddr2line-*,libgimli-*,libcfg_if-*,librustc_demangle-*,libstd_detect-*,libhashbrown-*,librustc_std_workspace_alloc-*,libminiz_oxide-*,libadler2-*,libunwind-*,liblibc-*,librustc_std_workspace_core-*,liballoc-*,libcore-*,libcompiler_builtins-*}.rlib" "-Wl,-Bdynamic" "-lgcc_s" "-lutil" "-lrt" "-lpthread" "-lm" "-ldl" "-lc" "-L" "/opt/rustwide/target/release/examples/rustcMz77e9/raw-dylibs" "-B<sysroot>/lib/rustlib/x86_64-unknown-linux-gnu/bin/gcc-ld" "-fuse-ld=lld" "-Wl,--eh-frame-hdr" "-Wl,-z,noexecstack" "-L" "/opt/rustwide/target/release/build/wasmer-vm-bb97b857a51d1447/out" "-L" "<sysroot>/lib/rustlib/x86_64-unknown-linux-gnu/lib" "-o" "/opt/rustwide/target/release/examples/multi_threaded_cache-6ef1b021fc2d2c69" "-Wl,--gc-sections" "-pie" "-Wl,-z,relro,-z,now" "-Wl,-O1" "-Wl,--strip-debug" "-nodefaultlibs"
[INFO] [stdout]   = note: some arguments are omitted. use `--verbose` to show all linker arguments
[INFO] [stdout]   = note: rust-lld: error: undefined symbol: __rust_probestack
[INFO] [stdout]           >>> referenced by wasmer_vm.ee7414553554448f-cgu.8
[INFO] [stdout]           >>>               wasmer_vm-49c99e80d03c534f.wasmer_vm.ee7414553554448f-cgu.8.rcgu.o:(wasmer_vm_probestack) in archive /opt/rustwide/target/release/deps/libwasmer_vm-49c99e80d03c534f.rlib
[INFO] [stdout]           collect2: error: ld returned 1 exit status
[INFO] [stdout]           
[INFO] [stdout] 
[INFO] [stdout] 
[INFO] [stderr] error: could not compile `prov-cosmwasm-vm` (example "multi_threaded_cache") due to 1 previous error
[INFO] [stdout] error: linking with `cc` failed: exit status: 1
[INFO] [stdout]   |
[INFO] [stdout]   = note:  "cc" "-m64" "/opt/rustwide/target/release/deps/rustcWJRWcs/symbols.o" "<17 object files omitted>" "-Wl,--as-needed" "-Wl,-Bstatic" "/opt/rustwide/target/release/deps/{libwat-dc71dda4527fc239,libwast-0782372d3078810c,libleb128-12c4a3015a60d889,libunicode_width-def6b5955cad25eb}.rlib" "<sysroot>/lib/rustlib/x86_64-unknown-linux-gnu/lib/{libtest-*,libgetopts-*,librustc_std_workspace_std-*}.rlib" "/opt/rustwide/target/release/deps/{libclru-9f3d0db065097c22,libwasmer_middlewares-c1c90d29751ff18e,libparity_wasm-ee57659bb47c30df,libwasmer-052b2547068c5416,libwasmer_engine_universal-412a33fdb280708e,libwasmer_compiler_cranelift-afede67964664258,libtracing-1cf548c360ba2645,libpin_project_lite-f61c297262a2a027,libtracing_core-0beac059fba7b75f,libcranelift_frontend-d05acf6dfe7b33b6,libcranelift_codegen-890e38a472d3ad0d,libgimli-77f89f6b74eab696,libfallible_iterator-a3920e6e5d4a0ea9,libstable_deref_trait-6316f83de98535f7,libregalloc-a0bbeea61159e326,librustc_hash-594aa461f15f3238,liblog-a177ca17544118e1,libcranelift_codegen_shared-e3f9cb6095c1e4fd,libcranelift_bforest-6fddfbd472b43ec6,libcranelift_entity-9c5004f8c71640c1,libwasmer_compiler_singlepass-6b9ffee21654f872,libdynasmrt-18b156510833e8df,librayon-6362b78c0934b5e3,librayon_core-0b2b81d97c4d87bd,libnum_cpus-a72fc8b353729427,libcrossbeam_deque-aa1f46e93711ee24,libcrossbeam_epoch-4f66de78fc92557b,libscopeguard-d6f31e6f1ec771b5,libcrossbeam_channel-1cfccb9dda7c3ed7,libcrossbeam_utils-ee8adb6d2a284487,libeither-f9fa016b7f109794,libwasmer_engine-57e6ad7efea9b258,liblazy_static-480433dca0d17907,libmemmap2-95a7f255ad3676bf,libwasmer_compiler-20c8fe9fd7e1f552,libserde_bytes-ab01b4aa6a93453d,libsmallvec-87e1a5b4d62eea6e,libtarget_lexicon-08d90fbfef48a5d8,libwasmer_vm-49c99e80d03c534f,libregion-b86855e9a68062e0,libbitflags-68973b8086863992,libenum_iterator-b0fe55d1a796a20f,libbacktrace-7cfac7fa6a6d7927,libminiz_oxide-3de9ebba277e1a98,libadler-f334a75a447e9ef2,libobject-2548813234cbde2e,libmemchr-4f1ace6183a6b8a7,libaddr2line-ce263aa406cb60bb,libgimli-65d5fbdee7f94927,librustc_demangle-8af3701e06bac89e,libmore_asserts-28fdb277cb5caab8,libmemoffset-99a9041c836de5b2,libwasmparser-0ca6b24b6ececd69,libwasmer_types-924c7bc7243a3f51,librkyv-599f37f6008e9051,librend-cadf6a6bd9779a70,libhashbrown-1e936ef0c52d8337,libseahash-41f1d4a16f6a9f7f,libptr_meta-82fd88b088102268,libenumset-d7af733103fe3f3f,libloupe-d527b448cbd24da2,libindexmap-5bdeb987be025d76,libhashbrown-b506f7770d0796ae,libahash-0c17c8610b264320,libonce_cell-8fc3fe753bc06607,libtempfile-73bb98dbfbcea387,libfastrand-8cbc67af14a20b30,libremove_dir_all-27862dcbd8bdc902,libprov_cosmwasm_std-55becd4e35f1ce4b,libserde_json_wasm-e2586492b1da8ec3,libbase64-41ed288cdd36b78f,libuint-e4a8ca6591bf1afb,libcrunchy-05e0b256e30c1906,libstatic_assertions-306fc8cfb43dc741,libprov_cosmwasm_crypto-a097b773670197a9,libk256-de17441fa86f8e28,libecdsa-7228bb256f4be895,libsignature-3087157c3a3eceeb,libhmac-cd76e0f5c29448b6,libcrypto_mac-b76714b176f73b0d,libelliptic_curve-a3709ebb7b388d2b,libcrypto_bigint-cafd8b2dc944667b,libpkcs8-33496373669a0496,libspki-6261c7c72e2add9e,libder-c494ff2b2afa11af,libconst_oid-78eb94405409d77e,libgroup-977b050f3ead40bb,libff-951650a452bc4f25,librand_core-a241b7b871119de2,libgetrandom-0c76c927ed18a679,libed25519_zebra-2b3bc7ca0a298e14,libhex-ffa975566df5dac7,libsha2-79e2a9d013429441,libcpufeatures-23ef0acc9bfa40e5,libopaque_debug-3c7f88476b12ca94,libblock_buffer-b72cc55577e71bba,libcurve25519_dalek-4a5ce6f1c312a9a5,libsubtle-34ba7109203c4154,libzeroize-b8ae438377537b20,librand_core-f243c1150e745442,libgetrandom-06f21230ff242e3a,liblibc-9bb808910506eaf6,libcfg_if-193575a6b29a3ab9,libdigest-dcfc533cbb733a25,libgeneric_array-d3d31897e89c2a4f,libtypenum-15320cb8a9930e74,libbyteorder-071363929d6d94f5,libschemars-19f672ae0edb7852,libdyn_clone-ef5c86001f3fa637,libserde_json-5f82565a7c0a9aef,libryu-17ffb69ea84478ce,libitoa-775aa4ef328e5376,libserde-4722944fe8a6d629,libthiserror-46f916ff641e5ea1}.rlib" "<sysroot>/lib/rustlib/x86_64-unknown-linux-gnu/lib/{libstd-*,libpanic_unwind-*,libobject-*,libmemchr-*,libaddr2line-*,libgimli-*,libcfg_if-*,librustc_demangle-*,libstd_detect-*,libhashbrown-*,librustc_std_workspace_alloc-*,libminiz_oxide-*,libadler2-*,libunwind-*,liblibc-*,librustc_std_workspace_core-*,liballoc-*,libcore-*,libcompiler_builtins-*}.rlib" "-Wl,-Bdynamic" "-lgcc_s" "-lutil" "-lrt" "-lpthread" "-lm" "-ldl" "-lc" "-L" "/opt/rustwide/target/release/deps/rustcWJRWcs/raw-dylibs" "-B<sysroot>/lib/rustlib/x86_64-unknown-linux-gnu/bin/gcc-ld" "-fuse-ld=lld" "-Wl,--eh-frame-hdr" "-Wl,-z,noexecstack" "-L" "/opt/rustwide/target/release/build/wasmer-vm-bb97b857a51d1447/out" "-L" "<sysroot>/lib/rustlib/x86_64-unknown-linux-gnu/lib" "-o" "/opt/rustwide/target/release/deps/prov_cosmwasm_vm-a4a2d0ba257f7edc" "-Wl,--gc-sections" "-pie" "-Wl,-z,relro,-z,now" "-Wl,-O1" "-Wl,--strip-debug" "-nodefaultlibs"
[INFO] [stdout]   = note: some arguments are omitted. use `--verbose` to show all linker arguments
[INFO] [stdout]   = note: rust-lld: error: undefined symbol: __rust_probestack
[INFO] [stdout]           >>> referenced by wasmer_vm.ee7414553554448f-cgu.8
[INFO] [stdout]           >>>               wasmer_vm-49c99e80d03c534f.wasmer_vm.ee7414553554448f-cgu.8.rcgu.o:(wasmer_vm_probestack) in archive /opt/rustwide/target/release/deps/libwasmer_vm-49c99e80d03c534f.rlib
[INFO] [stdout]           collect2: error: ld returned 1 exit status
[INFO] [stdout]           
[INFO] [stdout] 
[INFO] [stdout] 
[INFO] [stderr] error: could not compile `prov-cosmwasm-vm` (lib test) due to 1 previous error; 1 warning emitted
[INFO] running `Command { std: "docker" "inspect" "cb1f5bddb93ff93a30944c54462f3fe52a07324198c7ef0bcab175024de53cf3", kill_on_drop: false }`
[INFO] running `Command { std: "docker" "rm" "-f" "cb1f5bddb93ff93a30944c54462f3fe52a07324198c7ef0bcab175024de53cf3", kill_on_drop: false }`
[INFO] [stdout] cb1f5bddb93ff93a30944c54462f3fe52a07324198c7ef0bcab175024de53cf3
