[INFO] fetching crate protobug 0.3.6...
[INFO] testing protobug-0.3.6 against 1.99.0-beta.8+cargoflags=--release for beta-release-1.100-2
[INFO] extracting crate protobug 0.3.6 into /workspace/builds/worker-4-tc1/source
[INFO] started tweaking crates.io crate protobug 0.3.6
[INFO] finished tweaking crates.io crate protobug 0.3.6
[INFO] tweaked toml for crates.io crate protobug 0.3.6 written to /workspace/builds/worker-4-tc1/source/Cargo.toml
[INFO] validating manifest of crates.io crate protobug 0.3.6 on toolchain 1.99.0-beta.8
[INFO] running `Command { std: CARGO_HOME="/workspace/cargo-home" RUSTUP_HOME="/workspace/rustup-home" "/workspace/cargo-home/bin/cargo" "+1.99.0-beta.8" "metadata" "--manifest-path" "Cargo.toml" "--no-deps", kill_on_drop: false }`
[INFO] crate crates.io crate protobug 0.3.6 already has a lockfile, it will not be regenerated
[INFO] running `Command { std: CARGO_HOME="/workspace/cargo-home" RUSTUP_HOME="/workspace/rustup-home" "/workspace/cargo-home/bin/cargo" "+1.99.0-beta.8" "fetch" "--manifest-path" "Cargo.toml", kill_on_drop: false }`
[INFO] [stderr]     Updating crates.io index
[INFO] [stderr]  Downloading crates ...
[INFO] [stderr]   Downloaded instability v0.3.14
[INFO] [stderr]   Downloaded wezterm-input-types v0.1.0
[INFO] [stderr]   Downloaded tui-textarea-2 v0.10.2
[INFO] [stderr]   Downloaded ratatui-macros v0.7.2
[INFO] [stderr]   Downloaded atomic v0.6.1
[INFO] [stderr]   Downloaded mac_address v1.2.0
[INFO] [stderr]   Downloaded vtparse v0.6.2
[INFO] [stderr]   Downloaded ratatui-termwiz v0.1.2
[INFO] [stderr]   Downloaded wezterm-dynamic v0.2.1
[INFO] [stderr]   Downloaded jaq-std v3.0.3
[INFO] [stderr]   Downloaded filedescriptor v0.8.3
[INFO] [stderr]   Downloaded protobuf-support v3.7.2
[INFO] [stderr]   Downloaded wezterm-dynamic-derive v0.1.1
[INFO] [stderr]   Downloaded lab v0.11.0
[INFO] [stderr]   Downloaded memmem v0.1.1
[INFO] [stderr]   Downloaded wezterm-blob-leases v0.1.1
[INFO] [stderr]   Downloaded ratatui-termina v0.1.0
[INFO] [stderr]   Downloaded wezterm-color-types v0.3.0
[INFO] [stderr]   Downloaded protobuf-json-mapping v3.7.2
[INFO] [stderr]   Downloaded jaq-json v2.0.3
[INFO] [stderr]   Downloaded hifijson v0.5.0
[INFO] [stderr]   Downloaded ordered-float v4.6.0
[INFO] [stderr]   Downloaded csscolorparser v0.6.2
[INFO] [stderr]   Downloaded termios v0.3.3
[INFO] [stderr]   Downloaded console v0.16.6
[INFO] [stderr]   Downloaded terminfo v0.9.0
[INFO] [stderr]   Downloaded jaq-core v3.1.1
[INFO] [stderr]   Downloaded camino v1.2.6
[INFO] [stderr]   Downloaded wezterm-bidi v0.2.3
[INFO] [stderr]   Downloaded finl_unicode v1.5.0
[INFO] [stderr]   Downloaded protobuf-parse v3.7.2
[INFO] [stderr]   Downloaded fancy-regex v0.11.0
[INFO] [stderr]   Downloaded termina v0.3.3
[INFO] [stderr]   Downloaded error-stack v0.8.0
[INFO] [stderr]   Downloaded regex-bites v0.1.6
[INFO] [stderr]   Downloaded insta v1.49.0
[INFO] [stderr]   Downloaded protobuf v3.7.2
[INFO] [stderr]   Downloaded termwiz v0.23.3
[INFO] [stderr]   Downloaded deltae v0.3.2
[INFO] running `Command { std: "docker" "create" "-v" "/var/lib/crater-agent-workspace/builds/worker-4-tc1/source:/opt/rustwide/workdir:ro,Z" "-v" "/var/lib/crater-agent-workspace/builds/worker-4-tc1/target:/opt/rustwide/target:rw,Z" "-v" "/var/lib/crater-agent-workspace/cargo-home:/opt/rustwide/cargo-home:ro,Z" "-v" "/var/lib/crater-agent-workspace/rustup-home:/opt/rustwide/rustup-home:ro,Z" "-m" "1610612736" "--network" "none" "ghcr.io/rust-lang/crates-build-env/linux@sha256:77db811e55d90add9212f6832c23229e3de5f1c1f9905e8cb07319ea15df73ac" "sleep" "infinity", kill_on_drop: false }`
[INFO] [stdout] ae13a1fff478eb83d69df9b791cd39ddeca5ae4935c97723acd58e702614c391
[INFO] running `Command { std: "docker" "start" "ae13a1fff478eb83d69df9b791cd39ddeca5ae4935c97723acd58e702614c391", kill_on_drop: false }`
[INFO] running `Command { std: "docker" "inspect" "ae13a1fff478eb83d69df9b791cd39ddeca5ae4935c97723acd58e702614c391", kill_on_drop: false }`
[INFO] running `Command { std: "docker" "exec" "-e" "SOURCE_DIR=/opt/rustwide/workdir" "-e" "CARGO_HOME=/opt/rustwide/cargo-home" "-e" "RUSTUP_HOME=/opt/rustwide/rustup-home" "-e" "CARGO_TARGET_DIR=/opt/rustwide/target" "-w" "/opt/rustwide/workdir" "--user" "0:0" "ae13a1fff478eb83d69df9b791cd39ddeca5ae4935c97723acd58e702614c391" "/opt/rustwide/cargo-home/bin/cargo" "+1.99.0-beta.8" "metadata" "--no-deps" "--format-version=1", kill_on_drop: false }`
[INFO] running `Command { std: "docker" "inspect" "ae13a1fff478eb83d69df9b791cd39ddeca5ae4935c97723acd58e702614c391", kill_on_drop: false }`
[INFO] running `Command { std: "docker" "exec" "-e" "SOURCE_DIR=/opt/rustwide/workdir" "-e" "CARGO_HOME=/opt/rustwide/cargo-home" "-e" "RUSTUP_HOME=/opt/rustwide/rustup-home" "-e" "CARGO_TARGET_DIR=/opt/rustwide/target" "-e" "CARGO_INCREMENTAL=0" "-e" "RUST_BACKTRACE=full" "-e" "RUSTFLAGS=--cap-lints=warn" "-e" "RUSTDOCFLAGS=--cap-lints=warn" "-w" "/opt/rustwide/workdir" "--user" "0:0" "ae13a1fff478eb83d69df9b791cd39ddeca5ae4935c97723acd58e702614c391" "/opt/rustwide/cargo-home/bin/cargo" "+1.99.0-beta.8" "build" "--frozen" "--message-format=json" "--release", kill_on_drop: false }`
[INFO] [stderr]    Compiling unicode-ident v1.0.26
[INFO] [stderr]    Compiling libc v0.2.190
[INFO] [stderr]    Compiling cfg-if v1.0.5
[INFO] [stderr]    Compiling foldhash v0.2.0
[INFO] [stderr]    Compiling allocator-api2 v0.2.21
[INFO] [stderr]    Compiling bitflags v2.13.2
[INFO] [stderr]    Compiling either v1.18.0
[INFO] [stderr]    Compiling log v0.4.34
[INFO] [stderr]    Compiling thiserror v2.0.21
[INFO] [stderr]    Compiling rustix v1.1.5
[INFO] [stderr]    Compiling signal-hook v0.3.18
[INFO] [stderr]    Compiling unicode-segmentation v1.13.3
[INFO] [stderr]    Compiling static_assertions v1.1.0
[INFO] [stderr]    Compiling castaway v0.2.4
[INFO] [stderr]    Compiling smallvec v1.16.2
[INFO] [stderr]    Compiling critical-section v1.2.0
[INFO] [stderr]    Compiling indoc v2.0.7
[INFO] [stderr]    Compiling proc-macro2 v1.0.107
[INFO] [stderr]    Compiling num-traits v0.2.19
[INFO] [stderr]    Compiling litrs v1.0.0
[INFO] [stderr]    Compiling compact_str v0.9.1
[INFO] [stderr]    Compiling num_threads v0.1.7
[INFO] [stderr]    Compiling deranged v0.5.8
[INFO] [stderr]    Compiling line-clipping v0.3.8
[INFO] [stderr]    Compiling serde_core v1.0.229
[INFO] [stderr]    Compiling protobuf v3.7.2
[INFO] [stderr]    Compiling itertools v0.14.0
[INFO] [stderr]    Compiling getrandom v0.4.3
[INFO] [stderr]    Compiling anyhow v1.0.104
[INFO] [stderr]    Compiling regex-automata v0.4.18
[INFO] [stderr]    Compiling portable-atomic v1.15.0
[INFO] [stderr]    Compiling typed-arena v2.0.2
[INFO] [stderr]    Compiling convert_case v0.10.0
[INFO] [stderr]    Compiling jiff-core v0.1.1
[INFO] [stderr]    Compiling dyn-clone v1.0.20
[INFO] [stderr]    Compiling rustix v0.38.44
[INFO] [stderr]    Compiling quote v1.0.47
[INFO] [stderr]    Compiling document-features v0.2.12
[INFO] [stderr]    Compiling hashbrown v0.17.1
[INFO] [stderr]    Compiling hashbrown v0.16.1
[INFO] [stderr]    Compiling jaq-core v3.1.1
[INFO] [stderr]    Compiling syn v2.0.119
[INFO] [stderr]    Compiling syn v3.0.6
[INFO] [stderr]    Compiling num-integer v0.1.47
[INFO] [stderr]    Compiling error-stack v0.8.0
[INFO] [stderr]    Compiling aho-corasick v1.1.5
[INFO] [stderr]    Compiling lru v0.18.5
[INFO] [stderr]    Compiling indexmap v2.14.2
[INFO] [stderr]    Compiling serde_json v1.0.151
[INFO] [stderr]    Compiling regex-bites v0.1.6
[INFO] [stderr]    Compiling camino v1.2.6
[INFO] [stderr]    Compiling clap_lex v1.1.1
[INFO] [stderr]    Compiling clap_builder v4.6.7
[INFO] [stderr]    Compiling num-bigint v0.4.8
[INFO] [stderr]    Compiling errno v0.3.14
[INFO] [stderr]    Compiling signal-hook-registry v1.4.8
[INFO] [stderr]    Compiling mio v1.2.4
[INFO] [stderr]    Compiling unicode-truncate v2.0.1
[INFO] [stderr]    Compiling parking_lot_core v0.9.12
[INFO] [stderr]    Compiling parking_lot v0.12.5
[INFO] [stderr]    Compiling time v0.3.55
[INFO] [stderr]    Compiling signal-hook-mio v0.2.5
[INFO] [stderr]    Compiling jiff v0.2.37
[INFO] [stderr]    Compiling bstr v1.13.1
[INFO] [stderr]    Compiling tempfile v3.27.0
[INFO] [stderr]    Compiling which v4.4.2
[INFO] [stderr]    Compiling foldhash v0.1.5
[INFO] [stderr]    Compiling bytes v1.12.1
[INFO] [stderr]    Compiling strum_macros v0.28.0
[INFO] [stderr]    Compiling derive_more-impl v2.1.1
[INFO] [stderr]    Compiling thiserror-impl v1.0.69
[INFO] [stderr]    Compiling hifijson v0.5.0
[INFO] [stderr]    Compiling base64 v0.23.1
[INFO] [stderr]    Compiling thiserror v1.0.69
[INFO] [stderr]    Compiling protobuf-support v3.7.2
[INFO] [stderr]    Compiling darling_core v0.24.1
[INFO] [stderr]    Compiling derive_more v2.1.1
[INFO] [stderr]    Compiling crossterm v0.29.0
[INFO] [stderr]    Compiling strum v0.28.0
[INFO] [stderr]    Compiling thiserror-impl v2.0.21
[INFO] [stderr]    Compiling clap_derive v4.6.7
[INFO] [stderr]    Compiling kasuari v0.4.12
[INFO] [stderr]    Compiling ratatui-core v0.1.2
[INFO] [stderr]    Compiling jaq-std v3.0.3
[INFO] [stderr]    Compiling clap v4.6.7
[INFO] [stderr]    Compiling jaq-json v2.0.3
[INFO] [stderr]    Compiling darling_macro v0.24.1
[INFO] [stderr]    Compiling darling v0.24.1
[INFO] [stderr]    Compiling instability v0.3.14
[INFO] [stderr]    Compiling ratatui-widgets v0.3.2
[INFO] [stderr]    Compiling ratatui-crossterm v0.1.2
[INFO] [stderr]    Compiling protobuf-json-mapping v3.7.2
[INFO] [stderr]    Compiling protobuf-parse v3.7.2
[INFO] [stderr]    Compiling ratatui-macros v0.7.2
[INFO] [stderr]    Compiling tui-textarea-2 v0.10.2
[INFO] [stderr]    Compiling ratatui v0.30.2
[INFO] [stderr]    Compiling protobug v0.3.6 (/opt/rustwide/workdir)
[INFO] [stderr]     Finished `release` profile [optimized] target(s) in 1m 52s
[INFO] running `Command { std: "docker" "inspect" "ae13a1fff478eb83d69df9b791cd39ddeca5ae4935c97723acd58e702614c391", kill_on_drop: false }`
[INFO] running `Command { std: "docker" "exec" "-e" "SOURCE_DIR=/opt/rustwide/workdir" "-e" "CARGO_HOME=/opt/rustwide/cargo-home" "-e" "RUSTUP_HOME=/opt/rustwide/rustup-home" "-e" "CARGO_TARGET_DIR=/opt/rustwide/target" "-e" "CARGO_INCREMENTAL=0" "-e" "RUST_BACKTRACE=full" "-e" "RUSTFLAGS=--cap-lints=warn" "-e" "RUSTDOCFLAGS=--cap-lints=warn" "-w" "/opt/rustwide/workdir" "--user" "0:0" "ae13a1fff478eb83d69df9b791cd39ddeca5ae4935c97723acd58e702614c391" "/opt/rustwide/cargo-home/bin/cargo" "+1.99.0-beta.8" "test" "--frozen" "--no-run" "--message-format=json" "--release", kill_on_drop: false }`
[INFO] [stderr]    Compiling console v0.16.6
[INFO] [stderr]    Compiling yansi v1.0.1
[INFO] [stderr]    Compiling diff v0.1.13
[INFO] [stderr]    Compiling similar v2.7.0
[INFO] [stderr]    Compiling pretty_assertions v1.4.1
[INFO] [stderr]    Compiling insta v1.49.0
[INFO] [stderr]    Compiling protobug v0.3.6 (/opt/rustwide/workdir)
[INFO] [stdout] error[E0433]: cannot find module or crate `protogen` in this scope
[INFO] [stdout]   --> src/edit/tests.rs:11:5
[INFO] [stdout]    |
[INFO] [stdout] 11 | use protogen::system_event::{
[INFO] [stdout]    |     ^^^^^^^^ use of unresolved module or unlinked crate `protogen`
[INFO] [stdout]    |
[INFO] [stdout]    = help: if you wanted to use a crate named `protogen`, use `cargo add protogen` to add it to your `Cargo.toml`
[INFO] [stdout] 
[INFO] [stdout] 
[INFO] [stdout] error[E0433]: cannot find module or crate `protogen` in this scope
[INFO] [stdout]   --> src/inspect/tests.rs:12:5
[INFO] [stdout]    |
[INFO] [stdout] 12 | use protogen::system_event::{
[INFO] [stdout]    |     ^^^^^^^^ use of unresolved module or unlinked crate `protogen`
[INFO] [stdout]    |
[INFO] [stdout]    = help: if you wanted to use a crate named `protogen`, use `cargo add protogen` to add it to your `Cargo.toml`
[INFO] [stdout] 
[INFO] [stdout] 
[INFO] [stdout] error[E0433]: cannot find module or crate `protogen` in this scope
[INFO] [stdout]    --> src/selection.rs:778:9
[INFO] [stdout]     |
[INFO] [stdout] 778 |     use protogen::system_event::{
[INFO] [stdout]     |         ^^^^^^^^ use of unresolved module or unlinked crate `protogen`
[INFO] [stdout]     |
[INFO] [stdout]     = help: if you wanted to use a crate named `protogen`, use `cargo add protogen` to add it to your `Cargo.toml`
[INFO] [stdout] 
[INFO] [stdout] 
[INFO] [stdout] error[E0433]: cannot find module or crate `protogen` in this scope
[INFO] [stdout]  --> src/tui/tests.rs:7:5
[INFO] [stdout]   |
[INFO] [stdout] 7 | use protogen::system_event::{
[INFO] [stdout]   |     ^^^^^^^^ use of unresolved module or unlinked crate `protogen`
[INFO] [stdout]   |
[INFO] [stdout]   = help: if you wanted to use a crate named `protogen`, use `cargo add protogen` to add it to your `Cargo.toml`
[INFO] [stdout] 
[INFO] [stdout] 
[INFO] [stdout] warning: unused import: `MessageFull`
[INFO] [stdout]    --> src/selection.rs:775:52
[INFO] [stdout]     |
[INFO] [stdout] 775 |         EnumOrUnknown, Message as _, MessageField, MessageFull, SpecialFields,
[INFO] [stdout]     |                                                    ^^^^^^^^^^^
[INFO] [stdout]     |
[INFO] [stdout]     = note: `#[warn(unused_imports)]` (part of `#[warn(unused)]`) on by default
[INFO] [stdout] 
[INFO] [stdout] 
[INFO] [stdout] For more information about this error, try `rustc --explain E0433`.
[INFO] [stdout] 
[INFO] [stderr] error: could not compile `protobug` (lib test) due to 4 previous errors; 1 warning emitted
[INFO] running `Command { std: "docker" "inspect" "ae13a1fff478eb83d69df9b791cd39ddeca5ae4935c97723acd58e702614c391", kill_on_drop: false }`
[INFO] running `Command { std: "docker" "rm" "-f" "ae13a1fff478eb83d69df9b791cd39ddeca5ae4935c97723acd58e702614c391", kill_on_drop: false }`
[INFO] [stdout] ae13a1fff478eb83d69df9b791cd39ddeca5ae4935c97723acd58e702614c391
