[INFO] fetching crate proto-blue-xrpc 0.3.3...
[INFO] testing proto-blue-xrpc-0.3.3 against 1.99.0-beta.8+cargoflags=--release for beta-release-1.100-2
[INFO] extracting crate proto-blue-xrpc 0.3.3 into /workspace/builds/worker-1-tc1/source
[INFO] started tweaking crates.io crate proto-blue-xrpc 0.3.3
[INFO] removed 0 missing tests
[INFO] finished tweaking crates.io crate proto-blue-xrpc 0.3.3
[INFO] tweaked toml for crates.io crate proto-blue-xrpc 0.3.3 written to /workspace/builds/worker-1-tc1/source/Cargo.toml
[INFO] validating manifest of crates.io crate proto-blue-xrpc 0.3.3 on toolchain 1.99.0-beta.8
[INFO] running `Command { std: CARGO_HOME="/workspace/cargo-home" RUSTUP_HOME="/workspace/rustup-home" "/workspace/cargo-home/bin/cargo" "+1.99.0-beta.8" "metadata" "--manifest-path" "Cargo.toml" "--no-deps", kill_on_drop: false }`
[INFO] crate crates.io crate proto-blue-xrpc 0.3.3 already has a lockfile, it will not be regenerated
[INFO] running `Command { std: CARGO_HOME="/workspace/cargo-home" RUSTUP_HOME="/workspace/rustup-home" "/workspace/cargo-home/bin/cargo" "+1.99.0-beta.8" "fetch" "--manifest-path" "Cargo.toml", kill_on_drop: false }`
[INFO] [stderr]     Updating crates.io index
[INFO] [stderr]  Downloading crates ...
[INFO] [stderr]   Downloaded data-encoding-macro-internal v0.1.17
[INFO] [stderr]   Downloaded proto-blue-lex-data v0.3.3
[INFO] [stderr]   Downloaded proto-blue-lexicon v0.3.3
[INFO] [stderr]   Downloaded data-encoding-macro v0.1.19
[INFO] [stderr]   Downloaded proto-blue-syntax v0.3.3
[INFO] [stderr]   Downloaded proto-blue-lex-cbor v0.3.3
[INFO] [stderr]   Downloaded proto-blue-lex-json v0.3.3
[INFO] [stderr]   Downloaded proto-blue-common v0.3.3
[INFO] running `Command { std: "docker" "create" "-v" "/var/lib/crater-agent-workspace/builds/worker-1-tc1/source:/opt/rustwide/workdir:ro,Z" "-v" "/var/lib/crater-agent-workspace/builds/worker-1-tc1/target:/opt/rustwide/target:rw,Z" "-v" "/var/lib/crater-agent-workspace/cargo-home:/opt/rustwide/cargo-home:ro,Z" "-v" "/var/lib/crater-agent-workspace/rustup-home:/opt/rustwide/rustup-home:ro,Z" "-m" "1610612736" "--network" "none" "ghcr.io/rust-lang/crates-build-env/linux@sha256:77db811e55d90add9212f6832c23229e3de5f1c1f9905e8cb07319ea15df73ac" "sleep" "infinity", kill_on_drop: false }`
[INFO] [stdout] 974941c3ed5bc3c7c3c3f25c55f3624aa6824910b36f724b02c988449dbd44e0
[INFO] running `Command { std: "docker" "start" "974941c3ed5bc3c7c3c3f25c55f3624aa6824910b36f724b02c988449dbd44e0", kill_on_drop: false }`
[INFO] running `Command { std: "docker" "inspect" "974941c3ed5bc3c7c3c3f25c55f3624aa6824910b36f724b02c988449dbd44e0", kill_on_drop: false }`
[INFO] running `Command { std: "docker" "exec" "-e" "SOURCE_DIR=/opt/rustwide/workdir" "-e" "CARGO_HOME=/opt/rustwide/cargo-home" "-e" "RUSTUP_HOME=/opt/rustwide/rustup-home" "-e" "CARGO_TARGET_DIR=/opt/rustwide/target" "-w" "/opt/rustwide/workdir" "--user" "0:0" "974941c3ed5bc3c7c3c3f25c55f3624aa6824910b36f724b02c988449dbd44e0" "/opt/rustwide/cargo-home/bin/cargo" "+1.99.0-beta.8" "metadata" "--no-deps" "--format-version=1", kill_on_drop: false }`
[INFO] running `Command { std: "docker" "inspect" "974941c3ed5bc3c7c3c3f25c55f3624aa6824910b36f724b02c988449dbd44e0", kill_on_drop: false }`
[INFO] running `Command { std: "docker" "exec" "-e" "SOURCE_DIR=/opt/rustwide/workdir" "-e" "CARGO_HOME=/opt/rustwide/cargo-home" "-e" "RUSTUP_HOME=/opt/rustwide/rustup-home" "-e" "CARGO_TARGET_DIR=/opt/rustwide/target" "-e" "CARGO_INCREMENTAL=0" "-e" "RUST_BACKTRACE=full" "-e" "RUSTFLAGS=--cap-lints=warn" "-e" "RUSTDOCFLAGS=--cap-lints=warn" "-w" "/opt/rustwide/workdir" "--user" "0:0" "974941c3ed5bc3c7c3c3f25c55f3624aa6824910b36f724b02c988449dbd44e0" "/opt/rustwide/cargo-home/bin/cargo" "+1.99.0-beta.8" "build" "--frozen" "--message-format=json" "--release", kill_on_drop: false }`
[INFO] [stderr]    Compiling socket2 v0.6.3
[INFO] [stderr]    Compiling mio v1.2.0
[INFO] [stderr]    Compiling tokio-macros v2.7.0
[INFO] [stderr]    Compiling serde_derive v1.0.228
[INFO] [stderr]    Compiling zerocopy-derive v0.8.48
[INFO] [stderr]    Compiling futures-macro v0.3.32
[INFO] [stderr]    Compiling typenum v1.20.0
[INFO] [stderr]    Compiling openssl-sys v0.9.115
[INFO] [stderr]    Compiling tracing-attributes v0.1.31
[INFO] [stderr]    Compiling bitflags v2.11.1
[INFO] [stderr]    Compiling hashbrown v0.17.0
[INFO] [stderr]    Compiling data-encoding v2.10.0
[INFO] [stderr]    Compiling openssl v0.10.79
[INFO] [stderr]    Compiling thiserror-impl v2.0.18
[INFO] [stderr]    Compiling openssl-macros v0.1.1
[INFO] [stderr]    Compiling match-lookup v0.1.2
[INFO] [stderr]    Compiling icu_normalizer v2.2.0
[INFO] [stderr]    Compiling base256emoji v1.0.2
[INFO] [stderr]    Compiling aho-corasick v1.1.4
[INFO] [stderr]    Compiling getrandom v0.2.17
[INFO] [stderr]    Compiling tokio v1.52.1
[INFO] [stderr]    Compiling native-tls v0.2.18
[INFO] [stderr]    Compiling idna_adapter v1.2.1
[INFO] [stderr]    Compiling data-encoding-macro-internal v0.1.17
[INFO] [stderr]    Compiling unsigned-varint v0.8.0
[INFO] [stderr]    Compiling futures-util v0.3.32
[INFO] [stderr]    Compiling idna v1.1.0
[INFO] [stderr]    Compiling rand_core v0.6.4
[INFO] [stderr]    Compiling generic-array v0.14.9
[INFO] [stderr]    Compiling indexmap v2.14.0
[INFO] [stderr]    Compiling data-encoding-macro v0.1.19
[INFO] [stderr]    Compiling multibase v0.9.2
[INFO] [stderr]    Compiling serde_json v1.0.149
[INFO] [stderr]    Compiling tracing v0.1.44
[INFO] [stderr]    Compiling rustls-pki-types v1.14.0
[INFO] [stderr]    Compiling url v2.5.8
[INFO] [stderr]    Compiling block-buffer v0.10.4
[INFO] [stderr]    Compiling crypto-common v0.1.6
[INFO] [stderr]    Compiling thiserror v2.0.18
[INFO] [stderr]    Compiling async-trait v0.1.89
[INFO] [stderr]    Compiling digest v0.10.7
[INFO] [stderr]    Compiling regex-automata v0.4.14
[INFO] [stderr]    Compiling zerocopy v0.8.48
[INFO] [stderr]    Compiling sha2 v0.10.9
[INFO] [stderr]    Compiling serde v1.0.228
[INFO] [stderr]    Compiling futures-executor v0.3.32
[INFO] [stderr]    Compiling futures v0.3.32
[INFO] [stderr]    Compiling proto-blue-lex-data v0.3.3
[INFO] [stderr]    Compiling serde_urlencoded v0.7.1
[INFO] [stderr]    Compiling chrono v0.4.44
[INFO] [stderr]    Compiling proto-blue-lex-json v0.3.3
[INFO] [stderr]    Compiling regex v1.12.3
[INFO] [stderr]    Compiling proto-blue-syntax v0.3.3
[INFO] [stderr]    Compiling tokio-util v0.7.18
[INFO] [stderr]    Compiling tokio-native-tls v0.3.1
[INFO] [stderr]    Compiling tower v0.5.3
[INFO] [stderr]    Compiling tower-http v0.6.8
[INFO] [stderr]    Compiling h2 v0.4.13
[INFO] [stderr]    Compiling half v2.7.1
[INFO] [stderr]    Compiling ppv-lite86 v0.2.21
[INFO] [stderr]    Compiling ciborium-ll v0.2.2
[INFO] [stderr]    Compiling ciborium v0.2.2
[INFO] [stderr]    Compiling rand_chacha v0.3.1
[INFO] [stderr]    Compiling rand v0.8.6
[INFO] [stderr]    Compiling proto-blue-lex-cbor v0.3.3
[INFO] [stderr]    Compiling hyper v1.9.0
[INFO] [stderr]    Compiling hyper-util v0.1.20
[INFO] [stderr]    Compiling hyper-tls v0.6.0
[INFO] [stderr]    Compiling reqwest v0.12.28
[INFO] [stderr]    Compiling proto-blue-common v0.3.3
[INFO] [stderr]    Compiling proto-blue-lexicon v0.3.3
[INFO] [stderr]    Compiling proto-blue-xrpc v0.3.3 (/opt/rustwide/workdir)
[INFO] [stderr]     Finished `release` profile [optimized] target(s) in 1m 25s
[INFO] running `Command { std: "docker" "inspect" "974941c3ed5bc3c7c3c3f25c55f3624aa6824910b36f724b02c988449dbd44e0", kill_on_drop: false }`
[INFO] running `Command { std: "docker" "exec" "-e" "SOURCE_DIR=/opt/rustwide/workdir" "-e" "CARGO_HOME=/opt/rustwide/cargo-home" "-e" "RUSTUP_HOME=/opt/rustwide/rustup-home" "-e" "CARGO_TARGET_DIR=/opt/rustwide/target" "-e" "CARGO_INCREMENTAL=0" "-e" "RUST_BACKTRACE=full" "-e" "RUSTFLAGS=--cap-lints=warn" "-e" "RUSTDOCFLAGS=--cap-lints=warn" "-w" "/opt/rustwide/workdir" "--user" "0:0" "974941c3ed5bc3c7c3c3f25c55f3624aa6824910b36f724b02c988449dbd44e0" "/opt/rustwide/cargo-home/bin/cargo" "+1.99.0-beta.8" "test" "--frozen" "--no-run" "--message-format=json" "--release", kill_on_drop: false }`
[INFO] [stderr]    Compiling proto-blue-xrpc v0.3.3 (/opt/rustwide/workdir)
[INFO] [stdout] error[E0433]: cannot find module or crate `tokio_tungstenite` in this scope
[INFO] [stdout]   --> tests/subscription.rs:22:5
[INFO] [stdout]    |
[INFO] [stdout] 22 | use tokio_tungstenite::tungstenite::Message;
[INFO] [stdout]    |     ^^^^^^^^^^^^^^^^^ use of unresolved module or unlinked crate `tokio_tungstenite`
[INFO] [stdout]    |
[INFO] [stdout]    = help: if you wanted to use a crate named `tokio_tungstenite`, use `cargo add tokio_tungstenite` to add it to your `Cargo.toml`
[INFO] [stdout] 
[INFO] [stdout] 
[INFO] [stdout] error[E0432]: unresolved import `proto_blue_xrpc::server`
[INFO] [stdout]   --> tests/subscription.rs:20:22
[INFO] [stdout]    |
[INFO] [stdout] 20 | use proto_blue_xrpc::server::{XrpcServer, XrpcServerError};
[INFO] [stdout]    |                      ^^^^^^ could not find `server` in `proto_blue_xrpc`
[INFO] [stdout]    |
[INFO] [stdout] note: found an item that was configured out
[INFO] [stdout]   --> src/lib.rs:20:9
[INFO] [stdout]    |
[INFO] [stdout] 19 | #[cfg(feature = "server")]
[INFO] [stdout]    |       ------------------ the item is gated behind the `server` feature
[INFO] [stdout] 20 | pub mod server;
[INFO] [stdout]    |         ^^^^^^
[INFO] [stdout] 
[INFO] [stdout] 
[INFO] [stdout] error[E0433]: cannot find module or crate `proptest` in this scope
[INFO] [stdout]  --> tests/property_tests.rs:3:5
[INFO] [stdout]   |
[INFO] [stdout] 3 | use proptest::prelude::*;
[INFO] [stdout]   |     ^^^^^^^^ use of unresolved module or unlinked crate `proptest`
[INFO] [stdout]   |
[INFO] [stdout]   = help: if you wanted to use a crate named `proptest`, use `cargo add proptest` to add it to your `Cargo.toml`
[INFO] [stdout] 
[INFO] [stdout] 
[INFO] [stdout] error[E0432]: unresolved import `async_trait`
[INFO] [stdout]    --> src/client.rs:691:9
[INFO] [stdout]     |
[INFO] [stdout] 691 |     use async_trait::async_trait;
[INFO] [stdout]     |         ^^^^^^^^^^^ use of unresolved module or unlinked crate `async_trait`
[INFO] [stdout]     |
[INFO] [stdout]     = help: if you wanted to use a crate named `async_trait`, use `cargo add async_trait` to add it to your `Cargo.toml`
[INFO] [stdout] 
[INFO] [stdout] 
[INFO] [stdout] error[E0195]: lifetime parameters or bounds on method `fetch` do not match the trait declaration
[INFO] [stdout]    --> src/client.rs:705:23
[INFO] [stdout]     |
[INFO] [stdout] 705 |         async fn fetch(&self, _req: HttpRequest) -> Result<HttpResponse, FetchError> {
[INFO] [stdout]     |                       ^ lifetimes do not match method in trait
[INFO] [stdout]     |
[INFO] [stdout]    ::: /opt/rustwide/cargo-home/registry/src/index.crates.io-1949cf8c6b5b557f/proto-blue-common-0.3.3/src/fetch/mod.rs:258:5
[INFO] [stdout]     |
[INFO] [stdout] 258 |     async fn fetch(&self, req: HttpRequest) -> Result<HttpResponse, FetchError>;
[INFO] [stdout]     |     ---------------------------------------------------------------------------- lifetimes in impl do not match this method in trait
[INFO] [stdout] 
[INFO] [stdout] 
[INFO] [stdout] error: cannot find macro `proptest` in this scope
[INFO] [stdout]   --> tests/property_tests.rs:14:1
[INFO] [stdout]    |
[INFO] [stdout] 14 | proptest! {
[INFO] [stdout]    | ^^^^^^^^
[INFO] [stdout] 
[INFO] [stdout] 
[INFO] [stdout] warning: unused import: `proto_blue_xrpc::error::ResponseType`
[INFO] [stdout]  --> tests/property_tests.rs:5:5
[INFO] [stdout]   |
[INFO] [stdout] 5 | use proto_blue_xrpc::error::ResponseType;
[INFO] [stdout]   |     ^^^^^^^^^^^^^^^^^^^^^^^^^^^^^^^^^^^^
[INFO] [stdout]   |
[INFO] [stdout]   = note: `#[warn(unused_imports)]` (part of `#[warn(unused)]`) on by default
[INFO] [stdout] 
[INFO] [stdout] 
[INFO] [stdout] For more information about this error, try `rustc --explain E0433`.
[INFO] [stdout] 
[INFO] [stderr] error: could not compile `proto-blue-xrpc` (test "property_tests") due to 2 previous errors; 1 warning emitted
[INFO] [stderr] warning: build failed, waiting for other jobs to finish...
[INFO] [stdout] error[E0433]: cannot find module or crate `axum` in this scope
[INFO] [stdout]   --> tests/subscription.rs:32:17
[INFO] [stdout]    |
[INFO] [stdout] 32 |         let _ = axum::serve(listener, router).await;
[INFO] [stdout]    |                 ^^^^ use of unresolved module or unlinked crate `axum`
[INFO] [stdout]    |
[INFO] [stdout]    = help: if you wanted to use a crate named `axum`, use `cargo add axum` to add it to your `Cargo.toml`
[INFO] [stdout] 
[INFO] [stdout] 
[INFO] [stdout] error[E0433]: cannot find module or crate `tokio_tungstenite` in this scope
[INFO] [stdout]   --> tests/subscription.rs:58:9
[INFO] [stdout]    |
[INFO] [stdout] 58 |         tokio_tungstenite::connect_async(format!("{ws_url}/xrpc/com.example.feed.stream"))
[INFO] [stdout]    |         ^^^^^^^^^^^^^^^^^ use of unresolved module or unlinked crate `tokio_tungstenite`
[INFO] [stdout]    |
[INFO] [stdout]    = help: if you wanted to use a crate named `tokio_tungstenite`, use `cargo add tokio_tungstenite` to add it to your `Cargo.toml`
[INFO] [stdout] 
[INFO] [stdout] 
[INFO] [stdout] Some errors have detailed explanations: E0195, E0432.
[INFO] [stdout] 
[INFO] [stdout] For more information about an error, try `rustc --explain E0195`.
[INFO] [stdout] 
[INFO] [stderr] error: could not compile `proto-blue-xrpc` (lib test) due to 2 previous errors
[INFO] [stdout] error[E0433]: cannot find module or crate `tokio_tungstenite` in this scope
[INFO] [stdout]    --> tests/subscription.rs:100:9
[INFO] [stdout]     |
[INFO] [stdout] 100 |         tokio_tungstenite::connect_async(format!("{ws_url}/xrpc/com.example.feed.err"))
[INFO] [stdout]     |         ^^^^^^^^^^^^^^^^^ use of unresolved module or unlinked crate `tokio_tungstenite`
[INFO] [stdout]     |
[INFO] [stdout]     = help: if you wanted to use a crate named `tokio_tungstenite`, use `cargo add tokio_tungstenite` to add it to your `Cargo.toml`
[INFO] [stdout] 
[INFO] [stdout] 
[INFO] [stdout] error[E0433]: cannot find module or crate `tokio_tungstenite` in this scope
[INFO] [stdout]    --> tests/subscription.rs:139:23
[INFO] [stdout]     |
[INFO] [stdout] 139 |     let (mut ws, _) = tokio_tungstenite::connect_async(format!("{ws_url}/xrpc/com.example.empty"))
[INFO] [stdout]     |                       ^^^^^^^^^^^^^^^^^ use of unresolved module or unlinked crate `tokio_tungstenite`
[INFO] [stdout]     |
[INFO] [stdout]     = help: if you wanted to use a crate named `tokio_tungstenite`, use `cargo add tokio_tungstenite` to add it to your `Cargo.toml`
[INFO] [stdout] 
[INFO] [stdout] 
[INFO] [stdout] error[E0433]: cannot find module or crate `tokio_tungstenite` in this scope
[INFO] [stdout]    --> tests/subscription.rs:166:23
[INFO] [stdout]     |
[INFO] [stdout] 166 |     let (mut ws, _) = tokio_tungstenite::connect_async(format!("{ws_url}/xrpc/com.example.slow"))
[INFO] [stdout]     |                       ^^^^^^^^^^^^^^^^^ use of unresolved module or unlinked crate `tokio_tungstenite`
[INFO] [stdout]     |
[INFO] [stdout]     = help: if you wanted to use a crate named `tokio_tungstenite`, use `cargo add tokio_tungstenite` to add it to your `Cargo.toml`
[INFO] [stdout] 
[INFO] [stdout] 
[INFO] [stdout] error[E0433]: cannot find module or crate `axum` in this scope
[INFO] [stdout]   --> tests/subscription.rs:26:31
[INFO] [stdout]    |
[INFO] [stdout] 26 | async fn spawn_server(router: axum::Router) -> (String, String) {
[INFO] [stdout]    |                               ^^^^ use of unresolved module or unlinked crate `axum`
[INFO] [stdout]    |
[INFO] [stdout]    = help: if you wanted to use a crate named `axum`, use `cargo add axum` to add it to your `Cargo.toml`
[INFO] [stdout] 
[INFO] [stdout] 
[INFO] [stdout] Some errors have detailed explanations: E0432, E0433.
[INFO] [stdout] 
[INFO] [stdout] For more information about an error, try `rustc --explain E0432`.
[INFO] [stdout] 
[INFO] [stderr] error: could not compile `proto-blue-xrpc` (test "subscription") due to 8 previous errors
[INFO] running `Command { std: "docker" "inspect" "974941c3ed5bc3c7c3c3f25c55f3624aa6824910b36f724b02c988449dbd44e0", kill_on_drop: false }`
[INFO] running `Command { std: "docker" "rm" "-f" "974941c3ed5bc3c7c3c3f25c55f3624aa6824910b36f724b02c988449dbd44e0", kill_on_drop: false }`
[INFO] [stdout] 974941c3ed5bc3c7c3c3f25c55f3624aa6824910b36f724b02c988449dbd44e0
