[INFO] fetching crate prost-convert-derive 0.3.0...
[INFO] testing prost-convert-derive-0.3.0 against 1.99.0-beta.8+cargoflags=--release for beta-release-1.100-2
[INFO] extracting crate prost-convert-derive 0.3.0 into /workspace/builds/worker-6-tc1/source
[INFO] started tweaking crates.io crate prost-convert-derive 0.3.0
[INFO] finished tweaking crates.io crate prost-convert-derive 0.3.0
[INFO] tweaked toml for crates.io crate prost-convert-derive 0.3.0 written to /workspace/builds/worker-6-tc1/source/Cargo.toml
[INFO] validating manifest of crates.io crate prost-convert-derive 0.3.0 on toolchain 1.99.0-beta.8
[INFO] running `Command { std: CARGO_HOME="/workspace/cargo-home" RUSTUP_HOME="/workspace/rustup-home" "/workspace/cargo-home/bin/cargo" "+1.99.0-beta.8" "metadata" "--manifest-path" "Cargo.toml" "--no-deps", kill_on_drop: false }`
[INFO] running `Command { std: CARGO_HOME="/workspace/cargo-home" RUSTUP_HOME="/workspace/rustup-home" "/workspace/cargo-home/bin/cargo" "+1.99.0-beta.8" "generate-lockfile" "--manifest-path" "Cargo.toml", kill_on_drop: false }`
[INFO] [stderr]     Updating crates.io index
[INFO] [stderr]      Locking 47 packages to highest compatible versions
[INFO] [stderr]       Adding syn v1.0.109 (available: v3.0.9)
[INFO] running `Command { std: CARGO_HOME="/workspace/cargo-home" RUSTUP_HOME="/workspace/rustup-home" "/workspace/cargo-home/bin/cargo" "+1.99.0-beta.8" "fetch" "--manifest-path" "Cargo.toml", kill_on_drop: false }`
[INFO] [stderr]  Downloading crates ...
[INFO] [stderr]   Downloaded target-tuple v1.0.2
[INFO] [stderr]   Downloaded trybuild v1.0.122
[INFO] [stderr]   Downloaded dissimilar v1.0.11
[INFO] running `Command { std: "docker" "create" "-v" "/var/lib/crater-agent-workspace/builds/worker-6-tc1/source:/opt/rustwide/workdir:ro,Z" "-v" "/var/lib/crater-agent-workspace/builds/worker-6-tc1/target:/opt/rustwide/target:rw,Z" "-v" "/var/lib/crater-agent-workspace/cargo-home:/opt/rustwide/cargo-home:ro,Z" "-v" "/var/lib/crater-agent-workspace/rustup-home:/opt/rustwide/rustup-home:ro,Z" "-m" "1610612736" "--network" "none" "ghcr.io/rust-lang/crates-build-env/linux@sha256:77db811e55d90add9212f6832c23229e3de5f1c1f9905e8cb07319ea15df73ac" "sleep" "infinity", kill_on_drop: false }`
[INFO] [stdout] f1786a11d9dec90a24b5ad65e66fdf67a0ab2dec987151164662cae4551b8b6d
[INFO] running `Command { std: "docker" "start" "f1786a11d9dec90a24b5ad65e66fdf67a0ab2dec987151164662cae4551b8b6d", kill_on_drop: false }`
[INFO] running `Command { std: "docker" "inspect" "f1786a11d9dec90a24b5ad65e66fdf67a0ab2dec987151164662cae4551b8b6d", kill_on_drop: false }`
[INFO] running `Command { std: "docker" "exec" "-e" "SOURCE_DIR=/opt/rustwide/workdir" "-e" "CARGO_HOME=/opt/rustwide/cargo-home" "-e" "RUSTUP_HOME=/opt/rustwide/rustup-home" "-e" "CARGO_TARGET_DIR=/opt/rustwide/target" "-w" "/opt/rustwide/workdir" "--user" "0:0" "f1786a11d9dec90a24b5ad65e66fdf67a0ab2dec987151164662cae4551b8b6d" "/opt/rustwide/cargo-home/bin/cargo" "+1.99.0-beta.8" "metadata" "--no-deps" "--format-version=1", kill_on_drop: false }`
[INFO] running `Command { std: "docker" "inspect" "f1786a11d9dec90a24b5ad65e66fdf67a0ab2dec987151164662cae4551b8b6d", kill_on_drop: false }`
[INFO] running `Command { std: "docker" "exec" "-e" "SOURCE_DIR=/opt/rustwide/workdir" "-e" "CARGO_HOME=/opt/rustwide/cargo-home" "-e" "RUSTUP_HOME=/opt/rustwide/rustup-home" "-e" "CARGO_TARGET_DIR=/opt/rustwide/target" "-e" "CARGO_INCREMENTAL=0" "-e" "RUST_BACKTRACE=full" "-e" "RUSTFLAGS=--cap-lints=warn" "-e" "RUSTDOCFLAGS=--cap-lints=warn" "-w" "/opt/rustwide/workdir" "--user" "0:0" "f1786a11d9dec90a24b5ad65e66fdf67a0ab2dec987151164662cae4551b8b6d" "/opt/rustwide/cargo-home/bin/cargo" "+1.99.0-beta.8" "build" "--frozen" "--message-format=json" "--release", kill_on_drop: false }`
[INFO] [stderr]    Compiling syn v1.0.109
[INFO] [stderr]    Compiling prost-convert-derive v0.3.0 (/opt/rustwide/workdir)
[INFO] [stdout] warning: hiding a lifetime that's elided elsewhere is confusing
[INFO] [stdout]   --> src/container.rs:83:26
[INFO] [stdout]    |
[INFO] [stdout] 83 |     pub fn unit_variants(&self) -> Option<&[Variant]> {
[INFO] [stdout]    |                          ^^^^^            ^^^^^^^^^^
[INFO] [stdout]    |                          |                | |
[INFO] [stdout]    |                          |                | the same lifetime is hidden here
[INFO] [stdout]    |                          |                the same lifetime is elided here
[INFO] [stdout]    |                          the lifetime is elided here
[INFO] [stdout]    |
[INFO] [stdout]    = help: the same lifetime is referred to in inconsistent ways, making the signature confusing
[INFO] [stdout]    = note: `#[warn(mismatched_lifetime_syntaxes)]` on by default
[INFO] [stdout] help: use `'_` for type paths
[INFO] [stdout]    |
[INFO] [stdout] 83 |     pub fn unit_variants(&self) -> Option<&[Variant<'_>]> {
[INFO] [stdout]    |                                                    ++++
[INFO] [stdout] 
[INFO] [stdout] 
[INFO] [stderr]     Finished `release` profile [optimized] target(s) in 5.28s
[INFO] running `Command { std: "docker" "inspect" "f1786a11d9dec90a24b5ad65e66fdf67a0ab2dec987151164662cae4551b8b6d", kill_on_drop: false }`
[INFO] running `Command { std: "docker" "exec" "-e" "SOURCE_DIR=/opt/rustwide/workdir" "-e" "CARGO_HOME=/opt/rustwide/cargo-home" "-e" "RUSTUP_HOME=/opt/rustwide/rustup-home" "-e" "CARGO_TARGET_DIR=/opt/rustwide/target" "-e" "CARGO_INCREMENTAL=0" "-e" "RUST_BACKTRACE=full" "-e" "RUSTFLAGS=--cap-lints=warn" "-e" "RUSTDOCFLAGS=--cap-lints=warn" "-w" "/opt/rustwide/workdir" "--user" "0:0" "f1786a11d9dec90a24b5ad65e66fdf67a0ab2dec987151164662cae4551b8b6d" "/opt/rustwide/cargo-home/bin/cargo" "+1.99.0-beta.8" "test" "--frozen" "--no-run" "--message-format=json" "--release", kill_on_drop: false }`
[INFO] [stderr]    Compiling libc v0.2.191
[INFO] [stderr]    Compiling target-tuple v1.0.2
[INFO] [stderr]    Compiling proc-macro2 v1.0.107
[INFO] [stderr]    Compiling unicode-ident v1.0.27
[INFO] [stderr]    Compiling winnow v1.0.4
[INFO] [stderr]    Compiling quote v1.0.47
[INFO] [stderr]    Compiling serde v1.0.229
[INFO] [stderr]    Compiling toml_writer v1.1.3+spec-1.1.0
[INFO] [stderr]    Compiling syn v1.0.109
[INFO] [stderr]    Compiling toml_datetime v1.1.2+spec-1.1.0
[INFO] [stderr]    Compiling serde_spanned v1.1.2
[INFO] [stderr]    Compiling termcolor v1.4.1
[INFO] [stderr]    Compiling dissimilar v1.0.11
[INFO] [stderr]    Compiling serde_json v1.0.154
[INFO] [stderr]    Compiling prost-convert-derive v0.3.0 (/opt/rustwide/workdir)
[INFO] [stderr]    Compiling serde_core v1.0.229
[INFO] [stderr]    Compiling getrandom v0.4.3
[INFO] [stderr]    Compiling cfg-if v1.0.5
[INFO] [stderr]    Compiling glob v0.3.4
[INFO] [stdout] warning: hiding a lifetime that's elided elsewhere is confusing
[INFO] [stdout]   --> src/container.rs:83:26
[INFO] [stdout]    |
[INFO] [stdout] 83 |     pub fn unit_variants(&self) -> Option<&[Variant]> {
[INFO] [stdout]    |                          ^^^^^            ^^^^^^^^^^
[INFO] [stdout]    |                          |                | |
[INFO] [stdout]    |                          |                | the same lifetime is hidden here
[INFO] [stdout]    |                          |                the same lifetime is elided here
[INFO] [stdout]    |                          the lifetime is elided here
[INFO] [stdout]    |
[INFO] [stdout]    = help: the same lifetime is referred to in inconsistent ways, making the signature confusing
[INFO] [stdout]    = note: `#[warn(mismatched_lifetime_syntaxes)]` on by default
[INFO] [stdout] help: use `'_` for type paths
[INFO] [stdout]    |
[INFO] [stdout] 83 |     pub fn unit_variants(&self) -> Option<&[Variant<'_>]> {
[INFO] [stdout]    |                                                    ++++
[INFO] [stdout] 
[INFO] [stdout] 
[INFO] [stderr]    Compiling toml_parser v1.1.5+spec-1.1.0
[INFO] [stderr]    Compiling toml v1.1.8+spec-1.1.0
[INFO] [stderr]    Compiling trybuild v1.0.122
[INFO] [stderr]    Compiling uuid v1.28.0
[INFO] [stdout] error[E0432]: unresolved import `prost_convert`
[INFO] [stdout]  --> tests/mixed_enum.rs:1:5
[INFO] [stdout]   |
[INFO] [stdout] 1 | use prost_convert::{IntoProto, TryIntoNative};
[INFO] [stdout]   |     ^^^^^^^^^^^^^ use of unresolved module or unlinked crate `prost_convert`
[INFO] [stdout]   |
[INFO] [stdout]   = help: if you wanted to use a crate named `prost_convert`, use `cargo add prost_convert` to add it to your `Cargo.toml`
[INFO] [stdout] 
[INFO] [stdout] 
[INFO] [stdout] error[E0432]: unresolved import `prost_convert`
[INFO] [stdout]   --> tests/mixed_enum.rs:17:35
[INFO] [stdout]    |
[INFO] [stdout] 17 | #[derive(PartialEq, Debug, Clone, ProstConvert)]
[INFO] [stdout]    |                                   ^^^^^^^^^^^^ use of unresolved module or unlinked crate `prost_convert`
[INFO] [stdout]    |
[INFO] [stdout]    = help: if you wanted to use a crate named `prost_convert`, use `cargo add prost_convert` to add it to your `Cargo.toml`
[INFO] [stdout]    = note: this error originates in the derive macro `ProstConvert` (in Nightly builds, run with -Z macro-backtrace for more info)
[INFO] [stdout] 
[INFO] [stdout] 
[INFO] [stdout] error[E0432]: unresolved import `prost_convert`
[INFO] [stdout]   --> tests/mixed_enum.rs:24:35
[INFO] [stdout]    |
[INFO] [stdout] 24 | #[derive(PartialEq, Debug, Clone, ProstConvert)]
[INFO] [stdout]    |                                   ^^^^^^^^^^^^ use of unresolved module or unlinked crate `prost_convert`
[INFO] [stdout]    |
[INFO] [stdout]    = help: if you wanted to use a crate named `prost_convert`, use `cargo add prost_convert` to add it to your `Cargo.toml`
[INFO] [stdout]    = note: this error originates in the derive macro `ProstConvert` (in Nightly builds, run with -Z macro-backtrace for more info)
[INFO] [stdout] 
[INFO] [stdout] 
[INFO] [stdout] error[E0432]: unresolved import `prost_convert`
[INFO] [stdout]  --> tests/hashmap.rs:1:5
[INFO] [stdout]   |
[INFO] [stdout] 1 | use prost_convert::{IntoProto, TryIntoNative};
[INFO] [stdout]   |     ^^^^^^^^^^^^^ use of unresolved module or unlinked crate `prost_convert`
[INFO] [stdout]   |
[INFO] [stdout]   = help: if you wanted to use a crate named `prost_convert`, use `cargo add prost_convert` to add it to your `Cargo.toml`
[INFO] [stdout] 
[INFO] [stdout] 
[INFO] [stdout] error[E0432]: unresolved import `prost_convert`
[INFO] [stdout]   --> tests/hashmap.rs:28:35
[INFO] [stdout]    |
[INFO] [stdout] 28 | #[derive(PartialEq, Debug, Clone, ProstConvert)]
[INFO] [stdout]    |                                   ^^^^^^^^^^^^ use of unresolved module or unlinked crate `prost_convert`
[INFO] [stdout]    |
[INFO] [stdout]    = help: if you wanted to use a crate named `prost_convert`, use `cargo add prost_convert` to add it to your `Cargo.toml`
[INFO] [stdout]    = note: this error originates in the derive macro `ProstConvert` (in Nightly builds, run with -Z macro-backtrace for more info)
[INFO] [stdout] 
[INFO] [stdout] 
[INFO] [stdout] error[E0432]: unresolved import `prost_convert`
[INFO] [stdout]   --> tests/hashmap.rs:34:35
[INFO] [stdout]    |
[INFO] [stdout] 34 | #[derive(PartialEq, Debug, Clone, ProstConvert)]
[INFO] [stdout]    |                                   ^^^^^^^^^^^^ use of unresolved module or unlinked crate `prost_convert`
[INFO] [stdout]    |
[INFO] [stdout]    = help: if you wanted to use a crate named `prost_convert`, use `cargo add prost_convert` to add it to your `Cargo.toml`
[INFO] [stdout]    = note: this error originates in the derive macro `ProstConvert` (in Nightly builds, run with -Z macro-backtrace for more info)
[INFO] [stdout] 
[INFO] [stdout] 
[INFO] [stdout] error[E0432]: unresolved import `prost_convert`
[INFO] [stdout]   --> tests/hashmap.rs:42:35
[INFO] [stdout]    |
[INFO] [stdout] 42 | #[derive(PartialEq, Debug, Clone, ProstConvert)]
[INFO] [stdout]    |                                   ^^^^^^^^^^^^ use of unresolved module or unlinked crate `prost_convert`
[INFO] [stdout]    |
[INFO] [stdout]    = help: if you wanted to use a crate named `prost_convert`, use `cargo add prost_convert` to add it to your `Cargo.toml`
[INFO] [stdout]    = note: this error originates in the derive macro `ProstConvert` (in Nightly builds, run with -Z macro-backtrace for more info)
[INFO] [stdout] 
[INFO] [stdout] 
[INFO] [stdout] error[E0432]: unresolved import `prost_convert`
[INFO] [stdout]   --> tests/hashmap.rs:48:35
[INFO] [stdout]    |
[INFO] [stdout] 48 | #[derive(PartialEq, Debug, Clone, ProstConvert)]
[INFO] [stdout]    |                                   ^^^^^^^^^^^^ use of unresolved module or unlinked crate `prost_convert`
[INFO] [stdout]    |
[INFO] [stdout]    = help: if you wanted to use a crate named `prost_convert`, use `cargo add prost_convert` to add it to your `Cargo.toml`
[INFO] [stdout]    = note: this error originates in the derive macro `ProstConvert` (in Nightly builds, run with -Z macro-backtrace for more info)
[INFO] [stdout] 
[INFO] [stdout] 
[INFO] [stdout] error[E0432]: unresolved import `prost_convert`
[INFO] [stdout]  --> tests/nested_struct.rs:1:5
[INFO] [stdout]   |
[INFO] [stdout] 1 | use prost_convert::{IntoProto, TryIntoNative};
[INFO] [stdout]   |     ^^^^^^^^^^^^^ use of unresolved module or unlinked crate `prost_convert`
[INFO] [stdout]   |
[INFO] [stdout]   = help: if you wanted to use a crate named `prost_convert`, use `cargo add prost_convert` to add it to your `Cargo.toml`
[INFO] [stdout] 
[INFO] [stdout] 
[INFO] [stdout] error[E0432]: unresolved import `prost_convert`
[INFO] [stdout]   --> tests/nested_struct.rs:17:10
[INFO] [stdout]    |
[INFO] [stdout] 17 | #[derive(ProstConvert, PartialEq, Debug, Clone)]
[INFO] [stdout]    |          ^^^^^^^^^^^^ use of unresolved module or unlinked crate `prost_convert`
[INFO] [stdout]    |
[INFO] [stdout]    = help: if you wanted to use a crate named `prost_convert`, use `cargo add prost_convert` to add it to your `Cargo.toml`
[INFO] [stdout]    = note: this error originates in the derive macro `ProstConvert` (in Nightly builds, run with -Z macro-backtrace for more info)
[INFO] [stdout] 
[INFO] [stdout] 
[INFO] [stdout] error[E0432]: unresolved import `prost_convert`
[INFO] [stdout]   --> tests/nested_struct.rs:23:10
[INFO] [stdout]    |
[INFO] [stdout] 23 | #[derive(ProstConvert, PartialEq, Debug, Clone)]
[INFO] [stdout]    |          ^^^^^^^^^^^^ use of unresolved module or unlinked crate `prost_convert`
[INFO] [stdout]    |
[INFO] [stdout]    = help: if you wanted to use a crate named `prost_convert`, use `cargo add prost_convert` to add it to your `Cargo.toml`
[INFO] [stdout]    = note: this error originates in the derive macro `ProstConvert` (in Nightly builds, run with -Z macro-backtrace for more info)
[INFO] [stdout] 
[INFO] [stdout] 
[INFO] [stdout] error[E0432]: unresolved import `prost_convert`
[INFO] [stdout]  --> tests/enum_new_type.rs:1:5
[INFO] [stdout]   |
[INFO] [stdout] 1 | use prost_convert::{IntoProto, TryIntoNative};
[INFO] [stdout]   |     ^^^^^^^^^^^^^ use of unresolved module or unlinked crate `prost_convert`
[INFO] [stdout]   |
[INFO] [stdout]   = help: if you wanted to use a crate named `prost_convert`, use `cargo add prost_convert` to add it to your `Cargo.toml`
[INFO] [stdout] 
[INFO] [stdout] 
[INFO] [stdout] error[E0432]: unresolved import `prost_convert`
[INFO] [stdout]   --> tests/enum_new_type.rs:18:35
[INFO] [stdout]    |
[INFO] [stdout] 18 | #[derive(PartialEq, Debug, Clone, ProstConvert)]
[INFO] [stdout]    |                                   ^^^^^^^^^^^^ use of unresolved module or unlinked crate `prost_convert`
[INFO] [stdout]    |
[INFO] [stdout]    = help: if you wanted to use a crate named `prost_convert`, use `cargo add prost_convert` to add it to your `Cargo.toml`
[INFO] [stdout]    = note: this error originates in the derive macro `ProstConvert` (in Nightly builds, run with -Z macro-backtrace for more info)
[INFO] [stdout] 
[INFO] [stdout] 
[INFO] [stdout] error[E0432]: unresolved import `prost_convert`
[INFO] [stdout]   --> tests/redefined_prelude_types.rs:41:10
[INFO] [stdout]    |
[INFO] [stdout] 41 | #[derive(ProstConvert)]
[INFO] [stdout]    |          ^^^^^^^^^^^^ use of unresolved module or unlinked crate `prost_convert`
[INFO] [stdout]    |
[INFO] [stdout]    = help: if you wanted to use a crate named `prost_convert`, use `cargo add prost_convert` to add it to your `Cargo.toml`
[INFO] [stdout]    = note: this error originates in the derive macro `ProstConvert` (in Nightly builds, run with -Z macro-backtrace for more info)
[INFO] [stdout] 
[INFO] [stdout] 
[INFO] [stdout] error[E0432]: unresolved import `prost_convert`
[INFO] [stdout]  --> tests/enum_no_wrapper.rs:1:5
[INFO] [stdout]   |
[INFO] [stdout] 1 | use prost_convert::{IntoProto, TryIntoNative};
[INFO] [stdout]   |     ^^^^^^^^^^^^^ use of unresolved module or unlinked crate `prost_convert`
[INFO] [stdout]   |
[INFO] [stdout]   = help: if you wanted to use a crate named `prost_convert`, use `cargo add prost_convert` to add it to your `Cargo.toml`
[INFO] [stdout] 
[INFO] [stdout] 
[INFO] [stdout] error[E0432]: unresolved import `prost_convert`
[INFO] [stdout]   --> tests/enum_no_wrapper.rs:23:35
[INFO] [stdout]    |
[INFO] [stdout] 23 | #[derive(PartialEq, Debug, Clone, ProstConvert)]
[INFO] [stdout]    |                                   ^^^^^^^^^^^^ use of unresolved module or unlinked crate `prost_convert`
[INFO] [stdout]    |
[INFO] [stdout]    = help: if you wanted to use a crate named `prost_convert`, use `cargo add prost_convert` to add it to your `Cargo.toml`
[INFO] [stdout]    = note: this error originates in the derive macro `ProstConvert` (in Nightly builds, run with -Z macro-backtrace for more info)
[INFO] [stdout] 
[INFO] [stdout] 
[INFO] [stdout] error[E0432]: unresolved import `prost_convert`
[INFO] [stdout]   --> tests/enum_no_wrapper.rs:30:35
[INFO] [stdout]    |
[INFO] [stdout] 30 | #[derive(PartialEq, Debug, Clone, ProstConvert)]
[INFO] [stdout]    |                                   ^^^^^^^^^^^^ use of unresolved module or unlinked crate `prost_convert`
[INFO] [stdout]    |
[INFO] [stdout]    = help: if you wanted to use a crate named `prost_convert`, use `cargo add prost_convert` to add it to your `Cargo.toml`
[INFO] [stdout]    = note: this error originates in the derive macro `ProstConvert` (in Nightly builds, run with -Z macro-backtrace for more info)
[INFO] [stdout] 
[INFO] [stdout] 
[INFO] [stdout] error[E0432]: unresolved import `prost_convert`
[INFO] [stdout]   --> tests/enum_no_wrapper.rs:38:35
[INFO] [stdout]    |
[INFO] [stdout] 38 | #[derive(PartialEq, Debug, Clone, ProstConvert)]
[INFO] [stdout]    |                                   ^^^^^^^^^^^^ use of unresolved module or unlinked crate `prost_convert`
[INFO] [stdout]    |
[INFO] [stdout]    = help: if you wanted to use a crate named `prost_convert`, use `cargo add prost_convert` to add it to your `Cargo.toml`
[INFO] [stdout]    = note: this error originates in the derive macro `ProstConvert` (in Nightly builds, run with -Z macro-backtrace for more info)
[INFO] [stdout] 
[INFO] [stdout] 
[INFO] [stdout] error[E0432]: unresolved import `prost_convert`
[INFO] [stdout]  --> tests/prost_enum.rs:4:5
[INFO] [stdout]   |
[INFO] [stdout] 4 | use prost_convert::{IntoProto, TryIntoNative};
[INFO] [stdout]   |     ^^^^^^^^^^^^^ use of unresolved module or unlinked crate `prost_convert`
[INFO] [stdout]   |
[INFO] [stdout]   = help: if you wanted to use a crate named `prost_convert`, use `cargo add prost_convert` to add it to your `Cargo.toml`
[INFO] [stdout] 
[INFO] [stdout] 
[INFO] [stdout] error[E0432]: unresolved import `prost_convert`
[INFO] [stdout]  --> tests/new_type.rs:1:5
[INFO] [stdout]   |
[INFO] [stdout] 1 | use prost_convert::{FromNative, IntoProto, TryFromProto, TryIntoNative};
[INFO] [stdout]   |     ^^^^^^^^^^^^^ use of unresolved module or unlinked crate `prost_convert`
[INFO] [stdout]   |
[INFO] [stdout]   = help: if you wanted to use a crate named `prost_convert`, use `cargo add prost_convert` to add it to your `Cargo.toml`
[INFO] [stdout] 
[INFO] [stdout] 
[INFO] [stdout] error[E0432]: unresolved import `prost_convert`
[INFO] [stdout]   --> tests/new_type.rs:25:35
[INFO] [stdout]    |
[INFO] [stdout] 25 | #[derive(PartialEq, Debug, Clone, ProstConvert)]
[INFO] [stdout]    |                                   ^^^^^^^^^^^^ use of unresolved module or unlinked crate `prost_convert`
[INFO] [stdout]    |
[INFO] [stdout]    = help: if you wanted to use a crate named `prost_convert`, use `cargo add prost_convert` to add it to your `Cargo.toml`
[INFO] [stdout]    = note: this error originates in the derive macro `ProstConvert` (in Nightly builds, run with -Z macro-backtrace for more info)
[INFO] [stdout] 
[INFO] [stdout] 
[INFO] [stdout] error[E0432]: unresolved import `prost_convert`
[INFO] [stdout]   --> tests/new_type.rs:36:35
[INFO] [stdout]    |
[INFO] [stdout] 36 | #[derive(PartialEq, Debug, Clone, ProstConvert)]
[INFO] [stdout]    |                                   ^^^^^^^^^^^^ use of unresolved module or unlinked crate `prost_convert`
[INFO] [stdout]    |
[INFO] [stdout]    = help: if you wanted to use a crate named `prost_convert`, use `cargo add prost_convert` to add it to your `Cargo.toml`
[INFO] [stdout]    = note: this error originates in the derive macro `ProstConvert` (in Nightly builds, run with -Z macro-backtrace for more info)
[INFO] [stdout] 
[INFO] [stdout] 
[INFO] [stdout] error[E0432]: unresolved import `prost_convert`
[INFO] [stdout]   --> tests/new_type.rs:42:35
[INFO] [stdout]    |
[INFO] [stdout] 42 | #[derive(PartialEq, Debug, Clone, ProstConvert)]
[INFO] [stdout]    |                                   ^^^^^^^^^^^^ use of unresolved module or unlinked crate `prost_convert`
[INFO] [stdout]    |
[INFO] [stdout]    = help: if you wanted to use a crate named `prost_convert`, use `cargo add prost_convert` to add it to your `Cargo.toml`
[INFO] [stdout]    = note: this error originates in the derive macro `ProstConvert` (in Nightly builds, run with -Z macro-backtrace for more info)
[INFO] [stdout] 
[INFO] [stdout] 
[INFO] [stdout] error[E0432]: unresolved import `prost_convert`
[INFO] [stdout]   --> tests/prost_enum.rs:23:35
[INFO] [stdout]    |
[INFO] [stdout] 23 | #[derive(PartialEq, Debug, Clone, ProstConvert)]
[INFO] [stdout]    |                                   ^^^^^^^^^^^^ use of unresolved module or unlinked crate `prost_convert`
[INFO] [stdout]    |
[INFO] [stdout]    = help: if you wanted to use a crate named `prost_convert`, use `cargo add prost_convert` to add it to your `Cargo.toml`
[INFO] [stdout]    = note: this error originates in the derive macro `ProstConvert` (in Nightly builds, run with -Z macro-backtrace for more info)
[INFO] [stdout] 
[INFO] [stdout] 
[INFO] [stdout] error[E0432]: unresolved import `prost_convert`
[INFO] [stdout]   --> tests/prost_enum.rs:30:35
[INFO] [stdout]    |
[INFO] [stdout] 30 | #[derive(PartialEq, Debug, Clone, ProstConvert)]
[INFO] [stdout]    |                                   ^^^^^^^^^^^^ use of unresolved module or unlinked crate `prost_convert`
[INFO] [stdout]    |
[INFO] [stdout]    = help: if you wanted to use a crate named `prost_convert`, use `cargo add prost_convert` to add it to your `Cargo.toml`
[INFO] [stdout]    = note: this error originates in the derive macro `ProstConvert` (in Nightly builds, run with -Z macro-backtrace for more info)
[INFO] [stdout] 
[INFO] [stdout] 
[INFO] [stdout] error[E0432]: unresolved import `prost_convert`
[INFO] [stdout]  --> tests/enum_struct.rs:1:5
[INFO] [stdout]   |
[INFO] [stdout] 1 | use prost_convert::{FromNative, IntoProto, TryFromProto, TryIntoNative};
[INFO] [stdout]   |     ^^^^^^^^^^^^^ use of unresolved module or unlinked crate `prost_convert`
[INFO] [stdout]   |
[INFO] [stdout]   = help: if you wanted to use a crate named `prost_convert`, use `cargo add prost_convert` to add it to your `Cargo.toml`
[INFO] [stdout] 
[INFO] [stdout] 
[INFO] [stdout] error[E0432]: unresolved import `prost_convert`
[INFO] [stdout]   --> tests/enum_struct.rs:84:35
[INFO] [stdout]    |
[INFO] [stdout] 84 | #[derive(PartialEq, Debug, Clone, ProstConvert)]
[INFO] [stdout]    |                                   ^^^^^^^^^^^^ use of unresolved module or unlinked crate `prost_convert`
[INFO] [stdout]    |
[INFO] [stdout]    = help: if you wanted to use a crate named `prost_convert`, use `cargo add prost_convert` to add it to your `Cargo.toml`
[INFO] [stdout]    = note: this error originates in the derive macro `ProstConvert` (in Nightly builds, run with -Z macro-backtrace for more info)
[INFO] [stdout] 
[INFO] [stdout] 
[INFO] [stdout] error[E0433]: cannot find module or crate `prost_convert` in this scope
[INFO] [stdout]   --> tests/mixed_enum.rs:24:35
[INFO] [stdout]    |
[INFO] [stdout] 24 | #[derive(PartialEq, Debug, Clone, ProstConvert)]
[INFO] [stdout]    |                                   ^^^^^^^^^^^^ use of unresolved module or unlinked crate `prost_convert`
[INFO] [stdout]    |
[INFO] [stdout]    = help: if you wanted to use a crate named `prost_convert`, use `cargo add prost_convert` to add it to your `Cargo.toml`
[INFO] [stdout]    = note: this error originates in the derive macro `ProstConvert` (in Nightly builds, run with -Z macro-backtrace for more info)
[INFO] [stdout] 
[INFO] [stdout] 
[INFO] [stdout] error[E0433]: cannot find module or crate `prost_convert` in this scope
[INFO] [stdout]   --> tests/mixed_enum.rs:17:35
[INFO] [stdout]    |
[INFO] [stdout] 17 | #[derive(PartialEq, Debug, Clone, ProstConvert)]
[INFO] [stdout]    |                                   ^^^^^^^^^^^^ use of unresolved module or unlinked crate `prost_convert`
[INFO] [stdout]    |
[INFO] [stdout]    = help: if you wanted to use a crate named `prost_convert`, use `cargo add prost_convert` to add it to your `Cargo.toml`
[INFO] [stdout]    = note: this error originates in the derive macro `ProstConvert` (in Nightly builds, run with -Z macro-backtrace for more info)
[INFO] [stdout] 
[INFO] [stdout] 
[INFO] [stdout] Some errors have detailed explanations: E0432, E0433.
[INFO] [stdout] 
[INFO] [stdout] For more information about an error, try `rustc --explain E0432`.
[INFO] [stdout] 
[INFO] [stderr] error: could not compile `prost-convert-derive` (test "mixed_enum") due to 5 previous errors
[INFO] [stderr] warning: build failed, waiting for other jobs to finish...
[INFO] [stdout] error[E0432]: unresolved import `prost_convert`
[INFO] [stdout]  --> tests/nested_enum_new_type.rs:1:5
[INFO] [stdout]   |
[INFO] [stdout] 1 | use prost_convert::{IntoProto, TryIntoNative};
[INFO] [stdout]   |     ^^^^^^^^^^^^^ use of unresolved module or unlinked crate `prost_convert`
[INFO] [stdout]   |
[INFO] [stdout]   = help: if you wanted to use a crate named `prost_convert`, use `cargo add prost_convert` to add it to your `Cargo.toml`
[INFO] [stdout] 
[INFO] [stdout] 
[INFO] [stdout] error[E0432]: unresolved import `prost_convert`
[INFO] [stdout]   --> tests/nested_enum_new_type.rs:36:35
[INFO] [stdout]    |
[INFO] [stdout] 36 | #[derive(PartialEq, Debug, Clone, ProstConvert)]
[INFO] [stdout]    |                                   ^^^^^^^^^^^^ use of unresolved module or unlinked crate `prost_convert`
[INFO] [stdout]    |
[INFO] [stdout]    = help: if you wanted to use a crate named `prost_convert`, use `cargo add prost_convert` to add it to your `Cargo.toml`
[INFO] [stdout]    = note: this error originates in the derive macro `ProstConvert` (in Nightly builds, run with -Z macro-backtrace for more info)
[INFO] [stdout] 
[INFO] [stdout] 
[INFO] [stdout] error[E0432]: unresolved import `prost_convert`
[INFO] [stdout]   --> tests/nested_enum_new_type.rs:45:35
[INFO] [stdout]    |
[INFO] [stdout] 45 | #[derive(PartialEq, Debug, Clone, ProstConvert)]
[INFO] [stdout]    |                                   ^^^^^^^^^^^^ use of unresolved module or unlinked crate `prost_convert`
[INFO] [stdout]    |
[INFO] [stdout]    = help: if you wanted to use a crate named `prost_convert`, use `cargo add prost_convert` to add it to your `Cargo.toml`
[INFO] [stdout]    = note: this error originates in the derive macro `ProstConvert` (in Nightly builds, run with -Z macro-backtrace for more info)
[INFO] [stdout] 
[INFO] [stdout] 
[INFO] [stdout] error[E0432]: unresolved import `prost_convert`
[INFO] [stdout]   --> tests/nested_enum_new_type.rs:52:35
[INFO] [stdout]    |
[INFO] [stdout] 52 | #[derive(PartialEq, Debug, Clone, ProstConvert)]
[INFO] [stdout]    |                                   ^^^^^^^^^^^^ use of unresolved module or unlinked crate `prost_convert`
[INFO] [stdout]    |
[INFO] [stdout]    = help: if you wanted to use a crate named `prost_convert`, use `cargo add prost_convert` to add it to your `Cargo.toml`
[INFO] [stdout]    = note: this error originates in the derive macro `ProstConvert` (in Nightly builds, run with -Z macro-backtrace for more info)
[INFO] [stdout] 
[INFO] [stdout] 
[INFO] [stdout] error[E0433]: cannot find module or crate `prost_convert` in this scope
[INFO] [stdout]   --> tests/nested_struct.rs:17:10
[INFO] [stdout]    |
[INFO] [stdout] 17 | #[derive(ProstConvert, PartialEq, Debug, Clone)]
[INFO] [stdout]    |          ^^^^^^^^^^^^ use of unresolved module or unlinked crate `prost_convert`
[INFO] [stdout]    |
[INFO] [stdout]    = help: if you wanted to use a crate named `prost_convert`, use `cargo add prost_convert` to add it to your `Cargo.toml`
[INFO] [stdout]    = note: this error originates in the derive macro `ProstConvert` (in Nightly builds, run with -Z macro-backtrace for more info)
[INFO] [stdout] 
[INFO] [stdout] 
[INFO] [stdout] error[E0433]: cannot find module or crate `prost_convert` in this scope
[INFO] [stdout]   --> tests/nested_struct.rs:23:10
[INFO] [stdout]    |
[INFO] [stdout] 23 | #[derive(ProstConvert, PartialEq, Debug, Clone)]
[INFO] [stdout]    |          ^^^^^^^^^^^^ use of unresolved module or unlinked crate `prost_convert`
[INFO] [stdout]    |
[INFO] [stdout]    = help: if you wanted to use a crate named `prost_convert`, use `cargo add prost_convert` to add it to your `Cargo.toml`
[INFO] [stdout]    = note: this error originates in the derive macro `ProstConvert` (in Nightly builds, run with -Z macro-backtrace for more info)
[INFO] [stdout] 
[INFO] [stdout] 
[INFO] [stdout] Some errors have detailed explanations: E0432, E0433.
[INFO] [stdout] 
[INFO] [stdout] For more information about an error, try `rustc --explain E0432`.
[INFO] [stdout] 
[INFO] [stderr] error: could not compile `prost-convert-derive` (test "nested_struct") due to 5 previous errors
[INFO] [stdout] error[E0432]: unresolved import `prost_convert`
[INFO] [stdout]  --> tests/vector.rs:1:5
[INFO] [stdout]   |
[INFO] [stdout] 1 | use prost_convert::{IntoProto, TryIntoNative};
[INFO] [stdout]   |     ^^^^^^^^^^^^^ use of unresolved module or unlinked crate `prost_convert`
[INFO] [stdout]   |
[INFO] [stdout]   = help: if you wanted to use a crate named `prost_convert`, use `cargo add prost_convert` to add it to your `Cargo.toml`
[INFO] [stdout] 
[INFO] [stdout] 
[INFO] [stdout] error[E0432]: unresolved import `prost_convert`
[INFO] [stdout]   --> tests/vector.rs:21:35
[INFO] [stdout]    |
[INFO] [stdout] 21 | #[derive(PartialEq, Debug, Clone, ProstConvert)]
[INFO] [stdout]    |                                   ^^^^^^^^^^^^ use of unresolved module or unlinked crate `prost_convert`
[INFO] [stdout]    |
[INFO] [stdout]    = help: if you wanted to use a crate named `prost_convert`, use `cargo add prost_convert` to add it to your `Cargo.toml`
[INFO] [stdout]    = note: this error originates in the derive macro `ProstConvert` (in Nightly builds, run with -Z macro-backtrace for more info)
[INFO] [stdout] 
[INFO] [stdout] 
[INFO] [stdout] error[E0432]: unresolved import `prost_convert`
[INFO] [stdout]   --> tests/vector.rs:27:35
[INFO] [stdout]    |
[INFO] [stdout] 27 | #[derive(PartialEq, Debug, Clone, ProstConvert)]
[INFO] [stdout]    |                                   ^^^^^^^^^^^^ use of unresolved module or unlinked crate `prost_convert`
[INFO] [stdout]    |
[INFO] [stdout]    = help: if you wanted to use a crate named `prost_convert`, use `cargo add prost_convert` to add it to your `Cargo.toml`
[INFO] [stdout]    = note: this error originates in the derive macro `ProstConvert` (in Nightly builds, run with -Z macro-backtrace for more info)
[INFO] [stdout] 
[INFO] [stdout] 
[INFO] [stdout] error[E0432]: unresolved import `prost_convert`
[INFO] [stdout]   --> tests/vector.rs:33:35
[INFO] [stdout]    |
[INFO] [stdout] 33 | #[derive(PartialEq, Debug, Clone, ProstConvert)]
[INFO] [stdout]    |                                   ^^^^^^^^^^^^ use of unresolved module or unlinked crate `prost_convert`
[INFO] [stdout]    |
[INFO] [stdout]    = help: if you wanted to use a crate named `prost_convert`, use `cargo add prost_convert` to add it to your `Cargo.toml`
[INFO] [stdout]    = note: this error originates in the derive macro `ProstConvert` (in Nightly builds, run with -Z macro-backtrace for more info)
[INFO] [stdout] 
[INFO] [stdout] 
[INFO] [stdout] error[E0433]: cannot find module or crate `prost_convert` in this scope
[INFO] [stdout]   --> tests/redefined_prelude_types.rs:41:10
[INFO] [stdout]    |
[INFO] [stdout] 41 | #[derive(ProstConvert)]
[INFO] [stdout]    |          ^^^^^^^^^^^^ use of unresolved module or unlinked crate `prost_convert`
[INFO] [stdout]    |
[INFO] [stdout]    = help: if you wanted to use a crate named `prost_convert`, use `cargo add prost_convert` to add it to your `Cargo.toml`
[INFO] [stdout]    = note: this error originates in the derive macro `ProstConvert` (in Nightly builds, run with -Z macro-backtrace for more info)
[INFO] [stdout] 
[INFO] [stdout] 
[INFO] [stdout] Some errors have detailed explanations: E0432, E0433.
[INFO] [stdout] 
[INFO] [stdout] For more information about an error, try `rustc --explain E0432`.
[INFO] [stdout] 
[INFO] [stderr] error: could not compile `prost-convert-derive` (test "redefined_prelude_types") due to 2 previous errors
[INFO] [stdout] error[E0433]: cannot find module or crate `prost_convert` in this scope
[INFO] [stdout]   --> tests/enum_new_type.rs:18:35
[INFO] [stdout]    |
[INFO] [stdout] 18 | #[derive(PartialEq, Debug, Clone, ProstConvert)]
[INFO] [stdout]    |                                   ^^^^^^^^^^^^ use of unresolved module or unlinked crate `prost_convert`
[INFO] [stdout]    |
[INFO] [stdout]    = help: if you wanted to use a crate named `prost_convert`, use `cargo add prost_convert` to add it to your `Cargo.toml`
[INFO] [stdout]    = note: this error originates in the derive macro `ProstConvert` (in Nightly builds, run with -Z macro-backtrace for more info)
[INFO] [stdout] 
[INFO] [stdout] 
[INFO] [stdout] Some errors have detailed explanations: E0432, E0433.
[INFO] [stdout] 
[INFO] [stdout] For more information about an error, try `rustc --explain E0432`.
[INFO] [stdout] 
[INFO] [stderr] error: could not compile `prost-convert-derive` (test "enum_new_type") due to 3 previous errors
[INFO] [stdout] error[E0432]: unresolved import `prost_convert`
[INFO] [stdout]  --> tests/option.rs:3:5
[INFO] [stdout]   |
[INFO] [stdout] 3 | use prost_convert::{IntoProto, TryIntoNative};
[INFO] [stdout]   |     ^^^^^^^^^^^^^ use of unresolved module or unlinked crate `prost_convert`
[INFO] [stdout]   |
[INFO] [stdout]   = help: if you wanted to use a crate named `prost_convert`, use `cargo add prost_convert` to add it to your `Cargo.toml`
[INFO] [stdout] 
[INFO] [stdout] 
[INFO] [stdout] error[E0432]: unresolved import `prost_convert`
[INFO] [stdout]   --> tests/option.rs:36:10
[INFO] [stdout]    |
[INFO] [stdout] 36 | #[derive(ProstConvert, PartialEq, Debug, Clone)]
[INFO] [stdout]    |          ^^^^^^^^^^^^ use of unresolved module or unlinked crate `prost_convert`
[INFO] [stdout]    |
[INFO] [stdout]    = help: if you wanted to use a crate named `prost_convert`, use `cargo add prost_convert` to add it to your `Cargo.toml`
[INFO] [stdout]    = note: this error originates in the derive macro `ProstConvert` (in Nightly builds, run with -Z macro-backtrace for more info)
[INFO] [stdout] 
[INFO] [stdout] 
[INFO] [stdout] error[E0432]: unresolved import `prost_convert`
[INFO] [stdout]   --> tests/option.rs:42:35
[INFO] [stdout]    |
[INFO] [stdout] 42 | #[derive(PartialEq, Debug, Clone, ProstConvert)]
[INFO] [stdout]    |                                   ^^^^^^^^^^^^ use of unresolved module or unlinked crate `prost_convert`
[INFO] [stdout]    |
[INFO] [stdout]    = help: if you wanted to use a crate named `prost_convert`, use `cargo add prost_convert` to add it to your `Cargo.toml`
[INFO] [stdout]    = note: this error originates in the derive macro `ProstConvert` (in Nightly builds, run with -Z macro-backtrace for more info)
[INFO] [stdout] 
[INFO] [stdout] 
[INFO] [stdout] error[E0432]: unresolved import `prost_convert`
[INFO] [stdout]   --> tests/option.rs:49:35
[INFO] [stdout]    |
[INFO] [stdout] 49 | #[derive(Debug, Clone, PartialEq, ProstConvert)]
[INFO] [stdout]    |                                   ^^^^^^^^^^^^ use of unresolved module or unlinked crate `prost_convert`
[INFO] [stdout]    |
[INFO] [stdout]    = help: if you wanted to use a crate named `prost_convert`, use `cargo add prost_convert` to add it to your `Cargo.toml`
[INFO] [stdout]    = note: this error originates in the derive macro `ProstConvert` (in Nightly builds, run with -Z macro-backtrace for more info)
[INFO] [stdout] 
[INFO] [stdout] 
[INFO] [stdout] error[E0432]: unresolved import `prost_convert`
[INFO] [stdout]   --> tests/option.rs:56:35
[INFO] [stdout]    |
[INFO] [stdout] 56 | #[derive(Debug, Clone, PartialEq, ProstConvert)]
[INFO] [stdout]    |                                   ^^^^^^^^^^^^ use of unresolved module or unlinked crate `prost_convert`
[INFO] [stdout]    |
[INFO] [stdout]    = help: if you wanted to use a crate named `prost_convert`, use `cargo add prost_convert` to add it to your `Cargo.toml`
[INFO] [stdout]    = note: this error originates in the derive macro `ProstConvert` (in Nightly builds, run with -Z macro-backtrace for more info)
[INFO] [stdout] 
[INFO] [stdout] 
[INFO] [stdout] error[E0432]: unresolved import `prost_convert`
[INFO] [stdout]   --> tests/option.rs:63:35
[INFO] [stdout]    |
[INFO] [stdout] 63 | #[derive(Debug, Clone, PartialEq, ProstConvert)]
[INFO] [stdout]    |                                   ^^^^^^^^^^^^ use of unresolved module or unlinked crate `prost_convert`
[INFO] [stdout]    |
[INFO] [stdout]    = help: if you wanted to use a crate named `prost_convert`, use `cargo add prost_convert` to add it to your `Cargo.toml`
[INFO] [stdout]    = note: this error originates in the derive macro `ProstConvert` (in Nightly builds, run with -Z macro-backtrace for more info)
[INFO] [stdout] 
[INFO] [stdout] 
[INFO] [stdout] error[E0432]: unresolved import `prost_convert`
[INFO] [stdout]  --> tests/edge_case.rs:3:5
[INFO] [stdout]   |
[INFO] [stdout] 3 | use prost_convert::{IntoProto, TryIntoNative};
[INFO] [stdout]   |     ^^^^^^^^^^^^^ use of unresolved module or unlinked crate `prost_convert`
[INFO] [stdout]   |
[INFO] [stdout]   = help: if you wanted to use a crate named `prost_convert`, use `cargo add prost_convert` to add it to your `Cargo.toml`
[INFO] [stdout] 
[INFO] [stdout] 
[INFO] [stdout] error[E0432]: unresolved import `prost_convert`
[INFO] [stdout]   --> tests/edge_case.rs:31:41
[INFO] [stdout]    |
[INFO] [stdout] 31 | #[derive(Clone, PartialEq, Eq, Default, ProstConvert, Debug)]
[INFO] [stdout]    |                                         ^^^^^^^^^^^^ use of unresolved module or unlinked crate `prost_convert`
[INFO] [stdout]    |
[INFO] [stdout]    = help: if you wanted to use a crate named `prost_convert`, use `cargo add prost_convert` to add it to your `Cargo.toml`
[INFO] [stdout]    = note: this error originates in the derive macro `ProstConvert` (in Nightly builds, run with -Z macro-backtrace for more info)
[INFO] [stdout] 
[INFO] [stdout] 
[INFO] [stdout] error[E0432]: unresolved import `prost_convert`
[INFO] [stdout]   --> tests/edge_case.rs:42:32
[INFO] [stdout]    |
[INFO] [stdout] 42 | #[derive(Clone, PartialEq, Eq, ProstConvert, Debug)]
[INFO] [stdout]    |                                ^^^^^^^^^^^^ use of unresolved module or unlinked crate `prost_convert`
[INFO] [stdout]    |
[INFO] [stdout]    = help: if you wanted to use a crate named `prost_convert`, use `cargo add prost_convert` to add it to your `Cargo.toml`
[INFO] [stdout]    = note: this error originates in the derive macro `ProstConvert` (in Nightly builds, run with -Z macro-backtrace for more info)
[INFO] [stdout] 
[INFO] [stdout] 
[INFO] [stdout] error[E0432]: unresolved import `prost_convert`
[INFO] [stdout]   --> tests/edge_case.rs:51:32
[INFO] [stdout]    |
[INFO] [stdout] 51 | #[derive(Clone, PartialEq, Eq, ProstConvert, Debug)]
[INFO] [stdout]    |                                ^^^^^^^^^^^^ use of unresolved module or unlinked crate `prost_convert`
[INFO] [stdout]    |
[INFO] [stdout]    = help: if you wanted to use a crate named `prost_convert`, use `cargo add prost_convert` to add it to your `Cargo.toml`
[INFO] [stdout]    = note: this error originates in the derive macro `ProstConvert` (in Nightly builds, run with -Z macro-backtrace for more info)
[INFO] [stdout] 
[INFO] [stdout] 
[INFO] [stdout] error[E0432]: unresolved import `prost_convert`
[INFO] [stdout]   --> tests/edge_case.rs:59:32
[INFO] [stdout]    |
[INFO] [stdout] 59 | #[derive(Clone, PartialEq, Eq, ProstConvert, Debug)]
[INFO] [stdout]    |                                ^^^^^^^^^^^^ use of unresolved module or unlinked crate `prost_convert`
[INFO] [stdout]    |
[INFO] [stdout]    = help: if you wanted to use a crate named `prost_convert`, use `cargo add prost_convert` to add it to your `Cargo.toml`
[INFO] [stdout]    = note: this error originates in the derive macro `ProstConvert` (in Nightly builds, run with -Z macro-backtrace for more info)
[INFO] [stdout] 
[INFO] [stdout] 
[INFO] [stdout] error[E0432]: unresolved import `prost_convert`
[INFO] [stdout]  --> tests/enum_wrapper.rs:1:5
[INFO] [stdout]   |
[INFO] [stdout] 1 | use prost_convert::{IntoProto, TryIntoNative};
[INFO] [stdout]   |     ^^^^^^^^^^^^^ use of unresolved module or unlinked crate `prost_convert`
[INFO] [stdout]   |
[INFO] [stdout]   = help: if you wanted to use a crate named `prost_convert`, use `cargo add prost_convert` to add it to your `Cargo.toml`
[INFO] [stdout] 
[INFO] [stdout] 
[INFO] [stdout] error[E0432]: unresolved import `prost_convert`
[INFO] [stdout]   --> tests/enum_wrapper.rs:16:35
[INFO] [stdout]    |
[INFO] [stdout] 16 | #[derive(PartialEq, Debug, Clone, ProstConvert)]
[INFO] [stdout]    |                                   ^^^^^^^^^^^^ use of unresolved module or unlinked crate `prost_convert`
[INFO] [stdout]    |
[INFO] [stdout]    = help: if you wanted to use a crate named `prost_convert`, use `cargo add prost_convert` to add it to your `Cargo.toml`
[INFO] [stdout]    = note: this error originates in the derive macro `ProstConvert` (in Nightly builds, run with -Z macro-backtrace for more info)
[INFO] [stdout] 
[INFO] [stdout] 
[INFO] [stdout] error[E0433]: cannot find module or crate `prost_convert` in this scope
[INFO] [stdout]   --> tests/enum_struct.rs:39:60
[INFO] [stdout]    |
[INFO] [stdout] 39 |     fn try_from_proto(value: proto::Route) -> Result<Self, prost_convert::ProstConvertError> {
[INFO] [stdout]    |                                                            ^^^^^^^^^^^^^ use of unresolved module or unlinked crate `prost_convert`
[INFO] [stdout]    |
[INFO] [stdout]    = help: if you wanted to use a crate named `prost_convert`, use `cargo add prost_convert` to add it to your `Cargo.toml`
[INFO] [stdout] 
[INFO] [stdout] 
[INFO] [stdout] error[E0433]: cannot find module or crate `prost_convert` in this scope
[INFO] [stdout]   --> tests/enum_struct.rs:84:35
[INFO] [stdout]    |
[INFO] [stdout] 84 | #[derive(PartialEq, Debug, Clone, ProstConvert)]
[INFO] [stdout]    |                                   ^^^^^^^^^^^^ use of unresolved module or unlinked crate `prost_convert`
[INFO] [stdout]    |
[INFO] [stdout]    = help: if you wanted to use a crate named `prost_convert`, use `cargo add prost_convert` to add it to your `Cargo.toml`
[INFO] [stdout]    = note: this error originates in the derive macro `ProstConvert` (in Nightly builds, run with -Z macro-backtrace for more info)
[INFO] [stdout] 
[INFO] [stdout] 
[INFO] [stdout] Some errors have detailed explanations: E0432, E0433.
[INFO] [stdout] 
[INFO] [stdout] For more information about an error, try `rustc --explain E0432`.
[INFO] [stdout] 
[INFO] [stderr] error: could not compile `prost-convert-derive` (test "enum_struct") due to 4 previous errors
[INFO] [stdout] error[E0433]: cannot find module or crate `prost_convert` in this scope
[INFO] [stdout]   --> tests/prost_enum.rs:23:35
[INFO] [stdout]    |
[INFO] [stdout] 23 | #[derive(PartialEq, Debug, Clone, ProstConvert)]
[INFO] [stdout]    |                                   ^^^^^^^^^^^^ use of unresolved module or unlinked crate `prost_convert`
[INFO] [stdout]    |
[INFO] [stdout]    = help: if you wanted to use a crate named `prost_convert`, use `cargo add prost_convert` to add it to your `Cargo.toml`
[INFO] [stdout]    = note: this error originates in the derive macro `ProstConvert` (in Nightly builds, run with -Z macro-backtrace for more info)
[INFO] [stdout] 
[INFO] [stdout] 
[INFO] [stdout] error[E0433]: cannot find module or crate `prost_convert` in this scope
[INFO] [stdout]   --> tests/enum_wrapper.rs:16:35
[INFO] [stdout]    |
[INFO] [stdout] 16 | #[derive(PartialEq, Debug, Clone, ProstConvert)]
[INFO] [stdout]    |                                   ^^^^^^^^^^^^ use of unresolved module or unlinked crate `prost_convert`
[INFO] [stdout]    |
[INFO] [stdout]    = help: if you wanted to use a crate named `prost_convert`, use `cargo add prost_convert` to add it to your `Cargo.toml`
[INFO] [stdout]    = note: this error originates in the derive macro `ProstConvert` (in Nightly builds, run with -Z macro-backtrace for more info)
[INFO] [stdout] 
[INFO] [stdout] 
[INFO] [stdout] Some errors have detailed explanations: E0432, E0433.
[INFO] [stdout] 
[INFO] [stdout] For more information about an error, try `rustc --explain E0432`.
[INFO] [stdout] 
[INFO] [stdout] error[E0433]: cannot find module or crate `prost_convert` in this scope
[INFO] [stdout]   --> tests/enum_no_wrapper.rs:23:35
[INFO] [stdout]    |
[INFO] [stdout] 23 | #[derive(PartialEq, Debug, Clone, ProstConvert)]
[INFO] [stdout]    |                                   ^^^^^^^^^^^^ use of unresolved module or unlinked crate `prost_convert`
[INFO] [stdout]    |
[INFO] [stdout]    = help: if you wanted to use a crate named `prost_convert`, use `cargo add prost_convert` to add it to your `Cargo.toml`
[INFO] [stdout]    = note: this error originates in the derive macro `ProstConvert` (in Nightly builds, run with -Z macro-backtrace for more info)
[INFO] [stdout] 
[INFO] [stdout] 
[INFO] [stderr] error: could not compile `prost-convert-derive` (test "enum_wrapper") due to 3 previous errors
[INFO] [stdout] error[E0433]: cannot find module or crate `prost_convert` in this scope
[INFO] [stdout]   --> tests/edge_case.rs:31:41
[INFO] [stdout]    |
[INFO] [stdout] 31 | #[derive(Clone, PartialEq, Eq, Default, ProstConvert, Debug)]
[INFO] [stdout]    |                                         ^^^^^^^^^^^^ use of unresolved module or unlinked crate `prost_convert`
[INFO] [stdout]    |
[INFO] [stdout]    = help: if you wanted to use a crate named `prost_convert`, use `cargo add prost_convert` to add it to your `Cargo.toml`
[INFO] [stdout]    = note: this error originates in the derive macro `ProstConvert` (in Nightly builds, run with -Z macro-backtrace for more info)
[INFO] [stdout] 
[INFO] [stdout] 
[INFO] [stdout] error[E0433]: cannot find module or crate `prost_convert` in this scope
[INFO] [stdout]   --> tests/edge_case.rs:42:32
[INFO] [stdout]    |
[INFO] [stdout] 42 | #[derive(Clone, PartialEq, Eq, ProstConvert, Debug)]
[INFO] [stdout]    |                                ^^^^^^^^^^^^ use of unresolved module or unlinked crate `prost_convert`
[INFO] [stdout]    |
[INFO] [stdout]    = help: if you wanted to use a crate named `prost_convert`, use `cargo add prost_convert` to add it to your `Cargo.toml`
[INFO] [stdout]    = note: this error originates in the derive macro `ProstConvert` (in Nightly builds, run with -Z macro-backtrace for more info)
[INFO] [stdout] 
[INFO] [stdout] 
[INFO] [stdout] error[E0433]: cannot find module or crate `prost_convert` in this scope
[INFO] [stdout]   --> tests/edge_case.rs:51:32
[INFO] [stdout]    |
[INFO] [stdout] 51 | #[derive(Clone, PartialEq, Eq, ProstConvert, Debug)]
[INFO] [stdout]    |                                ^^^^^^^^^^^^ use of unresolved module or unlinked crate `prost_convert`
[INFO] [stdout]    |
[INFO] [stdout]    = help: if you wanted to use a crate named `prost_convert`, use `cargo add prost_convert` to add it to your `Cargo.toml`
[INFO] [stdout]    = note: this error originates in the derive macro `ProstConvert` (in Nightly builds, run with -Z macro-backtrace for more info)
[INFO] [stdout] 
[INFO] [stdout] 
[INFO] [stdout] error[E0433]: cannot find module or crate `prost_convert` in this scope
[INFO] [stdout]   --> tests/edge_case.rs:59:32
[INFO] [stdout]    |
[INFO] [stdout] 59 | #[derive(Clone, PartialEq, Eq, ProstConvert, Debug)]
[INFO] [stdout]    |                                ^^^^^^^^^^^^ use of unresolved module or unlinked crate `prost_convert`
[INFO] [stdout]    |
[INFO] [stdout]    = help: if you wanted to use a crate named `prost_convert`, use `cargo add prost_convert` to add it to your `Cargo.toml`
[INFO] [stdout]    = note: this error originates in the derive macro `ProstConvert` (in Nightly builds, run with -Z macro-backtrace for more info)
[INFO] [stdout] 
[INFO] [stdout] 
[INFO] [stdout] Some errors have detailed explanations: E0432, E0433.
[INFO] [stdout] 
[INFO] [stdout] For more information about an error, try `rustc --explain E0432`.
[INFO] [stdout] 
[INFO] [stderr] error: could not compile `prost-convert-derive` (test "edge_case") due to 9 previous errors
[INFO] [stdout] error[E0433]: cannot find module or crate `prost_convert` in this scope
[INFO] [stdout]   --> tests/hashmap.rs:28:35
[INFO] [stdout]    |
[INFO] [stdout] 28 | #[derive(PartialEq, Debug, Clone, ProstConvert)]
[INFO] [stdout]    |                                   ^^^^^^^^^^^^ use of unresolved module or unlinked crate `prost_convert`
[INFO] [stdout]    |
[INFO] [stdout]    = help: if you wanted to use a crate named `prost_convert`, use `cargo add prost_convert` to add it to your `Cargo.toml`
[INFO] [stdout]    = note: this error originates in the derive macro `ProstConvert` (in Nightly builds, run with -Z macro-backtrace for more info)
[INFO] [stdout] 
[INFO] [stdout] 
[INFO] [stdout] error[E0433]: cannot find module or crate `prost_convert` in this scope
[INFO] [stdout]   --> tests/hashmap.rs:34:35
[INFO] [stdout]    |
[INFO] [stdout] 34 | #[derive(PartialEq, Debug, Clone, ProstConvert)]
[INFO] [stdout]    |                                   ^^^^^^^^^^^^ use of unresolved module or unlinked crate `prost_convert`
[INFO] [stdout]    |
[INFO] [stdout]    = help: if you wanted to use a crate named `prost_convert`, use `cargo add prost_convert` to add it to your `Cargo.toml`
[INFO] [stdout]    = note: this error originates in the derive macro `ProstConvert` (in Nightly builds, run with -Z macro-backtrace for more info)
[INFO] [stdout] 
[INFO] [stdout] 
[INFO] [stdout] error[E0433]: cannot find module or crate `prost_convert` in this scope
[INFO] [stdout]   --> tests/hashmap.rs:42:35
[INFO] [stdout]    |
[INFO] [stdout] 42 | #[derive(PartialEq, Debug, Clone, ProstConvert)]
[INFO] [stdout]    |                                   ^^^^^^^^^^^^ use of unresolved module or unlinked crate `prost_convert`
[INFO] [stdout]    |
[INFO] [stdout]    = help: if you wanted to use a crate named `prost_convert`, use `cargo add prost_convert` to add it to your `Cargo.toml`
[INFO] [stdout]    = note: this error originates in the derive macro `ProstConvert` (in Nightly builds, run with -Z macro-backtrace for more info)
[INFO] [stdout] 
[INFO] [stdout] 
[INFO] [stdout] error[E0433]: cannot find module or crate `prost_convert` in this scope
[INFO] [stdout]   --> tests/hashmap.rs:48:35
[INFO] [stdout]    |
[INFO] [stdout] 48 | #[derive(PartialEq, Debug, Clone, ProstConvert)]
[INFO] [stdout]    |                                   ^^^^^^^^^^^^ use of unresolved module or unlinked crate `prost_convert`
[INFO] [stdout]    |
[INFO] [stdout]    = help: if you wanted to use a crate named `prost_convert`, use `cargo add prost_convert` to add it to your `Cargo.toml`
[INFO] [stdout]    = note: this error originates in the derive macro `ProstConvert` (in Nightly builds, run with -Z macro-backtrace for more info)
[INFO] [stdout] 
[INFO] [stdout] 
[INFO] [stdout] Some errors have detailed explanations: E0432, E0433.
[INFO] [stdout] 
[INFO] [stdout] For more information about an error, try `rustc --explain E0432`.
[INFO] [stdout] 
[INFO] [stdout] error[E0433]: cannot find module or crate `prost_convert` in this scope
[INFO] [stdout]   --> tests/enum_no_wrapper.rs:30:35
[INFO] [stdout]    |
[INFO] [stdout] 30 | #[derive(PartialEq, Debug, Clone, ProstConvert)]
[INFO] [stdout]    |                                   ^^^^^^^^^^^^ use of unresolved module or unlinked crate `prost_convert`
[INFO] [stdout]    |
[INFO] [stdout]    = help: if you wanted to use a crate named `prost_convert`, use `cargo add prost_convert` to add it to your `Cargo.toml`
[INFO] [stdout]    = note: this error originates in the derive macro `ProstConvert` (in Nightly builds, run with -Z macro-backtrace for more info)
[INFO] [stdout] 
[INFO] [stdout] 
[INFO] [stdout] error[E0433]: cannot find module or crate `prost_convert` in this scope
[INFO] [stdout]   --> tests/enum_no_wrapper.rs:38:35
[INFO] [stdout]    |
[INFO] [stdout] 38 | #[derive(PartialEq, Debug, Clone, ProstConvert)]
[INFO] [stdout]    |                                   ^^^^^^^^^^^^ use of unresolved module or unlinked crate `prost_convert`
[INFO] [stdout]    |
[INFO] [stdout]    = help: if you wanted to use a crate named `prost_convert`, use `cargo add prost_convert` to add it to your `Cargo.toml`
[INFO] [stdout]    = note: this error originates in the derive macro `ProstConvert` (in Nightly builds, run with -Z macro-backtrace for more info)
[INFO] [stdout] 
[INFO] [stdout] 
[INFO] [stdout] Some errors have detailed explanations: E0432, E0433.
[INFO] [stdout] 
[INFO] [stdout] For more information about an error, try `rustc --explain E0432`.
[INFO] [stdout] 
[INFO] [stderr] error: could not compile `prost-convert-derive` (test "enum_no_wrapper") due to 7 previous errors
[INFO] [stderr] error: could not compile `prost-convert-derive` (test "hashmap") due to 9 previous errors
[INFO] [stdout] error[E0433]: cannot find module or crate `prost_convert` in this scope
[INFO] [stdout]   --> tests/prost_enum.rs:30:35
[INFO] [stdout]    |
[INFO] [stdout] 30 | #[derive(PartialEq, Debug, Clone, ProstConvert)]
[INFO] [stdout]    |                                   ^^^^^^^^^^^^ use of unresolved module or unlinked crate `prost_convert`
[INFO] [stdout]    |
[INFO] [stdout]    = help: if you wanted to use a crate named `prost_convert`, use `cargo add prost_convert` to add it to your `Cargo.toml`
[INFO] [stdout]    = note: this error originates in the derive macro `ProstConvert` (in Nightly builds, run with -Z macro-backtrace for more info)
[INFO] [stdout] 
[INFO] [stdout] 
[INFO] [stdout] Some errors have detailed explanations: E0432, E0433.
[INFO] [stdout] 
[INFO] [stdout] For more information about an error, try `rustc --explain E0432`.
[INFO] [stdout] 
[INFO] [stderr] error: could not compile `prost-convert-derive` (test "prost_enum") due to 5 previous errors
[INFO] [stdout] error[E0433]: cannot find module or crate `prost_convert` in this scope
[INFO] [stdout]   --> tests/new_type.rs:25:35
[INFO] [stdout]    |
[INFO] [stdout] 25 | #[derive(PartialEq, Debug, Clone, ProstConvert)]
[INFO] [stdout]    |                                   ^^^^^^^^^^^^ use of unresolved module or unlinked crate `prost_convert`
[INFO] [stdout]    |
[INFO] [stdout]    = help: if you wanted to use a crate named `prost_convert`, use `cargo add prost_convert` to add it to your `Cargo.toml`
[INFO] [stdout]    = note: this error originates in the derive macro `ProstConvert` (in Nightly builds, run with -Z macro-backtrace for more info)
[INFO] [stdout] 
[INFO] [stdout] 
[INFO] [stdout] error[E0433]: cannot find module or crate `prost_convert` in this scope
[INFO] [stdout]   --> tests/new_type.rs:36:35
[INFO] [stdout]    |
[INFO] [stdout] 36 | #[derive(PartialEq, Debug, Clone, ProstConvert)]
[INFO] [stdout]    |                                   ^^^^^^^^^^^^ use of unresolved module or unlinked crate `prost_convert`
[INFO] [stdout]    |
[INFO] [stdout]    = help: if you wanted to use a crate named `prost_convert`, use `cargo add prost_convert` to add it to your `Cargo.toml`
[INFO] [stdout]    = note: this error originates in the derive macro `ProstConvert` (in Nightly builds, run with -Z macro-backtrace for more info)
[INFO] [stdout] 
[INFO] [stdout] 
[INFO] [stdout] error[E0433]: cannot find module or crate `prost_convert` in this scope
[INFO] [stdout]   --> tests/new_type.rs:42:35
[INFO] [stdout]    |
[INFO] [stdout] 42 | #[derive(PartialEq, Debug, Clone, ProstConvert)]
[INFO] [stdout]    |                                   ^^^^^^^^^^^^ use of unresolved module or unlinked crate `prost_convert`
[INFO] [stdout]    |
[INFO] [stdout]    = help: if you wanted to use a crate named `prost_convert`, use `cargo add prost_convert` to add it to your `Cargo.toml`
[INFO] [stdout]    = note: this error originates in the derive macro `ProstConvert` (in Nightly builds, run with -Z macro-backtrace for more info)
[INFO] [stdout] 
[INFO] [stdout] 
[INFO] [stdout] error[E0433]: cannot find module or crate `prost_convert` in this scope
[INFO] [stdout]   --> tests/new_type.rs:49:54
[INFO] [stdout]    |
[INFO] [stdout] 49 |     fn try_from_proto(value: String) -> Result<Self, prost_convert::ProstConvertError> {
[INFO] [stdout]    |                                                      ^^^^^^^^^^^^^ use of unresolved module or unlinked crate `prost_convert`
[INFO] [stdout]    |
[INFO] [stdout]    = help: if you wanted to use a crate named `prost_convert`, use `cargo add prost_convert` to add it to your `Cargo.toml`
[INFO] [stdout] 
[INFO] [stdout] 
[INFO] [stdout] error[E0433]: cannot find module or crate `prost_convert` in this scope
[INFO] [stdout]   --> tests/new_type.rs:79:63
[INFO] [stdout]    |
[INFO] [stdout] 79 |     fn try_from_proto(value: Vec<proto::Log>) -> Result<Self, prost_convert::ProstConvertError> {
[INFO] [stdout]    |                                                               ^^^^^^^^^^^^^ use of unresolved module or unlinked crate `prost_convert`
[INFO] [stdout]    |
[INFO] [stdout]    = help: if you wanted to use a crate named `prost_convert`, use `cargo add prost_convert` to add it to your `Cargo.toml`
[INFO] [stdout] 
[INFO] [stdout] 
[INFO] [stdout] Some errors have detailed explanations: E0432, E0433.
[INFO] [stdout] 
[INFO] [stdout] For more information about an error, try `rustc --explain E0432`.
[INFO] [stdout] 
[INFO] [stderr] error: could not compile `prost-convert-derive` (test "new_type") due to 9 previous errors
[INFO] [stdout] error[E0433]: cannot find module or crate `prost_convert` in this scope
[INFO] [stdout]   --> tests/option.rs:42:35
[INFO] [stdout]    |
[INFO] [stdout] 42 | #[derive(PartialEq, Debug, Clone, ProstConvert)]
[INFO] [stdout]    |                                   ^^^^^^^^^^^^ use of unresolved module or unlinked crate `prost_convert`
[INFO] [stdout]    |
[INFO] [stdout]    = help: if you wanted to use a crate named `prost_convert`, use `cargo add prost_convert` to add it to your `Cargo.toml`
[INFO] [stdout]    = note: this error originates in the derive macro `ProstConvert` (in Nightly builds, run with -Z macro-backtrace for more info)
[INFO] [stdout] 
[INFO] [stdout] 
[INFO] [stdout] error[E0433]: cannot find module or crate `prost_convert` in this scope
[INFO] [stdout]   --> tests/nested_enum_new_type.rs:36:35
[INFO] [stdout]    |
[INFO] [stdout] 36 | #[derive(PartialEq, Debug, Clone, ProstConvert)]
[INFO] [stdout]    |                                   ^^^^^^^^^^^^ use of unresolved module or unlinked crate `prost_convert`
[INFO] [stdout]    |
[INFO] [stdout]    = help: if you wanted to use a crate named `prost_convert`, use `cargo add prost_convert` to add it to your `Cargo.toml`
[INFO] [stdout]    = note: this error originates in the derive macro `ProstConvert` (in Nightly builds, run with -Z macro-backtrace for more info)
[INFO] [stdout] 
[INFO] [stdout] 
[INFO] [stdout] error[E0433]: cannot find module or crate `prost_convert` in this scope
[INFO] [stdout]   --> tests/nested_enum_new_type.rs:45:35
[INFO] [stdout]    |
[INFO] [stdout] 45 | #[derive(PartialEq, Debug, Clone, ProstConvert)]
[INFO] [stdout]    |                                   ^^^^^^^^^^^^ use of unresolved module or unlinked crate `prost_convert`
[INFO] [stdout]    |
[INFO] [stdout]    = help: if you wanted to use a crate named `prost_convert`, use `cargo add prost_convert` to add it to your `Cargo.toml`
[INFO] [stdout]    = note: this error originates in the derive macro `ProstConvert` (in Nightly builds, run with -Z macro-backtrace for more info)
[INFO] [stdout] 
[INFO] [stdout] 
[INFO] [stdout] error[E0433]: cannot find module or crate `prost_convert` in this scope
[INFO] [stdout]   --> tests/nested_enum_new_type.rs:52:35
[INFO] [stdout]    |
[INFO] [stdout] 52 | #[derive(PartialEq, Debug, Clone, ProstConvert)]
[INFO] [stdout]    |                                   ^^^^^^^^^^^^ use of unresolved module or unlinked crate `prost_convert`
[INFO] [stdout]    |
[INFO] [stdout]    = help: if you wanted to use a crate named `prost_convert`, use `cargo add prost_convert` to add it to your `Cargo.toml`
[INFO] [stdout]    = note: this error originates in the derive macro `ProstConvert` (in Nightly builds, run with -Z macro-backtrace for more info)
[INFO] [stdout] 
[INFO] [stdout] 
[INFO] [stdout] Some errors have detailed explanations: E0432, E0433.
[INFO] [stdout] 
[INFO] [stdout] For more information about an error, try `rustc --explain E0432`.
[INFO] [stdout] 
[INFO] [stderr] error: could not compile `prost-convert-derive` (test "nested_enum_new_type") due to 7 previous errors
[INFO] [stdout] error[E0433]: cannot find module or crate `prost_convert` in this scope
[INFO] [stdout]   --> tests/vector.rs:21:35
[INFO] [stdout]    |
[INFO] [stdout] 21 | #[derive(PartialEq, Debug, Clone, ProstConvert)]
[INFO] [stdout]    |                                   ^^^^^^^^^^^^ use of unresolved module or unlinked crate `prost_convert`
[INFO] [stdout]    |
[INFO] [stdout]    = help: if you wanted to use a crate named `prost_convert`, use `cargo add prost_convert` to add it to your `Cargo.toml`
[INFO] [stdout]    = note: this error originates in the derive macro `ProstConvert` (in Nightly builds, run with -Z macro-backtrace for more info)
[INFO] [stdout] 
[INFO] [stdout] 
[INFO] [stdout] error[E0433]: cannot find module or crate `prost_convert` in this scope
[INFO] [stdout]   --> tests/vector.rs:27:35
[INFO] [stdout]    |
[INFO] [stdout] 27 | #[derive(PartialEq, Debug, Clone, ProstConvert)]
[INFO] [stdout]    |                                   ^^^^^^^^^^^^ use of unresolved module or unlinked crate `prost_convert`
[INFO] [stdout]    |
[INFO] [stdout]    = help: if you wanted to use a crate named `prost_convert`, use `cargo add prost_convert` to add it to your `Cargo.toml`
[INFO] [stdout]    = note: this error originates in the derive macro `ProstConvert` (in Nightly builds, run with -Z macro-backtrace for more info)
[INFO] [stdout] 
[INFO] [stdout] 
[INFO] [stdout] error[E0433]: cannot find module or crate `prost_convert` in this scope
[INFO] [stdout]   --> tests/vector.rs:33:35
[INFO] [stdout]    |
[INFO] [stdout] 33 | #[derive(PartialEq, Debug, Clone, ProstConvert)]
[INFO] [stdout]    |                                   ^^^^^^^^^^^^ use of unresolved module or unlinked crate `prost_convert`
[INFO] [stdout]    |
[INFO] [stdout]    = help: if you wanted to use a crate named `prost_convert`, use `cargo add prost_convert` to add it to your `Cargo.toml`
[INFO] [stdout]    = note: this error originates in the derive macro `ProstConvert` (in Nightly builds, run with -Z macro-backtrace for more info)
[INFO] [stdout] 
[INFO] [stdout] 
[INFO] [stdout] Some errors have detailed explanations: E0432, E0433.
[INFO] [stdout] 
[INFO] [stdout] For more information about an error, try `rustc --explain E0432`.
[INFO] [stdout] 
[INFO] [stderr] error: could not compile `prost-convert-derive` (test "vector") due to 7 previous errors
[INFO] [stdout] warning: hiding a lifetime that's elided elsewhere is confusing
[INFO] [stdout]   --> src/container.rs:83:26
[INFO] [stdout]    |
[INFO] [stdout] 83 |     pub fn unit_variants(&self) -> Option<&[Variant]> {
[INFO] [stdout]    |                          ^^^^^            ^^^^^^^^^^
[INFO] [stdout]    |                          |                | |
[INFO] [stdout]    |                          |                | the same lifetime is hidden here
[INFO] [stdout]    |                          |                the same lifetime is elided here
[INFO] [stdout]    |                          the lifetime is elided here
[INFO] [stdout]    |
[INFO] [stdout]    = help: the same lifetime is referred to in inconsistent ways, making the signature confusing
[INFO] [stdout]    = note: `#[warn(mismatched_lifetime_syntaxes)]` on by default
[INFO] [stdout] help: use `'_` for type paths
[INFO] [stdout]    |
[INFO] [stdout] 83 |     pub fn unit_variants(&self) -> Option<&[Variant<'_>]> {
[INFO] [stdout]    |                                                    ++++
[INFO] [stdout] 
[INFO] [stdout] 
[INFO] [stdout] error[E0433]: cannot find module or crate `prost_convert` in this scope
[INFO] [stdout]   --> tests/option.rs:36:10
[INFO] [stdout]    |
[INFO] [stdout] 36 | #[derive(ProstConvert, PartialEq, Debug, Clone)]
[INFO] [stdout]    |          ^^^^^^^^^^^^ use of unresolved module or unlinked crate `prost_convert`
[INFO] [stdout]    |
[INFO] [stdout]    = help: if you wanted to use a crate named `prost_convert`, use `cargo add prost_convert` to add it to your `Cargo.toml`
[INFO] [stdout]    = note: this error originates in the derive macro `ProstConvert` (in Nightly builds, run with -Z macro-backtrace for more info)
[INFO] [stdout] 
[INFO] [stdout] 
[INFO] [stdout] error[E0433]: cannot find module or crate `prost_convert` in this scope
[INFO] [stdout]   --> tests/option.rs:49:35
[INFO] [stdout]    |
[INFO] [stdout] 49 | #[derive(Debug, Clone, PartialEq, ProstConvert)]
[INFO] [stdout]    |                                   ^^^^^^^^^^^^ use of unresolved module or unlinked crate `prost_convert`
[INFO] [stdout]    |
[INFO] [stdout]    = help: if you wanted to use a crate named `prost_convert`, use `cargo add prost_convert` to add it to your `Cargo.toml`
[INFO] [stdout]    = note: this error originates in the derive macro `ProstConvert` (in Nightly builds, run with -Z macro-backtrace for more info)
[INFO] [stdout] 
[INFO] [stdout] 
[INFO] [stdout] error[E0433]: cannot find module or crate `prost_convert` in this scope
[INFO] [stdout]   --> tests/option.rs:56:35
[INFO] [stdout]    |
[INFO] [stdout] 56 | #[derive(Debug, Clone, PartialEq, ProstConvert)]
[INFO] [stdout]    |                                   ^^^^^^^^^^^^ use of unresolved module or unlinked crate `prost_convert`
[INFO] [stdout]    |
[INFO] [stdout]    = help: if you wanted to use a crate named `prost_convert`, use `cargo add prost_convert` to add it to your `Cargo.toml`
[INFO] [stdout]    = note: this error originates in the derive macro `ProstConvert` (in Nightly builds, run with -Z macro-backtrace for more info)
[INFO] [stdout] 
[INFO] [stdout] 
[INFO] [stdout] error[E0433]: cannot find module or crate `prost_convert` in this scope
[INFO] [stdout]   --> tests/option.rs:63:35
[INFO] [stdout]    |
[INFO] [stdout] 63 | #[derive(Debug, Clone, PartialEq, ProstConvert)]
[INFO] [stdout]    |                                   ^^^^^^^^^^^^ use of unresolved module or unlinked crate `prost_convert`
[INFO] [stdout]    |
[INFO] [stdout]    = help: if you wanted to use a crate named `prost_convert`, use `cargo add prost_convert` to add it to your `Cargo.toml`
[INFO] [stdout]    = note: this error originates in the derive macro `ProstConvert` (in Nightly builds, run with -Z macro-backtrace for more info)
[INFO] [stdout] 
[INFO] [stdout] 
[INFO] [stdout] Some errors have detailed explanations: E0432, E0433.
[INFO] [stdout] 
[INFO] [stdout] For more information about an error, try `rustc --explain E0432`.
[INFO] [stdout] 
[INFO] [stderr] error: could not compile `prost-convert-derive` (test "option") due to 11 previous errors
[INFO] running `Command { std: "docker" "inspect" "f1786a11d9dec90a24b5ad65e66fdf67a0ab2dec987151164662cae4551b8b6d", kill_on_drop: false }`
[INFO] running `Command { std: "docker" "rm" "-f" "f1786a11d9dec90a24b5ad65e66fdf67a0ab2dec987151164662cae4551b8b6d", kill_on_drop: false }`
[INFO] [stdout] f1786a11d9dec90a24b5ad65e66fdf67a0ab2dec987151164662cae4551b8b6d
