[INFO] fetching crate prosaic-core 1.0.1...
[INFO] testing prosaic-core-1.0.1 against 1.100.0-beta.1+cargoflags=--release for beta-release-1.100-2
[INFO] extracting crate prosaic-core 1.0.1 into /workspace/builds/worker-3-tc2/source
[INFO] started tweaking crates.io crate prosaic-core 1.0.1
[INFO] removed 0 missing examples
[INFO] removed 0 missing tests
[INFO] finished tweaking crates.io crate prosaic-core 1.0.1
[INFO] tweaked toml for crates.io crate prosaic-core 1.0.1 written to /workspace/builds/worker-3-tc2/source/Cargo.toml
[INFO] validating manifest of crates.io crate prosaic-core 1.0.1 on toolchain 1.100.0-beta.1
[INFO] running `Command { std: CARGO_HOME="/workspace/cargo-home" RUSTUP_HOME="/workspace/rustup-home" "/workspace/cargo-home/bin/cargo" "+1.100.0-beta.1" "metadata" "--manifest-path" "Cargo.toml" "--no-deps", kill_on_drop: false }`
[INFO] crate crates.io crate prosaic-core 1.0.1 already has a lockfile, it will not be regenerated
[INFO] running `Command { std: CARGO_HOME="/workspace/cargo-home" RUSTUP_HOME="/workspace/rustup-home" "/workspace/cargo-home/bin/cargo" "+1.100.0-beta.1" "fetch" "--manifest-path" "Cargo.toml", kill_on_drop: false }`
[INFO] running `Command { std: "docker" "create" "-v" "/var/lib/crater-agent-workspace/builds/worker-3-tc2/source:/opt/rustwide/workdir:ro,Z" "-v" "/var/lib/crater-agent-workspace/builds/worker-3-tc2/target:/opt/rustwide/target:rw,Z" "-v" "/var/lib/crater-agent-workspace/cargo-home:/opt/rustwide/cargo-home:ro,Z" "-v" "/var/lib/crater-agent-workspace/rustup-home:/opt/rustwide/rustup-home:ro,Z" "-m" "1610612736" "--network" "none" "ghcr.io/rust-lang/crates-build-env/linux@sha256:77db811e55d90add9212f6832c23229e3de5f1c1f9905e8cb07319ea15df73ac" "sleep" "infinity", kill_on_drop: false }`
[INFO] [stdout] be9a1596e0bd4dbcf28783ee5c90212a5f441bcbc0b6842d1dd21c63f38dd850
[INFO] running `Command { std: "docker" "start" "be9a1596e0bd4dbcf28783ee5c90212a5f441bcbc0b6842d1dd21c63f38dd850", kill_on_drop: false }`
[INFO] running `Command { std: "docker" "inspect" "be9a1596e0bd4dbcf28783ee5c90212a5f441bcbc0b6842d1dd21c63f38dd850", kill_on_drop: false }`
[INFO] running `Command { std: "docker" "exec" "-e" "SOURCE_DIR=/opt/rustwide/workdir" "-e" "CARGO_HOME=/opt/rustwide/cargo-home" "-e" "RUSTUP_HOME=/opt/rustwide/rustup-home" "-e" "CARGO_TARGET_DIR=/opt/rustwide/target" "-w" "/opt/rustwide/workdir" "--user" "0:0" "be9a1596e0bd4dbcf28783ee5c90212a5f441bcbc0b6842d1dd21c63f38dd850" "/opt/rustwide/cargo-home/bin/cargo" "+1.100.0-beta.1" "metadata" "--no-deps" "--format-version=1", kill_on_drop: false }`
[INFO] running `Command { std: "docker" "inspect" "be9a1596e0bd4dbcf28783ee5c90212a5f441bcbc0b6842d1dd21c63f38dd850", kill_on_drop: false }`
[INFO] running `Command { std: "docker" "exec" "-e" "SOURCE_DIR=/opt/rustwide/workdir" "-e" "CARGO_HOME=/opt/rustwide/cargo-home" "-e" "RUSTUP_HOME=/opt/rustwide/rustup-home" "-e" "CARGO_TARGET_DIR=/opt/rustwide/target" "-e" "CARGO_INCREMENTAL=0" "-e" "RUST_BACKTRACE=full" "-e" "RUSTFLAGS=--cap-lints=warn" "-e" "RUSTDOCFLAGS=--cap-lints=warn" "-w" "/opt/rustwide/workdir" "--user" "0:0" "be9a1596e0bd4dbcf28783ee5c90212a5f441bcbc0b6842d1dd21c63f38dd850" "/opt/rustwide/cargo-home/bin/cargo" "+1.100.0-beta.1" "build" "--frozen" "--message-format=json" "--release", kill_on_drop: false }`
[INFO] [stderr]    Compiling libc v0.2.186
[INFO] [stderr]    Compiling tiny-keccak v2.0.2
[INFO] [stderr]    Compiling once_cell v1.21.4
[INFO] [stderr]    Compiling ahash v0.8.12
[INFO] [stderr]    Compiling thiserror v2.0.18
[INFO] [stderr]    Compiling syn v2.0.117
[INFO] [stderr]    Compiling prosaic-common v1.0.1
[INFO] [stderr]    Compiling getrandom v0.2.17
[INFO] [stderr]    Compiling const-random-macro v0.1.16
[INFO] [stderr]    Compiling const-random v0.1.18
[INFO] [stderr]    Compiling thiserror-impl v2.0.18
[INFO] [stderr]    Compiling prosaic-core v1.0.1 (/opt/rustwide/workdir)
[INFO] [stderr]     Finished `release` profile [optimized] target(s) in 21.53s
[INFO] running `Command { std: "docker" "inspect" "be9a1596e0bd4dbcf28783ee5c90212a5f441bcbc0b6842d1dd21c63f38dd850", kill_on_drop: false }`
[INFO] running `Command { std: "docker" "exec" "-e" "SOURCE_DIR=/opt/rustwide/workdir" "-e" "CARGO_HOME=/opt/rustwide/cargo-home" "-e" "RUSTUP_HOME=/opt/rustwide/rustup-home" "-e" "CARGO_TARGET_DIR=/opt/rustwide/target" "-e" "CARGO_INCREMENTAL=0" "-e" "RUST_BACKTRACE=full" "-e" "RUSTFLAGS=--cap-lints=warn" "-e" "RUSTDOCFLAGS=--cap-lints=warn" "-w" "/opt/rustwide/workdir" "--user" "0:0" "be9a1596e0bd4dbcf28783ee5c90212a5f441bcbc0b6842d1dd21c63f38dd850" "/opt/rustwide/cargo-home/bin/cargo" "+1.100.0-beta.1" "test" "--frozen" "--no-run" "--message-format=json" "--release", kill_on_drop: false }`
[INFO] [stderr]    Compiling libc v0.2.186
[INFO] [stderr]    Compiling zerocopy v0.8.48
[INFO] [stderr]    Compiling serde_core v1.0.228
[INFO] [stderr]    Compiling syn v2.0.117
[INFO] [stderr]    Compiling serde v1.0.228
[INFO] [stderr]    Compiling bitflags v2.11.1
[INFO] [stderr]    Compiling target-triple v1.0.0
[INFO] [stderr]    Compiling winnow v1.0.2
[INFO] [stderr]    Compiling itertools v0.10.5
[INFO] [stderr]    Compiling rustix v1.1.4
[INFO] [stderr]    Compiling clap_builder v4.6.0
[INFO] [stderr]    Compiling regex-automata v0.4.14
[INFO] [stderr]    Compiling toml_parser v1.1.2+spec-1.1.0
[INFO] [stderr]    Compiling getrandom v0.3.4
[INFO] [stderr]    Compiling rand_core v0.9.5
[INFO] [stderr]    Compiling getrandom v0.4.2
[INFO] [stderr]    Compiling wait-timeout v0.2.1
[INFO] [stderr]    Compiling toml_writer v1.1.1+spec-1.1.0
[INFO] [stderr]    Compiling criterion-plot v0.5.0
[INFO] [stderr]    Compiling rand_xorshift v0.4.0
[INFO] [stderr]    Compiling rand v0.9.4
[INFO] [stderr]    Compiling tempfile v3.27.0
[INFO] [stderr]    Compiling regex v1.12.3
[INFO] [stderr]    Compiling serde_json v1.0.149
[INFO] [stderr]    Compiling toml_datetime v1.1.1+spec-1.1.0
[INFO] [stderr]    Compiling serde_spanned v1.1.1
[INFO] [stderr]    Compiling clap v4.6.1
[INFO] [stderr]    Compiling rusty-fork v0.3.1
[INFO] [stderr]    Compiling toml v1.1.2+spec-1.1.0
[INFO] [stderr]    Compiling is-terminal v0.4.17
[INFO] [stderr]    Compiling termcolor v1.4.1
[INFO] [stderr]    Compiling zerocopy-derive v0.8.48
[INFO] [stderr]    Compiling serde_derive v1.0.228
[INFO] [stderr]    Compiling thiserror-impl v2.0.18
[INFO] [stderr]    Compiling glob v0.3.3
[INFO] [stderr]    Compiling thiserror v2.0.18
[INFO] [stderr]    Compiling tinytemplate v1.2.1
[INFO] [stderr]    Compiling trybuild v1.0.116
[INFO] [stderr]    Compiling half v2.7.1
[INFO] [stderr]    Compiling ciborium-ll v0.2.2
[INFO] [stderr]    Compiling ppv-lite86 v0.2.21
[INFO] [stderr]    Compiling ciborium v0.2.2
[INFO] [stderr]    Compiling ahash v0.8.12
[INFO] [stderr]    Compiling rand_chacha v0.9.0
[INFO] [stderr]    Compiling prosaic-core v1.0.1 (/opt/rustwide/workdir)
[INFO] [stderr]    Compiling proptest v1.11.0
[INFO] [stderr]    Compiling criterion v0.5.1
[INFO] [stdout] error[E0432]: unresolved import `prosaic_grammar_en`
[INFO] [stdout]  --> examples/list_style_continuity_demo.rs:8:5
[INFO] [stdout]   |
[INFO] [stdout] 8 | use prosaic_grammar_en::English;
[INFO] [stdout]   |     ^^^^^^^^^^^^^^^^^^ use of unresolved module or unlinked crate `prosaic_grammar_en`
[INFO] [stdout]   |
[INFO] [stdout]   = help: if you wanted to use a crate named `prosaic_grammar_en`, use `cargo add prosaic_grammar_en` to add it to your `Cargo.toml`
[INFO] [stdout] 
[INFO] [stdout] 
[INFO] [stdout] error[E0432]: unresolved import `prosaic_grammar_en`
[INFO] [stdout]  --> examples/long_corpus_diag.rs:2:5
[INFO] [stdout]   |
[INFO] [stdout] 2 | use prosaic_grammar_en::English;
[INFO] [stdout]   |     ^^^^^^^^^^^^^^^^^^ use of unresolved module or unlinked crate `prosaic_grammar_en`
[INFO] [stdout]   |
[INFO] [stdout]   = help: if you wanted to use a crate named `prosaic_grammar_en`, use `cargo add prosaic_grammar_en` to add it to your `Cargo.toml`
[INFO] [stdout] 
[INFO] [stdout] 
[INFO] [stdout] error[E0432]: unresolved import `prosaic_grammar_en`
[INFO] [stdout]   --> tests/style_profile_neutral.rs:22:5
[INFO] [stdout]    |
[INFO] [stdout] 22 | use prosaic_grammar_en::English;
[INFO] [stdout]    |     ^^^^^^^^^^^^^^^^^^ use of unresolved module or unlinked crate `prosaic_grammar_en`
[INFO] [stdout]    |
[INFO] [stdout]    = help: if you wanted to use a crate named `prosaic_grammar_en`, use `cargo add prosaic_grammar_en` to add it to your `Cargo.toml`
[INFO] [stdout] 
[INFO] [stdout] 
[INFO] [stdout] error[E0432]: unresolved import `prosaic_grammar_en`
[INFO] [stdout]  --> tests/proportion.rs:8:5
[INFO] [stdout]   |
[INFO] [stdout] 8 | use prosaic_grammar_en::English;
[INFO] [stdout]   |     ^^^^^^^^^^^^^^^^^^ use of unresolved module or unlinked crate `prosaic_grammar_en`
[INFO] [stdout]   |
[INFO] [stdout]   = help: if you wanted to use a crate named `prosaic_grammar_en`, use `cargo add prosaic_grammar_en` to add it to your `Cargo.toml`
[INFO] [stdout] 
[INFO] [stdout] 
[INFO] [stdout] For more information about this error, try `rustc --explain E0432`.
[INFO] [stdout] 
[INFO] [stderr] error: could not compile `prosaic-core` (example "long_corpus_diag") due to 1 previous error
[INFO] [stderr] warning: build failed, waiting for other jobs to finish...
[INFO] [stdout] error[E0432]: unresolved import `prosaic_grammar_en`
[INFO] [stdout]   --> tests/style_profile_dials.rs:13:5
[INFO] [stdout]    |
[INFO] [stdout] 13 | use prosaic_grammar_en::English;
[INFO] [stdout]    |     ^^^^^^^^^^^^^^^^^^ use of unresolved module or unlinked crate `prosaic_grammar_en`
[INFO] [stdout]    |
[INFO] [stdout]    = help: if you wanted to use a crate named `prosaic_grammar_en`, use `cargo add prosaic_grammar_en` to add it to your `Cargo.toml`
[INFO] [stdout] 
[INFO] [stdout] 
[INFO] [stdout] For more information about this error, try `rustc --explain E0432`.
[INFO] [stdout] 
[INFO] [stderr] error: could not compile `prosaic-core` (example "list_style_continuity_demo") due to 1 previous error
[INFO] [stdout] error[E0432]: unresolved import `prosaic_grammar_en`
[INFO] [stdout]   --> tests/graph_reg.rs:14:5
[INFO] [stdout]    |
[INFO] [stdout] 14 | use prosaic_grammar_en::English;
[INFO] [stdout]    |     ^^^^^^^^^^^^^^^^^^ use of unresolved module or unlinked crate `prosaic_grammar_en`
[INFO] [stdout]    |
[INFO] [stdout]    = help: if you wanted to use a crate named `prosaic_grammar_en`, use `cargo add prosaic_grammar_en` to add it to your `Cargo.toml`
[INFO] [stdout] 
[INFO] [stdout] 
[INFO] [stdout] error[E0432]: unresolved import `prosaic_derive`
[INFO] [stdout]  --> tests/integration.rs:6:5
[INFO] [stdout]   |
[INFO] [stdout] 6 | use prosaic_derive::IntoContext;
[INFO] [stdout]   |     ^^^^^^^^^^^^^^ use of unresolved module or unlinked crate `prosaic_derive`
[INFO] [stdout]   |
[INFO] [stdout] help: there is a crate or module with a similar name
[INFO] [stdout]   |
[INFO] [stdout] 6 - use prosaic_derive::IntoContext;
[INFO] [stdout] 6 + use prosaic_core::IntoContext;
[INFO] [stdout]   |
[INFO] [stdout] 
[INFO] [stdout] 
[INFO] [stdout] error[E0432]: unresolved import `prosaic_grammar_en`
[INFO] [stdout]  --> tests/integration.rs:7:5
[INFO] [stdout]   |
[INFO] [stdout] 7 | use prosaic_grammar_en::English;
[INFO] [stdout]   |     ^^^^^^^^^^^^^^^^^^ use of unresolved module or unlinked crate `prosaic_grammar_en`
[INFO] [stdout]   |
[INFO] [stdout]   = help: if you wanted to use a crate named `prosaic_grammar_en`, use `cargo add prosaic_grammar_en` to add it to your `Cargo.toml`
[INFO] [stdout] 
[INFO] [stdout] 
[INFO] [stdout] For more information about this error, try `rustc --explain E0432`.
[INFO] [stdout] 
[INFO] [stderr] error: could not compile `prosaic-core` (test "style_profile_neutral") due to 1 previous error
[INFO] [stdout] error[E0432]: unresolved import `prosaic_derive`
[INFO] [stdout]  --> tests/prosaic_template_macro.rs:7:5
[INFO] [stdout]   |
[INFO] [stdout] 7 | use prosaic_derive::prosaic_template;
[INFO] [stdout]   |     ^^^^^^^^^^^^^^ use of unresolved module or unlinked crate `prosaic_derive`
[INFO] [stdout]   |
[INFO] [stdout] help: there is a crate or module with a similar name
[INFO] [stdout]   |
[INFO] [stdout] 7 - use prosaic_derive::prosaic_template;
[INFO] [stdout] 7 + use prosaic_core::prosaic_template;
[INFO] [stdout]   |
[INFO] [stdout] 
[INFO] [stdout] 
[INFO] [stderr] error: could not compile `prosaic-core` (test "graph_reg") due to 1 previous error
[INFO] [stdout] For more information about this error, try `rustc --explain E0432`.
[INFO] [stdout] 
[INFO] [stdout] For more information about this error, try `rustc --explain E0432`.
[INFO] [stdout] 
[INFO] [stderr] error: could not compile `prosaic-core` (test "proportion") due to 1 previous error
[INFO] [stderr] error: could not compile `prosaic-core` (test "prosaic_template_macro") due to 1 previous error
[INFO] [stdout] For more information about this error, try `rustc --explain E0432`.
[INFO] [stdout] 
[INFO] [stdout] For more information about this error, try `rustc --explain E0432`.
[INFO] [stdout] 
[INFO] [stderr] error: could not compile `prosaic-core` (test "style_profile_dials") due to 1 previous error
[INFO] [stdout] error[E0433]: cannot find module or crate `prosaic_vocab_code` in this scope
[INFO] [stdout]    --> tests/integration.rs:962:5
[INFO] [stdout]     |
[INFO] [stdout] 962 |     prosaic_vocab_code::register(&mut engine).unwrap();
[INFO] [stdout]     |     ^^^^^^^^^^^^^^^^^^ use of unresolved module or unlinked crate `prosaic_vocab_code`
[INFO] [stdout]     |
[INFO] [stdout]     = help: if you wanted to use a crate named `prosaic_vocab_code`, use `cargo add prosaic_vocab_code` to add it to your `Cargo.toml`
[INFO] [stdout] 
[INFO] [stdout] 
[INFO] [stdout] error[E0277]: the trait bound `ChangeEvent: IntoContext` is not satisfied
[INFO] [stdout]     --> tests/integration.rs:1139:57
[INFO] [stdout]      |
[INFO] [stdout] 1139 |     let result = engine.render(&mut session, "changed", event).unwrap();
[INFO] [stdout]      |                         ------                          ^^^^^ unsatisfied trait bound
[INFO] [stdout]      |                         |
[INFO] [stdout]      |                         required by a bound introduced by this call
[INFO] [stdout]      |
[INFO] [stdout] help: the trait `IntoContext` is not implemented for `ChangeEvent`
[INFO] [stdout]     --> tests/integration.rs:1109:1
[INFO] [stdout]      |
[INFO] [stdout] 1109 | struct ChangeEvent {
[INFO] [stdout]      | ^^^^^^^^^^^^^^^^^^
[INFO] [stdout] help: the following other types implement trait `IntoContext`
[INFO] [stdout]     --> src/context.rs:405:1
[INFO] [stdout]      |
[INFO] [stdout]  405 | impl IntoContext for Context {
[INFO] [stdout]      | ^^^^^^^^^^^^^^^^^^^^^^^^^^^^ `prosaic_core::Context`
[INFO] [stdout] ...
[INFO] [stdout]  413 | impl IntoContext for &Context {
[INFO] [stdout]      | ^^^^^^^^^^^^^^^^^^^^^^^^^^^^^ `&prosaic_core::Context`
[INFO] [stdout] note: required by a bound in `Engine::render`
[INFO] [stdout]     --> src/engine.rs:2367:23
[INFO] [stdout]      |
[INFO] [stdout] 1653 | impl Engine {
[INFO] [stdout] ...
[INFO] [stdout] 2363 |     pub fn render(
[INFO] [stdout] ...
[INFO] [stdout] 2367 |         context: impl IntoContext,
[INFO] [stdout]      |                       ^^^^^^^^^^^ required by this bound in `Engine::render`
[INFO] [stdout] 
[INFO] [stdout] 
[INFO] [stdout] Some errors have detailed explanations: E0277, E0432, E0433.
[INFO] [stdout] 
[INFO] [stdout] For more information about an error, try `rustc --explain E0277`.
[INFO] [stdout] 
[INFO] [stderr] error: could not compile `prosaic-core` (test "integration") due to 4 previous errors
[INFO] running `Command { std: "docker" "inspect" "be9a1596e0bd4dbcf28783ee5c90212a5f441bcbc0b6842d1dd21c63f38dd850", kill_on_drop: false }`
[INFO] running `Command { std: "docker" "rm" "-f" "be9a1596e0bd4dbcf28783ee5c90212a5f441bcbc0b6842d1dd21c63f38dd850", kill_on_drop: false }`
[INFO] [stdout] be9a1596e0bd4dbcf28783ee5c90212a5f441bcbc0b6842d1dd21c63f38dd850
