[INFO] fetching crate proofman-witness 1.3.2-alpha...
[INFO] testing proofman-witness-1.3.2-alpha against 1.99.0-beta.8+cargoflags=--release for beta-release-1.100-2
[INFO] extracting crate proofman-witness 1.3.2-alpha into /workspace/builds/worker-7-tc1/source
[INFO] started tweaking crates.io crate proofman-witness 1.3.2-alpha
[INFO] finished tweaking crates.io crate proofman-witness 1.3.2-alpha
[INFO] tweaked toml for crates.io crate proofman-witness 1.3.2-alpha written to /workspace/builds/worker-7-tc1/source/Cargo.toml
[INFO] validating manifest of crates.io crate proofman-witness 1.3.2-alpha on toolchain 1.99.0-beta.8
[INFO] running `Command { std: CARGO_HOME="/workspace/cargo-home" RUSTUP_HOME="/workspace/rustup-home" "/workspace/cargo-home/bin/cargo" "+1.99.0-beta.8" "metadata" "--manifest-path" "Cargo.toml" "--no-deps", kill_on_drop: false }`
[INFO] crate crates.io crate proofman-witness 1.3.2-alpha already has a lockfile, it will not be regenerated
[INFO] running `Command { std: CARGO_HOME="/workspace/cargo-home" RUSTUP_HOME="/workspace/rustup-home" "/workspace/cargo-home/bin/cargo" "+1.99.0-beta.8" "fetch" "--manifest-path" "Cargo.toml", kill_on_drop: false }`
[INFO] [stderr]     Updating crates.io index
[INFO] [stderr]  Downloading crates ...
[INFO] [stderr]   Downloaded proofman-util v1.3.2-alpha
[INFO] [stderr]   Downloaded env v1.0.1
[INFO] [stderr]   Downloaded proofman-starks-lib-c v1.3.2-alpha
[INFO] [stderr]   Downloaded proofman-macros v1.3.2-alpha
[INFO] [stderr]   Downloaded conv v0.3.3
[INFO] [stderr]   Downloaded libffi v5.2.0
[INFO] [stderr]   Downloaded proofman-common v1.3.2-alpha
[INFO] [stderr]   Downloaded mpi v0.8.2
[INFO] [stderr]   Downloaded proofman-fields v1.3.2-alpha
[INFO] [stderr]   Downloaded sysinfo v0.35.2
[INFO] [stderr]   Downloaded libffi-sys v4.2.2
[INFO] [stderr]   Downloaded proofman-starks-src v1.3.2-alpha
[INFO] running `Command { std: "docker" "create" "-v" "/var/lib/crater-agent-workspace/builds/worker-7-tc1/source:/opt/rustwide/workdir:ro,Z" "-v" "/var/lib/crater-agent-workspace/builds/worker-7-tc1/target:/opt/rustwide/target:rw,Z" "-v" "/var/lib/crater-agent-workspace/cargo-home:/opt/rustwide/cargo-home:ro,Z" "-v" "/var/lib/crater-agent-workspace/rustup-home:/opt/rustwide/rustup-home:ro,Z" "-m" "1610612736" "--network" "none" "ghcr.io/rust-lang/crates-build-env/linux@sha256:77db811e55d90add9212f6832c23229e3de5f1c1f9905e8cb07319ea15df73ac" "sleep" "infinity", kill_on_drop: false }`
[INFO] [stdout] 3eab77879811cb1797b7fe2059a7acdc90977b4124f5c84683f548b45c150827
[INFO] running `Command { std: "docker" "start" "3eab77879811cb1797b7fe2059a7acdc90977b4124f5c84683f548b45c150827", kill_on_drop: false }`
[INFO] running `Command { std: "docker" "inspect" "3eab77879811cb1797b7fe2059a7acdc90977b4124f5c84683f548b45c150827", kill_on_drop: false }`
[INFO] running `Command { std: "docker" "exec" "-e" "SOURCE_DIR=/opt/rustwide/workdir" "-e" "CARGO_HOME=/opt/rustwide/cargo-home" "-e" "RUSTUP_HOME=/opt/rustwide/rustup-home" "-e" "CARGO_TARGET_DIR=/opt/rustwide/target" "-w" "/opt/rustwide/workdir" "--user" "0:0" "3eab77879811cb1797b7fe2059a7acdc90977b4124f5c84683f548b45c150827" "/opt/rustwide/cargo-home/bin/cargo" "+1.99.0-beta.8" "metadata" "--no-deps" "--format-version=1", kill_on_drop: false }`
[INFO] running `Command { std: "docker" "inspect" "3eab77879811cb1797b7fe2059a7acdc90977b4124f5c84683f548b45c150827", kill_on_drop: false }`
[INFO] running `Command { std: "docker" "exec" "-e" "SOURCE_DIR=/opt/rustwide/workdir" "-e" "CARGO_HOME=/opt/rustwide/cargo-home" "-e" "RUSTUP_HOME=/opt/rustwide/rustup-home" "-e" "CARGO_TARGET_DIR=/opt/rustwide/target" "-e" "CARGO_INCREMENTAL=0" "-e" "RUST_BACKTRACE=full" "-e" "RUSTFLAGS=--cap-lints=warn" "-e" "RUSTDOCFLAGS=--cap-lints=warn" "-w" "/opt/rustwide/workdir" "--user" "0:0" "3eab77879811cb1797b7fe2059a7acdc90977b4124f5c84683f548b45c150827" "/opt/rustwide/cargo-home/bin/cargo" "+1.99.0-beta.8" "build" "--frozen" "--message-format=json" "--release", kill_on_drop: false }`
[INFO] [stderr]    Compiling unicode-ident v1.0.26
[INFO] [stderr]    Compiling glob v0.3.4
[INFO] [stderr]    Compiling either v1.18.0
[INFO] [stderr]    Compiling shell-words v1.1.1
[INFO] [stderr]    Compiling serde_core v1.0.229
[INFO] [stderr]    Compiling cc v1.5.1
[INFO] [stderr]    Compiling libc v0.2.189
[INFO] [stderr]    Compiling nom v7.1.3
[INFO] [stderr]    Compiling libloading v0.8.9
[INFO] [stderr]    Compiling regex-automata v0.4.18
[INFO] [stderr]    Compiling bitflags v2.13.2
[INFO] [stderr]    Compiling rustc-hash v2.1.3
[INFO] [stderr]    Compiling num-traits v0.2.19
[INFO] [stderr]    Compiling indexmap v2.14.2
[INFO] [stderr]    Compiling toml_parser v1.1.3+spec-1.1.0
[INFO] [stderr]    Compiling proofman-starks-src v1.3.2-alpha
[INFO] [stderr]    Compiling proc-macro2 v1.0.107
[INFO] [stderr]    Compiling proofman-starks-lib-c v1.3.2-alpha
[INFO] [stderr]    Compiling build-probe-mpi v0.1.6
[INFO] [stderr]    Compiling thiserror v2.0.21
[INFO] [stderr]    Compiling borsh v1.8.1
[INFO] [stderr]    Compiling itertools v0.13.0
[INFO] [stderr]    Compiling crossbeam-channel v0.5.17
[INFO] [stderr]    Compiling mpi v0.8.2
[INFO] [stderr]    Compiling clang-sys v1.9.1
[INFO] [stderr]    Compiling custom_derive v0.1.7
[INFO] [stderr]    Compiling constant_time_eq v0.4.2
[INFO] [stderr]    Compiling smallvec v1.16.2
[INFO] [stderr]    Compiling conv v0.3.3
[INFO] [stderr]    Compiling bindgen v0.72.1
[INFO] [stderr]    Compiling tracing-log v0.2.0
[INFO] [stderr]    Compiling quote v1.0.47
[INFO] [stderr]    Compiling toml_edit v0.25.15+spec-1.1.0
[INFO] [stderr]    Compiling sysinfo v0.35.2
[INFO] [stderr]    Compiling csv-core v0.1.13
[INFO] [stderr]    Compiling syn v2.0.119
[INFO] [stderr]    Compiling syn v3.0.6
[INFO] [stderr]    Compiling colored v3.1.1
[INFO] [stderr]    Compiling proofman-common v1.3.2-alpha
[INFO] [stderr]    Compiling env v1.0.1
[INFO] [stderr]    Compiling tracing-subscriber v0.3.23
[INFO] [stderr]    Compiling rayon v1.12.0
[INFO] [stderr]    Compiling num-integer v0.1.47
[INFO] [stderr]    Compiling num_cpus v1.17.0
[INFO] [stderr] error: could not compile `cc` (lib)
[INFO] [stderr] 
[INFO] [stderr] Caused by:
[INFO] [stderr]   process didn't exit successfully: `/opt/rustwide/rustup-home/toolchains/1.99.0-beta.8-x86_64-unknown-linux-gnu/bin/rustc --crate-name cc --edition=2021 /opt/rustwide/cargo-home/registry/src/index.crates.io-1949cf8c6b5b557f/cc-1.5.1/src/lib.rs --error-format=json --json=diagnostic-rendered-ansi,artifacts,future-incompat --crate-type lib --emit=dep-info,metadata,link -C embed-bitcode=no -C debug-assertions=off --check-cfg 'cfg(docsrs,test)' --check-cfg 'cfg(feature, values("jobserver", "parallel"))' -C metadata=5c5e5a3b60aa26e1 -C extra-filename=-184f77b3ce2935fa --out-dir /opt/rustwide/target/release/deps -C strip=debuginfo -L dependency=/opt/rustwide/target/release/deps --extern find_msvc_tools=/opt/rustwide/target/release/deps/libfind_msvc_tools-68c2a9a6b2c7dfde.rmeta --extern shlex=/opt/rustwide/target/release/deps/libshlex-d22099b59e73ce97.rmeta --cap-lints allow --cap-lints=warn` (signal: 9, SIGKILL: kill)
[INFO] [stderr] warning: build failed, waiting for other jobs to finish...
[INFO] [stderr] error: could not compile `nom` (lib)
[INFO] [stderr] 
[INFO] [stderr] Caused by:
[INFO] [stderr]   process didn't exit successfully: `/opt/rustwide/rustup-home/toolchains/1.99.0-beta.8-x86_64-unknown-linux-gnu/bin/rustc --crate-name nom --edition=2018 /opt/rustwide/cargo-home/registry/src/index.crates.io-1949cf8c6b5b557f/nom-7.1.3/src/lib.rs --error-format=json --json=diagnostic-rendered-ansi,artifacts,future-incompat --crate-type lib --emit=dep-info,metadata,link -C embed-bitcode=no -C debug-assertions=off --cfg 'feature="alloc"' --cfg 'feature="std"' --check-cfg 'cfg(docsrs,test)' --check-cfg 'cfg(feature, values("alloc", "default", "docsrs", "std"))' -C metadata=9c57465d6ec32ec2 -C extra-filename=-e7f3921055c34917 --out-dir /opt/rustwide/target/release/deps -C strip=debuginfo -L dependency=/opt/rustwide/target/release/deps --extern memchr=/opt/rustwide/target/release/deps/libmemchr-ee474f3baaab920d.rmeta --extern minimal_lexical=/opt/rustwide/target/release/deps/libminimal_lexical-e1944a4b21940302.rmeta --cap-lints allow --cap-lints=warn` (signal: 9, SIGKILL: kill)
[INFO] [stderr] error: could not compile `regex-automata` (lib)
[INFO] [stderr] 
[INFO] [stderr] Caused by:
[INFO] [stderr]   process didn't exit successfully: `/opt/rustwide/rustup-home/toolchains/1.99.0-beta.8-x86_64-unknown-linux-gnu/bin/rustc --crate-name regex_automata --edition=2021 /opt/rustwide/cargo-home/registry/src/index.crates.io-1949cf8c6b5b557f/regex-automata-0.4.18/src/lib.rs --error-format=json --json=diagnostic-rendered-ansi,artifacts,future-incompat --crate-type lib --emit=dep-info,metadata,link -C embed-bitcode=no -C debug-assertions=off --cfg 'feature="alloc"' --cfg 'feature="meta"' --cfg 'feature="nfa-pikevm"' --cfg 'feature="nfa-thompson"' --cfg 'feature="std"' --cfg 'feature="syntax"' --cfg 'feature="unicode-perl"' --cfg 'feature="unicode-word-boundary"' --check-cfg 'cfg(docsrs,test)' --check-cfg 'cfg(feature, values("alloc", "default", "dfa", "dfa-build", "dfa-onepass", "dfa-search", "hybrid", "internal-instrument", "internal-instrument-pikevm", "logging", "meta", "nfa", "nfa-backtrack", "nfa-pikevm", "nfa-thompson", "perf", "perf-inline", "perf-literal", "perf-literal-multisubstring", "perf-literal-substring", "std", "syntax", "unicode", "unicode-age", "unicode-bool", "unicode-case", "unicode-gencat", "unicode-perl", "unicode-script", "unicode-segment", "unicode-word-boundary"))' -C metadata=df49112aada1ba78 -C extra-filename=-4da4cbfd1b89cb43 --out-dir /opt/rustwide/target/release/deps -C strip=debuginfo -L dependency=/opt/rustwide/target/release/deps --extern regex_syntax=/opt/rustwide/target/release/deps/libregex_syntax-1610dde421d16fa4.rmeta --cap-lints allow --cap-lints=warn` (signal: 9, SIGKILL: kill)
[INFO] [stderr] error: could not compile `rayon` (lib)
[INFO] [stderr] 
[INFO] [stderr] Caused by:
[INFO] [stderr]   process didn't exit successfully: `/opt/rustwide/rustup-home/toolchains/1.99.0-beta.8-x86_64-unknown-linux-gnu/bin/rustc --crate-name rayon --edition=2021 /opt/rustwide/cargo-home/registry/src/index.crates.io-1949cf8c6b5b557f/rayon-1.12.0/src/lib.rs --error-format=json --json=diagnostic-rendered-ansi,artifacts,future-incompat --crate-type lib --emit=dep-info,metadata,link -C opt-level=3 -C embed-bitcode=no --check-cfg 'cfg(docsrs,test)' --check-cfg 'cfg(feature, values("web_spin_lock"))' -C metadata=065d5f5605623fba -C extra-filename=-5eb0cc47064a9493 --out-dir /opt/rustwide/target/release/deps -C strip=debuginfo -L dependency=/opt/rustwide/target/release/deps --extern either=/opt/rustwide/target/release/deps/libeither-e706d18bd2b3f5e7.rmeta --extern rayon_core=/opt/rustwide/target/release/deps/librayon_core-bab21ae090daaef7.rmeta --cap-lints allow --cap-lints=warn` (signal: 9, SIGKILL: kill)
[INFO] [stderr] error: could not compile `serde_core` (lib)
[INFO] [stderr] 
[INFO] [stderr] Caused by:
[INFO] [stderr]   process didn't exit successfully: `/opt/rustwide/rustup-home/toolchains/1.99.0-beta.8-x86_64-unknown-linux-gnu/bin/rustc --crate-name serde_core --edition=2021 /opt/rustwide/cargo-home/registry/src/index.crates.io-1949cf8c6b5b557f/serde_core-1.0.229/src/lib.rs --error-format=json --json=diagnostic-rendered-ansi,artifacts,future-incompat --crate-type lib --emit=dep-info,metadata,link -C opt-level=3 -C embed-bitcode=no --cfg 'feature="default"' --cfg 'feature="result"' --cfg 'feature="std"' --check-cfg 'cfg(docsrs,test)' --check-cfg 'cfg(feature, values("alloc", "default", "rc", "result", "std", "unstable"))' -C metadata=a80dd03b66deb7ea -C extra-filename=-db0a9e788bc6797d --out-dir /opt/rustwide/target/release/deps -C strip=debuginfo -L dependency=/opt/rustwide/target/release/deps --cap-lints allow --cap-lints=warn --check-cfg 'cfg(if_docsrs_then_no_serde_core)' --check-cfg 'cfg(no_core_cstr)' --check-cfg 'cfg(no_core_error)' --check-cfg 'cfg(no_core_net)' --check-cfg 'cfg(no_core_num_saturating)' --check-cfg 'cfg(no_diagnostic_namespace)' --check-cfg 'cfg(no_serde_derive)' --check-cfg 'cfg(no_std_atomic)' --check-cfg 'cfg(no_std_atomic64)' --check-cfg 'cfg(no_target_has_atomic)'` (signal: 9, SIGKILL: kill)
[INFO] [stderr] error: could not compile `syn` (lib)
[INFO] [stderr] 
[INFO] [stderr] Caused by:
[INFO] [stderr]   process didn't exit successfully: `/opt/rustwide/rustup-home/toolchains/1.99.0-beta.8-x86_64-unknown-linux-gnu/bin/rustc --crate-name syn --edition=2021 /opt/rustwide/cargo-home/registry/src/index.crates.io-1949cf8c6b5b557f/syn-3.0.6/src/lib.rs --error-format=json --json=diagnostic-rendered-ansi,artifacts,future-incompat --crate-type lib --emit=dep-info,metadata,link -C embed-bitcode=no -C debug-assertions=off --cfg 'feature="clone-impls"' --cfg 'feature="default"' --cfg 'feature="derive"' --cfg 'feature="fold"' --cfg 'feature="full"' --cfg 'feature="parsing"' --cfg 'feature="printing"' --cfg 'feature="proc-macro"' --check-cfg 'cfg(docsrs,test)' --check-cfg 'cfg(feature, values("clone-impls", "default", "derive", "extra-traits", "fold", "full", "parsing", "printing", "proc-macro", "test", "visit", "visit-mut"))' -C metadata=78406feedf4b63e1 -C extra-filename=-839ee2839ab8a18e --out-dir /opt/rustwide/target/release/deps -C strip=debuginfo -L dependency=/opt/rustwide/target/release/deps --extern proc_macro2=/opt/rustwide/target/release/deps/libproc_macro2-568395be76da8392.rmeta --extern quote=/opt/rustwide/target/release/deps/libquote-8c6c51122be409c2.rmeta --extern unicode_ident=/opt/rustwide/target/release/deps/libunicode_ident-252fc9bf0a40533c.rmeta --cap-lints allow --cap-lints=warn` (signal: 9, SIGKILL: kill)
[INFO] [stderr] error: could not compile `sysinfo` (lib)
[INFO] [stderr] 
[INFO] [stderr] Caused by:
[INFO] [stderr]   process didn't exit successfully: `/opt/rustwide/rustup-home/toolchains/1.99.0-beta.8-x86_64-unknown-linux-gnu/bin/rustc --crate-name sysinfo --edition=2021 /opt/rustwide/cargo-home/registry/src/index.crates.io-1949cf8c6b5b557f/sysinfo-0.35.2/src/lib.rs --error-format=json --json=diagnostic-rendered-ansi,artifacts,future-incompat --crate-type lib --emit=dep-info,metadata,link -C opt-level=3 -C embed-bitcode=no --cfg 'feature="component"' --cfg 'feature="default"' --cfg 'feature="disk"' --cfg 'feature="network"' --cfg 'feature="objc2-io-kit"' --cfg 'feature="system"' --cfg 'feature="user"' --check-cfg 'cfg(docsrs,test)' --check-cfg 'cfg(feature, values("apple-app-store", "apple-sandbox", "c-interface", "component", "debug", "default", "disk", "linux-netdevs", "linux-tmpfs", "multithread", "network", "objc2-core-foundation", "objc2-io-kit", "serde", "system", "unknown-ci", "user", "windows"))' -C metadata=61dc8562c624c208 -C extra-filename=-b6db00fd4ddcb458 --out-dir /opt/rustwide/target/release/deps -C strip=debuginfo -L dependency=/opt/rustwide/target/release/deps --extern libc=/opt/rustwide/target/release/deps/liblibc-a0996e9cad7bedd7.rmeta --extern memchr=/opt/rustwide/target/release/deps/libmemchr-b836402bd6c4c7f1.rmeta --cap-lints allow --cap-lints=warn` (signal: 9, SIGKILL: kill)
[INFO] [stderr] error: could not compile `toml_edit` (lib)
[INFO] [stderr] 
[INFO] [stderr] Caused by:
[INFO] [stderr]   process didn't exit successfully: `/opt/rustwide/rustup-home/toolchains/1.99.0-beta.8-x86_64-unknown-linux-gnu/bin/rustc --crate-name toml_edit --edition=2024 /opt/rustwide/cargo-home/registry/src/index.crates.io-1949cf8c6b5b557f/toml_edit-0.25.15+spec-1.1.0/src/lib.rs --error-format=json --json=diagnostic-rendered-ansi,artifacts,future-incompat --crate-type lib --emit=dep-info,metadata,link -C embed-bitcode=no -C debug-assertions=off --cfg 'feature="parse"' --check-cfg 'cfg(docsrs,test)' --check-cfg 'cfg(feature, values("debug", "default", "display", "parse", "serde", "unbounded"))' -C metadata=a4d4481509aac0ea -C extra-filename=-8ed5a49edefda5f7 --out-dir /opt/rustwide/target/release/deps -C strip=debuginfo -L dependency=/opt/rustwide/target/release/deps --extern indexmap=/opt/rustwide/target/release/deps/libindexmap-dafb2450d366abec.rmeta --extern toml_datetime=/opt/rustwide/target/release/deps/libtoml_datetime-93ed2c1418410e85.rmeta --extern toml_parser=/opt/rustwide/target/release/deps/libtoml_parser-e5b88d06411ad90f.rmeta --extern winnow=/opt/rustwide/target/release/deps/libwinnow-fa10e5f3e1c9e584.rmeta --cap-lints allow --cap-lints=warn` (signal: 9, SIGKILL: kill)
[INFO] [stderr] error: could not compile `clang-sys` (lib)
[INFO] [stderr] 
[INFO] [stderr] Caused by:
[INFO] [stderr]   process didn't exit successfully: `/opt/rustwide/rustup-home/toolchains/1.99.0-beta.8-x86_64-unknown-linux-gnu/bin/rustc --crate-name clang_sys --edition=2021 /opt/rustwide/cargo-home/registry/src/index.crates.io-1949cf8c6b5b557f/clang-sys-1.9.1/src/lib.rs --error-format=json --json=diagnostic-rendered-ansi,artifacts,future-incompat --crate-type lib --emit=dep-info,metadata,link -C embed-bitcode=no -C debug-assertions=off --cfg 'feature="clang_10_0"' --cfg 'feature="clang_11_0"' --cfg 'feature="clang_3_5"' --cfg 'feature="clang_3_6"' --cfg 'feature="clang_3_7"' --cfg 'feature="clang_3_8"' --cfg 'feature="clang_3_9"' --cfg 'feature="clang_4_0"' --cfg 'feature="clang_5_0"' --cfg 'feature="clang_6_0"' --cfg 'feature="clang_7_0"' --cfg 'feature="clang_8_0"' --cfg 'feature="clang_9_0"' --cfg 'feature="libloading"' --cfg 'feature="runtime"' --check-cfg 'cfg(docsrs,test)' --check-cfg 'cfg(feature, values("clang_10_0", "clang_11_0", "clang_12_0", "clang_13_0", "clang_14_0", "clang_15_0", "clang_16_0", "clang_17_0", "clang_18_0", "clang_19_0", "clang_20_0", "clang_3_5", "clang_3_6", "clang_3_7", "clang_3_8", "clang_3_9", "clang_4_0", "clang_5_0", "clang_6_0", "clang_7_0", "clang_8_0", "clang_9_0", "libcpp", "libloading", "runtime", "static"))' -C metadata=b0c59a93d6e1c71e -C extra-filename=-73820f71807b88cb --out-dir /opt/rustwide/target/release/deps -C strip=debuginfo -L dependency=/opt/rustwide/target/release/deps --extern glob=/opt/rustwide/target/release/deps/libglob-b0e9cf7f93171778.rmeta --extern libc=/opt/rustwide/target/release/deps/liblibc-1122900ec80c3404.rmeta --extern libloading=/opt/rustwide/target/release/deps/liblibloading-b6b5ff3c3505381c.rmeta --cap-lints allow --cap-lints=warn` (signal: 9, SIGKILL: kill)
[INFO] [stderr] error: could not compile `syn` (lib)
[INFO] [stderr] 
[INFO] [stderr] Caused by:
[INFO] [stderr]   process didn't exit successfully: `/opt/rustwide/rustup-home/toolchains/1.99.0-beta.8-x86_64-unknown-linux-gnu/bin/rustc --crate-name syn --edition=2021 /opt/rustwide/cargo-home/registry/src/index.crates.io-1949cf8c6b5b557f/syn-2.0.119/src/lib.rs --error-format=json --json=diagnostic-rendered-ansi,artifacts,future-incompat --crate-type lib --emit=dep-info,metadata,link -C embed-bitcode=no -C debug-assertions=off --cfg 'feature="clone-impls"' --cfg 'feature="default"' --cfg 'feature="derive"' --cfg 'feature="extra-traits"' --cfg 'feature="full"' --cfg 'feature="parsing"' --cfg 'feature="printing"' --cfg 'feature="proc-macro"' --cfg 'feature="visit-mut"' --check-cfg 'cfg(docsrs,test)' --check-cfg 'cfg(feature, values("clone-impls", "default", "derive", "extra-traits", "fold", "full", "parsing", "printing", "proc-macro", "test", "visit", "visit-mut"))' -C metadata=bb6c102289b11962 -C extra-filename=-03f401d2ab48b04d --out-dir /opt/rustwide/target/release/deps -C strip=debuginfo -L dependency=/opt/rustwide/target/release/deps --extern proc_macro2=/opt/rustwide/target/release/deps/libproc_macro2-568395be76da8392.rmeta --extern quote=/opt/rustwide/target/release/deps/libquote-8c6c51122be409c2.rmeta --extern unicode_ident=/opt/rustwide/target/release/deps/libunicode_ident-252fc9bf0a40533c.rmeta --cap-lints allow --cap-lints=warn` (signal: 9, SIGKILL: kill)
[INFO] [stderr] warning: proofman-starks-lib-c@1.3.2-alpha: [BUILD INFO] STARKS compiled with CPU-only support (CUDA not detected)
[INFO] [stderr] error: failed to run custom build command for `proofman-starks-lib-c v1.3.2-alpha`
[INFO] [stderr] note: To improve backtraces for build dependencies, set the CARGO_PROFILE_RELEASE_BUILD_OVERRIDE_DEBUG=true environment variable to enable debug information generation.
[INFO] [stderr] 
[INFO] [stderr] Caused by:
[INFO] [stderr]   process didn't exit successfully: `/opt/rustwide/target/release/build/proofman-starks-lib-c-8208c2abc527f9a4/build-script-build` (exit status: 101)
[INFO] [stderr]   --- stdout
[INFO] [stderr]   cargo:rerun-if-env-changed=CUDA_ARCHS
[INFO] [stderr]   cargo:rerun-if-env-changed=CUDA_ARCH
[INFO] [stderr]   cargo:rerun-if-env-changed=CUDA_GENCODE_FLAGS
[INFO] [stderr]   cargo:warning=[BUILD INFO] STARKS compiled with CPU-only support (CUDA not detected)
[INFO] [stderr]   cargo:rustc-env=STARKS_BUILD_MODE=CPU
[INFO] [stderr]   cargo:rerun-if-changed=/opt/rustwide/target/release/build/proofman-starks-lib-c-4acd17377825bc16/out/pil2-stark/Makefile
[INFO] [stderr]   cargo:rerun-if-changed=/opt/rustwide/target/release/build/proofman-starks-lib-c-4acd17377825bc16/out/pil2-stark/LICENSE
[INFO] [stderr]   cargo:rerun-if-changed=/opt/rustwide/target/release/build/proofman-starks-lib-c-4acd17377825bc16/out/pil2-stark/src/binfile/main.cpp
[INFO] [stderr]   cargo:rerun-if-changed=/opt/rustwide/target/release/build/proofman-starks-lib-c-4acd17377825bc16/out/pil2-stark/src/bn128/Makefile
[INFO] [stderr]   cargo:rerun-if-changed=/opt/rustwide/target/release/build/proofman-starks-lib-c-4acd17377825bc16/out/pil2-stark/src/bn128/src/curve/point.cuh
[INFO] [stderr]   cargo:rerun-if-changed=/opt/rustwide/target/release/build/proofman-starks-lib-c-4acd17377825bc16/out/pil2-stark/src/bn128/src/msm/msm_bn128.cuh
[INFO] [stderr]   cargo:rerun-if-changed=/opt/rustwide/target/release/build/proofman-starks-lib-c-4acd17377825bc16/out/pil2-stark/src/bn128/src/msm/msm_bn128.cu
[INFO] [stderr]   cargo:rerun-if-changed=/opt/rustwide/target/release/build/proofman-starks-lib-c-4acd17377825bc16/out/pil2-stark/src/bn128/src/ffiasm/multiexp.hpp
[INFO] [stderr]   cargo:rerun-if-changed=/opt/rustwide/target/release/build/proofman-starks-lib-c-4acd17377825bc16/out/pil2-stark/src/bn128/src/ffiasm/naf.cpp
[INFO] [stderr]   cargo:rerun-if-changed=/opt/rustwide/target/release/build/proofman-starks-lib-c-4acd17377825bc16/out/pil2-stark/src/bn128/src/ffiasm/splitparstr.hpp
[INFO] [stderr]   cargo:rerun-if-changed=/opt/rustwide/target/release/build/proofman-starks-lib-c-4acd17377825bc16/out/pil2-stark/src/bn128/src/ffiasm/fq.cpp
[INFO] [stderr]   cargo:rerun-if-changed=/opt/rustwide/target/release/build/proofman-starks-lib-c-4acd17377825bc16/out/pil2-stark/src/bn128/src/ffiasm/f2field.c.hpp
[INFO] [stderr]   cargo:rerun-if-changed=/opt/rustwide/target/release/build/proofman-starks-lib-c-4acd17377825bc16/out/pil2-stark/src/bn128/src/ffiasm/curve.c.hpp
[INFO] [stderr]   cargo:rerun-if-changed=/opt/rustwide/target/release/build/proofman-starks-lib-c-4acd17377825bc16/out/pil2-stark/src/bn128/src/ffiasm/fft.hpp
[INFO] [stderr]   cargo:rerun-if-changed=/opt/rustwide/target/release/build/proofman-starks-lib-c-4acd17377825bc16/out/pil2-stark/src/bn128/src/ffiasm/exp2.hpp
[INFO] [stderr]   cargo:rerun-if-changed=/opt/rustwide/target/release/build/proofman-starks-lib-c-4acd17377825bc16/out/pil2-stark/src/bn128/src/ffiasm/fft.c.hpp
[INFO] [stderr]   cargo:rerun-if-changed=/opt/rustwide/target/release/build/proofman-starks-lib-c-4acd17377825bc16/out/pil2-stark/src/bn128/src/ffiasm/splitparstr.cpp
[INFO] [stderr]   cargo:rerun-if-changed=/opt/rustwide/target/release/build/proofman-starks-lib-c-4acd17377825bc16/out/pil2-stark/src/bn128/src/ffiasm/exp.hpp
[INFO] [stderr]   cargo:rerun-if-changed=/opt/rustwide/target/release/build/proofman-starks-lib-c-4acd17377825bc16/out/pil2-stark/src/bn128/src/ffiasm/fec.cpp
[INFO] [stderr]   cargo:rerun-if-changed=/opt/rustwide/target/release/build/proofman-starks-lib-c-4acd17377825bc16/out/pil2-stark/src/bn128/src/ffiasm/alt_bn128.hpp
[INFO] [stderr]   cargo:rerun-if-changed=/opt/rustwide/target/release/build/proofman-starks-lib-c-4acd17377825bc16/out/pil2-stark/src/bn128/src/ffiasm/multiexp.c.hpp
[INFO] [stderr]   cargo:rerun-if-changed=/opt/rustwide/target/release/build/proofman-starks-lib-c-4acd17377825bc16/out/pil2-stark/src/bn128/src/ffiasm/fnec.asm
[INFO] [stderr]   cargo:rerun-if-changed=/opt/rustwide/target/release/build/proofman-starks-lib-c-4acd17377825bc16/out/pil2-stark/src/bn128/src/ffiasm/fq.o
[INFO] [stderr]   cargo:rerun-if-changed=/opt/rustwide/target/release/build/proofman-starks-lib-c-4acd17377825bc16/out/pil2-stark/src/bn128/src/ffiasm/misc.hpp
[INFO] [stderr]   cargo:rerun-if-changed=/opt/rustwide/target/release/build/proofman-starks-lib-c-4acd17377825bc16/out/pil2-stark/src/bn128/src/ffiasm/alt_bn128.cpp
[INFO] [stderr]   cargo:rerun-if-changed=/opt/rustwide/target/release/build/proofman-starks-lib-c-4acd17377825bc16/out/pil2-stark/src/bn128/src/ffiasm/fnec.cpp
[INFO] [stderr]   cargo:rerun-if-changed=/opt/rustwide/target/release/build/proofman-starks-lib-c-4acd17377825bc16/out/pil2-stark/src/bn128/src/ffiasm/fr.hpp
[INFO] [stderr]   cargo:rerun-if-changed=/opt/rustwide/target/release/build/proofman-starks-lib-c-4acd17377825bc16/out/pil2-stark/src/bn128/src/ffiasm/misc.cpp
[INFO] [stderr]   cargo:rerun-if-changed=/opt/rustwide/target/release/build/proofman-starks-lib-c-4acd17377825bc16/out/pil2-stark/src/bn128/src/ffiasm/fnec.hpp
[INFO] [stderr]   cargo:rerun-if-changed=/opt/rustwide/target/release/build/proofman-starks-lib-c-4acd17377825bc16/out/pil2-stark/src/bn128/src/ffiasm/fec.hpp
[INFO] [stderr]   cargo:rerun-if-changed=/opt/rustwide/target/release/build/proofman-starks-lib-c-4acd17377825bc16/out/pil2-stark/src/bn128/src/ffiasm/pointparallelprocessor.hpp
[INFO] [stderr]   cargo:rerun-if-changed=/opt/rustwide/target/release/build/proofman-starks-lib-c-4acd17377825bc16/out/pil2-stark/src/bn128/src/ffiasm/fr.cpp
[INFO] [stderr]   cargo:rerun-if-changed=/opt/rustwide/target/release/build/proofman-starks-lib-c-4acd17377825bc16/out/pil2-stark/src/bn128/src/ffiasm/f2field.hpp
[INFO] [stderr]   cargo:rerun-if-changed=/opt/rustwide/target/release/build/proofman-starks-lib-c-4acd17377825bc16/out/pil2-stark/src/bn128/src/ffiasm/naf.hpp
[INFO] [stderr]   cargo:rerun-if-changed=/opt/rustwide/target/release/build/proofman-starks-lib-c-4acd17377825bc16/out/pil2-stark/src/bn128/src/ffiasm/fq.asm
[INFO] [stderr]   cargo:rerun-if-changed=/opt/rustwide/target/release/build/proofman-starks-lib-c-4acd17377825bc16/out/pil2-stark/src/bn128/src/ffiasm/fr_asm.o
[INFO] [stderr]   cargo:rerun-if-changed=/opt/rustwide/target/release/build/proofman-starks-lib-c-4acd17377825bc16/out/pil2-stark/src/bn128/src/ffiasm/fec.asm
[INFO] [stderr]   cargo:rerun-if-changed=/opt/rustwide/target/release/build/proofman-starks-lib-c-4acd17377825bc16/out/pil2-stark/src/bn128/src/ffiasm/curve.hpp
[INFO] [stderr]   cargo:rerun-if-changed=/opt/rustwide/target/release/build/proofman-starks-lib-c-4acd17377825bc16/out/pil2-stark/src/bn128/src/ffiasm/fr.asm
[INFO] [stderr]   cargo:rerun-if-changed=/opt/rustwide/target/release/build/proofman-starks-lib-c-4acd17377825bc16/out/pil2-stark/src/bn128/src/ffiasm/fq.hpp
[INFO] [stderr]   cargo:rerun-if-changed=/opt/rustwide/target/release/build/proofman-starks-lib-c-4acd17377825bc16/out/pil2-stark/src/bn128/src/poseidon2/poseidon2_bn128.cu
[INFO] [stderr]   cargo:rerun-if-changed=/opt/rustwide/target/release/build/proofman-starks-lib-c-4acd17377825bc16/out/pil2-stark/src/bn128/src/poseidon2/poseidon2_bn128.hpp
[INFO] [stderr]   cargo:rerun-if-changed=/opt/rustwide/target/release/build/proofman-starks-lib-c-4acd17377825bc16/out/pil2-stark/src/bn128/src/poseidon2/poseidon2_bn128.cpp
[INFO] [stderr]   cargo:rerun-if-changed=/opt/rustwide/target/release/build/proofman-starks-lib-c-4acd17377825bc16/out/pil2-stark/src/bn128/src/poseidon2/poseidon2_bn128_constants.hpp
[INFO] [stderr]   cargo:rerun-if-changed=/opt/rustwide/target/release/build/proofman-starks-lib-c-4acd17377825bc16/out/pil2-stark/src/bn128/src/poseidon2/poseidon2_bn128.cuh
[INFO] [stderr]   cargo:rerun-if-changed=/opt/rustwide/target/release/build/proofman-starks-lib-c-4acd17377825bc16/out/pil2-stark/src/bn128/src/ntt/ntt_bn128.cu
[INFO] [stderr]   cargo:rerun-if-changed=/opt/rustwide/target/release/build/proofman-starks-lib-c-4acd17377825bc16/out/pil2-stark/src/bn128/src/ntt/ntt_bn128.cuh
[INFO] [stderr]   cargo:rerun-if-changed=/opt/rustwide/target/release/build/proofman-starks-lib-c-4acd17377825bc16/out/pil2-stark/src/bn128/src/poseidon/poseidon_bn128.cuh
[INFO] [stderr]   cargo:rerun-if-changed=/opt/rustwide/target/release/build/proofman-starks-lib-c-4acd17377825bc16/out/pil2-stark/src/bn128/src/poseidon/poseidon_bn128.cu
[INFO] [stderr]   cargo:rerun-if-changed=/opt/rustwide/target/release/build/proofman-starks-lib-c-4acd17377825bc16/out/pil2-stark/src/bn128/src/poseidon/poseidon_bn128.cpp
[INFO] [stderr]   cargo:rerun-if-changed=/opt/rustwide/target/release/build/proofman-starks-lib-c-4acd17377825bc16/out/pil2-stark/src/bn128/src/poseidon/poseidon_bn128_constants.hpp
[INFO] [stderr]   cargo:rerun-if-changed=/opt/rustwide/target/release/build/proofman-starks-lib-c-4acd17377825bc16/out/pil2-stark/src/bn128/src/poseidon/poseidon_bn128.hpp
[INFO] [stderr]   cargo:rerun-if-changed=/opt/rustwide/target/release/build/proofman-starks-lib-c-4acd17377825bc16/out/pil2-stark/src/bn128/src/ffigpu/bn128.cuh
[INFO] [stderr]   cargo:rerun-if-changed=/opt/rustwide/target/release/build/proofman-starks-lib-c-4acd17377825bc16/out/pil2-stark/src/bn128/src/ffigpu/fq.cuh
[INFO] [stderr]   cargo:rerun-if-changed=/opt/rustwide/target/release/build/proofman-starks-lib-c-4acd17377825bc16/out/pil2-stark/src/bn128/src/ffigpu/fr.cuh
[INFO] [stderr]   cargo:rerun-if-changed=/opt/rustwide/target/release/build/proofman-starks-lib-c-4acd17377825bc16/out/pil2-stark/src/bn128/benchs/bench.cu
[INFO] [stderr]   cargo:rerun-if-changed=/opt/rustwide/target/release/build/proofman-starks-lib-c-4acd17377825bc16/out/pil2-stark/src/bn128/benchs/bench.cpp
[INFO] [stderr]   cargo:rerun-if-changed=/opt/rustwide/target/release/build/proofman-starks-lib-c-4acd17377825bc16/out/pil2-stark/src/bn128/tests/tests.cpp
[INFO] [stderr]   cargo:rerun-if-changed=/opt/rustwide/target/release/build/proofman-starks-lib-c-4acd17377825bc16/out/pil2-stark/src/bn128/tests/tests.cu
[INFO] [stderr]   cargo:rerun-if-changed=/opt/rustwide/target/release/build/proofman-starks-lib-c-4acd17377825bc16/out/pil2-stark/src/utils/exit_process.cpp
[INFO] [stderr]   cargo:rerun-if-changed=/opt/rustwide/target/release/build/proofman-starks-lib-c-4acd17377825bc16/out/pil2-stark/src/utils/gpu_timer.cuh
[INFO] [stderr]   cargo:rerun-if-changed=/opt/rustwide/target/release/build/proofman-starks-lib-c-4acd17377825bc16/out/pil2-stark/src/utils/timer.cpp
[INFO] [stderr]   cargo:rerun-if-changed=/opt/rustwide/target/release/build/proofman-starks-lib-c-4acd17377825bc16/out/pil2-stark/src/utils/zklog.hpp
[INFO] [stderr]   cargo:rerun-if-changed=/opt/rustwide/target/release/build/proofman-starks-lib-c-4acd17377825bc16/out/pil2-stark/src/utils/zklog.cpp
[INFO] [stderr]   cargo:rerun-if-changed=/opt/rustwide/target/release/build/proofman-starks-lib-c-4acd17377825bc16/out/pil2-stark/src/utils/timer.hpp
[INFO] [stderr]   cargo:rerun-if-changed=/opt/rustwide/target/release/build/proofman-starks-lib-c-4acd17377825bc16/out/pil2-stark/src/utils/cuda_utils.cuh
[INFO] [stderr]   cargo:rerun-if-changed=/opt/rustwide/target/release/build/proofman-starks-lib-c-4acd17377825bc16/out/pil2-stark/src/utils/pack_columns.hpp
[INFO] [stderr]   cargo:rerun-if-changed=/opt/rustwide/target/release/build/proofman-starks-lib-c-4acd17377825bc16/out/pil2-stark/src/utils/cuda_graph_cache.cuh
[INFO] [stderr]   cargo:rerun-if-changed=/opt/rustwide/target/release/build/proofman-starks-lib-c-4acd17377825bc16/out/pil2-stark/src/utils/utils.hpp
[INFO] [stderr]   cargo:rerun-if-changed=/opt/rustwide/target/release/build/proofman-starks-lib-c-4acd17377825bc16/out/pil2-stark/src/utils/utils.cpp
[INFO] [stderr]   cargo:rerun-if-changed=/opt/rustwide/target/release/build/proofman-starks-lib-c-4acd17377825bc16/out/pil2-stark/src/utils/hash_family.hpp
[INFO] [stderr]   cargo:rerun-if-changed=/opt/rustwide/target/release/build/proofman-starks-lib-c-4acd17377825bc16/out/pil2-stark/src/utils/exit_process.hpp
[INFO] [stderr]   cargo:rerun-if-changed=/opt/rustwide/target/release/build/proofman-starks-lib-c-4acd17377825bc16/out/pil2-stark/src/utils/zkassert.hpp
[INFO] [stderr]   cargo:rerun-if-changed=/opt/rustwide/target/release/build/proofman-starks-lib-c-4acd17377825bc16/out/pil2-stark/src/XKCP/Keccak-more-compact.hpp
[INFO] [stderr]   cargo:rerun-if-changed=/opt/rustwide/target/release/build/proofman-starks-lib-c-4acd17377825bc16/out/pil2-stark/src/XKCP/Keccak-more-compact.cpp
[INFO] [stderr]   cargo:rerun-if-changed=/opt/rustwide/target/release/build/proofman-starks-lib-c-4acd17377825bc16/out/pil2-stark/src/plonk_setup/plonk_setup.cpp
[INFO] [stderr]   cargo:rerun-if-changed=/opt/rustwide/target/release/build/proofman-starks-lib-c-4acd17377825bc16/out/pil2-stark/src/plonk_setup/main_prover.cpp
[INFO] [stderr]   cargo:rerun-if-changed=/opt/rustwide/target/release/build/proofman-starks-lib-c-4acd17377825bc16/out/pil2-stark/src/bctree/main.cpp
[INFO] [stderr]   cargo:rerun-if-changed=/opt/rustwide/target/release/build/proofman-starks-lib-c-4acd17377825bc16/out/pil2-stark/src/bctree/build_const_tree.cpp
[INFO] [stderr]   cargo:rerun-if-changed=/opt/rustwide/target/release/build/proofman-starks-lib-c-4acd17377825bc16/out/pil2-stark/src/bctree/build_const_tree.hpp
[INFO] [stderr]   cargo:rerun-if-changed=/opt/rustwide/target/release/build/proofman-starks-lib-c-4acd17377825bc16/out/pil2-stark/src/starkpil/hints.cuh
[INFO] [stderr]   cargo:rerun-if-changed=/opt/rustwide/target/release/build/proofman-starks-lib-c-4acd17377825bc16/out/pil2-stark/src/starkpil/global_constraints.hpp
[INFO] [stderr]   cargo:rerun-if-changed=/opt/rustwide/target/release/build/proofman-starks-lib-c-4acd17377825bc16/out/pil2-stark/src/starkpil/proofman_sumcheck.cu
[INFO] [stderr]   cargo:rerun-if-changed=/opt/rustwide/target/release/build/proofman-starks-lib-c-4acd17377825bc16/out/pil2-stark/src/starkpil/unpack_indexed_row.hpp
[INFO] [stderr]   cargo:rerun-if-changed=/opt/rustwide/target/release/build/proofman-starks-lib-c-4acd17377825bc16/out/pil2-stark/src/starkpil/setup_ctx.hpp
[INFO] [stderr]   cargo:rerun-if-changed=/opt/rustwide/target/release/build/proofman-starks-lib-c-4acd17377825bc16/out/pil2-stark/src/starkpil/final_snark_proof.hpp
[INFO] [stderr]   cargo:rerun-if-changed=/opt/rustwide/target/release/build/proofman-starks-lib-c-4acd17377825bc16/out/pil2-stark/src/starkpil/gen_proof.cuh
[INFO] [stderr]   cargo:rerun-if-changed=/opt/rustwide/target/release/build/proofman-starks-lib-c-4acd17377825bc16/out/pil2-stark/src/starkpil/hints.cpp
[INFO] [stderr]   cargo:rerun-if-changed=/opt/rustwide/target/release/build/proofman-starks-lib-c-4acd17377825bc16/out/pil2-stark/src/starkpil/const_pols.hpp
[INFO] [stderr]   cargo:rerun-if-changed=/opt/rustwide/target/release/build/proofman-starks-lib-c-4acd17377825bc16/out/pil2-stark/src/starkpil/fri/fri.hpp
[INFO] [stderr]   cargo:rerun-if-changed=/opt/rustwide/target/release/build/proofman-starks-lib-c-4acd17377825bc16/out/pil2-stark/src/starkpil/fixed_cols.hpp
[INFO] [stderr]   cargo:rerun-if-changed=/opt/rustwide/target/release/build/proofman-starks-lib-c-4acd17377825bc16/out/pil2-stark/src/starkpil/gen_proof.hpp
[INFO] [stderr]   cargo:rerun-if-changed=/opt/rustwide/target/release/build/proofman-starks-lib-c-4acd17377825bc16/out/pil2-stark/src/starkpil/proof2zkinStark.cpp
[INFO] [stderr]   cargo:rerun-if-changed=/opt/rustwide/target/release/build/proofman-starks-lib-c-4acd17377825bc16/out/pil2-stark/src/starkpil/starks_gpu.cu
[INFO] [stderr]   cargo:rerun-if-changed=/opt/rustwide/target/release/build/proofman-starks-lib-c-4acd17377825bc16/out/pil2-stark/src/starkpil/unpack_indexed_device.cuh
[INFO] [stderr]   cargo:rerun-if-changed=/opt/rustwide/target/release/build/proofman-starks-lib-c-4acd17377825bc16/out/pil2-stark/src/starkpil/starks_gpu_bn128.cuh
[INFO] [stderr]   cargo:rerun-if-changed=/opt/rustwide/target/release/build/proofman-starks-lib-c-4acd17377825bc16/out/pil2-stark/src/starkpil/fri_expression.cuh
[INFO] [stderr]   cargo:rerun-if-changed=/opt/rustwide/target/release/build/proofman-starks-lib-c-4acd17377825bc16/out/pil2-stark/src/starkpil/proofman_sumcheck.cuh
[INFO] [stderr]   cargo:rerun-if-changed=/opt/rustwide/target/release/build/proofman-starks-lib-c-4acd17377825bc16/out/pil2-stark/src/starkpil/stark_info.cpp
[INFO] [stderr]   cargo:rerun-if-changed=/opt/rustwide/target/release/build/proofman-starks-lib-c-4acd17377825bc16/out/pil2-stark/src/starkpil/steps.hpp
[INFO] [stderr]   cargo:rerun-if-changed=/opt/rustwide/target/release/build/proofman-starks-lib-c-4acd17377825bc16/out/pil2-stark/src/starkpil/gen_recursivef_proof.hpp
[INFO] [stderr]   cargo:rerun-if-changed=/opt/rustwide/target/release/build/proofman-starks-lib-c-4acd17377825bc16/out/pil2-stark/src/starkpil/expressions/expressions_info.hpp
[INFO] [stderr]   cargo:rerun-if-changed=/opt/rustwide/target/release/build/proofman-starks-lib-c-4acd17377825bc16/out/pil2-stark/src/starkpil/expressions/expressions_bin.hpp
[INFO] [stderr]   cargo:rerun-if-changed=/opt/rustwide/target/release/build/proofman-starks-lib-c-4acd17377825bc16/out/pil2-stark/src/starkpil/expressions/expressions_bin.cpp
[INFO] [stderr]   cargo:rerun-if-changed=/opt/rustwide/target/release/build/proofman-starks-lib-c-4acd17377825bc16/out/pil2-stark/src/starkpil/expressions/expressions_info.cpp
[INFO] [stderr]   cargo:rerun-if-changed=/opt/rustwide/target/release/build/proofman-starks-lib-c-4acd17377825bc16/out/pil2-stark/src/starkpil/expressions/expressions_pack.hpp
[INFO] [stderr]   cargo:rerun-if-changed=/opt/rustwide/target/release/build/proofman-starks-lib-c-4acd17377825bc16/out/pil2-stark/src/starkpil/expressions/expressions_ctx.hpp
[INFO] [stderr]   cargo:rerun-if-changed=/opt/rustwide/target/release/build/proofman-starks-lib-c-4acd17377825bc16/out/pil2-stark/src/starkpil/expressions/expressions_gpu.cu
[INFO] [stderr]   cargo:rerun-if-changed=/opt/rustwide/target/release/build/proofman-starks-lib-c-4acd17377825bc16/out/pil2-stark/src/starkpil/expressions/expressions_codegen.cuh
[INFO] [stderr]   cargo:rerun-if-changed=/opt/rustwide/target/release/build/proofman-starks-lib-c-4acd17377825bc16/out/pil2-stark/src/starkpil/expressions/expressions_gpu.cuh
[INFO] [stderr]   cargo:rerun-if-changed=/opt/rustwide/target/release/build/proofman-starks-lib-c-4acd17377825bc16/out/pil2-stark/src/starkpil/final_snark_proof_gpu.cpp
[INFO] [stderr]   cargo:rerun-if-changed=/opt/rustwide/target/release/build/proofman-starks-lib-c-4acd17377825bc16/out/pil2-stark/src/starkpil/proof_stark.hpp
[INFO] [stderr]   cargo:rerun-if-changed=/opt/rustwide/target/release/build/proofman-starks-lib-c-4acd17377825bc16/out/pil2-stark/src/starkpil/merkleTree/merkleTreeBN128.cpp
[INFO] [stderr]   cargo:rerun-if-changed=/opt/rustwide/target/release/build/proofman-starks-lib-c-4acd17377825bc16/out/pil2-stark/src/starkpil/merkleTree/merkleTreeBN128.hpp
[INFO] [stderr]   cargo:rerun-if-changed=/opt/rustwide/target/release/build/proofman-starks-lib-c-4acd17377825bc16/out/pil2-stark/src/starkpil/merkleTree/merkleTreeGL.hpp
[INFO] [stderr]   cargo:rerun-if-changed=/opt/rustwide/target/release/build/proofman-starks-lib-c-4acd17377825bc16/out/pil2-stark/src/starkpil/merkleTree/merkleTreeGL.cpp
[INFO] [stderr]   cargo:rerun-if-changed=/opt/rustwide/target/release/build/proofman-starks-lib-c-4acd17377825bc16/out/pil2-stark/src/starkpil/stark_verify.hpp
[INFO] [stderr]   cargo:rerun-if-changed=/opt/rustwide/target/release/build/proofman-starks-lib-c-4acd17377825bc16/out/pil2-stark/src/starkpil/gen_recursivef_proof.cuh
[INFO] [stderr]   cargo:rerun-if-changed=/opt/rustwide/target/release/build/proofman-starks-lib-c-4acd17377825bc16/out/pil2-stark/src/starkpil/stark_info.hpp
[INFO] [stderr]   cargo:rerun-if-changed=/opt/rustwide/target/release/build/proofman-starks-lib-c-4acd17377825bc16/out/pil2-stark/src/starkpil/starks_gpu.cuh
[INFO] [stderr]   cargo:rerun-if-changed=/opt/rustwide/target/release/build/proofman-starks-lib-c-4acd17377825bc16/out/pil2-stark/src/starkpil/final_snark_proof_gpu.cuh
[INFO] [stderr]   cargo:rerun-if-changed=/opt/rustwide/target/release/build/proofman-starks-lib-c-4acd17377825bc16/out/pil2-stark/src/starkpil/verify_constraints.hpp
[INFO] [stderr]   cargo:rerun-if-changed=/opt/rustwide/target/release/build/proofman-starks-lib-c-4acd17377825bc16/out/pil2-stark/src/starkpil/hints.cu
[INFO] [stderr]   cargo:rerun-if-changed=/opt/rustwide/target/release/build/proofman-starks-lib-c-4acd17377825bc16/out/pil2-stark/src/starkpil/verify_constraints.cuh
[INFO] [stderr]   cargo:rerun-if-changed=/opt/rustwide/target/release/build/proofman-starks-lib-c-4acd17377825bc16/out/pil2-stark/src/starkpil/eval_info.hpp
[INFO] [stderr]   cargo:rerun-if-changed=/opt/rustwide/target/release/build/proofman-starks-lib-c-4acd17377825bc16/out/pil2-stark/src/starkpil/transcript/transcriptGL.cpp
[INFO] [stderr]   cargo:rerun-if-changed=/opt/rustwide/target/release/build/proofman-starks-lib-c-4acd17377825bc16/out/pil2-stark/src/starkpil/transcript/transcriptGL.cu
[INFO] [stderr]   cargo:rerun-if-changed=/opt/rustwide/target/release/build/proofman-starks-lib-c-4acd17377825bc16/out/pil2-stark/src/starkpil/transcript/transcriptGL.hpp
[INFO] [stderr]   cargo:rerun-if-changed=/opt/rustwide/target/release/build/proofman-starks-lib-c-4acd17377825bc16/out/pil2-stark/src/starkpil/transcript/transcriptBN128.cuh
[INFO] [stderr]   cargo:rerun-if-changed=/opt/rustwide/target/release/build/proofman-starks-lib-c-4acd17377825bc16/out/pil2-stark/src/starkpil/transcript/transcriptBN128.cpp
[INFO] [stderr]   cargo:rerun-if-changed=/opt/rustwide/target/release/build/proofman-starks-lib-c-4acd17377825bc16/out/pil2-stark/src/starkpil/transcript/transcriptBN128.hpp
[INFO] [stderr]   cargo:rerun-if-changed=/opt/rustwide/target/release/build/proofman-starks-lib-c-4acd17377825bc16/out/pil2-stark/src/starkpil/transcript/transcriptBN128.cu
[INFO] [stderr]   cargo:rerun-if-changed=/opt/rustwide/target/release/build/proofman-starks-lib-c-4acd17377825bc16/out/pil2-stark/src/starkpil/transcript/transcriptGL.cuh
[INFO] [stderr]   cargo:rerun-if-changed=/opt/rustwide/target/release/build/proofman-starks-lib-c-4acd17377825bc16/out/pil2-stark/src/starkpil/proof2zkinStark.hpp
[INFO] [stderr]   cargo:rerun-if-changed=/opt/rustwide/target/release/build/proofman-starks-lib-c-4acd17377825bc16/out/pil2-stark/src/starkpil/recursion_trace/witness_widen_gpu.cu
[INFO] [stderr]   cargo:rerun-if-changed=/opt/rustwide/target/release/build/proofman-starks-lib-c-4acd17377825bc16/out/pil2-stark/src/starkpil/recursion_trace/exec_layout.hpp
[INFO] [stderr]   cargo:rerun-if-changed=/opt/rustwide/target/release/build/proofman-starks-lib-c-4acd17377825bc16/out/pil2-stark/src/starkpil/recursion_trace/exec_file.hpp
[INFO] [stderr]   cargo:rerun-if-changed=/opt/rustwide/target/release/build/proofman-starks-lib-c-4acd17377825bc16/out/pil2-stark/src/starkpil/recursion_trace/gate_bands/gate_bands_blake3.hpp
[INFO] [stderr]   cargo:rerun-if-changed=/opt/rustwide/target/release/build/proofman-starks-lib-c-4acd17377825bc16/out/pil2-stark/src/starkpil/recursion_trace/gate_bands/gate_bands_blake3_cpu.hpp
[INFO] [stderr]   cargo:rerun-if-changed=/opt/rustwide/target/release/build/proofman-starks-lib-c-4acd17377825bc16/out/pil2-stark/src/starkpil/recursion_trace/gate_bands/gate_bands_cpu.hpp
[INFO] [stderr]   cargo:rerun-if-changed=/opt/rustwide/target/release/build/proofman-starks-lib-c-4acd17377825bc16/out/pil2-stark/src/starkpil/recursion_trace/gate_bands/gate_bands_poseidon_cpu.hpp
[INFO] [stderr]   cargo:rerun-if-changed=/opt/rustwide/target/release/build/proofman-starks-lib-c-4acd17377825bc16/out/pil2-stark/src/starkpil/recursion_trace/gate_bands/gate_bands_poseidon_gpu.cuh
[INFO] [stderr]   cargo:rerun-if-changed=/opt/rustwide/target/release/build/proofman-starks-lib-c-4acd17377825bc16/out/pil2-stark/src/starkpil/recursion_trace/gate_bands/gate_bands_blake3_gpu.cuh
[INFO] [stderr]   cargo:rerun-if-changed=/opt/rustwide/target/release/build/proofman-starks-lib-c-4acd17377825bc16/out/pil2-stark/src/starkpil/recursion_trace/gate_bands/gate_bands_poseidon2.hpp
[INFO] [stderr]   cargo:rerun-if-changed=/opt/rustwide/target/release/build/proofman-starks-lib-c-4acd17377825bc16/out/pil2-stark/src/starkpil/recursion_trace/gate_bands/gate_bands_gpu.cu
[INFO] [stderr]   cargo:rerun-if-changed=/opt/rustwide/target/release/build/proofman-starks-lib-c-4acd17377825bc16/out/pil2-stark/src/starkpil/recursion_trace/gate_bands/gate_bands_poseidon1.hpp
[INFO] [stderr]   cargo:rerun-if-changed=/opt/rustwide/target/release/build/proofman-starks-lib-c-4acd17377825bc16/out/pil2-stark/src/starkpil/recursion_trace/gate_bands/gate_bands.hpp
[INFO] [stderr]   cargo:rerun-if-changed=/opt/rustwide/target/release/build/proofman-starks-lib-c-4acd17377825bc16/out/pil2-stark/src/starkpil/polinomial.hpp
[INFO] [stderr]   cargo:rerun-if-changed=/opt/rustwide/target/release/build/proofman-starks-lib-c-4acd17377825bc16/out/pil2-stark/src/starkpil/starks_gpu_bn128.cu
[INFO] [stderr]   cargo:rerun-if-changed=/opt/rustwide/target/release/build/proofman-starks-lib-c-4acd17377825bc16/out/pil2-stark/src/starkpil/hints.hpp
[INFO] [stderr]   cargo:rerun-if-changed=/opt/rustwide/target/release/build/proofman-starks-lib-c-4acd17377825bc16/out/pil2-stark/src/starkpil/starks.hpp
[INFO] [stderr]   cargo:rerun-if-changed=/opt/rustwide/target/release/build/proofman-starks-lib-c-4acd17377825bc16/out/pil2-stark/src/config/definitions.hpp
[INFO] [stderr]   cargo:rerun-if-changed=/opt/rustwide/target/release/build/proofman-starks-lib-c-4acd17377825bc16/out/pil2-stark/src/config/zkglobals.cpp
[INFO] [stderr]   cargo:rerun-if-changed=/opt/rustwide/target/release/build/proofman-starks-lib-c-4acd17377825bc16/out/pil2-stark/src/config/zkglobals.hpp
[INFO] [stderr]   cargo:rerun-if-changed=/opt/rustwide/target/release/build/proofman-starks-lib-c-4acd17377825bc16/out/pil2-stark/src/config/version.hpp
[INFO] [stderr]   cargo:rerun-if-changed=/opt/rustwide/target/release/build/proofman-starks-lib-c-4acd17377825bc16/out/pil2-stark/src/goldilocks/Makefile
[INFO] [stderr]   cargo:rerun-if-changed=/opt/rustwide/target/release/build/proofman-starks-lib-c-4acd17377825bc16/out/pil2-stark/src/goldilocks/LICENSE
[INFO] [stderr]   cargo:rerun-if-changed=/opt/rustwide/target/release/build/proofman-starks-lib-c-4acd17377825bc16/out/pil2-stark/src/goldilocks/utils/Makefile
[INFO] [stderr]   cargo:rerun-if-changed=/opt/rustwide/target/release/build/proofman-starks-lib-c-4acd17377825bc16/out/pil2-stark/src/goldilocks/utils/helper_string.h
[INFO] [stderr]   cargo:rerun-if-changed=/opt/rustwide/target/release/build/proofman-starks-lib-c-4acd17377825bc16/out/pil2-stark/src/goldilocks/utils/cuda_utils.hpp
[INFO] [stderr]   cargo:rerun-if-changed=/opt/rustwide/target/release/build/proofman-starks-lib-c-4acd17377825bc16/out/pil2-stark/src/goldilocks/utils/deviceQuery.cu
[INFO] [stderr]   cargo:rerun-if-changed=/opt/rustwide/target/release/build/proofman-starks-lib-c-4acd17377825bc16/out/pil2-stark/src/goldilocks/utils/helper_cuda.h
[INFO] [stderr]   cargo:rerun-if-changed=/opt/rustwide/target/release/build/proofman-starks-lib-c-4acd17377825bc16/out/pil2-stark/src/goldilocks/utils/timer_gl.cpp
[INFO] [stderr]   cargo:rerun-if-changed=/opt/rustwide/target/release/build/proofman-starks-lib-c-4acd17377825bc16/out/pil2-stark/src/goldilocks/utils/cuda_utils.cu
[INFO] [stderr]   cargo:rerun-if-changed=/opt/rustwide/target/release/build/proofman-starks-lib-c-4acd17377825bc16/out/pil2-stark/src/goldilocks/utils/timer_gl.hpp
[INFO] [stderr]   cargo:rerun-if-changed=/opt/rustwide/target/release/build/proofman-starks-lib-c-4acd17377825bc16/out/pil2-stark/src/goldilocks/src/poseidon_goldilocks.cu
[INFO] [stderr]   cargo:rerun-if-changed=/opt/rustwide/target/release/build/proofman-starks-lib-c-4acd17377825bc16/out/pil2-stark/src/goldilocks/src/blake3_goldilocks.cpp
[INFO] [stderr]   cargo:rerun-if-changed=/opt/rustwide/target/release/build/proofman-starks-lib-c-4acd17377825bc16/out/pil2-stark/src/goldilocks/src/goldilocks_cubic_extension.cuh
[INFO] [stderr]   cargo:rerun-if-changed=/opt/rustwide/target/release/build/proofman-starks-lib-c-4acd17377825bc16/out/pil2-stark/src/goldilocks/src/blake3_goldilocks.hpp
[INFO] [stderr]   cargo:rerun-if-changed=/opt/rustwide/target/release/build/proofman-starks-lib-c-4acd17377825bc16/out/pil2-stark/src/goldilocks/src/goldilocks_cubic_extension_pack.hpp
[INFO] [stderr]   cargo:rerun-if-changed=/opt/rustwide/target/release/build/proofman-starks-lib-c-4acd17377825bc16/out/pil2-stark/src/goldilocks/src/goldilocks_tooling.cu
[INFO] [stderr]   cargo:rerun-if-changed=/opt/rustwide/target/release/build/proofman-starks-lib-c-4acd17377825bc16/out/pil2-stark/src/goldilocks/src/ntt_goldilocks.cu
[INFO] [stderr]   cargo:rerun-if-changed=/opt/rustwide/target/release/build/proofman-starks-lib-c-4acd17377825bc16/out/pil2-stark/src/goldilocks/src/poseidon2_goldilocks.cu
[INFO] [stderr]   cargo:rerun-if-changed=/opt/rustwide/target/release/build/proofman-starks-lib-c-4acd17377825bc16/out/pil2-stark/src/goldilocks/src/poseidon_gpu_common.cuh
[INFO] [stderr]   cargo:rerun-if-changed=/opt/rustwide/target/release/build/proofman-starks-lib-c-4acd17377825bc16/out/pil2-stark/src/goldilocks/src/goldilocks_base_field_tools.hpp
[INFO] [stderr]   cargo:rerun-if-changed=/opt/rustwide/target/release/build/proofman-starks-lib-c-4acd17377825bc16/out/pil2-stark/src/goldilocks/src/poseidon_goldilocks_constants.hpp
[INFO] [stderr]   cargo:rerun-if-changed=/opt/rustwide/target/release/build/proofman-starks-lib-c-4acd17377825bc16/out/pil2-stark/src/goldilocks/src/poseidon_goldilocks.cuh
[INFO] [stderr]   cargo:rerun-if-changed=/opt/rustwide/target/release/build/proofman-starks-lib-c-4acd17377825bc16/out/pil2-stark/src/goldilocks/src/stream_commit.cuh
[INFO] [stderr]   cargo:rerun-if-changed=/opt/rustwide/target/release/build/proofman-starks-lib-c-4acd17377825bc16/out/pil2-stark/src/goldilocks/src/blake3_core.hpp
[INFO] [stderr]   cargo:rerun-if-changed=/opt/rustwide/target/release/build/proofman-starks-lib-c-4acd17377825bc16/out/pil2-stark/src/goldilocks/src/poseidon2_goldilocks.cpp
[INFO] [stderr]   cargo:rerun-if-changed=/opt/rustwide/target/release/build/proofman-starks-lib-c-4acd17377825bc16/out/pil2-stark/src/goldilocks/src/poseidon2_goldilocks.cuh
[INFO] [stderr]   cargo:rerun-if-changed=/opt/rustwide/target/release/build/proofman-starks-lib-c-4acd17377825bc16/out/pil2-stark/src/goldilocks/src/goldilocks_base_field_avx512.hpp
[INFO] [stderr]   cargo:rerun-if-changed=/opt/rustwide/target/release/build/proofman-starks-lib-c-4acd17377825bc16/out/pil2-stark/src/goldilocks/src/goldilocks_base_field_pack.hpp
[INFO] [stderr]   cargo:rerun-if-changed=/opt/rustwide/target/release/build/proofman-starks-lib-c-4acd17377825bc16/out/pil2-stark/src/goldilocks/src/goldilocks_tooling.cuh
[INFO] [stderr]   cargo:rerun-if-changed=/opt/rustwide/target/release/build/proofman-starks-lib-c-4acd17377825bc16/out/pil2-stark/src/goldilocks/src/goldilocks_cubic_extension_avx.hpp
[INFO] [stderr]   cargo:rerun-if-changed=/opt/rustwide/target/release/build/proofman-starks-lib-c-4acd17377825bc16/out/pil2-stark/src/goldilocks/src/blake3_goldilocks.cuh
[INFO] [stderr]   cargo:rerun-if-changed=/opt/rustwide/target/release/build/proofman-starks-lib-c-4acd17377825bc16/out/pil2-stark/src/goldilocks/src/grinding_launch.hpp
[INFO] [stderr]   cargo:rerun-if-changed=/opt/rustwide/target/release/build/proofman-starks-lib-c-4acd17377825bc16/out/pil2-stark/src/goldilocks/src/poseidon2_goldilocks_constants.hpp
[INFO] [stderr]   cargo:rerun-if-changed=/opt/rustwide/target/release/build/proofman-starks-lib-c-4acd17377825bc16/out/pil2-stark/src/goldilocks/src/goldilocks_trace_layout.cuh
[INFO] [stderr]   cargo:rerun-if-changed=/opt/rustwide/target/release/build/proofman-starks-lib-c-4acd17377825bc16/out/pil2-stark/src/goldilocks/src/goldilocks_base_field_scalar.hpp
[INFO] [stderr]   cargo:rerun-if-changed=/opt/rustwide/target/release/build/proofman-starks-lib-c-4acd17377825bc16/out/pil2-stark/src/goldilocks/src/goldilocks_base_field_avx.hpp
[INFO] [stderr]   cargo:rerun-if-changed=/opt/rustwide/target/release/build/proofman-starks-lib-c-4acd17377825bc16/out/pil2-stark/src/goldilocks/src/ntt_goldilocks.cuh
[INFO] [stderr]   cargo:rerun-if-changed=/opt/rustwide/target/release/build/proofman-starks-lib-c-4acd17377825bc16/out/pil2-stark/src/goldilocks/src/blake3_goldilocks.cu
[INFO] [stderr]   cargo:rerun-if-changed=/opt/rustwide/target/release/build/proofman-starks-lib-c-4acd17377825bc16/out/pil2-stark/src/goldilocks/src/poseidon_goldilocks_avx.hpp
[INFO] [stderr]   cargo:rerun-if-changed=/opt/rustwide/target/release/build/proofman-starks-lib-c-4acd17377825bc16/out/pil2-stark/src/goldilocks/src/poseidon_goldilocks.hpp
[INFO] [stderr]   cargo:rerun-if-changed=/opt/rustwide/target/release/build/proofman-starks-lib-c-4acd17377825bc16/out/pil2-stark/src/goldilocks/src/poseidon2_goldilocks.hpp
[INFO] [stderr]   cargo:rerun-if-changed=/opt/rustwide/target/release/build/proofman-starks-lib-c-4acd17377825bc16/out/pil2-stark/src/goldilocks/src/stream_commit.cu
[INFO] [stderr]   cargo:rerun-if-changed=/opt/rustwide/target/release/build/proofman-starks-lib-c-4acd17377825bc16/out/pil2-stark/src/goldilocks/src/goldilocks_cubic_extension.cpp
[INFO] [stderr]   cargo:rerun-if-changed=/opt/rustwide/target/release/build/proofman-starks-lib-c-4acd17377825bc16/out/pil2-stark/src/goldilocks/src/ntt_goldilocks.hpp
[INFO] [stderr]   cargo:rerun-if-changed=/opt/rustwide/target/release/build/proofman-starks-lib-c-4acd17377825bc16/out/pil2-stark/src/goldilocks/src/goldilocks_cubic_extension.hpp
[INFO] [stderr]   cargo:rerun-if-changed=/opt/rustwide/target/release/build/proofman-starks-lib-c-4acd17377825bc16/out/pil2-stark/src/goldilocks/src/ntt_goldilocks.cpp
[INFO] [stderr]   cargo:rerun-if-changed=/opt/rustwide/target/release/build/proofman-starks-lib-c-4acd17377825bc16/out/pil2-stark/src/goldilocks/src/poseidon2_goldilocks_avx.hpp
[INFO] [stderr]   cargo:rerun-if-changed=/opt/rustwide/target/release/build/proofman-starks-lib-c-4acd17377825bc16/out/pil2-stark/src/goldilocks/src/poseidon2_goldilocks_avx512.hpp
[INFO] [stderr]   cargo:rerun-if-changed=/opt/rustwide/target/release/build/proofman-starks-lib-c-4acd17377825bc16/out/pil2-stark/src/goldilocks/src/poseidon_goldilocks.cpp
[INFO] [stderr]   cargo:rerun-if-changed=/opt/rustwide/target/release/build/proofman-starks-lib-c-4acd17377825bc16/out/pil2-stark/src/goldilocks/src/goldilocks_cubic_extension_avx512.hpp
[INFO] [stderr]   cargo:rerun-if-changed=/opt/rustwide/target/release/build/proofman-starks-lib-c-4acd17377825bc16/out/pil2-stark/src/goldilocks/src/goldilocks_base_field.cpp
[INFO] [stderr]   cargo:rerun-if-changed=/opt/rustwide/target/release/build/proofman-starks-lib-c-4acd17377825bc16/out/pil2-stark/src/goldilocks/src/goldilocks_base_field.hpp
[INFO] [stderr]   cargo:rerun-if-changed=/opt/rustwide/target/release/build/proofman-starks-lib-c-4acd17377825bc16/out/pil2-stark/src/goldilocks/src/goldilocks_tooling.hpp
[INFO] [stderr]   cargo:rerun-if-changed=/opt/rustwide/target/release/build/proofman-starks-lib-c-4acd17377825bc16/out/pil2-stark/src/goldilocks/benchs/bench_ntt_cpu.cpp
[INFO] [stderr]   cargo:rerun-if-changed=/opt/rustwide/target/release/build/proofman-starks-lib-c-4acd17377825bc16/out/pil2-stark/src/goldilocks/benchs/bench_poseidon_cpu.cpp
[INFO] [stderr]   cargo:rerun-if-changed=/opt/rustwide/target/release/build/proofman-starks-lib-c-4acd17377825bc16/out/pil2-stark/src/goldilocks/benchs/bench_ntt_gpu.cu
[INFO] [stderr]   cargo:rerun-if-changed=/opt/rustwide/target/release/build/proofman-starks-lib-c-4acd17377825bc16/out/pil2-stark/src/goldilocks/benchs/blake3_device.cuh
[INFO] [stderr]   cargo:rerun-if-changed=/opt/rustwide/target/release/build/proofman-starks-lib-c-4acd17377825bc16/out/pil2-stark/src/goldilocks/benchs/bench_blake2b_gpu.cu
[INFO] [stderr]   cargo:rerun-if-changed=/opt/rustwide/target/release/build/proofman-starks-lib-c-4acd17377825bc16/out/pil2-stark/src/goldilocks/benchs/bench_field_cpu.cpp
[INFO] [stderr]   cargo:rerun-if-changed=/opt/rustwide/target/release/build/proofman-starks-lib-c-4acd17377825bc16/out/pil2-stark/src/goldilocks/benchs/bench_poseidon2_gpu.cu
[INFO] [stderr]   cargo:rerun-if-changed=/opt/rustwide/target/release/build/proofman-starks-lib-c-4acd17377825bc16/out/pil2-stark/src/goldilocks/benchs/blake2b_device.cuh
[INFO] [stderr]   cargo:rerun-if-changed=/opt/rustwide/target/release/build/proofman-starks-lib-c-4acd17377825bc16/out/pil2-stark/src/goldilocks/benchs/bench_poseidon2_cpu.cpp
[INFO] [stderr]   cargo:rerun-if-changed=/opt/rustwide/target/release/build/proofman-starks-lib-c-4acd17377825bc16/out/pil2-stark/src/goldilocks/benchs/bench_blake3_gpu.cu
[INFO] [stderr]   cargo:rerun-if-changed=/opt/rustwide/target/release/build/proofman-starks-lib-c-4acd17377825bc16/out/pil2-stark/src/goldilocks/benchs/bench_poseidon_gpu.cu
[INFO] [stderr]   cargo:rerun-if-changed=/opt/rustwide/target/release/build/proofman-starks-lib-c-4acd17377825bc16/out/pil2-stark/src/goldilocks/README.md
[INFO] [stderr]   cargo:rerun-if-changed=/opt/rustwide/target/release/build/proofman-starks-lib-c-4acd17377825bc16/out/pil2-stark/src/goldilocks/.gitignore
[INFO] [stderr]   cargo:rerun-if-changed=/opt/rustwide/target/release/build/proofman-starks-lib-c-4acd17377825bc16/out/pil2-stark/src/goldilocks/tests/test_stream_commit_gpu.cu
[INFO] [stderr]   cargo:rerun-if-changed=/opt/rustwide/target/release/build/proofman-starks-lib-c-4acd17377825bc16/out/pil2-stark/src/goldilocks/tests/test_poseidon2_gpu.cu
[INFO] [stderr]   cargo:rerun-if-changed=/opt/rustwide/target/release/build/proofman-starks-lib-c-4acd17377825bc16/out/pil2-stark/src/goldilocks/tests/test_pack_columns_cpu.cpp
[INFO] [stderr]   cargo:rerun-if-changed=/opt/rustwide/target/release/build/proofman-starks-lib-c-4acd17377825bc16/out/pil2-stark/src/goldilocks/tests/test_unpack_indexed_gpu.cu
[INFO] [stderr]   cargo:rerun-if-changed=/opt/rustwide/target/release/build/proofman-starks-lib-c-4acd17377825bc16/out/pil2-stark/src/goldilocks/tests/test_exec_file_cpu.cpp
[INFO] [stderr]   cargo:rerun-if-changed=/opt/rustwide/target/release/build/proofman-starks-lib-c-4acd17377825bc16/out/pil2-stark/src/goldilocks/tests/test_field_cpu.cpp
[INFO] [stderr]   cargo:rerun-if-changed=/opt/rustwide/target/release/build/proofman-starks-lib-c-4acd17377825bc16/out/pil2-stark/src/goldilocks/tests/test_ntt_cpu.cpp
[INFO] [stderr]   cargo:rerun-if-changed=/opt/rustwide/target/release/build/proofman-starks-lib-c-4acd17377825bc16/out/pil2-stark/src/goldilocks/tests/test_helpers.hpp
[INFO] [stderr]   cargo:rerun-if-changed=/opt/rustwide/target/release/build/proofman-starks-lib-c-4acd17377825bc16/out/pil2-stark/src/goldilocks/tests/test_fri_expression_gpu.cu
[INFO] [stderr]   cargo:rerun-if-changed=/opt/rustwide/target/release/build/proofman-starks-lib-c-4acd17377825bc16/out/pil2-stark/src/goldilocks/tests/test_poseidon_gpu.cu
[INFO] [stderr]   cargo:rerun-if-changed=/opt/rustwide/target/release/build/proofman-starks-lib-c-4acd17377825bc16/out/pil2-stark/src/goldilocks/tests/test_poseidon2_cpu.cpp
[INFO] [stderr]   cargo:rerun-if-changed=/opt/rustwide/target/release/build/proofman-starks-lib-c-4acd17377825bc16/out/pil2-stark/src/goldilocks/tests/test_blake3_transcript_cpu.cpp
[INFO] [stderr]   cargo:rerun-if-changed=/opt/rustwide/target/release/build/proofman-starks-lib-c-4acd17377825bc16/out/pil2-stark/src/goldilocks/tests/test_ntt_gpu.cu
[INFO] [stderr]   cargo:rerun-if-changed=/opt/rustwide/target/release/build/proofman-starks-lib-c-4acd17377825bc16/out/pil2-stark/src/goldilocks/tests/test_unpack_indexed_cpu.cpp
[INFO] [stderr]   cargo:rerun-if-changed=/opt/rustwide/target/release/build/proofman-starks-lib-c-4acd17377825bc16/out/pil2-stark/src/goldilocks/tests/test_poseidon_cpu.cpp
[INFO] [stderr]   cargo:rerun-if-changed=/opt/rustwide/target/release/build/proofman-starks-lib-c-4acd17377825bc16/out/pil2-stark/src/goldilocks/tests/test_gate_bands_gpu.cu
[INFO] [stderr]   cargo:rerun-if-changed=/opt/rustwide/target/release/build/proofman-starks-lib-c-4acd17377825bc16/out/pil2-stark/src/goldilocks/tests/test_cubic_cpu.cpp
[INFO] [stderr]   cargo:rerun-if-changed=/opt/rustwide/target/release/build/proofman-starks-lib-c-4acd17377825bc16/out/pil2-stark/src/goldilocks/tests/test_gate_bands_cpu.cpp
[INFO] [stderr]   cargo:rerun-if-changed=/opt/rustwide/target/release/build/proofman-starks-lib-c-4acd17377825bc16/out/pil2-stark/src/goldilocks/configure.sh
[INFO] [stderr]   cargo:rerun-if-changed=/opt/rustwide/target/release/build/proofman-starks-lib-c-4acd17377825bc16/out/pil2-stark/src/fflonk_setup/fflonk_setup.cpp
[INFO] [stderr]   cargo:rerun-if-changed=/opt/rustwide/target/release/build/proofman-starks-lib-c-4acd17377825bc16/out/pil2-stark/src/rapidsnark/zkey_plonk.hpp
[INFO] [stderr]   cargo:rerun-if-changed=/opt/rustwide/target/release/build/proofman-starks-lib-c-4acd17377825bc16/out/pil2-stark/src/rapidsnark/r1cs_binfile.cpp
[INFO] [stderr]   cargo:rerun-if-changed=/opt/rustwide/target/release/build/proofman-starks-lib-c-4acd17377825bc16/out/pil2-stark/src/rapidsnark/curve_utils.hpp
[INFO] [stderr]   cargo:rerun-if-changed=/opt/rustwide/target/release/build/proofman-starks-lib-c-4acd17377825bc16/out/pil2-stark/src/rapidsnark/binfile_writer.cpp
[INFO] [stderr]   cargo:rerun-if-changed=/opt/rustwide/target/release/build/proofman-starks-lib-c-4acd17377825bc16/out/pil2-stark/src/rapidsnark/thread_utils.hpp
[INFO] [stderr]   cargo:rerun-if-changed=/opt/rustwide/target/release/build/proofman-starks-lib-c-4acd17377825bc16/out/pil2-stark/src/rapidsnark/groth16.c.hpp
[INFO] [stderr]   cargo:rerun-if-changed=/opt/rustwide/target/release/build/proofman-starks-lib-c-4acd17377825bc16/out/pil2-stark/src/rapidsnark/r1cs_constraint_processor.hpp
[INFO] [stderr]   cargo:rerun-if-changed=/opt/rustwide/target/release/build/proofman-starks-lib-c-4acd17377825bc16/out/pil2-stark/src/rapidsnark/logger.hpp
[INFO] [stderr]   cargo:rerun-if-changed=/opt/rustwide/target/release/build/proofman-starks-lib-c-4acd17377825bc16/out/pil2-stark/src/rapidsnark/keccak_256_transcript.c.hpp
[INFO] [stderr]   cargo:rerun-if-changed=/opt/rustwide/target/release/build/proofman-starks-lib-c-4acd17377825bc16/out/pil2-stark/src/rapidsnark/fflonk_prover.c.hpp
[INFO] [stderr]   cargo:rerun-if-changed=/opt/rustwide/target/release/build/proofman-starks-lib-c-4acd17377825bc16/out/pil2-stark/src/rapidsnark/logger.cpp
[INFO] [stderr]   cargo:rerun-if-changed=/opt/rustwide/target/release/build/proofman-starks-lib-c-4acd17377825bc16/out/pil2-stark/src/rapidsnark/dump.hpp
[INFO] [stderr]   cargo:rerun-if-changed=/opt/rustwide/target/release/build/proofman-starks-lib-c-4acd17377825bc16/out/pil2-stark/src/rapidsnark/mul_z.hpp
[INFO] [stderr]   cargo:rerun-if-changed=/opt/rustwide/target/release/build/proofman-starks-lib-c-4acd17377825bc16/out/pil2-stark/src/rapidsnark/zkey_utils.hpp
[INFO] [stderr]   cargo:rerun-if-changed=/opt/rustwide/target/release/build/proofman-starks-lib-c-4acd17377825bc16/out/pil2-stark/src/rapidsnark/snark_proof.c.hpp
[INFO] [stderr]   cargo:rerun-if-changed=/opt/rustwide/target/release/build/proofman-starks-lib-c-4acd17377825bc16/out/pil2-stark/src/rapidsnark/zkey_utils.cpp
[INFO] [stderr]   cargo:rerun-if-changed=/opt/rustwide/target/release/build/proofman-starks-lib-c-4acd17377825bc16/out/pil2-stark/src/rapidsnark/polynomial/evaluations.c.hpp
[INFO] [stderr]   cargo:rerun-if-changed=/opt/rustwide/target/release/build/proofman-starks-lib-c-4acd17377825bc16/out/pil2-stark/src/rapidsnark/polynomial/polynomial.c.hpp
[INFO] [stderr]   cargo:rerun-if-changed=/opt/rustwide/target/release/build/proofman-starks-lib-c-4acd17377825bc16/out/pil2-stark/src/rapidsnark/polynomial/polynomial.hpp
[INFO] [stderr]   cargo:rerun-if-changed=/opt/rustwide/target/release/build/proofman-starks-lib-c-4acd17377825bc16/out/pil2-stark/src/rapidsnark/polynomial/cpolynomial.hpp
[INFO] [stderr]   cargo:rerun-if-changed=/opt/rustwide/target/release/build/proofman-starks-lib-c-4acd17377825bc16/out/pil2-stark/src/rapidsnark/polynomial/cpolynomial.c.hpp
[INFO] [stderr]   cargo:rerun-if-changed=/opt/rustwide/target/release/build/proofman-starks-lib-c-4acd17377825bc16/out/pil2-stark/src/rapidsnark/polynomial/evaluations.hpp
[INFO] [stderr]   cargo:rerun-if-changed=/opt/rustwide/target/release/build/proofman-starks-lib-c-4acd17377825bc16/out/pil2-stark/src/rapidsnark/snark_proof.hpp
[INFO] [stderr]   cargo:rerun-if-changed=/opt/rustwide/target/release/build/proofman-starks-lib-c-4acd17377825bc16/out/pil2-stark/src/rapidsnark/fflonk_prover.hpp
[INFO] [stderr]   cargo:rerun-if-changed=/opt/rustwide/target/release/build/proofman-starks-lib-c-4acd17377825bc16/out/pil2-stark/src/rapidsnark/plonk_setup.hpp
[INFO] [stderr]   cargo:rerun-if-changed=/opt/rustwide/target/release/build/proofman-starks-lib-c-4acd17377825bc16/out/pil2-stark/src/rapidsnark/fflonk_setup_settings.hpp
[INFO] [stderr]   cargo:rerun-if-changed=/opt/rustwide/target/release/build/proofman-starks-lib-c-4acd17377825bc16/out/pil2-stark/src/rapidsnark/r1cs_binfile.hpp
[INFO] [stderr]   cargo:rerun-if-changed=/opt/rustwide/target/release/build/proofman-starks-lib-c-4acd17377825bc16/out/pil2-stark/src/rapidsnark/plonk_setup.cpp
[INFO] [stderr]   cargo:rerun-if-changed=/opt/rustwide/target/release/build/proofman-starks-lib-c-4acd17377825bc16/out/pil2-stark/src/rapidsnark/plonk_prover.hpp
[INFO] [stderr]   cargo:rerun-if-changed=/opt/rustwide/target/release/build/proofman-starks-lib-c-4acd17377825bc16/out/pil2-stark/src/rapidsnark/r1cs_constraint_processor.cpp
[INFO] [stderr]   cargo:rerun-if-changed=/opt/rustwide/target/release/build/proofman-starks-lib-c-4acd17377825bc16/out/pil2-stark/src/rapidsnark/keccak_wrapper.cpp
[INFO] [stderr]   cargo:rerun-if-changed=/opt/rustwide/target/release/build/proofman-starks-lib-c-4acd17377825bc16/out/pil2-stark/src/rapidsnark/binfile_utils.hpp
[INFO] [stderr]   cargo:rerun-if-changed=/opt/rustwide/target/release/build/proofman-starks-lib-c-4acd17377825bc16/out/pil2-stark/src/rapidsnark/wtns_utils.hpp
[INFO] [stderr]   cargo:rerun-if-changed=/opt/rustwide/target/release/build/proofman-starks-lib-c-4acd17377825bc16/out/pil2-stark/src/rapidsnark/zkey_plonk.cpp
[INFO] [stderr]   cargo:rerun-if-changed=/opt/rustwide/target/release/build/proofman-starks-lib-c-4acd17377825bc16/out/pil2-stark/src/rapidsnark/binfile_writer.hpp
[INFO] [stderr]   cargo:rerun-if-changed=/opt/rustwide/target/release/build/proofman-starks-lib-c-4acd17377825bc16/out/pil2-stark/src/rapidsnark/plonk_prover_gpu.cuh
[INFO] [stderr]   cargo:rerun-if-changed=/opt/rustwide/target/release/build/proofman-starks-lib-c-4acd17377825bc16/out/pil2-stark/src/rapidsnark/zkey.hpp
[INFO] [stderr]   cargo:rerun-if-changed=/opt/rustwide/target/release/build/proofman-starks-lib-c-4acd17377825bc16/out/pil2-stark/src/rapidsnark/dump.c.hpp
[INFO] [stderr]   cargo:rerun-if-changed=/opt/rustwide/target/release/build/proofman-starks-lib-c-4acd17377825bc16/out/pil2-stark/src/rapidsnark/fflonk_setup.hpp
[INFO] [stderr]   cargo:rerun-if-changed=/opt/rustwide/target/release/build/proofman-starks-lib-c-4acd17377825bc16/out/pil2-stark/src/rapidsnark/keccak_wrapper.hpp
[INFO] [stderr]   cargo:rerun-if-changed=/opt/rustwide/target/release/build/proofman-starks-lib-c-4acd17377825bc16/out/pil2-stark/src/rapidsnark/plonk_prover.cu
[INFO] [stderr]   cargo:rerun-if-changed=/opt/rustwide/target/release/build/proofman-starks-lib-c-4acd17377825bc16/out/pil2-stark/src/rapidsnark/zkey.cpp
[INFO] [stderr]   cargo:rerun-if-changed=/opt/rustwide/target/release/build/proofman-starks-lib-c-4acd17377825bc16/out/pil2-stark/src/rapidsnark/wtns_utils.cpp
[INFO] [stderr]   cargo:rerun-if-changed=/opt/rustwide/target/release/build/proofman-starks-lib-c-4acd17377825bc16/out/pil2-stark/src/rapidsnark/keccak_256_transcript.hpp
[INFO] [stderr]   cargo:rerun-if-changed=/opt/rustwide/target/release/build/proofman-starks-lib-c-4acd17377825bc16/out/pil2-stark/src/rapidsnark/zkey_fflonk.cpp
[INFO] [stderr]   cargo:rerun-if-changed=/opt/rustwide/target/release/build/proofman-starks-lib-c-4acd17377825bc16/out/pil2-stark/src/rapidsnark/zkey_fflonk.hpp
[INFO] [stderr]   cargo:rerun-if-changed=/opt/rustwide/target/release/build/proofman-starks-lib-c-4acd17377825bc16/out/pil2-stark/src/rapidsnark/mul_z.c.hpp
[INFO] [stderr]   cargo:rerun-if-changed=/opt/rustwide/target/release/build/proofman-starks-lib-c-4acd17377825bc16/out/pil2-stark/src/rapidsnark/fflonk_setup.cpp
[INFO] [stderr]   cargo:rerun-if-changed=/opt/rustwide/target/release/build/proofman-starks-lib-c-4acd17377825bc16/out/pil2-stark/src/rapidsnark/plonk_prover_gpu.c.cuh
[INFO] [stderr]   cargo:rerun-if-changed=/opt/rustwide/target/release/build/proofman-starks-lib-c-4acd17377825bc16/out/pil2-stark/src/rapidsnark/curve_utils.cpp
[INFO] [stderr]   cargo:rerun-if-changed=/opt/rustwide/target/release/build/proofman-starks-lib-c-4acd17377825bc16/out/pil2-stark/src/rapidsnark/binfile_utils.cpp
[INFO] [stderr]   cargo:rerun-if-changed=/opt/rustwide/target/release/build/proofman-starks-lib-c-4acd17377825bc16/out/pil2-stark/src/rapidsnark/plonk_prover.c.hpp
[INFO] [stderr]   cargo:rerun-if-changed=/opt/rustwide/target/release/build/proofman-starks-lib-c-4acd17377825bc16/out/pil2-stark/src/rapidsnark/groth16.hpp
[INFO] [stderr]   cargo:rerun-if-changed=/opt/rustwide/target/release/build/proofman-starks-lib-c-4acd17377825bc16/out/pil2-stark/src/api/starks_api.cu
[INFO] [stderr]   cargo:rerun-if-changed=/opt/rustwide/target/release/build/proofman-starks-lib-c-4acd17377825bc16/out/pil2-stark/src/api/starks_backend.hpp
[INFO] [stderr]   cargo:rerun-if-changed=/opt/rustwide/target/release/build/proofman-starks-lib-c-4acd17377825bc16/out/pil2-stark/src/api/starks_backend.cpp
[INFO] [stderr]   cargo:rerun-if-changed=/opt/rustwide/target/release/build/proofman-starks-lib-c-4acd17377825bc16/out/pil2-stark/src/api/starks_api.cpp
[INFO] [stderr]   cargo:rerun-if-changed=/opt/rustwide/target/release/build/proofman-starks-lib-c-4acd17377825bc16/out/pil2-stark/src/api/starks_api.hpp
[INFO] [stderr]   cargo:rerun-if-changed=/opt/rustwide/target/release/build/proofman-starks-lib-c-4acd17377825bc16/out/pil2-stark/src/api/starks_api_internal.hpp
[INFO] [stderr]   cargo:rerun-if-changed=/opt/rustwide/target/release/build/proofman-starks-lib-c-4acd17377825bc16/out/pil2-stark/src/api/starks_api_internal.cuh
[INFO] [stderr]   cargo:rerun-if-changed=/opt/rustwide/target/release/build/proofman-starks-lib-c-4acd17377825bc16/out/pil2-stark/Cargo.toml
[INFO] [stderr]   cargo:rerun-if-changed=/opt/rustwide/target/release/build/proofman-starks-lib-c-4acd17377825bc16/out/pil2-stark/.gitattributes
[INFO] [stderr]   cargo:rerun-if-changed=/opt/rustwide/target/release/build/proofman-starks-lib-c-4acd17377825bc16/out/pil2-stark/README.md
[INFO] [stderr]   cargo:rerun-if-changed=/opt/rustwide/target/release/build/proofman-starks-lib-c-4acd17377825bc16/out/pil2-stark/.cargo_vcs_info.json
[INFO] [stderr]   cargo:rerun-if-changed=/opt/rustwide/target/release/build/proofman-starks-lib-c-4acd17377825bc16/out/pil2-stark/starks_src.rs
[INFO] [stderr]   cargo:rerun-if-changed=/opt/rustwide/target/release/build/proofman-starks-lib-c-4acd17377825bc16/out/pil2-stark/.gitignore
[INFO] [stderr]   cargo:rerun-if-changed=/opt/rustwide/target/release/build/proofman-starks-lib-c-4acd17377825bc16/out/pil2-stark/.cargo-ok
[INFO] [stderr]   cargo:rerun-if-changed=/opt/rustwide/target/release/build/proofman-starks-lib-c-4acd17377825bc16/out/pil2-stark/Cargo.lock
[INFO] [stderr]   cargo:rerun-if-changed=/opt/rustwide/target/release/build/proofman-starks-lib-c-4acd17377825bc16/out/pil2-stark/external/sppark/ec/affine_t.hpp
[INFO] [stderr]   cargo:rerun-if-changed=/opt/rustwide/target/release/build/proofman-starks-lib-c-4acd17377825bc16/out/pil2-stark/external/sppark/ec/jacobian_t.hpp
[INFO] [stderr]   cargo:rerun-if-changed=/opt/rustwide/target/release/build/proofman-starks-lib-c-4acd17377825bc16/out/pil2-stark/external/sppark/ec/xyzz_t.hpp
[INFO] [stderr]   cargo:rerun-if-changed=/opt/rustwide/target/release/build/proofman-starks-lib-c-4acd17377825bc16/out/pil2-stark/external/sppark/msm/sort.cuh
[INFO] [stderr]   cargo:rerun-if-changed=/opt/rustwide/target/release/build/proofman-starks-lib-c-4acd17377825bc16/out/pil2-stark/external/sppark/msm/pippenger.hpp
[INFO] [stderr]   cargo:rerun-if-changed=/opt/rustwide/target/release/build/proofman-starks-lib-c-4acd17377825bc16/out/pil2-stark/external/sppark/msm/pippenger.cuh
[INFO] [stderr]   cargo:rerun-if-changed=/opt/rustwide/target/release/build/proofman-starks-lib-c-4acd17377825bc16/out/pil2-stark/external/sppark/msm/batch_addition.cuh
[INFO] [stderr]   cargo:rerun-if-changed=/opt/rustwide/target/release/build/proofman-starks-lib-c-4acd17377825bc16/out/pil2-stark/external/sppark/LICENSE
[INFO] [stderr]   cargo:rerun-if-changed=/opt/rustwide/target/release/build/proofman-starks-lib-c-4acd17377825bc16/out/pil2-stark/external/sppark/poc/go/poc.go
[INFO] [stderr]   cargo:rerun-if-changed=/opt/rustwide/target/release/build/proofman-starks-lib-c-4acd17377825bc16/out/pil2-stark/external/sppark/poc/go/cgo_sppark.h
[INFO] [stderr]   cargo:rerun-if-changed=/opt/rustwide/target/release/build/proofman-starks-lib-c-4acd17377825bc16/out/pil2-stark/external/sppark/poc/go/poc_test.go
[INFO] [stderr]   cargo:rerun-if-changed=/opt/rustwide/target/release/build/proofman-starks-lib-c-4acd17377825bc16/out/pil2-stark/external/sppark/poc/go/poc.cu
[INFO] [stderr]   cargo:rerun-if-changed=/opt/rustwide/target/release/build/proofman-starks-lib-c-4acd17377825bc16/out/pil2-stark/external/sppark/poc/go/go.sum
[INFO] [stderr]   cargo:rerun-if-changed=/opt/rustwide/target/release/build/proofman-starks-lib-c-4acd17377825bc16/out/pil2-stark/external/sppark/poc/go/go.mod
[INFO] [stderr]   cargo:rerun-if-changed=/opt/rustwide/target/release/build/proofman-starks-lib-c-4acd17377825bc16/out/pil2-stark/external/sppark/README.md
[INFO] [stderr]   cargo:rerun-if-changed=/opt/rustwide/target/release/build/proofman-starks-lib-c-4acd17377825bc16/out/pil2-stark/external/sppark/go/cgo_sppark.h
[INFO] [stderr]   cargo:rerun-if-changed=/opt/rustwide/target/release/build/proofman-starks-lib-c-4acd17377825bc16/out/pil2-stark/external/sppark/go/README.md
[INFO] [stderr]   cargo:rerun-if-changed=/opt/rustwide/target/release/build/proofman-starks-lib-c-4acd17377825bc16/out/pil2-stark/external/sppark/go/sppark.go
[INFO] [stderr]   cargo:rerun-if-changed=/opt/rustwide/target/release/build/proofman-starks-lib-c-4acd17377825bc16/out/pil2-stark/external/sppark/polynomial/prefix_op.cuh
[INFO] [stderr]   cargo:rerun-if-changed=/opt/rustwide/target/release/build/proofman-starks-lib-c-4acd17377825bc16/out/pil2-stark/external/sppark/polynomial/evaluate.cuh
[INFO] [stderr]   cargo:rerun-if-changed=/opt/rustwide/target/release/build/proofman-starks-lib-c-4acd17377825bc16/out/pil2-stark/external/sppark/polynomial/div_by_x_minus_z.cuh
[INFO] [stderr]   cargo:rerun-if-changed=/opt/rustwide/target/release/build/proofman-starks-lib-c-4acd17377825bc16/out/pil2-stark/external/sppark/ntt/parameters.cuh
[INFO] [stderr]   cargo:rerun-if-changed=/opt/rustwide/target/release/build/proofman-starks-lib-c-4acd17377825bc16/out/pil2-stark/external/sppark/ntt/ntt.cuh
[INFO] [stderr]   cargo:rerun-if-changed=/opt/rustwide/target/release/build/proofman-starks-lib-c-4acd17377825bc16/out/pil2-stark/external/sppark/ntt/parameters/goldilocks.h
[INFO] [stderr]   cargo:rerun-if-changed=/opt/rustwide/target/release/build/proofman-starks-lib-c-4acd17377825bc16/out/pil2-stark/external/sppark/ntt/parameters/alt_bn128.h
[INFO] [stderr]   cargo:rerun-if-changed=/opt/rustwide/target/release/build/proofman-starks-lib-c-4acd17377825bc16/out/pil2-stark/external/sppark/ntt/parameters/bls12_381.h
[INFO] [stderr]   cargo:rerun-if-changed=/opt/rustwide/target/release/build/proofman-starks-lib-c-4acd17377825bc16/out/pil2-stark/external/sppark/ntt/parameters/.gitattributes
[INFO] [stderr]   cargo:rerun-if-changed=/opt/rustwide/target/release/build/proofman-starks-lib-c-4acd17377825bc16/out/pil2-stark/external/sppark/ntt/parameters/vesta.h
[INFO] [stderr]   cargo:rerun-if-changed=/opt/rustwide/target/release/build/proofman-starks-lib-c-4acd17377825bc16/out/pil2-stark/external/sppark/ntt/parameters/bls12_377.h
[INFO] [stderr]   cargo:rerun-if-changed=/opt/rustwide/target/release/build/proofman-starks-lib-c-4acd17377825bc16/out/pil2-stark/external/sppark/ntt/parameters/baby_bear.h
[INFO] [stderr]   cargo:rerun-if-changed=/opt/rustwide/target/release/build/proofman-starks-lib-c-4acd17377825bc16/out/pil2-stark/external/sppark/ntt/parameters/pallas.h
[INFO] [stderr]   cargo:rerun-if-changed=/opt/rustwide/target/release/build/proofman-starks-lib-c-4acd17377825bc16/out/pil2-stark/external/sppark/ntt/kernels/ct_mixed_radix_wide.cu
[INFO] [stderr]   cargo:rerun-if-changed=/opt/rustwide/target/release/build/proofman-starks-lib-c-4acd17377825bc16/out/pil2-stark/external/sppark/ntt/kernels/gs_mixed_radix_narrow.cu
[INFO] [stderr]   cargo:rerun-if-changed=/opt/rustwide/target/release/build/proofman-starks-lib-c-4acd17377825bc16/out/pil2-stark/external/sppark/ntt/kernels/gs_mixed_radix_wide.cu
[INFO] [stderr]   cargo:rerun-if-changed=/opt/rustwide/target/release/build/proofman-starks-lib-c-4acd17377825bc16/out/pil2-stark/external/sppark/ntt/kernels/ct_mixed_radix_narrow.cu
[INFO] [stderr]   cargo:rerun-if-changed=/opt/rustwide/target/release/build/proofman-starks-lib-c-4acd17377825bc16/out/pil2-stark/external/sppark/ntt/kernels.cu
[INFO] [stderr]   cargo:rerun-if-changed=/opt/rustwide/target/release/build/proofman-starks-lib-c-4acd17377825bc16/out/pil2-stark/external/sppark/.gitignore
[INFO] [stderr]   cargo:rerun-if-changed=/opt/rustwide/target/release/build/proofman-starks-lib-c-4acd17377825bc16/out/pil2-stark/external/sppark/go.sum
[INFO] [stderr]   cargo:rerun-if-changed=/opt/rustwide/target/release/build/proofman-starks-lib-c-4acd17377825bc16/out/pil2-stark/external/sppark/ff/mont_t.hip
[INFO] [stderr]   cargo:rerun-if-changed=/opt/rustwide/target/release/build/proofman-starks-lib-c-4acd17377825bc16/out/pil2-stark/external/sppark/ff/pasta.hpp
[INFO] [stderr]   cargo:rerun-if-changed=/opt/rustwide/target/release/build/proofman-starks-lib-c-4acd17377825bc16/out/pil2-stark/external/sppark/ff/gl64_t.cuh
[INFO] [stderr]   cargo:rerun-if-changed=/opt/rustwide/target/release/build/proofman-starks-lib-c-4acd17377825bc16/out/pil2-stark/external/sppark/ff/mont_t.cuh
[INFO] [stderr]   cargo:rerun-if-changed=/opt/rustwide/target/release/build/proofman-starks-lib-c-4acd17377825bc16/out/pil2-stark/external/sppark/ff/alt_bn128-fp2.hpp
[INFO] [stderr]   cargo:rerun-if-changed=/opt/rustwide/target/release/build/proofman-starks-lib-c-4acd17377825bc16/out/pil2-stark/external/sppark/ff/bls12-381.hpp
[INFO] [stderr]   cargo:rerun-if-changed=/opt/rustwide/target/release/build/proofman-starks-lib-c-4acd17377825bc16/out/pil2-stark/external/sppark/ff/mont32_t.cuh
[INFO] [stderr]   cargo:rerun-if-changed=/opt/rustwide/target/release/build/proofman-starks-lib-c-4acd17377825bc16/out/pil2-stark/external/sppark/ff/pow.hpp
[INFO] [stderr]   cargo:rerun-if-changed=/opt/rustwide/target/release/build/proofman-starks-lib-c-4acd17377825bc16/out/pil2-stark/external/sppark/ff/bls12-377.hpp
[INFO] [stderr]   cargo:rerun-if-changed=/opt/rustwide/target/release/build/proofman-starks-lib-c-4acd17377825bc16/out/pil2-stark/external/sppark/ff/mersenne31.hpp
[INFO] [stderr]   cargo:rerun-if-changed=/opt/rustwide/target/release/build/proofman-starks-lib-c-4acd17377825bc16/out/pil2-stark/external/sppark/ff/goldilocks.hpp
[INFO] [stderr]   cargo:rerun-if-changed=/opt/rustwide/target/release/build/proofman-starks-lib-c-4acd17377825bc16/out/pil2-stark/external/sppark/ff/batch_inversion.hpp
[INFO] [stderr]   cargo:rerun-if-changed=/opt/rustwide/target/release/build/proofman-starks-lib-c-4acd17377825bc16/out/pil2-stark/external/sppark/ff/gl64_t.hip
[INFO] [stderr]   cargo:rerun-if-changed=/opt/rustwide/target/release/build/proofman-starks-lib-c-4acd17377825bc16/out/pil2-stark/external/sppark/ff/alt_bn128.hpp
[INFO] [stderr]   cargo:rerun-if-changed=/opt/rustwide/target/release/build/proofman-starks-lib-c-4acd17377825bc16/out/pil2-stark/external/sppark/ff/shfl.cuh
[INFO] [stderr]   cargo:rerun-if-changed=/opt/rustwide/target/release/build/proofman-starks-lib-c-4acd17377825bc16/out/pil2-stark/external/sppark/ff/bls12-381-fp2.hpp
[INFO] [stderr]   cargo:rerun-if-changed=/opt/rustwide/target/release/build/proofman-starks-lib-c-4acd17377825bc16/out/pil2-stark/external/sppark/ff/bls12-377-fp2.hpp
[INFO] [stderr]   cargo:rerun-if-changed=/opt/rustwide/target/release/build/proofman-starks-lib-c-4acd17377825bc16/out/pil2-stark/external/sppark/ff/baby_bear.hpp
[INFO] [stderr]   cargo:rerun-if-changed=/opt/rustwide/target/release/build/proofman-starks-lib-c-4acd17377825bc16/out/pil2-stark/external/sppark/ff/mont32_t.hip
[INFO] [stderr]   cargo:rerun-if-changed=/opt/rustwide/target/release/build/proofman-starks-lib-c-4acd17377825bc16/out/pil2-stark/external/sppark/go.mod
[INFO] [stderr]   cargo:rerun-if-changed=/opt/rustwide/target/release/build/proofman-starks-lib-c-4acd17377825bc16/out/pil2-stark/external/sppark/util/cuda2hip.hpp
[INFO] [stderr]   cargo:rerun-if-changed=/opt/rustwide/target/release/build/proofman-starks-lib-c-4acd17377825bc16/out/pil2-stark/external/sppark/util/gpu_t.cuh
[INFO] [stderr]   cargo:rerun-if-changed=/opt/rustwide/target/release/build/proofman-starks-lib-c-4acd17377825bc16/out/pil2-stark/external/sppark/util/thread_pool_t.hpp
[INFO] [stderr]   cargo:rerun-if-changed=/opt/rustwide/target/release/build/proofman-starks-lib-c-4acd17377825bc16/out/pil2-stark/external/sppark/util/exception.hpp
[INFO] [stderr]   cargo:rerun-if-changed=/opt/rustwide/target/release/build/proofman-starks-lib-c-4acd17377825bc16/out/pil2-stark/external/sppark/util/slice_t.hpp
[INFO] [stderr]   cargo:rerun-if-changed=/opt/rustwide/target/release/build/proofman-starks-lib-c-4acd17377825bc16/out/pil2-stark/external/sppark/util/cuda_timer_t.cuh
[INFO] [stderr]   cargo:rerun-if-changed=/opt/rustwide/target/release/build/proofman-starks-lib-c-4acd17377825bc16/out/pil2-stark/external/sppark/util/rusterror.h
[INFO] [stderr]   cargo:rerun-if-changed=/opt/rustwide/target/release/build/proofman-starks-lib-c-4acd17377825bc16/out/pil2-stark/external/sppark/util/cuda_available.cu
[INFO] [stderr]   cargo:rerun-if-changed=/opt/rustwide/target/release/build/proofman-starks-lib-c-4acd17377825bc16/out/pil2-stark/external/sppark/util/all_gpus.cpp
[INFO] [stderr]   cargo:rerun-if-changed=/opt/rustwide/target/release/build/proofman-starks-lib-c-4acd17377825bc16/out/pil2-stark/external/sppark/util/exception.cuh
[INFO] [stderr]   cargo:rerun-if-changed=/opt/rustwide/target/release/build/proofman-starks-lib-c-4acd17377825bc16/out/pil2-stark/external/sppark/util/vec2d_t.hpp
[INFO] [stderr]   cargo:rerun-if-changed=/opt/rustwide/target/release/build/proofman-starks-lib-c-4acd17377825bc16/out/pil2-stark/external/sppark/.github/workflows/ci.yml
[INFO] [stderr]   cargo:rerun-if-changed=/opt/rustwide/target/release/build/proofman-starks-lib-c-4acd17377825bc16/out/pil2-stark/external/blst/bindings/go/cgo_assembly.S
[INFO] [stderr]   cargo:rerun-if-changed=/opt/rustwide/target/release/build/proofman-starks-lib-c-4acd17377825bc16/out/pil2-stark/external/blst/bindings/go/README.md
[INFO] [stderr]   cargo:rerun-if-changed=/opt/rustwide/target/release/build/proofman-starks-lib-c-4acd17377825bc16/out/pil2-stark/external/blst/bindings/go/blst_misc.tgo
[INFO] [stderr]   cargo:rerun-if-changed=/opt/rustwide/target/release/build/proofman-starks-lib-c-4acd17377825bc16/out/pil2-stark/external/blst/bindings/go/rb_tree.go
[INFO] [stderr]   cargo:rerun-if-changed=/opt/rustwide/target/release/build/proofman-starks-lib-c-4acd17377825bc16/out/pil2-stark/external/blst/bindings/go/blst_minpk.tgo
[INFO] [stderr]   cargo:rerun-if-changed=/opt/rustwide/target/release/build/proofman-starks-lib-c-4acd17377825bc16/out/pil2-stark/external/blst/bindings/go/blst_miller_loop_test.go
[INFO] [stderr]   cargo:rerun-if-changed=/opt/rustwide/target/release/build/proofman-starks-lib-c-4acd17377825bc16/out/pil2-stark/external/blst/bindings/go/blst_px.tgo
[INFO] [stderr]   cargo:rerun-if-changed=/opt/rustwide/target/release/build/proofman-starks-lib-c-4acd17377825bc16/out/pil2-stark/external/blst/bindings/go/blst_wasm.go
[INFO] [stderr]   cargo:rerun-if-changed=/opt/rustwide/target/release/build/proofman-starks-lib-c-4acd17377825bc16/out/pil2-stark/external/blst/bindings/go/cgo_server.c
[INFO] [stderr]   cargo:rerun-if-changed=/opt/rustwide/target/release/build/proofman-starks-lib-c-4acd17377825bc16/out/pil2-stark/external/blst/bindings/go/blst_htoc_test.go
[INFO] [stderr]   cargo:rerun-if-changed=/opt/rustwide/target/release/build/proofman-starks-lib-c-4acd17377825bc16/out/pil2-stark/external/blst/bindings/go/blst.tgo
[INFO] [stderr]   cargo:rerun-if-changed=/opt/rustwide/target/release/build/proofman-starks-lib-c-4acd17377825bc16/out/pil2-stark/external/blst/bindings/go/blst_minpk_test.go
[INFO] [stderr]   cargo:rerun-if-changed=/opt/rustwide/target/release/build/proofman-starks-lib-c-4acd17377825bc16/out/pil2-stark/external/blst/bindings/go/blst_minsig_test.go
[INFO] [stderr]   cargo:rerun-if-changed=/opt/rustwide/target/release/build/proofman-starks-lib-c-4acd17377825bc16/out/pil2-stark/external/blst/bindings/go/generate.py
[INFO] [stderr]   cargo:rerun-if-changed=/opt/rustwide/target/release/build/proofman-starks-lib-c-4acd17377825bc16/out/pil2-stark/external/blst/bindings/go/blst.go
[INFO] [stderr]   cargo:rerun-if-changed=/opt/rustwide/target/release/build/proofman-starks-lib-c-4acd17377825bc16/out/pil2-stark/external/blst/bindings/python/run.me
[INFO] [stderr]   cargo:rerun-if-changed=/opt/rustwide/target/release/build/proofman-starks-lib-c-4acd17377825bc16/out/pil2-stark/external/blst/bindings/java/build.sh
[INFO] [stderr]   cargo:rerun-if-changed=/opt/rustwide/target/release/build/proofman-starks-lib-c-4acd17377825bc16/out/pil2-stark/external/blst/bindings/java/run.me
[INFO] [stderr]   cargo:rerun-if-changed=/opt/rustwide/target/release/build/proofman-starks-lib-c-4acd17377825bc16/out/pil2-stark/external/blst/bindings/java/runnable.java
[INFO] [stderr]   cargo:rerun-if-changed=/opt/rustwide/target/release/build/proofman-starks-lib-c-4acd17377825bc16/out/pil2-stark/external/blst/bindings/vectors/hash_to_curve/BLS12381G1_XMD_SHA-256_SSWU_NU_.json
[INFO] [stderr]   cargo:rerun-if-changed=/opt/rustwide/target/release/build/proofman-starks-lib-c-4acd17377825bc16/out/pil2-stark/external/blst/bindings/vectors/hash_to_curve/expand_message_xmd_SHA256_38.json
[INFO] [stderr]   cargo:rerun-if-changed=/opt/rustwide/target/release/build/proofman-starks-lib-c-4acd17377825bc16/out/pil2-stark/external/blst/bindings/vectors/hash_to_curve/BLS12381G1_XMD_SHA-256_SSWU_RO_.json
[INFO] [stderr]   cargo:rerun-if-changed=/opt/rustwide/target/release/build/proofman-starks-lib-c-4acd17377825bc16/out/pil2-stark/external/blst/bindings/vectors/hash_to_curve/BLS12381G2_XMD_SHA-256_SSWU_RO_.json
[INFO] [stderr]   cargo:rerun-if-changed=/opt/rustwide/target/release/build/proofman-starks-lib-c-4acd17377825bc16/out/pil2-stark/external/blst/bindings/vectors/hash_to_curve/BLS12381G2_XMD_SHA-256_SSWU_NU_.json
[INFO] [stderr]   cargo:rerun-if-changed=/opt/rustwide/target/release/build/proofman-starks-lib-c-4acd17377825bc16/out/pil2-stark/external/blst/bindings/vectors/hash_to_curve/expand_message_xmd_SHA256_256.json
[INFO] [stderr]   cargo:rerun-if-changed=/opt/rustwide/target/release/build/proofman-starks-lib-c-4acd17377825bc16/out/pil2-stark/external/blst/bindings/vectors/hash_to_curve/README
[INFO] [stderr]   cargo:rerun-if-changed=/opt/rustwide/target/release/build/proofman-starks-lib-c-4acd17377825bc16/out/pil2-stark/external/blst/bindings/node.js/tsconfig.json
[INFO] [stderr]   cargo:rerun-if-changed=/opt/rustwide/target/release/build/proofman-starks-lib-c-4acd17377825bc16/out/pil2-stark/external/blst/bindings/node.js/blst_wrap.py
[INFO] [stderr]   cargo:rerun-if-changed=/opt/rustwide/target/release/build/proofman-starks-lib-c-4acd17377825bc16/out/pil2-stark/external/blst/bindings/node.js/blst.hpp.ts
[INFO] [stderr]   cargo:rerun-if-changed=/opt/rustwide/target/release/build/proofman-starks-lib-c-4acd17377825bc16/out/pil2-stark/external/blst/bindings/node.js/run.me
[INFO] [stderr]   cargo:rerun-if-changed=/opt/rustwide/target/release/build/proofman-starks-lib-c-4acd17377825bc16/out/pil2-stark/external/blst/bindings/node.js/runnable.js
[INFO] [stderr]   cargo:rerun-if-changed=/opt/rustwide/target/release/build/proofman-starks-lib-c-4acd17377825bc16/out/pil2-stark/external/blst/bindings/node.js/runnable.ts
[INFO] [stderr]   cargo:rerun-if-changed=/opt/rustwide/target/release/build/proofman-starks-lib-c-4acd17377825bc16/out/pil2-stark/external/blst/bindings/node.js/binding.gyp
[INFO] [stderr]   cargo:rerun-if-changed=/opt/rustwide/target/release/build/proofman-starks-lib-c-4acd17377825bc16/out/pil2-stark/external/blst/bindings/blst.hpp
[INFO] [stderr]   cargo:rerun-if-changed=/opt/rustwide/target/release/build/proofman-starks-lib-c-4acd17377825bc16/out/pil2-stark/external/blst/bindings/c#/supranational.blst.cs
[INFO] [stderr]   cargo:rerun-if-changed=/opt/rustwide/target/release/build/proofman-starks-lib-c-4acd17377825bc16/out/pil2-stark/external/blst/bindings/c#/poc.csproj
[INFO] [stderr]   cargo:rerun-if-changed=/opt/rustwide/target/release/build/proofman-starks-lib-c-4acd17377825bc16/out/pil2-stark/external/blst/bindings/c#/run.me
[INFO] [stderr]   cargo:rerun-if-changed=/opt/rustwide/target/release/build/proofman-starks-lib-c-4acd17377825bc16/out/pil2-stark/external/blst/bindings/c#/poc.cs
[INFO] [stderr]   cargo:rerun-if-changed=/opt/rustwide/target/release/build/proofman-starks-lib-c-4acd17377825bc16/out/pil2-stark/external/blst/bindings/blst_aux.h
[INFO] [stderr]   cargo:rerun-if-changed=/opt/rustwide/target/release/build/proofman-starks-lib-c-4acd17377825bc16/out/pil2-stark/external/blst/bindings/zig/blst.zig
[INFO] [stderr]   cargo:rerun-if-changed=/opt/rustwide/target/release/build/proofman-starks-lib-c-4acd17377825bc16/out/pil2-stark/external/blst/bindings/zig/README.md
[INFO] [stderr]   cargo:rerun-if-changed=/opt/rustwide/target/release/build/proofman-starks-lib-c-4acd17377825bc16/out/pil2-stark/external/blst/bindings/zig/tests.zig
[INFO] [stderr]   cargo:rerun-if-changed=/opt/rustwide/target/release/build/proofman-starks-lib-c-4acd17377825bc16/out/pil2-stark/external/blst/bindings/zig/c.zig
[INFO] [stderr]   cargo:rerun-if-changed=/opt/rustwide/target/release/build/proofman-starks-lib-c-4acd17377825bc16/out/pil2-stark/external/blst/bindings/zig/generate.py
[INFO] [stderr]   cargo:rerun-if-changed=/opt/rustwide/target/release/build/proofman-starks-lib-c-4acd17377825bc16/out/pil2-stark/external/blst/bindings/emscripten/build.py
[INFO] [stderr]   cargo:rerun-if-changed=/opt/rustwide/target/release/build/proofman-starks-lib-c-4acd17377825bc16/out/pil2-stark/external/blst/bindings/emscripten/run.me
[INFO] [stderr]   cargo:rerun-if-changed=/opt/rustwide/target/release/build/proofman-starks-lib-c-4acd17377825bc16/out/pil2-stark/external/blst/bindings/emscripten/runnable.js
[INFO] [stderr]   cargo:rerun-if-changed=/opt/rustwide/target/release/build/proofman-starks-lib-c-4acd17377825bc16/out/pil2-stark/external/blst/bindings/emscripten/runnable.html
[INFO] [stderr]   cargo:rerun-if-changed=/opt/rustwide/target/release/build/proofman-starks-lib-c-4acd17377825bc16/out/pil2-stark/external/blst/bindings/blst.swg
[INFO] [stderr]   cargo:rerun-if-changed=/opt/rustwide/target/release/build/proofman-starks-lib-c-4acd17377825bc16/out/pil2-stark/external/blst/bindings/blst.h
[INFO] [stderr]   cargo:rerun-if-changed=/opt/rustwide/target/release/build/proofman-starks-lib-c-4acd17377825bc16/out/pil2-stark/external/blst/.travis.yml
[INFO] [stderr]   cargo:rerun-if-changed=/opt/rustwide/target/release/build/proofman-starks-lib-c-4acd17377825bc16/out/pil2-stark/external/blst/LICENSE
[INFO] [stderr]   cargo:rerun-if-changed=/opt/rustwide/target/release/build/proofman-starks-lib-c-4acd17377825bc16/out/pil2-stark/external/blst/SECURITY.md
[INFO] [stderr]   cargo:rerun-if-changed=/opt/rustwide/target/release/build/proofman-starks-lib-c-4acd17377825bc16/out/pil2-stark/external/blst/src/ec_mult.h
[INFO] [stderr]   cargo:rerun-if-changed=/opt/rustwide/target/release/build/proofman-starks-lib-c-4acd17377825bc16/out/pil2-stark/external/blst/src/point.h
[INFO] [stderr]   cargo:rerun-if-changed=/opt/rustwide/target/release/build/proofman-starks-lib-c-4acd17377825bc16/out/pil2-stark/external/blst/src/client_min_sig.c
[INFO] [stderr]   cargo:rerun-if-changed=/opt/rustwide/target/release/build/proofman-starks-lib-c-4acd17377825bc16/out/pil2-stark/external/blst/src/bytes.h
[INFO] [stderr]   cargo:rerun-if-changed=/opt/rustwide/target/release/build/proofman-starks-lib-c-4acd17377825bc16/out/pil2-stark/external/blst/src/vect.h
[INFO] [stderr]   cargo:rerun-if-changed=/opt/rustwide/target/release/build/proofman-starks-lib-c-4acd17377825bc16/out/pil2-stark/external/blst/src/ec_ops.h
[INFO] [stderr]   cargo:rerun-if-changed=/opt/rustwide/target/release/build/proofman-starks-lib-c-4acd17377825bc16/out/pil2-stark/external/blst/src/rb_tree.c
[INFO] [stderr]   cargo:rerun-if-changed=/opt/rustwide/target/release/build/proofman-starks-lib-c-4acd17377825bc16/out/pil2-stark/external/blst/src/asm/x86_64-xlate.pl
[INFO] [stderr]   cargo:rerun-if-changed=/opt/rustwide/target/release/build/proofman-starks-lib-c-4acd17377825bc16/out/pil2-stark/external/blst/src/asm/mulx_mont_384-x86_64.pl
[INFO] [stderr]   cargo:rerun-if-changed=/opt/rustwide/target/release/build/proofman-starks-lib-c-4acd17377825bc16/out/pil2-stark/external/blst/src/asm/add_mod_384-x86_64.pl
[INFO] [stderr]   cargo:rerun-if-changed=/opt/rustwide/target/release/build/proofman-starks-lib-c-4acd17377825bc16/out/pil2-stark/external/blst/src/asm/mulq_mont_256-x86_64.pl
[INFO] [stderr]   cargo:rerun-if-changed=/opt/rustwide/target/release/build/proofman-starks-lib-c-4acd17377825bc16/out/pil2-stark/external/blst/src/asm/mul_mont_384-armv8.pl
[INFO] [stderr]   cargo:rerun-if-changed=/opt/rustwide/target/release/build/proofman-starks-lib-c-4acd17377825bc16/out/pil2-stark/external/blst/src/asm/sha256-x86_64.pl
[INFO] [stderr]   cargo:rerun-if-changed=/opt/rustwide/target/release/build/proofman-starks-lib-c-4acd17377825bc16/out/pil2-stark/external/blst/src/asm/ct_inverse_mod_256-x86_64.pl
[INFO] [stderr]   cargo:rerun-if-changed=/opt/rustwide/target/release/build/proofman-starks-lib-c-4acd17377825bc16/out/pil2-stark/external/blst/src/asm/arm-xlate.pl
[INFO] [stderr]   cargo:rerun-if-changed=/opt/rustwide/target/release/build/proofman-starks-lib-c-4acd17377825bc16/out/pil2-stark/external/blst/src/asm/div3w-x86_64.pl
[INFO] [stderr]   cargo:rerun-if-changed=/opt/rustwide/target/release/build/proofman-starks-lib-c-4acd17377825bc16/out/pil2-stark/external/blst/src/asm/ctx_inverse_mod_384-x86_64.pl
[INFO] [stderr]   cargo:rerun-if-changed=/opt/rustwide/target/release/build/proofman-starks-lib-c-4acd17377825bc16/out/pil2-stark/external/blst/src/asm/add_mod_384-armv8.pl
[INFO] [stderr]   cargo:rerun-if-changed=/opt/rustwide/target/release/build/proofman-starks-lib-c-4acd17377825bc16/out/pil2-stark/external/blst/src/asm/ct_inverse_mod_256-armv8.pl
[INFO] [stderr]   cargo:rerun-if-changed=/opt/rustwide/target/release/build/proofman-starks-lib-c-4acd17377825bc16/out/pil2-stark/external/blst/src/asm/div3w-armv8.pl
[INFO] [stderr]   cargo:rerun-if-changed=/opt/rustwide/target/release/build/proofman-starks-lib-c-4acd17377825bc16/out/pil2-stark/external/blst/src/asm/mul_mont_256-armv8.pl
[INFO] [stderr]   cargo:rerun-if-changed=/opt/rustwide/target/release/build/proofman-starks-lib-c-4acd17377825bc16/out/pil2-stark/external/blst/src/asm/add_mod_256-armv8.pl
[INFO] [stderr]   cargo:rerun-if-changed=/opt/rustwide/target/release/build/proofman-starks-lib-c-4acd17377825bc16/out/pil2-stark/external/blst/src/asm/sha256-armv8.pl
[INFO] [stderr]   cargo:rerun-if-changed=/opt/rustwide/target/release/build/proofman-starks-lib-c-4acd17377825bc16/out/pil2-stark/external/blst/src/asm/mulx_mont_256-x86_64.pl
[INFO] [stderr]   cargo:rerun-if-changed=/opt/rustwide/target/release/build/proofman-starks-lib-c-4acd17377825bc16/out/pil2-stark/external/blst/src/asm/ct_is_square_mod_384-x86_64.pl
[INFO] [stderr]   cargo:rerun-if-changed=/opt/rustwide/target/release/build/proofman-starks-lib-c-4acd17377825bc16/out/pil2-stark/external/blst/src/asm/mulq_mont_384-x86_64.pl
[INFO] [stderr]   cargo:rerun-if-changed=/opt/rustwide/target/release/build/proofman-starks-lib-c-4acd17377825bc16/out/pil2-stark/external/blst/src/asm/ctq_inverse_mod_384-x86_64.pl
[INFO] [stderr]   cargo:rerun-if-changed=/opt/rustwide/target/release/build/proofman-starks-lib-c-4acd17377825bc16/out/pil2-stark/external/blst/src/asm/add_mod_256-x86_64.pl
[INFO] [stderr]   cargo:rerun-if-changed=/opt/rustwide/target/release/build/proofman-starks-lib-c-4acd17377825bc16/out/pil2-stark/external/blst/src/asm/sha256-portable-x86_64.pl
[INFO] [stderr]   cargo:rerun-if-changed=/opt/rustwide/target/release/build/proofman-starks-lib-c-4acd17377825bc16/out/pil2-stark/external/blst/src/asm/ct_inverse_mod_384-armv8.pl
[INFO] [stderr]   cargo:rerun-if-changed=/opt/rustwide/target/release/build/proofman-starks-lib-c-4acd17377825bc16/out/pil2-stark/external/blst/src/asm/add_mod_384x384-x86_64.pl
[INFO] [stderr]   cargo:rerun-if-changed=/opt/rustwide/target/release/build/proofman-starks-lib-c-4acd17377825bc16/out/pil2-stark/external/blst/src/asm/ct_is_square_mod_384-armv8.pl
[INFO] [stderr]   cargo:rerun-if-changed=/opt/rustwide/target/release/build/proofman-starks-lib-c-4acd17377825bc16/out/pil2-stark/external/blst/src/client_min_pk.c
[INFO] [stderr]   cargo:rerun-if-changed=/opt/rustwide/target/release/build/proofman-starks-lib-c-4acd17377825bc16/out/pil2-stark/external/blst/src/e2.c
[INFO] [stderr]   cargo:rerun-if-changed=/opt/rustwide/target/release/build/proofman-starks-lib-c-4acd17377825bc16/out/pil2-stark/external/blst/src/sha256.h
[INFO] [stderr]   cargo:rerun-if-changed=/opt/rustwide/target/release/build/proofman-starks-lib-c-4acd17377825bc16/out/pil2-stark/external/blst/src/exports.c
[INFO] [stderr]   cargo:rerun-if-changed=/opt/rustwide/target/release/build/proofman-starks-lib-c-4acd17377825bc16/out/pil2-stark/external/blst/src/cpuid.c
[INFO] [stderr]   cargo:rerun-if-changed=/opt/rustwide/target/release/build/proofman-starks-lib-c-4acd17377825bc16/out/pil2-stark/external/blst/src/pentaroot.c
[INFO] [stderr]   cargo:rerun-if-changed=/opt/rustwide/target/release/build/proofman-starks-lib-c-4acd17377825bc16/out/pil2-stark/external/blst/src/recip.c
[INFO] [stderr]   cargo:rerun-if-changed=/opt/rustwide/target/release/build/proofman-starks-lib-c-4acd17377825bc16/out/pil2-stark/external/blst/src/consts.c
[INFO] [stderr]   cargo:rerun-if-changed=/opt/rustwide/target/release/build/proofman-starks-lib-c-4acd17377825bc16/out/pil2-stark/external/blst/src/errors.h
[INFO] [stderr]   cargo:rerun-if-changed=/opt/rustwide/target/release/build/proofman-starks-lib-c-4acd17377825bc16/out/pil2-stark/external/blst/src/no_asm.h
[INFO] [stderr]   cargo:rerun-if-changed=/opt/rustwide/target/release/build/proofman-starks-lib-c-4acd17377825bc16/out/pil2-stark/external/blst/src/aggregate.c
[INFO] [stderr]   cargo:rerun-if-changed=/opt/rustwide/target/release/build/proofman-starks-lib-c-4acd17377825bc16/out/pil2-stark/external/blst/src/blst_t.hpp
[INFO] [stderr]   cargo:rerun-if-changed=/opt/rustwide/target/release/build/proofman-starks-lib-c-4acd17377825bc16/out/pil2-stark/external/blst/src/e1.c
[INFO] [stderr]   cargo:rerun-if-changed=/opt/rustwide/target/release/build/proofman-starks-lib-c-4acd17377825bc16/out/pil2-stark/external/blst/src/fp12_tower.c
[INFO] [stderr]   cargo:rerun-if-changed=/opt/rustwide/target/release/build/proofman-starks-lib-c-4acd17377825bc16/out/pil2-stark/external/blst/src/server.c
[INFO] [stderr]   cargo:rerun-if-changed=/opt/rustwide/target/release/build/proofman-starks-lib-c-4acd17377825bc16/out/pil2-stark/external/blst/src/multi_scalar.c
[INFO] [stderr]   cargo:rerun-if-changed=/opt/rustwide/target/release/build/proofman-starks-lib-c-4acd17377825bc16/out/pil2-stark/external/blst/src/exp.c
[INFO] [stderr]   cargo:rerun-if-changed=/opt/rustwide/target/release/build/proofman-starks-lib-c-4acd17377825bc16/out/pil2-stark/external/blst/src/consts.h
[INFO] [stderr]   cargo:rerun-if-changed=/opt/rustwide/target/release/build/proofman-starks-lib-c-4acd17377825bc16/out/pil2-stark/external/blst/src/vect.c
[INFO] [stderr]   cargo:rerun-if-changed=/opt/rustwide/target/release/build/proofman-starks-lib-c-4acd17377825bc16/out/pil2-stark/external/blst/src/hash_to_field.c
[INFO] [stderr]   cargo:rerun-if-changed=/opt/rustwide/target/release/build/proofman-starks-lib-c-4acd17377825bc16/out/pil2-stark/external/blst/src/bulk_addition.c
[INFO] [stderr]   cargo:rerun-if-changed=/opt/rustwide/target/release/build/proofman-starks-lib-c-4acd17377825bc16/out/pil2-stark/external/blst/src/map_to_g2.c
[INFO] [stderr]   cargo:rerun-if-changed=/opt/rustwide/target/release/build/proofman-starks-lib-c-4acd17377825bc16/out/pil2-stark/external/blst/src/recip-addchain.h
[INFO] [stderr]   cargo:rerun-if-changed=/opt/rustwide/target/release/build/proofman-starks-lib-c-4acd17377825bc16/out/pil2-stark/external/blst/src/fields.h
[INFO] [stderr]   cargo:rerun-if-changed=/opt/rustwide/target/release/build/proofman-starks-lib-c-4acd17377825bc16/out/pil2-stark/external/blst/src/map_to_g1.c
[INFO] [stderr]   cargo:rerun-if-changed=/opt/rustwide/target/release/build/proofman-starks-lib-c-4acd17377825bc16/out/pil2-stark/external/blst/src/pentaroot-addchain.h
[INFO] [stderr]   cargo:rerun-if-changed=/opt/rustwide/target/release/build/proofman-starks-lib-c-4acd17377825bc16/out/pil2-stark/external/blst/src/sqrt.c
[INFO] [stderr]   cargo:rerun-if-changed=/opt/rustwide/target/release/build/proofman-starks-lib-c-4acd17377825bc16/out/pil2-stark/external/blst/src/pairing.c
[INFO] [stderr]   cargo:rerun-if-changed=/opt/rustwide/target/release/build/proofman-starks-lib-c-4acd17377825bc16/out/pil2-stark/external/blst/src/keygen.c
[INFO] [stderr]   cargo:rerun-if-changed=/opt/rustwide/target/release/build/proofman-starks-lib-c-4acd17377825bc16/out/pil2-stark/external/blst/src/sqrt-addchain.h
[INFO] [stderr]   cargo:rerun-if-changed=/opt/rustwide/target/release/build/proofman-starks-lib-c-4acd17377825bc16/out/pil2-stark/external/blst/build.sh
[INFO] [stderr]   cargo:rerun-if-changed=/opt/rustwide/target/release/build/proofman-starks-lib-c-4acd17377825bc16/out/pil2-stark/external/blst/.lgtm.yml
[INFO] [stderr]   cargo:rerun-if-changed=/opt/rustwide/target/release/build/proofman-starks-lib-c-4acd17377825bc16/out/pil2-stark/external/blst/.gitattributes
[INFO] [stderr]   cargo:rerun-if-changed=/opt/rustwide/target/release/build/proofman-starks-lib-c-4acd17377825bc16/out/pil2-stark/external/blst/README.md
[INFO] [stderr]   cargo:rerun-if-changed=/opt/rustwide/target/release/build/proofman-starks-lib-c-4acd17377825bc16/out/pil2-stark/external/blst/build.bat
[INFO] [stderr]   cargo:rerun-if-changed=/opt/rustwide/target/release/build/proofman-starks-lib-c-4acd17377825bc16/out/pil2-stark/external/blst/build.zig.zon
[INFO] [stderr]   cargo:rerun-if-changed=/opt/rustwide/target/release/build/proofman-starks-lib-c-4acd17377825bc16/out/pil2-stark/external/blst/.gitignore
[INFO] [stderr]   cargo:rerun-if-changed=/opt/rustwide/target/release/build/proofman-starks-lib-c-4acd17377825bc16/out/pil2-stark/external/blst/go.mod
[INFO] [stderr]   cargo:rerun-if-changed=/opt/rustwide/target/release/build/proofman-starks-lib-c-4acd17377825bc16/out/pil2-stark/external/blst/.golangci.yml
[INFO] [stderr]   cargo:rerun-if-changed=/opt/rustwide/target/release/build/proofman-starks-lib-c-4acd17377825bc16/out/pil2-stark/external/blst/build.zig
[INFO] [stderr]   cargo:rerun-if-changed=/opt/rustwide/target/release/build/proofman-starks-lib-c-4acd17377825bc16/out/pil2-stark/external/blst/blst_logo_small.png
[INFO] [stderr]   cargo:rerun-if-changed=/opt/rustwide/target/release/build/proofman-starks-lib-c-4acd17377825bc16/out/pil2-stark/external/blst/.github/workflows/codeql-analysis.yml
[INFO] [stderr]   cargo:rerun-if-changed=/opt/rustwide/target/release/build/proofman-starks-lib-c-4acd17377825bc16/out/pil2-stark/external/blst/.github/workflows/golang-lint.yml
[INFO] [stderr]   cargo:rerun-if-changed=/opt/rustwide/target/release/build/proofman-starks-lib-c-4acd17377825bc16/out/pil2-stark/external/blst/.github/workflows/ci.yml
[INFO] [stderr]   cargo:rerun-if-changed=/opt/rustwide/target/release/build/proofman-starks-lib-c-4acd17377825bc16/out/pil2-stark/Cargo.toml.orig
[INFO] [stderr]   cargo:rerun-if-changed=/opt/rustwide/target/release/build/proofman-starks-lib-c-4acd17377825bc16/out/pil2-stark/lib/libstarks.a
[INFO] [stderr]   CUDA archs 80 86 89 90 100 120, gencode flags set
[INFO] [stderr]   AVX2 is supported by the CPU
[INFO] [stderr]   rm -f -r ./build ./lib
[INFO] [stderr]   CUDA archs 80 86 89 90 100 120, gencode flags set
[INFO] [stderr]   AVX2 is supported by the CPU
[INFO] [stderr]   mkdir -p build/./src/api/
[INFO] [stderr]   mkdir -p build/./src/api/
[INFO] [stderr]   mkdir -p build/./src/bctree/
[INFO] [stderr]   mkdir -p build/./src/goldilocks/src/
[INFO] [stderr]   g++ -fopenmp -I/usr/include -I/usr/local/include -MMD -MP -I./src -I./src/binfile -I./src/bn128 -I./src/bn128/src -I./src/bn128/src/curve -I./src/bn128/src/msm -I./src/bn128/src/ffiasm -I./src/bn128/src/poseidon2 -I./src/bn128/src/ntt -I./src/bn128/src/poseidon -I./src/bn128/src/ffigpu -I./src/bn128/benchs -I./src/bn128/tests -I./src/utils -I./src/XKCP -I./src/plonk_setup -I./src/bctree -I./src/starkpil -I./src/starkpil/fri -I./src/starkpil/expressions -I./src/starkpil/merkleTree -I./src/starkpil/transcript -I./src/starkpil/recursion_trace -I./src/starkpil/recursion_trace/gate_bands -I./src/config -I./src/goldilocks -I./src/goldilocks/utils -I./src/goldilocks/src -I./src/goldilocks/benchs -I./src/goldilocks/.vscode -I./src/goldilocks/tests -I./src/fflonk_setup -I./src/rapidsnark -I./src/rapidsnark/polynomial -I./src/api -I/usr/lib/x86_64-linux-gnu/openmpi/include -I/usr/lib/x86_64-linux-gnu/openmpi/include/openmpi -DOMPI_SKIP_MPICXX -DMPICH_SKIP_MPICXX -D__USE_MPI_RMA__ -D__USE_ASSEMBLY__ -std=c++17 -Wall -pthread -Wno-unused-label -fPIC -fopenmp -mavx2 -D__AVX2__ -O3 -c src/api/starks_api.cpp -o build/./src/api/starks_api.cpp.o
[INFO] [stderr]   g++ -fopenmp -I/usr/include -I/usr/local/include -MMD -MP -I./src -I./src/binfile -I./src/bn128 -I./src/bn128/src -I./src/bn128/src/curve -I./src/bn128/src/msm -I./src/bn128/src/ffiasm -I./src/bn128/src/poseidon2 -I./src/bn128/src/ntt -I./src/bn128/src/poseidon -I./src/bn128/src/ffigpu -I./src/bn128/benchs -I./src/bn128/tests -I./src/utils -I./src/XKCP -I./src/plonk_setup -I./src/bctree -I./src/starkpil -I./src/starkpil/fri -I./src/starkpil/expressions -I./src/starkpil/merkleTree -I./src/starkpil/transcript -I./src/starkpil/recursion_trace -I./src/starkpil/recursion_trace/gate_bands -I./src/config -I./src/goldilocks -I./src/goldilocks/utils -I./src/goldilocks/src -I./src/goldilocks/benchs -I./src/goldilocks/.vscode -I./src/goldilocks/tests -I./src/fflonk_setup -I./src/rapidsnark -I./src/rapidsnark/polynomial -I./src/api -I/usr/lib/x86_64-linux-gnu/openmpi/include -I/usr/lib/x86_64-linux-gnu/openmpi/include/openmpi -DOMPI_SKIP_MPICXX -DMPICH_SKIP_MPICXX -D__USE_MPI_RMA__ -D__USE_ASSEMBLY__ -std=c++17 -Wall -pthread -Wno-unused-label -fPIC -fopenmp -mavx2 -D__AVX2__ -O3 -c src/api/starks_backend.cpp -o build/./src/api/starks_backend.cpp.o
[INFO] [stderr]   g++ -fopenmp -I/usr/include -I/usr/local/include -MMD -MP -I./src -I./src/binfile -I./src/bn128 -I./src/bn128/src -I./src/bn128/src/curve -I./src/bn128/src/msm -I./src/bn128/src/ffiasm -I./src/bn128/src/poseidon2 -I./src/bn128/src/ntt -I./src/bn128/src/poseidon -I./src/bn128/src/ffigpu -I./src/bn128/benchs -I./src/bn128/tests -I./src/utils -I./src/XKCP -I./src/plonk_setup -I./src/bctree -I./src/starkpil -I./src/starkpil/fri -I./src/starkpil/expressions -I./src/starkpil/merkleTree -I./src/starkpil/transcript -I./src/starkpil/recursion_trace -I./src/starkpil/recursion_trace/gate_bands -I./src/config -I./src/goldilocks -I./src/goldilocks/utils -I./src/goldilocks/src -I./src/goldilocks/benchs -I./src/goldilocks/.vscode -I./src/goldilocks/tests -I./src/fflonk_setup -I./src/rapidsnark -I./src/rapidsnark/polynomial -I./src/api -I/usr/lib/x86_64-linux-gnu/openmpi/include -I/usr/lib/x86_64-linux-gnu/openmpi/include/openmpi -DOMPI_SKIP_MPICXX -DMPICH_SKIP_MPICXX -D__USE_MPI_RMA__ -D__USE_ASSEMBLY__ -std=c++17 -Wall -pthread -Wno-unused-label -fPIC -fopenmp -mavx2 -D__AVX2__ -O3 -c src/goldilocks/src/blake3_goldilocks.cpp -o build/./src/goldilocks/src/blake3_goldilocks.cpp.o
[INFO] [stderr]   mkdir -p build/./src/goldilocks/src/
[INFO] [stderr]   g++ -fopenmp -I/usr/include -I/usr/local/include -MMD -MP -I./src -I./src/binfile -I./src/bn128 -I./src/bn128/src -I./src/bn128/src/curve -I./src/bn128/src/msm -I./src/bn128/src/ffiasm -I./src/bn128/src/poseidon2 -I./src/bn128/src/ntt -I./src/bn128/src/poseidon -I./src/bn128/src/ffigpu -I./src/bn128/benchs -I./src/bn128/tests -I./src/utils -I./src/XKCP -I./src/plonk_setup -I./src/bctree -I./src/starkpil -I./src/starkpil/fri -I./src/starkpil/expressions -I./src/starkpil/merkleTree -I./src/starkpil/transcript -I./src/starkpil/recursion_trace -I./src/starkpil/recursion_trace/gate_bands -I./src/config -I./src/goldilocks -I./src/goldilocks/utils -I./src/goldilocks/src -I./src/goldilocks/benchs -I./src/goldilocks/.vscode -I./src/goldilocks/tests -I./src/fflonk_setup -I./src/rapidsnark -I./src/rapidsnark/polynomial -I./src/api -I/usr/lib/x86_64-linux-gnu/openmpi/include -I/usr/lib/x86_64-linux-gnu/openmpi/include/openmpi -DOMPI_SKIP_MPICXX -DMPICH_SKIP_MPICXX -D__USE_MPI_RMA__ -D__USE_ASSEMBLY__ -std=c++17 -Wall -pthread -Wno-unused-label -fPIC -fopenmp -mavx2 -D__AVX2__ -O3 -c src/bctree/build_const_tree.cpp -o build/./src/bctree/build_const_tree.cpp.o
[INFO] [stderr]   mkdir -p build/./src/goldilocks/src/
[INFO] [stderr]   mkdir -p build/./src/goldilocks/src/
[INFO] [stderr]   mkdir -p build/./src/goldilocks/src/
[INFO] [stderr]   g++ -fopenmp -I/usr/include -I/usr/local/include -MMD -MP -I./src -I./src/binfile -I./src/bn128 -I./src/bn128/src -I./src/bn128/src/curve -I./src/bn128/src/msm -I./src/bn128/src/ffiasm -I./src/bn128/src/poseidon2 -I./src/bn128/src/ntt -I./src/bn128/src/poseidon -I./src/bn128/src/ffigpu -I./src/bn128/benchs -I./src/bn128/tests -I./src/utils -I./src/XKCP -I./src/plonk_setup -I./src/bctree -I./src/starkpil -I./src/starkpil/fri -I./src/starkpil/expressions -I./src/starkpil/merkleTree -I./src/starkpil/transcript -I./src/starkpil/recursion_trace -I./src/starkpil/recursion_trace/gate_bands -I./src/config -I./src/goldilocks -I./src/goldilocks/utils -I./src/goldilocks/src -I./src/goldilocks/benchs -I./src/goldilocks/.vscode -I./src/goldilocks/tests -I./src/fflonk_setup -I./src/rapidsnark -I./src/rapidsnark/polynomial -I./src/api -I/usr/lib/x86_64-linux-gnu/openmpi/include -I/usr/lib/x86_64-linux-gnu/openmpi/include/openmpi -DOMPI_SKIP_MPICXX -DMPICH_SKIP_MPICXX -D__USE_MPI_RMA__ -D__USE_ASSEMBLY__ -std=c++17 -Wall -pthread -Wno-unused-label -fPIC -fopenmp -mavx2 -D__AVX2__ -O3 -c src/goldilocks/src/poseidon2_goldilocks.cpp -o build/./src/goldilocks/src/poseidon2_goldilocks.cpp.o
[INFO] [stderr]   mkdir -p build/./src/goldilocks/src/
[INFO] [stderr]   mkdir -p build/./src/config/
[INFO] [stderr]   g++ -fopenmp -I/usr/include -I/usr/local/include -MMD -MP -I./src -I./src/binfile -I./src/bn128 -I./src/bn128/src -I./src/bn128/src/curve -I./src/bn128/src/msm -I./src/bn128/src/ffiasm -I./src/bn128/src/poseidon2 -I./src/bn128/src/ntt -I./src/bn128/src/poseidon -I./src/bn128/src/ffigpu -I./src/bn128/benchs -I./src/bn128/tests -I./src/utils -I./src/XKCP -I./src/plonk_setup -I./src/bctree -I./src/starkpil -I./src/starkpil/fri -I./src/starkpil/expressions -I./src/starkpil/merkleTree -I./src/starkpil/transcript -I./src/starkpil/recursion_trace -I./src/starkpil/recursion_trace/gate_bands -I./src/config -I./src/goldilocks -I./src/goldilocks/utils -I./src/goldilocks/src -I./src/goldilocks/benchs -I./src/goldilocks/.vscode -I./src/goldilocks/tests -I./src/fflonk_setup -I./src/rapidsnark -I./src/rapidsnark/polynomial -I./src/api -I/usr/lib/x86_64-linux-gnu/openmpi/include -I/usr/lib/x86_64-linux-gnu/openmpi/include/openmpi -DOMPI_SKIP_MPICXX -DMPICH_SKIP_MPICXX -D__USE_MPI_RMA__ -D__USE_ASSEMBLY__ -std=c++17 -Wall -pthread -Wno-unused-label -fPIC -fopenmp -mavx2 -D__AVX2__ -O3 -c src/goldilocks/src/goldilocks_cubic_extension.cpp -o build/./src/goldilocks/src/goldilocks_cubic_extension.cpp.o
[INFO] [stderr]   g++ -fopenmp -I/usr/include -I/usr/local/include -MMD -MP -I./src -I./src/binfile -I./src/bn128 -I./src/bn128/src -I./src/bn128/src/curve -I./src/bn128/src/msm -I./src/bn128/src/ffiasm -I./src/bn128/src/poseidon2 -I./src/bn128/src/ntt -I./src/bn128/src/poseidon -I./src/bn128/src/ffigpu -I./src/bn128/benchs -I./src/bn128/tests -I./src/utils -I./src/XKCP -I./src/plonk_setup -I./src/bctree -I./src/starkpil -I./src/starkpil/fri -I./src/starkpil/expressions -I./src/starkpil/merkleTree -I./src/starkpil/transcript -I./src/starkpil/recursion_trace -I./src/starkpil/recursion_trace/gate_bands -I./src/config -I./src/goldilocks -I./src/goldilocks/utils -I./src/goldilocks/src -I./src/goldilocks/benchs -I./src/goldilocks/.vscode -I./src/goldilocks/tests -I./src/fflonk_setup -I./src/rapidsnark -I./src/rapidsnark/polynomial -I./src/api -I/usr/lib/x86_64-linux-gnu/openmpi/include -I/usr/lib/x86_64-linux-gnu/openmpi/include/openmpi -DOMPI_SKIP_MPICXX -DMPICH_SKIP_MPICXX -D__USE_MPI_RMA__ -D__USE_ASSEMBLY__ -std=c++17 -Wall -pthread -Wno-unused-label -fPIC -fopenmp -mavx2 -D__AVX2__ -O3 -c src/goldilocks/src/ntt_goldilocks.cpp -o build/./src/goldilocks/src/ntt_goldilocks.cpp.o
[INFO] [stderr]   mkdir -p build/./src/starkpil/
[INFO] [stderr]   mkdir -p build/./src/starkpil/
[INFO] [stderr]   mkdir -p build/./src/starkpil/
[INFO] [stderr]   mkdir -p build/./src/starkpil/expressions/
[INFO] [stderr]   mkdir -p build/./src/starkpil/expressions/
[INFO] [stderr]   g++ -fopenmp -I/usr/include -I/usr/local/include -MMD -MP -I./src -I./src/binfile -I./src/bn128 -I./src/bn128/src -I./src/bn128/src/curve -I./src/bn128/src/msm -I./src/bn128/src/ffiasm -I./src/bn128/src/poseidon2 -I./src/bn128/src/ntt -I./src/bn128/src/poseidon -I./src/bn128/src/ffigpu -I./src/bn128/benchs -I./src/bn128/tests -I./src/utils -I./src/XKCP -I./src/plonk_setup -I./src/bctree -I./src/starkpil -I./src/starkpil/fri -I./src/starkpil/expressions -I./src/starkpil/merkleTree -I./src/starkpil/transcript -I./src/starkpil/recursion_trace -I./src/starkpil/recursion_trace/gate_bands -I./src/config -I./src/goldilocks -I./src/goldilocks/utils -I./src/goldilocks/src -I./src/goldilocks/benchs -I./src/goldilocks/.vscode -I./src/goldilocks/tests -I./src/fflonk_setup -I./src/rapidsnark -I./src/rapidsnark/polynomial -I./src/api -I/usr/lib/x86_64-linux-gnu/openmpi/include -I/usr/lib/x86_64-linux-gnu/openmpi/include/openmpi -DOMPI_SKIP_MPICXX -DMPICH_SKIP_MPICXX -D__USE_MPI_RMA__ -D__USE_ASSEMBLY__ -std=c++17 -Wall -pthread -Wno-unused-label -fPIC -fopenmp -mavx2 -D__AVX2__ -O3 -c src/goldilocks/src/poseidon_goldilocks.cpp -o build/./src/goldilocks/src/poseidon_goldilocks.cpp.o
[INFO] [stderr]   g++ -fopenmp -I/usr/include -I/usr/local/include -MMD -MP -I./src -I./src/binfile -I./src/bn128 -I./src/bn128/src -I./src/bn128/src/curve -I./src/bn128/src/msm -I./src/bn128/src/ffiasm -I./src/bn128/src/poseidon2 -I./src/bn128/src/ntt -I./src/bn128/src/poseidon -I./src/bn128/src/ffigpu -I./src/bn128/benchs -I./src/bn128/tests -I./src/utils -I./src/XKCP -I./src/plonk_setup -I./src/bctree -I./src/starkpil -I./src/starkpil/fri -I./src/starkpil/expressions -I./src/starkpil/merkleTree -I./src/starkpil/transcript -I./src/starkpil/recursion_trace -I./src/starkpil/recursion_trace/gate_bands -I./src/config -I./src/goldilocks -I./src/goldilocks/utils -I./src/goldilocks/src -I./src/goldilocks/benchs -I./src/goldilocks/.vscode -I./src/goldilocks/tests -I./src/fflonk_setup -I./src/rapidsnark -I./src/rapidsnark/polynomial -I./src/api -I/usr/lib/x86_64-linux-gnu/openmpi/include -I/usr/lib/x86_64-linux-gnu/openmpi/include/openmpi -DOMPI_SKIP_MPICXX -DMPICH_SKIP_MPICXX -D__USE_MPI_RMA__ -D__USE_ASSEMBLY__ -std=c++17 -Wall -pthread -Wno-unused-label -fPIC -fopenmp -mavx2 -D__AVX2__ -O3 -c src/config/zkglobals.cpp -o build/./src/config/zkglobals.cpp.o
[INFO] [stderr]   g++ -fopenmp -I/usr/include -I/usr/local/include -MMD -MP -I./src -I./src/binfile -I./src/bn128 -I./src/bn128/src -I./src/bn128/src/curve -I./src/bn128/src/msm -I./src/bn128/src/ffiasm -I./src/bn128/src/poseidon2 -I./src/bn128/src/ntt -I./src/bn128/src/poseidon -I./src/bn128/src/ffigpu -I./src/bn128/benchs -I./src/bn128/tests -I./src/utils -I./src/XKCP -I./src/plonk_setup -I./src/bctree -I./src/starkpil -I./src/starkpil/fri -I./src/starkpil/expressions -I./src/starkpil/merkleTree -I./src/starkpil/transcript -I./src/starkpil/recursion_trace -I./src/starkpil/recursion_trace/gate_bands -I./src/config -I./src/goldilocks -I./src/goldilocks/utils -I./src/goldilocks/src -I./src/goldilocks/benchs -I./src/goldilocks/.vscode -I./src/goldilocks/tests -I./src/fflonk_setup -I./src/rapidsnark -I./src/rapidsnark/polynomial -I./src/api -I/usr/lib/x86_64-linux-gnu/openmpi/include -I/usr/lib/x86_64-linux-gnu/openmpi/include/openmpi -DOMPI_SKIP_MPICXX -DMPICH_SKIP_MPICXX -D__USE_MPI_RMA__ -D__USE_ASSEMBLY__ -std=c++17 -Wall -pthread -Wno-unused-label -fPIC -fopenmp -mavx2 -D__AVX2__ -O3 -c src/goldilocks/src/goldilocks_base_field.cpp -o build/./src/goldilocks/src/goldilocks_base_field.cpp.o
[INFO] [stderr]   g++ -fopenmp -I/usr/include -I/usr/local/include -MMD -MP -I./src -I./src/binfile -I./src/bn128 -I./src/bn128/src -I./src/bn128/src/curve -I./src/bn128/src/msm -I./src/bn128/src/ffiasm -I./src/bn128/src/poseidon2 -I./src/bn128/src/ntt -I./src/bn128/src/poseidon -I./src/bn128/src/ffigpu -I./src/bn128/benchs -I./src/bn128/tests -I./src/utils -I./src/XKCP -I./src/plonk_setup -I./src/bctree -I./src/starkpil -I./src/starkpil/fri -I./src/starkpil/expressions -I./src/starkpil/merkleTree -I./src/starkpil/transcript -I./src/starkpil/recursion_trace -I./src/starkpil/recursion_trace/gate_bands -I./src/config -I./src/goldilocks -I./src/goldilocks/utils -I./src/goldilocks/src -I./src/goldilocks/benchs -I./src/goldilocks/.vscode -I./src/goldilocks/tests -I./src/fflonk_setup -I./src/rapidsnark -I./src/rapidsnark/polynomial -I./src/api -I/usr/lib/x86_64-linux-gnu/openmpi/include -I/usr/lib/x86_64-linux-gnu/openmpi/include/openmpi -DOMPI_SKIP_MPICXX -DMPICH_SKIP_MPICXX -D__USE_MPI_RMA__ -D__USE_ASSEMBLY__ -std=c++17 -Wall -pthread -Wno-unused-label -fPIC -fopenmp -mavx2 -D__AVX2__ -O3 -c src/starkpil/hints.cpp -o build/./src/starkpil/hints.cpp.o
[INFO] [stderr]   g++ -fopenmp -I/usr/include -I/usr/local/include -MMD -MP -I./src -I./src/binfile -I./src/bn128 -I./src/bn128/src -I./src/bn128/src/curve -I./src/bn128/src/msm -I./src/bn128/src/ffiasm -I./src/bn128/src/poseidon2 -I./src/bn128/src/ntt -I./src/bn128/src/poseidon -I./src/bn128/src/ffigpu -I./src/bn128/benchs -I./src/bn128/tests -I./src/utils -I./src/XKCP -I./src/plonk_setup -I./src/bctree -I./src/starkpil -I./src/starkpil/fri -I./src/starkpil/expressions -I./src/starkpil/merkleTree -I./src/starkpil/transcript -I./src/starkpil/recursion_trace -I./src/starkpil/recursion_trace/gate_bands -I./src/config -I./src/goldilocks -I./src/goldilocks/utils -I./src/goldilocks/src -I./src/goldilocks/benchs -I./src/goldilocks/.vscode -I./src/goldilocks/tests -I./src/fflonk_setup -I./src/rapidsnark -I./src/rapidsnark/polynomial -I./src/api -I/usr/lib/x86_64-linux-gnu/openmpi/include -I/usr/lib/x86_64-linux-gnu/openmpi/include/openmpi -DOMPI_SKIP_MPICXX -DMPICH_SKIP_MPICXX -D__USE_MPI_RMA__ -D__USE_ASSEMBLY__ -std=c++17 -Wall -pthread -Wno-unused-label -fPIC -fopenmp -mavx2 -D__AVX2__ -O3 -c src/starkpil/proof2zkinStark.cpp -o build/./src/starkpil/proof2zkinStark.cpp.o
[INFO] [stderr]   g++ -fopenmp -I/usr/include -I/usr/local/include -MMD -MP -I./src -I./src/binfile -I./src/bn128 -I./src/bn128/src -I./src/bn128/src/curve -I./src/bn128/src/msm -I./src/bn128/src/ffiasm -I./src/bn128/src/poseidon2 -I./src/bn128/src/ntt -I./src/bn128/src/poseidon -I./src/bn128/src/ffigpu -I./src/bn128/benchs -I./src/bn128/tests -I./src/utils -I./src/XKCP -I./src/plonk_setup -I./src/bctree -I./src/starkpil -I./src/starkpil/fri -I./src/starkpil/expressions -I./src/starkpil/merkleTree -I./src/starkpil/transcript -I./src/starkpil/recursion_trace -I./src/starkpil/recursion_trace/gate_bands -I./src/config -I./src/goldilocks -I./src/goldilocks/utils -I./src/goldilocks/src -I./src/goldilocks/benchs -I./src/goldilocks/.vscode -I./src/goldilocks/tests -I./src/fflonk_setup -I./src/rapidsnark -I./src/rapidsnark/polynomial -I./src/api -I/usr/lib/x86_64-linux-gnu/openmpi/include -I/usr/lib/x86_64-linux-gnu/openmpi/include/openmpi -DOMPI_SKIP_MPICXX -DMPICH_SKIP_MPICXX -D__USE_MPI_RMA__ -D__USE_ASSEMBLY__ -std=c++17 -Wall -pthread -Wno-unused-label -fPIC -fopenmp -mavx2 -D__AVX2__ -O3 -c src/starkpil/stark_info.cpp -o build/./src/starkpil/stark_info.cpp.o
[INFO] [stderr]   g++ -fopenmp -I/usr/include -I/usr/local/include -MMD -MP -I./src -I./src/binfile -I./src/bn128 -I./src/bn128/src -I./src/bn128/src/curve -I./src/bn128/src/msm -I./src/bn128/src/ffiasm -I./src/bn128/src/poseidon2 -I./src/bn128/src/ntt -I./src/bn128/src/poseidon -I./src/bn128/src/ffigpu -I./src/bn128/benchs -I./src/bn128/tests -I./src/utils -I./src/XKCP -I./src/plonk_setup -I./src/bctree -I./src/starkpil -I./src/starkpil/fri -I./src/starkpil/expressions -I./src/starkpil/merkleTree -I./src/starkpil/transcript -I./src/starkpil/recursion_trace -I./src/starkpil/recursion_trace/gate_bands -I./src/config -I./src/goldilocks -I./src/goldilocks/utils -I./src/goldilocks/src -I./src/goldilocks/benchs -I./src/goldilocks/.vscode -I./src/goldilocks/tests -I./src/fflonk_setup -I./src/rapidsnark -I./src/rapidsnark/polynomial -I./src/api -I/usr/lib/x86_64-linux-gnu/openmpi/include -I/usr/lib/x86_64-linux-gnu/openmpi/include/openmpi -DOMPI_SKIP_MPICXX -DMPICH_SKIP_MPICXX -D__USE_MPI_RMA__ -D__USE_ASSEMBLY__ -std=c++17 -Wall -pthread -Wno-unused-label -fPIC -fopenmp -mavx2 -D__AVX2__ -O3 -c src/starkpil/expressions/expressions_bin.cpp -o build/./src/starkpil/expressions/expressions_bin.cpp.o
[INFO] [stderr]   g++ -fopenmp -I/usr/include -I/usr/local/include -MMD -MP -I./src -I./src/binfile -I./src/bn128 -I./src/bn128/src -I./src/bn128/src/curve -I./src/bn128/src/msm -I./src/bn128/src/ffiasm -I./src/bn128/src/poseidon2 -I./src/bn128/src/ntt -I./src/bn128/src/poseidon -I./src/bn128/src/ffigpu -I./src/bn128/benchs -I./src/bn128/tests -I./src/utils -I./src/XKCP -I./src/plonk_setup -I./src/bctree -I./src/starkpil -I./src/starkpil/fri -I./src/starkpil/expressions -I./src/starkpil/merkleTree -I./src/starkpil/transcript -I./src/starkpil/recursion_trace -I./src/starkpil/recursion_trace/gate_bands -I./src/config -I./src/goldilocks -I./src/goldilocks/utils -I./src/goldilocks/src -I./src/goldilocks/benchs -I./src/goldilocks/.vscode -I./src/goldilocks/tests -I./src/fflonk_setup -I./src/rapidsnark -I./src/rapidsnark/polynomial -I./src/api -I/usr/lib/x86_64-linux-gnu/openmpi/include -I/usr/lib/x86_64-linux-gnu/openmpi/include/openmpi -DOMPI_SKIP_MPICXX -DMPICH_SKIP_MPICXX -D__USE_MPI_RMA__ -D__USE_ASSEMBLY__ -std=c++17 -Wall -pthread -Wno-unused-label -fPIC -fopenmp -mavx2 -D__AVX2__ -O3 -c src/starkpil/expressions/expressions_info.cpp -o build/./src/starkpil/expressions/expressions_info.cpp.o
[INFO] [stderr]   mkdir -p build/./src/starkpil/merkleTree/
[INFO] [stderr]   mkdir -p build/./src/starkpil/merkleTree/
[INFO] [stderr]   mkdir -p build/./src/starkpil/transcript/
[INFO] [stderr]   mkdir -p build/./src/starkpil/transcript/
[INFO] [stderr]   g++ -fopenmp -I/usr/include -I/usr/local/include -MMD -MP -I./src -I./src/binfile -I./src/bn128 -I./src/bn128/src -I./src/bn128/src/curve -I./src/bn128/src/msm -I./src/bn128/src/ffiasm -I./src/bn128/src/poseidon2 -I./src/bn128/src/ntt -I./src/bn128/src/poseidon -I./src/bn128/src/ffigpu -I./src/bn128/benchs -I./src/bn128/tests -I./src/utils -I./src/XKCP -I./src/plonk_setup -I./src/bctree -I./src/starkpil -I./src/starkpil/fri -I./src/starkpil/expressions -I./src/starkpil/merkleTree -I./src/starkpil/transcript -I./src/starkpil/recursion_trace -I./src/starkpil/recursion_trace/gate_bands -I./src/config -I./src/goldilocks -I./src/goldilocks/utils -I./src/goldilocks/src -I./src/goldilocks/benchs -I./src/goldilocks/.vscode -I./src/goldilocks/tests -I./src/fflonk_setup -I./src/rapidsnark -I./src/rapidsnark/polynomial -I./src/api -I/usr/lib/x86_64-linux-gnu/openmpi/include -I/usr/lib/x86_64-linux-gnu/openmpi/include/openmpi -DOMPI_SKIP_MPICXX -DMPICH_SKIP_MPICXX -D__USE_MPI_RMA__ -D__USE_ASSEMBLY__ -std=c++17 -Wall -pthread -Wno-unused-label -fPIC -fopenmp -mavx2 -D__AVX2__ -O3 -c src/starkpil/merkleTree/merkleTreeBN128.cpp -o build/./src/starkpil/merkleTree/merkleTreeBN128.cpp.o
[INFO] [stderr]   g++ -fopenmp -I/usr/include -I/usr/local/include -MMD -MP -I./src -I./src/binfile -I./src/bn128 -I./src/bn128/src -I./src/bn128/src/curve -I./src/bn128/src/msm -I./src/bn128/src/ffiasm -I./src/bn128/src/poseidon2 -I./src/bn128/src/ntt -I./src/bn128/src/poseidon -I./src/bn128/src/ffigpu -I./src/bn128/benchs -I./src/bn128/tests -I./src/utils -I./src/XKCP -I./src/plonk_setup -I./src/bctree -I./src/starkpil -I./src/starkpil/fri -I./src/starkpil/expressions -I./src/starkpil/merkleTree -I./src/starkpil/transcript -I./src/starkpil/recursion_trace -I./src/starkpil/recursion_trace/gate_bands -I./src/config -I./src/goldilocks -I./src/goldilocks/utils -I./src/goldilocks/src -I./src/goldilocks/benchs -I./src/goldilocks/.vscode -I./src/goldilocks/tests -I./src/fflonk_setup -I./src/rapidsnark -I./src/rapidsnark/polynomial -I./src/api -I/usr/lib/x86_64-linux-gnu/openmpi/include -I/usr/lib/x86_64-linux-gnu/openmpi/include/openmpi -DOMPI_SKIP_MPICXX -DMPICH_SKIP_MPICXX -D__USE_MPI_RMA__ -D__USE_ASSEMBLY__ -std=c++17 -Wall -pthread -Wno-unused-label -fPIC -fopenmp -mavx2 -D__AVX2__ -O3 -c src/starkpil/transcript/transcriptGL.cpp -o build/./src/starkpil/transcript/transcriptGL.cpp.o
[INFO] [stderr]   g++ -fopenmp -I/usr/include -I/usr/local/include -MMD -MP -I./src -I./src/binfile -I./src/bn128 -I./src/bn128/src -I./src/bn128/src/curve -I./src/bn128/src/msm -I./src/bn128/src/ffiasm -I./src/bn128/src/poseidon2 -I./src/bn128/src/ntt -I./src/bn128/src/poseidon -I./src/bn128/src/ffigpu -I./src/bn128/benchs -I./src/bn128/tests -I./src/utils -I./src/XKCP -I./src/plonk_setup -I./src/bctree -I./src/starkpil -I./src/starkpil/fri -I./src/starkpil/expressions -I./src/starkpil/merkleTree -I./src/starkpil/transcript -I./src/starkpil/recursion_trace -I./src/starkpil/recursion_trace/gate_bands -I./src/config -I./src/goldilocks -I./src/goldilocks/utils -I./src/goldilocks/src -I./src/goldilocks/benchs -I./src/goldilocks/.vscode -I./src/goldilocks/tests -I./src/fflonk_setup -I./src/rapidsnark -I./src/rapidsnark/polynomial -I./src/api -I/usr/lib/x86_64-linux-gnu/openmpi/include -I/usr/lib/x86_64-linux-gnu/openmpi/include/openmpi -DOMPI_SKIP_MPICXX -DMPICH_SKIP_MPICXX -D__USE_MPI_RMA__ -D__USE_ASSEMBLY__ -std=c++17 -Wall -pthread -Wno-unused-label -fPIC -fopenmp -mavx2 -D__AVX2__ -O3 -c src/starkpil/merkleTree/merkleTreeGL.cpp -o build/./src/starkpil/merkleTree/merkleTreeGL.cpp.o
[INFO] [stderr]   g++ -fopenmp -I/usr/include -I/usr/local/include -MMD -MP -I./src -I./src/binfile -I./src/bn128 -I./src/bn128/src -I./src/bn128/src/curve -I./src/bn128/src/msm -I./src/bn128/src/ffiasm -I./src/bn128/src/poseidon2 -I./src/bn128/src/ntt -I./src/bn128/src/poseidon -I./src/bn128/src/ffigpu -I./src/bn128/benchs -I./src/bn128/tests -I./src/utils -I./src/XKCP -I./src/plonk_setup -I./src/bctree -I./src/starkpil -I./src/starkpil/fri -I./src/starkpil/expressions -I./src/starkpil/merkleTree -I./src/starkpil/transcript -I./src/starkpil/recursion_trace -I./src/starkpil/recursion_trace/gate_bands -I./src/config -I./src/goldilocks -I./src/goldilocks/utils -I./src/goldilocks/src -I./src/goldilocks/benchs -I./src/goldilocks/.vscode -I./src/goldilocks/tests -I./src/fflonk_setup -I./src/rapidsnark -I./src/rapidsnark/polynomial -I./src/api -I/usr/lib/x86_64-linux-gnu/openmpi/include -I/usr/lib/x86_64-linux-gnu/openmpi/include/openmpi -DOMPI_SKIP_MPICXX -DMPICH_SKIP_MPICXX -D__USE_MPI_RMA__ -D__USE_ASSEMBLY__ -std=c++17 -Wall -pthread -Wno-unused-label -fPIC -fopenmp -mavx2 -D__AVX2__ -O3 -c src/starkpil/transcript/transcriptBN128.cpp -o build/./src/starkpil/transcript/transcriptBN128.cpp.o
[INFO] [stderr] 
[INFO] [stderr]   --- stderr
[INFO] [stderr]   Makefile changed — running clean rebuild...
[INFO] [stderr]   [configure] nvidia-smi probe failed — no GPU arch detected, falling back to major archs.
[INFO] [stderr]   Makefile:58: CUDA arch auto-detection failed — building for all major archs: 80 86 89 90 100 120
[INFO] [stderr]   Makefile:104: CUDA not found, GPU targets will be disabled
[INFO] [stderr]   Running make -j starks_lib...
[INFO] [stderr]   [configure] nvidia-smi probe failed — no GPU arch detected, falling back to major archs.
[INFO] [stderr]   Makefile:58: CUDA arch auto-detection failed — building for all major archs: 80 86 89 90 100 120
[INFO] [stderr]   Makefile:104: CUDA not found, GPU targets will be disabled
[INFO] [stderr]   In file included from src/starkpil/expressions/expressions_info.cpp:1:
[INFO] [stderr]   src/starkpil/expressions/expressions_info.hpp:4:10: fatal error: nlohmann/json.hpp: No such file or directory
[INFO] [stderr]       4 | #include <nlohmann/json.hpp>
[INFO] [stderr]         |          ^~~~~~~~~~~~~~~~~~~
[INFO] [stderr]   compilation terminated.
[INFO] [stderr]   make: *** [Makefile:348: build/./src/starkpil/expressions/expressions_info.cpp.o] Error 1
[INFO] [stderr]   make: *** Waiting for unfinished jobs....
[INFO] [stderr]   In file included from src/starkpil/stark_info.cpp:1:
[INFO] [stderr]   src/starkpil/stark_info.hpp:4:10: fatal error: nlohmann/json.hpp: No such file or directory
[INFO] [stderr]       4 | #include <nlohmann/json.hpp>
[INFO] [stderr]         |          ^~~~~~~~~~~~~~~~~~~
[INFO] [stderr]   compilation terminated.
[INFO] [stderr]   make: *** [Makefile:349: build/./src/starkpil/stark_info.cpp.o] Error 1
[INFO] [stderr]   In file included from src/starkpil/proof2zkinStark.cpp:5:
[INFO] [stderr]   src/starkpil/proof2zkinStark.hpp:4:10: fatal error: nlohmann/json.hpp: No such file or directory
[INFO] [stderr]       4 | #include <nlohmann/json.hpp>
[INFO] [stderr]         |          ^~~~~~~~~~~~~~~~~~~
[INFO] [stderr]   compilation terminated.
[INFO] [stderr]   make: *** [Makefile:348: build/./src/starkpil/proof2zkinStark.cpp.o] Error 1
[INFO] [stderr]   In file included from ./src/starkpil/expressions/expressions_bin.hpp:8,
[INFO] [stderr]                    from ./src/starkpil/expressions/expressions_ctx.hpp:3,
[INFO] [stderr]                    from src/starkpil/hints.cpp:1:
[INFO] [stderr]   ./src/starkpil/expressions/expressions_info.hpp:4:10: fatal error: nlohmann/json.hpp: No such file or directory
[INFO] [stderr]       4 | #include <nlohmann/json.hpp>
[INFO] [stderr]         |          ^~~~~~~~~~~~~~~~~~~
[INFO] [stderr]   compilation terminated.
[INFO] [stderr]   make: *** [Makefile:348: build/./src/starkpil/hints.cpp.o] Error 1
[INFO] [stderr]   In file included from src/starkpil/expressions/expressions_bin.hpp:8,
[INFO] [stderr]                    from src/starkpil/expressions/expressions_bin.cpp:1:
[INFO] [stderr]   src/starkpil/expressions/expressions_info.hpp:4:10: fatal error: nlohmann/json.hpp: No such file or directory
[INFO] [stderr]       4 | #include <nlohmann/json.hpp>
[INFO] [stderr]         |          ^~~~~~~~~~~~~~~~~~~
[INFO] [stderr]   compilation terminated.
[INFO] [stderr]   make: *** [Makefile:348: build/./src/starkpil/expressions/expressions_bin.cpp.o] Error 1
[INFO] [stderr]   In file included from src/api/starks_api.cpp:2:
[INFO] [stderr]   ./src/starkpil/proof2zkinStark.hpp:4:10: fatal error: nlohmann/json.hpp: No such file or directory
[INFO] [stderr]       4 | #include <nlohmann/json.hpp>
[INFO] [stderr]         |          ^~~~~~~~~~~~~~~~~~~
[INFO] [stderr]   compilation terminated.
[INFO] [stderr]   make: *** [Makefile:348: build/./src/api/starks_api.cpp.o] Error 1
[INFO] [stderr]   In file included from ./src/utils/zklog.hpp:8,
[INFO] [stderr]                    from src/starkpil/merkleTree/merkleTreeBN128.hpp:9,
[INFO] [stderr]                    from src/starkpil/merkleTree/merkleTreeBN128.cpp:2:
[INFO] [stderr]   ./src/utils/utils.hpp:7:10: fatal error: nlohmann/json.hpp: No such file or directory
[INFO] [stderr]       7 | #include <nlohmann/json.hpp>
[INFO] [stderr]         |          ^~~~~~~~~~~~~~~~~~~
[INFO] [stderr]   compilation terminated.
[INFO] [stderr]   make: *** [Makefile:348: build/./src/starkpil/merkleTree/merkleTreeBN128.cpp.o] Error 1
[INFO] [stderr]   In file included from ./src/utils/zklog.hpp:8,
[INFO] [stderr]                    from ./src/api/starks_api_internal.hpp:16,
[INFO] [stderr]                    from src/starkpil/transcript/transcriptGL.hpp:6,
[INFO] [stderr]                    from src/starkpil/transcript/transcriptGL.cpp:1:
[INFO] [stderr]   ./src/utils/utils.hpp:7:10: fatal error: nlohmann/json.hpp: No such file or directory
[INFO] [stderr]       7 | #include <nlohmann/json.hpp>
[INFO] [stderr]         |          ^~~~~~~~~~~~~~~~~~~
[INFO] [stderr]   compilation terminated.
[INFO] [stderr]   make: *** [Makefile:348: build/./src/starkpil/transcript/transcriptGL.cpp.o] Error 1
[INFO] [stderr]   In file included from ./src/utils/zklog.hpp:8,
[INFO] [stderr]                    from ./src/api/starks_api_internal.hpp:16,
[INFO] [stderr]                    from src/starkpil/merkleTree/merkleTreeGL.hpp:7,
[INFO] [stderr]                    from src/starkpil/merkleTree/merkleTreeGL.cpp:1:
[INFO] [stderr]   ./src/utils/utils.hpp:7:10: fatal error: nlohmann/json.hpp: No such file or directory
[INFO] [stderr]       7 | #include <nlohmann/json.hpp>
[INFO] [stderr]         |          ^~~~~~~~~~~~~~~~~~~
[INFO] [stderr]   compilation terminated.
[INFO] [stderr]   make: *** [Makefile:348: build/./src/starkpil/merkleTree/merkleTreeGL.cpp.o] Error 1
[INFO] [stderr]   In file included from ./src/utils/zklog.hpp:8,
[INFO] [stderr]                    from ./src/starkpil/merkleTree/merkleTreeBN128.hpp:9,
[INFO] [stderr]                    from src/bctree/build_const_tree.hpp:8,
[INFO] [stderr]                    from src/bctree/build_const_tree.cpp:1:
[INFO] [stderr]   ./src/utils/utils.hpp:7:10: fatal error: nlohmann/json.hpp: No such file or directory
[INFO] [stderr]       7 | #include <nlohmann/json.hpp>
[INFO] [stderr]         |          ^~~~~~~~~~~~~~~~~~~
[INFO] [stderr]   compilation terminated.
[INFO] [stderr]   make: *** [Makefile:348: build/./src/bctree/build_const_tree.cpp.o] Error 1
[INFO] [stderr]   In file included from ./src/utils/zklog.hpp:8,
[INFO] [stderr]                    from src/starkpil/transcript/transcriptBN128.cpp:3:
[INFO] [stderr]   ./src/utils/utils.hpp:7:10: fatal error: nlohmann/json.hpp: No such file or directory
[INFO] [stderr]       7 | #include <nlohmann/json.hpp>
[INFO] [stderr]         |          ^~~~~~~~~~~~~~~~~~~
[INFO] [stderr]   compilation terminated.
[INFO] [stderr]   make: *** [Makefile:348: build/./src/starkpil/transcript/transcriptBN128.cpp.o] Error 1
[INFO] [stderr] 
[INFO] [stderr]   thread 'main' (357) panicked at /opt/rustwide/cargo-home/registry/src/index.crates.io-1949cf8c6b5b557f/proofman-starks-lib-c-1.3.2-alpha/build.rs:210:9:
[INFO] [stderr]   Command `make` failed with exit code Some(2)
[INFO] [stderr]   stack backtrace:
[INFO] [stderr]      0:     0x5706a44eb1f1 - <<std[70759c8f55707aa4]::sys::backtrace::BacktraceLock>::print::DisplayBacktrace as core[df12db4294e9bfd3]::fmt::Display>::fmt
[INFO] [stderr]      1:     0x5706a44fcb6a - core[df12db4294e9bfd3]::fmt::write
[INFO] [stderr]      2:     0x5706a44ef52c - <std[70759c8f55707aa4]::sys::stdio::unix::Stderr as core[df12db4294e9bfd3]::io::write::Write>::write_fmt
[INFO] [stderr]      3:     0x5706a44cbd56 - std[70759c8f55707aa4]::panicking::default_hook::{closure#0}
[INFO] [stderr]      4:     0x5706a44e5a61 - std[70759c8f55707aa4]::panicking::default_hook
[INFO] [stderr]      5:     0x5706a44e5c1b - std[70759c8f55707aa4]::panicking::panic_with_hook
[INFO] [stderr]      6:     0x5706a44cbe02 - std[70759c8f55707aa4]::panicking::panic_handler::{closure#0}
[INFO] [stderr]      7:     0x5706a44c49b9 - std[70759c8f55707aa4]::sys::backtrace::__rust_end_short_backtrace::<std[70759c8f55707aa4]::panicking::panic_handler::{closure#0}, !>
[INFO] [stderr]      8:     0x5706a44cc6bd - __rustc[8fa7c3cbc660c2b3]::rust_begin_unwind
[INFO] [stderr]      9:     0x5706a44fd29c - core[df12db4294e9bfd3]::panicking::panic_fmt
[INFO] [stderr]     10:     0x5706a44b2594 - build_script_build[33e4675f59ae50bf]::run_command
[INFO] [stderr]     11:     0x5706a44b4e70 - build_script_build[33e4675f59ae50bf]::main
[INFO] [stderr]     12:     0x5706a44b8f23 - <fn() as core[df12db4294e9bfd3]::ops::function::FnOnce<()>>::call_once
[INFO] [stderr]     13:     0x5706a44b199e - std[70759c8f55707aa4]::sys::backtrace::__rust_begin_short_backtrace::<fn(), ()>
[INFO] [stderr]     14:     0x5706a44b1d29 - std[70759c8f55707aa4]::rt::lang_start::<()>::{closure#0}
[INFO] [stderr]     15:     0x5706a44e4e99 - std[70759c8f55707aa4]::rt::lang_start_internal
[INFO] [stderr]     16:     0x5706a44b0d81 - std[70759c8f55707aa4]::rt::lang_start::<()>
[INFO] [stderr]     17:     0x5706a44b90c5 - main
[INFO] [stderr]     18:     0x7eb096e69601 - <unknown>
[INFO] [stderr]     19:     0x7eb096e69718 - __libc_start_main
[INFO] [stderr]     20:     0x5706a44af705 - _start
[INFO] [stderr]     21:                0x0 - <unknown>
[INFO] running `Command { std: "docker" "inspect" "3eab77879811cb1797b7fe2059a7acdc90977b4124f5c84683f548b45c150827", kill_on_drop: false }`
[INFO] running `Command { std: "docker" "rm" "-f" "3eab77879811cb1797b7fe2059a7acdc90977b4124f5c84683f548b45c150827", kill_on_drop: false }`
[INFO] [stdout] 3eab77879811cb1797b7fe2059a7acdc90977b4124f5c84683f548b45c150827
