[INFO] fetching crate prompty 2.0.1...
[INFO] testing prompty-2.0.1 against 1.99.0-beta.8+cargoflags=--release for beta-release-1.100-2
[INFO] extracting crate prompty 2.0.1 into /workspace/builds/worker-3-tc1/source
[INFO] started tweaking crates.io crate prompty 2.0.1
[INFO] removed 0 missing tests
[INFO] finished tweaking crates.io crate prompty 2.0.1
[INFO] tweaked toml for crates.io crate prompty 2.0.1 written to /workspace/builds/worker-3-tc1/source/Cargo.toml
[INFO] validating manifest of crates.io crate prompty 2.0.1 on toolchain 1.99.0-beta.8
[INFO] running `Command { std: CARGO_HOME="/workspace/cargo-home" RUSTUP_HOME="/workspace/rustup-home" "/workspace/cargo-home/bin/cargo" "+1.99.0-beta.8" "metadata" "--manifest-path" "Cargo.toml" "--no-deps", kill_on_drop: false }`
[INFO] crate crates.io crate prompty 2.0.1 already has a lockfile, it will not be regenerated
[INFO] running `Command { std: CARGO_HOME="/workspace/cargo-home" RUSTUP_HOME="/workspace/rustup-home" "/workspace/cargo-home/bin/cargo" "+1.99.0-beta.8" "fetch" "--manifest-path" "Cargo.toml", kill_on_drop: false }`
[INFO] [stderr]     Updating crates.io index
[INFO] [stderr]  Downloading crates ...
[INFO] [stderr]   Downloaded opentelemetry-stdout v0.32.0
[INFO] [stderr]   Downloaded ribboncurls v0.5.0
[INFO] [stderr]   Downloaded memo-map v0.3.4
[INFO] [stderr]   Downloaded minijinja v2.24.0
[INFO] running `Command { std: "docker" "create" "-v" "/var/lib/crater-agent-workspace/builds/worker-3-tc1/source:/opt/rustwide/workdir:ro,Z" "-v" "/var/lib/crater-agent-workspace/builds/worker-3-tc1/target:/opt/rustwide/target:rw,Z" "-v" "/var/lib/crater-agent-workspace/cargo-home:/opt/rustwide/cargo-home:ro,Z" "-v" "/var/lib/crater-agent-workspace/rustup-home:/opt/rustwide/rustup-home:ro,Z" "-m" "1610612736" "--network" "none" "ghcr.io/rust-lang/crates-build-env/linux@sha256:77db811e55d90add9212f6832c23229e3de5f1c1f9905e8cb07319ea15df73ac" "sleep" "infinity", kill_on_drop: false }`
[INFO] [stdout] 9489ec7aa302ca6f7c0bd7026b1cdfa4b2fbf7176f251dcaeddc475ddf4f6d82
[INFO] running `Command { std: "docker" "start" "9489ec7aa302ca6f7c0bd7026b1cdfa4b2fbf7176f251dcaeddc475ddf4f6d82", kill_on_drop: false }`
[INFO] running `Command { std: "docker" "inspect" "9489ec7aa302ca6f7c0bd7026b1cdfa4b2fbf7176f251dcaeddc475ddf4f6d82", kill_on_drop: false }`
[INFO] running `Command { std: "docker" "exec" "-e" "SOURCE_DIR=/opt/rustwide/workdir" "-e" "CARGO_HOME=/opt/rustwide/cargo-home" "-e" "RUSTUP_HOME=/opt/rustwide/rustup-home" "-e" "CARGO_TARGET_DIR=/opt/rustwide/target" "-w" "/opt/rustwide/workdir" "--user" "0:0" "9489ec7aa302ca6f7c0bd7026b1cdfa4b2fbf7176f251dcaeddc475ddf4f6d82" "/opt/rustwide/cargo-home/bin/cargo" "+1.99.0-beta.8" "metadata" "--no-deps" "--format-version=1", kill_on_drop: false }`
[INFO] running `Command { std: "docker" "inspect" "9489ec7aa302ca6f7c0bd7026b1cdfa4b2fbf7176f251dcaeddc475ddf4f6d82", kill_on_drop: false }`
[INFO] running `Command { std: "docker" "exec" "-e" "SOURCE_DIR=/opt/rustwide/workdir" "-e" "CARGO_HOME=/opt/rustwide/cargo-home" "-e" "RUSTUP_HOME=/opt/rustwide/rustup-home" "-e" "CARGO_TARGET_DIR=/opt/rustwide/target" "-e" "CARGO_INCREMENTAL=0" "-e" "RUST_BACKTRACE=full" "-e" "RUSTFLAGS=--cap-lints=warn" "-e" "RUSTDOCFLAGS=--cap-lints=warn" "-w" "/opt/rustwide/workdir" "--user" "0:0" "9489ec7aa302ca6f7c0bd7026b1cdfa4b2fbf7176f251dcaeddc475ddf4f6d82" "/opt/rustwide/cargo-home/bin/cargo" "+1.99.0-beta.8" "build" "--frozen" "--message-format=json" "--release", kill_on_drop: false }`
[INFO] [stderr]    Compiling syn v3.0.5
[INFO] [stderr]    Compiling hashbrown v0.17.1
[INFO] [stderr]    Compiling zerocopy v0.8.57
[INFO] [stderr]    Compiling unsafe-libyaml v0.2.11
[INFO] [stderr]    Compiling ryu v1.0.23
[INFO] [stderr]    Compiling getrandom v0.3.4
[INFO] [stderr]    Compiling regex-automata v0.4.18
[INFO] [stderr]    Compiling html-escape v0.2.15
[INFO] [stderr]    Compiling memo-map v0.3.4
[INFO] [stderr]    Compiling rand_core v0.9.5
[INFO] [stderr]    Compiling serde_json v1.0.151
[INFO] [stderr]    Compiling indexmap v2.14.2
[INFO] [stderr]    Compiling serde_derive v1.0.229
[INFO] [stderr]    Compiling futures-macro v0.3.34
[INFO] [stderr]    Compiling thiserror-impl v2.0.20
[INFO] [stderr]    Compiling tokio-macros v2.7.2
[INFO] [stderr]    Compiling async-trait v0.1.92
[INFO] [stderr]    Compiling regex v1.13.1
[INFO] [stderr]    Compiling tokio v1.53.1
[INFO] [stderr]    Compiling futures-util v0.3.34
[INFO] [stderr]    Compiling thiserror v2.0.20
[INFO] [stderr]    Compiling ppv-lite86 v0.2.21
[INFO] [stderr]    Compiling rand_chacha v0.9.0
[INFO] [stderr]    Compiling rand v0.9.5
[INFO] [stderr]    Compiling serde v1.0.229
[INFO] [stderr]    Compiling serde_yaml v0.9.34+deprecated
[INFO] [stderr]    Compiling futures-executor v0.3.34
[INFO] [stderr]    Compiling futures v0.3.34
[INFO] [stderr]    Compiling minijinja v2.24.0
[INFO] [stderr]    Compiling ribboncurls v0.5.0
[INFO] [stderr]    Compiling prompty v2.0.1 (/opt/rustwide/workdir)
[INFO] [stderr]     Finished `release` profile [optimized] target(s) in 2m 14s
[INFO] running `Command { std: "docker" "inspect" "9489ec7aa302ca6f7c0bd7026b1cdfa4b2fbf7176f251dcaeddc475ddf4f6d82", kill_on_drop: false }`
[INFO] running `Command { std: "docker" "exec" "-e" "SOURCE_DIR=/opt/rustwide/workdir" "-e" "CARGO_HOME=/opt/rustwide/cargo-home" "-e" "RUSTUP_HOME=/opt/rustwide/rustup-home" "-e" "CARGO_TARGET_DIR=/opt/rustwide/target" "-e" "CARGO_INCREMENTAL=0" "-e" "RUST_BACKTRACE=full" "-e" "RUSTFLAGS=--cap-lints=warn" "-e" "RUSTDOCFLAGS=--cap-lints=warn" "-w" "/opt/rustwide/workdir" "--user" "0:0" "9489ec7aa302ca6f7c0bd7026b1cdfa4b2fbf7176f251dcaeddc475ddf4f6d82" "/opt/rustwide/cargo-home/bin/cargo" "+1.99.0-beta.8" "test" "--frozen" "--no-run" "--message-format=json" "--release", kill_on_drop: false }`
[INFO] [stderr]    Compiling smallvec v1.16.0
[INFO] [stderr]    Compiling rand_chacha v0.9.0
[INFO] [stderr]    Compiling serial_test_derive v4.0.1
[INFO] [stderr]    Compiling parking_lot_core v0.9.12
[INFO] [stderr]    Compiling rand v0.9.5
[INFO] [stderr]    Compiling parking_lot v0.12.5
[INFO] [stderr]    Compiling tokio v1.53.1
[INFO] [stderr]    Compiling serial_test v4.0.1
[INFO] [stderr]    Compiling prompty v2.0.1 (/opt/rustwide/workdir)
[INFO] [stdout] error[E0433]: cannot find module or crate `prompty_anthropic` in this scope
[INFO] [stdout]     --> tests/model/vector_adapters.rs:1125:24
[INFO] [stdout]      |
[INFO] [stdout] 1125 |         "anthropic" => prompty_anthropic::wire::build_chat_args(&agent, &messages)
[INFO] [stdout]      |                        ^^^^^^^^^^^^^^^^^ use of unresolved module or unlinked crate `prompty_anthropic`
[INFO] [stdout]      |
[INFO] [stdout]      = help: if you wanted to use a crate named `prompty_anthropic`, use `cargo add prompty_anthropic` to add it to your `Cargo.toml`
[INFO] [stdout] 
[INFO] [stdout] 
[INFO] [stdout] error[E0433]: cannot find module or crate `prompty_openai` in this scope
[INFO] [stdout]     --> tests/model/vector_adapters.rs:1128:33
[INFO] [stdout]      |
[INFO] [stdout] 1128 |             "chat" | "agent" => prompty_openai::wire::build_chat_args(&agent, &messages)
[INFO] [stdout]      |                                 ^^^^^^^^^^^^^^ use of unresolved module or unlinked crate `prompty_openai`
[INFO] [stdout]      |
[INFO] [stdout]      = help: if you wanted to use a crate named `prompty_openai`, use `cargo add prompty_openai` to add it to your `Cargo.toml`
[INFO] [stdout] 
[INFO] [stdout] 
[INFO] [stdout] error[E0433]: cannot find module or crate `prompty_openai` in this scope
[INFO] [stdout]     --> tests/model/vector_adapters.rs:1130:28
[INFO] [stdout]      |
[INFO] [stdout] 1130 |             "responses" => prompty_openai::wire::build_responses_args(&agent, &messages)
[INFO] [stdout]      |                            ^^^^^^^^^^^^^^ use of unresolved module or unlinked crate `prompty_openai`
[INFO] [stdout]      |
[INFO] [stdout]      = help: if you wanted to use a crate named `prompty_openai`, use `cargo add prompty_openai` to add it to your `Cargo.toml`
[INFO] [stdout] 
[INFO] [stdout] 
[INFO] [stdout] error[E0433]: cannot find module or crate `prompty_openai` in this scope
[INFO] [stdout]     --> tests/model/vector_adapters.rs:1132:28
[INFO] [stdout]      |
[INFO] [stdout] 1132 |             "embedding" => prompty_openai::wire::build_embedding_args(&agent, &messages),
[INFO] [stdout]      |                            ^^^^^^^^^^^^^^ use of unresolved module or unlinked crate `prompty_openai`
[INFO] [stdout]      |
[INFO] [stdout]      = help: if you wanted to use a crate named `prompty_openai`, use `cargo add prompty_openai` to add it to your `Cargo.toml`
[INFO] [stdout] 
[INFO] [stdout] 
[INFO] [stdout] error[E0433]: cannot find module or crate `prompty_openai` in this scope
[INFO] [stdout]     --> tests/model/vector_adapters.rs:1133:24
[INFO] [stdout]      |
[INFO] [stdout] 1133 |             "image" => prompty_openai::wire::build_image_args(&agent, &messages),
[INFO] [stdout]      |                        ^^^^^^^^^^^^^^ use of unresolved module or unlinked crate `prompty_openai`
[INFO] [stdout]      |
[INFO] [stdout]      = help: if you wanted to use a crate named `prompty_openai`, use `cargo add prompty_openai` to add it to your `Cargo.toml`
[INFO] [stdout] 
[INFO] [stdout] 
[INFO] [stdout] error[E0433]: cannot find module or crate `prompty_openai` in this scope
[INFO] [stdout]     --> tests/model/vector_adapters.rs:2257:17
[INFO] [stdout]      |
[INFO] [stdout] 2257 |                 prompty_openai::processor::process_stream(futures::stream::iter(provider_chunks))
[INFO] [stdout]      |                 ^^^^^^^^^^^^^^ use of unresolved module or unlinked crate `prompty_openai`
[INFO] [stdout]      |
[INFO] [stdout]      = help: if you wanted to use a crate named `prompty_openai`, use `cargo add prompty_openai` to add it to your `Cargo.toml`
[INFO] [stdout] 
[INFO] [stdout] 
[INFO] [stdout] warning: use of deprecated method `std::sync::atomic::Atomic::<u64>::fetch_update`: renamed to `try_update` for consistency
[INFO] [stdout]     --> tests/turn_engine.rs:1521:14
[INFO] [stdout]      |
[INFO] [stdout] 1521 |             .fetch_update(Ordering::Relaxed, Ordering::Relaxed, |value| {
[INFO] [stdout]      |              ^^^^^^^^^^^^
[INFO] [stdout]      |
[INFO] [stdout]      = note: `#[warn(deprecated)]` on by default
[INFO] [stdout] help: replace the use of the deprecated method
[INFO] [stdout]      |
[INFO] [stdout] 1521 -             .fetch_update(Ordering::Relaxed, Ordering::Relaxed, |value| {
[INFO] [stdout] 1521 +             .try_update(Ordering::Relaxed, Ordering::Relaxed, |value| {
[INFO] [stdout]      |
[INFO] [stdout] 
[INFO] [stdout] 
[INFO] [stdout] error[E0433]: cannot find module or crate `prompty_anthropic` in this scope
[INFO] [stdout]    --> tests/model/vector_adapters.rs:313:23
[INFO] [stdout]     |
[INFO] [stdout] 313 |             let raw = prompty_anthropic::AnthropicExecutor
[INFO] [stdout]     |                       ^^^^^^^^^^^^^^^^^ use of unresolved module or unlinked crate `prompty_anthropic`
[INFO] [stdout]     |
[INFO] [stdout]     = help: if you wanted to use a crate named `prompty_anthropic`, use `cargo add prompty_anthropic` to add it to your `Cargo.toml`
[INFO] [stdout] 
[INFO] [stdout] 
[INFO] [stdout] error[E0433]: cannot find module or crate `prompty_anthropic` in this scope
[INFO] [stdout]    --> tests/model/vector_adapters.rs:317:13
[INFO] [stdout]     |
[INFO] [stdout] 317 |             prompty_anthropic::AnthropicProcessor
[INFO] [stdout]     |             ^^^^^^^^^^^^^^^^^ use of unresolved module or unlinked crate `prompty_anthropic`
[INFO] [stdout]     |
[INFO] [stdout]     = help: if you wanted to use a crate named `prompty_anthropic`, use `cargo add prompty_anthropic` to add it to your `Cargo.toml`
[INFO] [stdout] 
[INFO] [stdout] 
[INFO] [stdout] error[E0433]: cannot find module or crate `prompty_foundry` in this scope
[INFO] [stdout]    --> tests/model/vector_adapters.rs:323:23
[INFO] [stdout]     |
[INFO] [stdout] 323 |             let raw = prompty_foundry::FoundryExecutor
[INFO] [stdout]     |                       ^^^^^^^^^^^^^^^ use of unresolved module or unlinked crate `prompty_foundry`
[INFO] [stdout]     |
[INFO] [stdout]     = help: if you wanted to use a crate named `prompty_foundry`, use `cargo add prompty_foundry` to add it to your `Cargo.toml`
[INFO] [stdout] 
[INFO] [stdout] 
[INFO] [stdout] error[E0433]: cannot find module or crate `prompty_foundry` in this scope
[INFO] [stdout]    --> tests/model/vector_adapters.rs:327:13
[INFO] [stdout]     |
[INFO] [stdout] 327 |             prompty_foundry::FoundryProcessor
[INFO] [stdout]     |             ^^^^^^^^^^^^^^^ use of unresolved module or unlinked crate `prompty_foundry`
[INFO] [stdout]     |
[INFO] [stdout]     = help: if you wanted to use a crate named `prompty_foundry`, use `cargo add prompty_foundry` to add it to your `Cargo.toml`
[INFO] [stdout] 
[INFO] [stdout] 
[INFO] [stdout] error[E0433]: cannot find module or crate `prompty_openai` in this scope
[INFO] [stdout]    --> tests/model/vector_adapters.rs:333:23
[INFO] [stdout]     |
[INFO] [stdout] 333 |             let raw = prompty_openai::OpenAIExecutor
[INFO] [stdout]     |                       ^^^^^^^^^^^^^^ use of unresolved module or unlinked crate `prompty_openai`
[INFO] [stdout]     |
[INFO] [stdout]     = help: if you wanted to use a crate named `prompty_openai`, use `cargo add prompty_openai` to add it to your `Cargo.toml`
[INFO] [stdout] 
[INFO] [stdout] 
[INFO] [stdout] error[E0433]: cannot find module or crate `prompty_openai` in this scope
[INFO] [stdout]    --> tests/model/vector_adapters.rs:337:13
[INFO] [stdout]     |
[INFO] [stdout] 337 |             prompty_openai::OpenAIProcessor
[INFO] [stdout]     |             ^^^^^^^^^^^^^^ use of unresolved module or unlinked crate `prompty_openai`
[INFO] [stdout]     |
[INFO] [stdout]     = help: if you wanted to use a crate named `prompty_openai`, use `cargo add prompty_openai` to add it to your `Cargo.toml`
[INFO] [stdout] 
[INFO] [stdout] 
[INFO] [stdout] error[E0433]: cannot find module or crate `prompty_openai` in this scope
[INFO] [stdout]     --> tests/model/vector_adapters.rs:2234:13
[INFO] [stdout]      |
[INFO] [stdout] 2234 |             prompty_openai::process_response(agent, response).map_err(boxed)
[INFO] [stdout]      |             ^^^^^^^^^^^^^^ use of unresolved module or unlinked crate `prompty_openai`
[INFO] [stdout]      |
[INFO] [stdout]      = help: if you wanted to use a crate named `prompty_openai`, use `cargo add prompty_openai` to add it to your `Cargo.toml`
[INFO] [stdout] 
[INFO] [stdout] 
[INFO] [stdout] For more information about this error, try `rustc --explain E0433`.
[INFO] [stdout] 
[INFO] [stderr] error: could not compile `prompty` (test "model") due to 13 previous errors
[INFO] [stderr] warning: build failed, waiting for other jobs to finish...
[INFO] running `Command { std: "docker" "inspect" "9489ec7aa302ca6f7c0bd7026b1cdfa4b2fbf7176f251dcaeddc475ddf4f6d82", kill_on_drop: false }`
[INFO] running `Command { std: "docker" "rm" "-f" "9489ec7aa302ca6f7c0bd7026b1cdfa4b2fbf7176f251dcaeddc475ddf4f6d82", kill_on_drop: false }`
[INFO] [stdout] 9489ec7aa302ca6f7c0bd7026b1cdfa4b2fbf7176f251dcaeddc475ddf4f6d82
