[INFO] fetching crate project-setup-lint-arwaky 3.7.1...
[INFO] testing project-setup-lint-arwaky-3.7.1 against 1.100.0-beta.1+cargoflags=--release for beta-release-1.100-2
[INFO] extracting crate project-setup-lint-arwaky 3.7.1 into /workspace/builds/worker-6-tc2/source
[INFO] started tweaking crates.io crate project-setup-lint-arwaky 3.7.1
[INFO] removed 0 missing tests
[INFO] finished tweaking crates.io crate project-setup-lint-arwaky 3.7.1
[INFO] tweaked toml for crates.io crate project-setup-lint-arwaky 3.7.1 written to /workspace/builds/worker-6-tc2/source/Cargo.toml
[INFO] validating manifest of crates.io crate project-setup-lint-arwaky 3.7.1 on toolchain 1.100.0-beta.1
[INFO] running `Command { std: CARGO_HOME="/workspace/cargo-home" RUSTUP_HOME="/workspace/rustup-home" "/workspace/cargo-home/bin/cargo" "+1.100.0-beta.1" "metadata" "--manifest-path" "Cargo.toml" "--no-deps", kill_on_drop: false }`
[INFO] crate crates.io crate project-setup-lint-arwaky 3.7.1 already has a lockfile, it will not be regenerated
[INFO] running `Command { std: CARGO_HOME="/workspace/cargo-home" RUSTUP_HOME="/workspace/rustup-home" "/workspace/cargo-home/bin/cargo" "+1.100.0-beta.1" "fetch" "--manifest-path" "Cargo.toml", kill_on_drop: false }`
[INFO] running `Command { std: "docker" "create" "-v" "/var/lib/crater-agent-workspace/builds/worker-6-tc2/source:/opt/rustwide/workdir:ro,Z" "-v" "/var/lib/crater-agent-workspace/builds/worker-6-tc2/target:/opt/rustwide/target:rw,Z" "-v" "/var/lib/crater-agent-workspace/cargo-home:/opt/rustwide/cargo-home:ro,Z" "-v" "/var/lib/crater-agent-workspace/rustup-home:/opt/rustwide/rustup-home:ro,Z" "-m" "1610612736" "--network" "none" "ghcr.io/rust-lang/crates-build-env/linux@sha256:77db811e55d90add9212f6832c23229e3de5f1c1f9905e8cb07319ea15df73ac" "sleep" "infinity", kill_on_drop: false }`
[INFO] [stdout] c18dfd6bc05cd1ebffd34954a1e177a663f241ccd95d6160888296922a2311db
[INFO] running `Command { std: "docker" "start" "c18dfd6bc05cd1ebffd34954a1e177a663f241ccd95d6160888296922a2311db", kill_on_drop: false }`
[INFO] running `Command { std: "docker" "inspect" "c18dfd6bc05cd1ebffd34954a1e177a663f241ccd95d6160888296922a2311db", kill_on_drop: false }`
[INFO] running `Command { std: "docker" "exec" "-e" "SOURCE_DIR=/opt/rustwide/workdir" "-e" "CARGO_HOME=/opt/rustwide/cargo-home" "-e" "RUSTUP_HOME=/opt/rustwide/rustup-home" "-e" "CARGO_TARGET_DIR=/opt/rustwide/target" "-w" "/opt/rustwide/workdir" "--user" "0:0" "c18dfd6bc05cd1ebffd34954a1e177a663f241ccd95d6160888296922a2311db" "/opt/rustwide/cargo-home/bin/cargo" "+1.100.0-beta.1" "metadata" "--no-deps" "--format-version=1", kill_on_drop: false }`
[INFO] running `Command { std: "docker" "inspect" "c18dfd6bc05cd1ebffd34954a1e177a663f241ccd95d6160888296922a2311db", kill_on_drop: false }`
[INFO] running `Command { std: "docker" "exec" "-e" "SOURCE_DIR=/opt/rustwide/workdir" "-e" "CARGO_HOME=/opt/rustwide/cargo-home" "-e" "RUSTUP_HOME=/opt/rustwide/rustup-home" "-e" "CARGO_TARGET_DIR=/opt/rustwide/target" "-e" "CARGO_INCREMENTAL=0" "-e" "RUST_BACKTRACE=full" "-e" "RUSTFLAGS=--cap-lints=warn" "-e" "RUSTDOCFLAGS=--cap-lints=warn" "-w" "/opt/rustwide/workdir" "--user" "0:0" "c18dfd6bc05cd1ebffd34954a1e177a663f241ccd95d6160888296922a2311db" "/opt/rustwide/cargo-home/bin/cargo" "+1.100.0-beta.1" "build" "--frozen" "--message-format=json" "--release", kill_on_drop: false }`
[INFO] [stderr]    Compiling smallvec v1.15.2
[INFO] [stderr]    Compiling syn v3.0.6
[INFO] [stderr]    Compiling proc-macro2 v1.0.107
[INFO] [stderr]    Compiling ref-cast v1.0.26
[INFO] [stderr]    Compiling quote v1.0.47
[INFO] [stderr]    Compiling indexmap v2.14.0
[INFO] [stderr]    Compiling rmcp v3.4.0
[INFO] [stderr]    Compiling clap_builder v4.6.7
[INFO] [stderr]    Compiling regex-automata v0.4.18
[INFO] [stderr]    Compiling uuid v1.24.0
[INFO] [stderr]    Compiling base64 v0.23.0
[INFO] [stderr]    Compiling parking_lot_core v0.9.12
[INFO] [stderr]    Compiling parking_lot v0.12.5
[INFO] [stderr]    Compiling either v1.17.0
[INFO] [stderr]    Compiling shared-lint-arwaky v3.7.1
[INFO] [stderr]    Compiling dashmap v6.2.1
[INFO] [stderr]    Compiling dirs-sys v0.5.0
[INFO] [stderr]    Compiling rayon v1.12.0
[INFO] [stderr]    Compiling dirs v7.0.0
[INFO] [stderr]    Compiling regex v1.13.1
[INFO] [stderr]    Compiling darling_core v0.24.0
[INFO] [stderr]    Compiling serde_derive_internals v0.30.0
[INFO] [stderr]    Compiling serde_derive v1.0.229
[INFO] [stderr]    Compiling futures-macro v0.3.34
[INFO] [stderr]    Compiling tokio-macros v2.7.2
[INFO] [stderr]    Compiling futures-util v0.3.34
[INFO] [stderr]    Compiling ref-cast-impl v1.0.26
[INFO] [stderr]    Compiling darling_macro v0.24.0
[INFO] [stderr]    Compiling darling v0.24.0
[INFO] [stderr]    Compiling tokio v1.53.1
[INFO] [stderr]    Compiling schemars_derive v1.2.2
[INFO] [stderr]    Compiling thiserror-impl v2.0.20
[INFO] [stderr]    Compiling rmcp-macros v3.4.0
[INFO] [stderr]    Compiling clap_derive v4.6.7
[INFO] [stderr]    Compiling async-trait v0.1.92
[INFO] [stderr]    Compiling serde v1.0.229
[INFO] [stderr]    Compiling thiserror v2.0.20
[INFO] [stderr]    Compiling chrono v0.4.45
[INFO] [stderr]    Compiling serde_yaml_ng v0.10.0
[INFO] [stderr]    Compiling clap v4.6.7
[INFO] [stderr]    Compiling futures-executor v0.3.34
[INFO] [stderr]    Compiling schemars v1.2.2
[INFO] [stderr]    Compiling tokio-util v0.7.19
[INFO] [stderr]    Compiling futures v0.3.34
[INFO] [stderr]    Compiling project-setup-lint-arwaky v3.7.1 (/opt/rustwide/workdir)
[INFO] [stdout] error: couldn't read `src/../../shared/config/lint_arwaky.config.yaml`: No such file or directory (os error 2)
[INFO] [stdout]    --> src/capabilities_setup_processor.rs:267:20
[INFO] [stdout]     |
[INFO] [stdout] 267 |                 Ok(include_str!("../../shared/config/lint_arwaky.config.yaml"))
[INFO] [stdout]     |                    ^^^^^^^^^^^^^^^^^^^^^^^^^^^^^^^^^^^^^^^^^^^^^^^^^^^^^^^^^^^
[INFO] [stdout] 
[INFO] [stdout] 
[INFO] [stdout] error[E0432]: unresolved import `shared::cli_commands::taxonomy_command_vo`
[INFO] [stdout]   --> src/agent_setup_orchestrator.rs:14:27
[INFO] [stdout]    |
[INFO] [stdout] 14 | use shared::cli_commands::taxonomy_command_vo::TransportUrlVO;
[INFO] [stdout]    |                           ^^^^^^^^^^^^^^^^^^^ could not find `taxonomy_command_vo` in `cli_commands`
[INFO] [stdout] 
[INFO] [stdout] 
[INFO] [stdout] error[E0432]: unresolved import `shared::project_setup::taxonomy_setup_vo`
[INFO] [stdout]   --> src/capabilities_setup_installer_adapter.rs:14:28
[INFO] [stdout]    |
[INFO] [stdout] 14 | use shared::project_setup::taxonomy_setup_vo::SetupError;
[INFO] [stdout]    |                            ^^^^^^^^^^^^^^^^^ could not find `taxonomy_setup_vo` in `project_setup`
[INFO] [stdout] 
[INFO] [stdout] 
[INFO] [stdout] error[E0432]: unresolved import `shared::project_setup::taxonomy_setup_vo`
[INFO] [stdout]   --> src/capabilities_setup_processor.rs:19:28
[INFO] [stdout]    |
[INFO] [stdout] 19 | use shared::project_setup::taxonomy_setup_vo::EmbeddedSkillVO;
[INFO] [stdout]    |                            ^^^^^^^^^^^^^^^^^ could not find `taxonomy_setup_vo` in `project_setup`
[INFO] [stdout] 
[INFO] [stdout] 
[INFO] [stdout] error[E0432]: unresolved import `shared::project_setup::taxonomy_setup_vo`
[INFO] [stdout]   --> src/capabilities_setup_processor.rs:20:28
[INFO] [stdout]    |
[INFO] [stdout] 20 | use shared::project_setup::taxonomy_setup_vo::{
[INFO] [stdout]    |                            ^^^^^^^^^^^^^^^^^ could not find `taxonomy_setup_vo` in `project_setup`
[INFO] [stdout] 
[INFO] [stdout] 
[INFO] [stdout] error[E0433]: cannot find `taxonomy_setup_vo` in `project_setup`
[INFO] [stdout]    --> src/agent_setup_orchestrator.rs:182:33
[INFO] [stdout]     |
[INFO] [stdout] 182 |     ) -> shared::project_setup::taxonomy_setup_vo::WriteConfigResult {
[INFO] [stdout]     |                                 ^^^^^^^^^^^^^^^^^ could not find `taxonomy_setup_vo` in `project_setup`
[INFO] [stdout] 
[INFO] [stdout] 
[INFO] [stdout] error[E0433]: cannot find `taxonomy_setup_vo` in `project_setup`
[INFO] [stdout]    --> src/agent_setup_orchestrator.rs:188:33
[INFO] [stdout]     |
[INFO] [stdout] 188 |     ) -> shared::project_setup::taxonomy_setup_vo::CreateConfigDirResult {
[INFO] [stdout]     |                                 ^^^^^^^^^^^^^^^^^ could not find `taxonomy_setup_vo` in `project_setup`
[INFO] [stdout] 
[INFO] [stdout] 
[INFO] [stdout] Some errors have detailed explanations: E0432, E0433.
[INFO] [stdout] 
[INFO] [stdout] For more information about an error, try `rustc --explain E0432`.
[INFO] [stdout] 
[INFO] [stderr] error: could not compile `project-setup-lint-arwaky` (lib) due to 7 previous errors
[INFO] [stderr] warning: build failed, waiting for other jobs to finish...
[INFO] running `Command { std: "docker" "inspect" "c18dfd6bc05cd1ebffd34954a1e177a663f241ccd95d6160888296922a2311db", kill_on_drop: false }`
[INFO] running `Command { std: "docker" "rm" "-f" "c18dfd6bc05cd1ebffd34954a1e177a663f241ccd95d6160888296922a2311db", kill_on_drop: false }`
[INFO] [stdout] c18dfd6bc05cd1ebffd34954a1e177a663f241ccd95d6160888296922a2311db
