[INFO] fetching crate progit-forge-client 0.1.0...
[INFO] testing progit-forge-client-0.1.0 against 1.100.0-beta.1+cargoflags=--release for beta-release-1.100-2
[INFO] extracting crate progit-forge-client 0.1.0 into /workspace/builds/worker-0-tc2/source
[INFO] started tweaking crates.io crate progit-forge-client 0.1.0
[INFO] removed 0 missing tests
[INFO] finished tweaking crates.io crate progit-forge-client 0.1.0
[INFO] tweaked toml for crates.io crate progit-forge-client 0.1.0 written to /workspace/builds/worker-0-tc2/source/Cargo.toml
[INFO] validating manifest of crates.io crate progit-forge-client 0.1.0 on toolchain 1.100.0-beta.1
[INFO] running `Command { std: CARGO_HOME="/workspace/cargo-home" RUSTUP_HOME="/workspace/rustup-home" "/workspace/cargo-home/bin/cargo" "+1.100.0-beta.1" "metadata" "--manifest-path" "Cargo.toml" "--no-deps", kill_on_drop: false }`
[INFO] crate crates.io crate progit-forge-client 0.1.0 already has a lockfile, it will not be regenerated
[INFO] running `Command { std: CARGO_HOME="/workspace/cargo-home" RUSTUP_HOME="/workspace/rustup-home" "/workspace/cargo-home/bin/cargo" "+1.100.0-beta.1" "fetch" "--manifest-path" "Cargo.toml", kill_on_drop: false }`
[INFO] running `Command { std: "docker" "create" "-v" "/var/lib/crater-agent-workspace/builds/worker-0-tc2/source:/opt/rustwide/workdir:ro,Z" "-v" "/var/lib/crater-agent-workspace/builds/worker-0-tc2/target:/opt/rustwide/target:rw,Z" "-v" "/var/lib/crater-agent-workspace/cargo-home:/opt/rustwide/cargo-home:ro,Z" "-v" "/var/lib/crater-agent-workspace/rustup-home:/opt/rustwide/rustup-home:ro,Z" "-m" "1610612736" "--network" "none" "ghcr.io/rust-lang/crates-build-env/linux@sha256:77db811e55d90add9212f6832c23229e3de5f1c1f9905e8cb07319ea15df73ac" "sleep" "infinity", kill_on_drop: false }`
[INFO] [stdout] 2a730ddb7244088c1f7804c48e9c9874d1b0517e5d1d0a7e8a4f88b223b2e46c
[INFO] running `Command { std: "docker" "start" "2a730ddb7244088c1f7804c48e9c9874d1b0517e5d1d0a7e8a4f88b223b2e46c", kill_on_drop: false }`
[INFO] running `Command { std: "docker" "inspect" "2a730ddb7244088c1f7804c48e9c9874d1b0517e5d1d0a7e8a4f88b223b2e46c", kill_on_drop: false }`
[INFO] running `Command { std: "docker" "exec" "-e" "SOURCE_DIR=/opt/rustwide/workdir" "-e" "CARGO_HOME=/opt/rustwide/cargo-home" "-e" "RUSTUP_HOME=/opt/rustwide/rustup-home" "-e" "CARGO_TARGET_DIR=/opt/rustwide/target" "-w" "/opt/rustwide/workdir" "--user" "0:0" "2a730ddb7244088c1f7804c48e9c9874d1b0517e5d1d0a7e8a4f88b223b2e46c" "/opt/rustwide/cargo-home/bin/cargo" "+1.100.0-beta.1" "metadata" "--no-deps" "--format-version=1", kill_on_drop: false }`
[INFO] running `Command { std: "docker" "inspect" "2a730ddb7244088c1f7804c48e9c9874d1b0517e5d1d0a7e8a4f88b223b2e46c", kill_on_drop: false }`
[INFO] running `Command { std: "docker" "exec" "-e" "SOURCE_DIR=/opt/rustwide/workdir" "-e" "CARGO_HOME=/opt/rustwide/cargo-home" "-e" "RUSTUP_HOME=/opt/rustwide/rustup-home" "-e" "CARGO_TARGET_DIR=/opt/rustwide/target" "-e" "CARGO_INCREMENTAL=0" "-e" "RUST_BACKTRACE=full" "-e" "RUSTFLAGS=--cap-lints=warn" "-e" "RUSTDOCFLAGS=--cap-lints=warn" "-w" "/opt/rustwide/workdir" "--user" "0:0" "2a730ddb7244088c1f7804c48e9c9874d1b0517e5d1d0a7e8a4f88b223b2e46c" "/opt/rustwide/cargo-home/bin/cargo" "+1.100.0-beta.1" "build" "--frozen" "--message-format=json" "--release", kill_on_drop: false }`
[INFO] [stderr]    Compiling either v1.15.0
[INFO] [stderr]    Compiling libc v0.2.186
[INFO] [stderr]    Compiling anyhow v1.0.102
[INFO] [stderr]    Compiling getrandom v0.4.2
[INFO] [stderr]    Compiling hashbrown v0.17.0
[INFO] [stderr]    Compiling bytes v1.11.1
[INFO] [stderr]    Compiling bitflags v2.11.1
[INFO] [stderr]    Compiling mio v1.2.0
[INFO] [stderr]    Compiling regex-syntax v0.8.10
[INFO] [stderr]    Compiling getrandom v0.2.17
[INFO] [stderr]    Compiling tokio-macros v2.7.0
[INFO] [stderr]    Compiling futures-macro v0.3.32
[INFO] [stderr]    Compiling tracing-attributes v0.1.31
[INFO] [stderr]    Compiling fastrand v2.4.1
[INFO] [stderr]    Compiling indexmap v1.9.3
[INFO] [stderr]    Compiling ppv-lite86 v0.2.21
[INFO] [stderr]    Compiling prettyplease v0.2.37
[INFO] [stderr]    Compiling sync_wrapper v1.0.2
[INFO] [stderr]    Compiling rand_core v0.6.4
[INFO] [stderr]    Compiling serde v1.0.228
[INFO] [stderr]    Compiling itertools v0.14.0
[INFO] [stderr]    Compiling rustix v1.1.4
[INFO] [stderr]    Compiling pin-project-internal v1.1.12
[INFO] [stderr]    Compiling async-trait v0.1.89
[INFO] [stderr]    Compiling futures-util v0.3.32
[INFO] [stderr]    Compiling rand_chacha v0.3.1
[INFO] [stderr]    Compiling tokio v1.52.3
[INFO] [stderr]    Compiling async-stream-impl v0.3.6
[INFO] [stderr]    Compiling indexmap v2.14.0
[INFO] [stderr]    Compiling thiserror-impl v1.0.69
[INFO] [stderr]    Compiling socket2 v0.5.10
[INFO] [stderr]    Compiling rand v0.8.6
[INFO] [stderr]    Compiling tracing v0.1.44
[INFO] [stderr]    Compiling async-stream v0.3.6
[INFO] [stderr]    Compiling pin-project v1.1.12
[INFO] [stderr]    Compiling thiserror v1.0.69
[INFO] [stderr]    Compiling petgraph v0.7.1
[INFO] [stderr]    Compiling prost-derive v0.13.5
[INFO] [stderr]    Compiling tempfile v3.27.0
[INFO] [stderr]    Compiling regex-automata v0.4.14
[INFO] [stderr]    Compiling tower v0.5.3
[INFO] [stderr]    Compiling axum-core v0.4.5
[INFO] [stderr]    Compiling prost v0.13.5
[INFO] [stderr]    Compiling prost-types v0.13.5
[INFO] [stderr]    Compiling regex v1.12.3
[INFO] [stderr]    Compiling axum v0.7.9
[INFO] [stderr]    Compiling prost-build v0.13.5
[INFO] [stderr]    Compiling tonic-build v0.12.3
[INFO] [stderr]    Compiling progit-forge-client v0.1.0 (/opt/rustwide/workdir)
[INFO] [stderr]    Compiling tokio-util v0.7.18
[INFO] [stderr]    Compiling tokio-stream v0.1.18
[INFO] [stderr]    Compiling h2 v0.4.14
[INFO] [stderr]    Compiling tower v0.4.13
[INFO] [stderr]    Compiling hyper v1.9.0
[INFO] [stderr]    Compiling hyper-util v0.1.20
[INFO] [stderr]    Compiling hyper-timeout v0.5.2
[INFO] [stderr]    Compiling tonic v0.12.3
[INFO] [stderr]     Finished `release` profile [optimized] target(s) in 47.76s
[INFO] running `Command { std: "docker" "inspect" "2a730ddb7244088c1f7804c48e9c9874d1b0517e5d1d0a7e8a4f88b223b2e46c", kill_on_drop: false }`
[INFO] running `Command { std: "docker" "exec" "-e" "SOURCE_DIR=/opt/rustwide/workdir" "-e" "CARGO_HOME=/opt/rustwide/cargo-home" "-e" "RUSTUP_HOME=/opt/rustwide/rustup-home" "-e" "CARGO_TARGET_DIR=/opt/rustwide/target" "-e" "CARGO_INCREMENTAL=0" "-e" "RUST_BACKTRACE=full" "-e" "RUSTFLAGS=--cap-lints=warn" "-e" "RUSTDOCFLAGS=--cap-lints=warn" "-w" "/opt/rustwide/workdir" "--user" "0:0" "2a730ddb7244088c1f7804c48e9c9874d1b0517e5d1d0a7e8a4f88b223b2e46c" "/opt/rustwide/cargo-home/bin/cargo" "+1.100.0-beta.1" "test" "--frozen" "--no-run" "--message-format=json" "--release", kill_on_drop: false }`
[INFO] [stderr]    Compiling parking_lot_core v0.9.12
[INFO] [stderr]    Compiling fastrand v2.4.1
[INFO] [stderr]    Compiling rustix v1.1.4
[INFO] [stderr]    Compiling getrandom v0.4.2
[INFO] [stderr]    Compiling parking_lot v0.12.5
[INFO] [stderr]    Compiling tokio v1.52.3
[INFO] [stderr]    Compiling tempfile v3.27.0
[INFO] [stderr]    Compiling tokio-util v0.7.18
[INFO] [stderr]    Compiling tokio-stream v0.1.18
[INFO] [stderr]    Compiling h2 v0.4.14
[INFO] [stderr]    Compiling tower v0.4.13
[INFO] [stderr]    Compiling hyper v1.9.0
[INFO] [stderr]    Compiling hyper-util v0.1.20
[INFO] [stderr]    Compiling hyper-timeout v0.5.2
[INFO] [stderr]    Compiling tonic v0.12.3
[INFO] [stderr]    Compiling progit-forge-client v0.1.0 (/opt/rustwide/workdir)
[INFO] [stdout] error[E0433]: cannot find module or crate `progit_forged` in this scope
[INFO] [stdout]   --> tests/backend_against_daemon.rs:15:5
[INFO] [stdout]    |
[INFO] [stdout] 15 | use progit_forged::rpc::{ForgeServer, ForgeService};
[INFO] [stdout]    |     ^^^^^^^^^^^^^ use of unresolved module or unlinked crate `progit_forged`
[INFO] [stdout]    |
[INFO] [stdout]    = help: if you wanted to use a crate named `progit_forged`, use `cargo add progit_forged` to add it to your `Cargo.toml`
[INFO] [stdout] 
[INFO] [stdout] 
[INFO] [stdout] error[E0433]: cannot find module or crate `progit_forged` in this scope
[INFO] [stdout]   --> tests/backend_against_daemon.rs:16:5
[INFO] [stdout]    |
[INFO] [stdout] 16 | use progit_forged::storage::Store;
[INFO] [stdout]    |     ^^^^^^^^^^^^^ use of unresolved module or unlinked crate `progit_forged`
[INFO] [stdout]    |
[INFO] [stdout]    = help: if you wanted to use a crate named `progit_forged`, use `cargo add progit_forged` to add it to your `Cargo.toml`
[INFO] [stdout] 
[INFO] [stdout] 
[INFO] [stdout] error[E0433]: cannot find module or crate `progit_forged` in this scope
[INFO] [stdout]   --> tests/backend_against_daemon.rs:89:23
[INFO] [stdout]    |
[INFO] [stdout] 89 |     let (pack, oid) = progit_forged::pack::build_pack_with_blob(b"trait round trip");
[INFO] [stdout]    |                       ^^^^^^^^^^^^^ use of unresolved module or unlinked crate `progit_forged`
[INFO] [stdout]    |
[INFO] [stdout]    = help: if you wanted to use a crate named `progit_forged`, use `cargo add progit_forged` to add it to your `Cargo.toml`
[INFO] [stdout] 
[INFO] [stdout] 
[INFO] [stdout] error[E0433]: cannot find module or crate `progit_forged` in this scope
[INFO] [stdout]   --> tests/e2e_against_daemon.rs:17:5
[INFO] [stdout]    |
[INFO] [stdout] 17 | use progit_forged::rpc::{ForgeServer, ForgeService};
[INFO] [stdout]    |     ^^^^^^^^^^^^^ use of unresolved module or unlinked crate `progit_forged`
[INFO] [stdout]    |
[INFO] [stdout]    = help: if you wanted to use a crate named `progit_forged`, use `cargo add progit_forged` to add it to your `Cargo.toml`
[INFO] [stdout] 
[INFO] [stdout] 
[INFO] [stdout] error[E0433]: cannot find module or crate `progit_forged` in this scope
[INFO] [stdout]   --> tests/e2e_against_daemon.rs:18:5
[INFO] [stdout]    |
[INFO] [stdout] 18 | use progit_forged::storage::Store;
[INFO] [stdout]    |     ^^^^^^^^^^^^^ use of unresolved module or unlinked crate `progit_forged`
[INFO] [stdout]    |
[INFO] [stdout]    = help: if you wanted to use a crate named `progit_forged`, use `cargo add progit_forged` to add it to your `Cargo.toml`
[INFO] [stdout] 
[INFO] [stdout] 
[INFO] [stdout] error[E0433]: cannot find module or crate `progit_forged` in this scope
[INFO] [stdout]    --> tests/backend_against_daemon.rs:143:23
[INFO] [stdout]     |
[INFO] [stdout] 143 |     let (pack, oid) = progit_forged::pack::build_pack_with_blob(b"fetch via trait");
[INFO] [stdout]     |                       ^^^^^^^^^^^^^ use of unresolved module or unlinked crate `progit_forged`
[INFO] [stdout]     |
[INFO] [stdout]     = help: if you wanted to use a crate named `progit_forged`, use `cargo add progit_forged` to add it to your `Cargo.toml`
[INFO] [stdout] 
[INFO] [stdout] 
[INFO] [stdout] error[E0433]: cannot find module or crate `progit_forged` in this scope
[INFO] [stdout]    --> tests/e2e_against_daemon.rs:103:23
[INFO] [stdout]     |
[INFO] [stdout] 103 |     let (pack, oid) = progit_forged::pack::build_pack_with_blob(b"contents");
[INFO] [stdout]     |                       ^^^^^^^^^^^^^ use of unresolved module or unlinked crate `progit_forged`
[INFO] [stdout]     |
[INFO] [stdout]     = help: if you wanted to use a crate named `progit_forged`, use `cargo add progit_forged` to add it to your `Cargo.toml`
[INFO] [stdout] 
[INFO] [stdout] 
[INFO] [stdout] error[E0433]: cannot find module or crate `progit_forged` in this scope
[INFO] [stdout]    --> tests/e2e_against_daemon.rs:132:23
[INFO] [stdout]     |
[INFO] [stdout] 132 |     let (pack, oid) = progit_forged::pack::build_pack_with_blob(b"client round trip");
[INFO] [stdout]     |                       ^^^^^^^^^^^^^ use of unresolved module or unlinked crate `progit_forged`
[INFO] [stdout]     |
[INFO] [stdout]     = help: if you wanted to use a crate named `progit_forged`, use `cargo add progit_forged` to add it to your `Cargo.toml`
[INFO] [stdout] 
[INFO] [stdout] 
[INFO] [stdout] error[E0433]: cannot find module or crate `progit_forged` in this scope
[INFO] [stdout]    --> tests/e2e_against_daemon.rs:218:23
[INFO] [stdout]     |
[INFO] [stdout] 218 |     let (pack, oid) = progit_forged::pack::build_pack_with_blob(b"streaming");
[INFO] [stdout]     |                       ^^^^^^^^^^^^^ use of unresolved module or unlinked crate `progit_forged`
[INFO] [stdout]     |
[INFO] [stdout]     = help: if you wanted to use a crate named `progit_forged`, use `cargo add progit_forged` to add it to your `Cargo.toml`
[INFO] [stdout] 
[INFO] [stdout] 
[INFO] [stdout] For more information about this error, try `rustc --explain E0433`.
[INFO] [stdout] 
[INFO] [stderr] error: could not compile `progit-forge-client` (test "e2e_against_daemon") due to 5 previous errors
[INFO] [stdout] For more information about this error, try `rustc --explain E0433`.
[INFO] [stdout] 
[INFO] [stderr] warning: build failed, waiting for other jobs to finish...
[INFO] [stderr] error: could not compile `progit-forge-client` (test "backend_against_daemon") due to 4 previous errors
[INFO] running `Command { std: "docker" "inspect" "2a730ddb7244088c1f7804c48e9c9874d1b0517e5d1d0a7e8a4f88b223b2e46c", kill_on_drop: false }`
[INFO] running `Command { std: "docker" "rm" "-f" "2a730ddb7244088c1f7804c48e9c9874d1b0517e5d1d0a7e8a4f88b223b2e46c", kill_on_drop: false }`
[INFO] [stdout] 2a730ddb7244088c1f7804c48e9c9874d1b0517e5d1d0a7e8a4f88b223b2e46c
