[INFO] fetching crate profile-bee-aya-log 0.2.2...
[INFO] testing profile-bee-aya-log-0.2.2 against 1.99.0-beta.8+cargoflags=--release for beta-release-1.100-2
[INFO] extracting crate profile-bee-aya-log 0.2.2 into /workspace/builds/worker-2-tc1/source
[INFO] started tweaking crates.io crate profile-bee-aya-log 0.2.2
[INFO] finished tweaking crates.io crate profile-bee-aya-log 0.2.2
[INFO] tweaked toml for crates.io crate profile-bee-aya-log 0.2.2 written to /workspace/builds/worker-2-tc1/source/Cargo.toml
[INFO] validating manifest of crates.io crate profile-bee-aya-log 0.2.2 on toolchain 1.99.0-beta.8
[INFO] running `Command { std: CARGO_HOME="/workspace/cargo-home" RUSTUP_HOME="/workspace/rustup-home" "/workspace/cargo-home/bin/cargo" "+1.99.0-beta.8" "metadata" "--manifest-path" "Cargo.toml" "--no-deps", kill_on_drop: false }`
[INFO] crate crates.io crate profile-bee-aya-log 0.2.2 already has a lockfile, it will not be regenerated
[INFO] running `Command { std: CARGO_HOME="/workspace/cargo-home" RUSTUP_HOME="/workspace/rustup-home" "/workspace/cargo-home/bin/cargo" "+1.99.0-beta.8" "fetch" "--manifest-path" "Cargo.toml", kill_on_drop: false }`
[INFO] [stderr]     Updating crates.io index
[INFO] [stderr]  Downloading crates ...
[INFO] [stderr]   Downloaded profile-bee-aya-log-common v0.1.16
[INFO] [stderr]   Downloaded profile-bee-aya-obj v0.2.2
[INFO] [stderr]   Downloaded profile-bee-aya v0.13.2
[INFO] [stderr]   Downloaded object v0.39.0
[INFO] running `Command { std: "docker" "create" "-v" "/var/lib/crater-agent-workspace/builds/worker-2-tc1/source:/opt/rustwide/workdir:ro,Z" "-v" "/var/lib/crater-agent-workspace/builds/worker-2-tc1/target:/opt/rustwide/target:rw,Z" "-v" "/var/lib/crater-agent-workspace/cargo-home:/opt/rustwide/cargo-home:ro,Z" "-v" "/var/lib/crater-agent-workspace/rustup-home:/opt/rustwide/rustup-home:ro,Z" "-m" "1610612736" "--network" "none" "ghcr.io/rust-lang/crates-build-env/linux@sha256:77db811e55d90add9212f6832c23229e3de5f1c1f9905e8cb07319ea15df73ac" "sleep" "infinity", kill_on_drop: false }`
[INFO] [stdout] 9ca4c2b75f2ed8ebe3c15f552906313231e3979e66e5958028e845538b57e61a
[INFO] running `Command { std: "docker" "start" "9ca4c2b75f2ed8ebe3c15f552906313231e3979e66e5958028e845538b57e61a", kill_on_drop: false }`
[INFO] running `Command { std: "docker" "inspect" "9ca4c2b75f2ed8ebe3c15f552906313231e3979e66e5958028e845538b57e61a", kill_on_drop: false }`
[INFO] running `Command { std: "docker" "exec" "-e" "SOURCE_DIR=/opt/rustwide/workdir" "-e" "CARGO_HOME=/opt/rustwide/cargo-home" "-e" "RUSTUP_HOME=/opt/rustwide/rustup-home" "-e" "CARGO_TARGET_DIR=/opt/rustwide/target" "-w" "/opt/rustwide/workdir" "--user" "0:0" "9ca4c2b75f2ed8ebe3c15f552906313231e3979e66e5958028e845538b57e61a" "/opt/rustwide/cargo-home/bin/cargo" "+1.99.0-beta.8" "metadata" "--no-deps" "--format-version=1", kill_on_drop: false }`
[INFO] running `Command { std: "docker" "inspect" "9ca4c2b75f2ed8ebe3c15f552906313231e3979e66e5958028e845538b57e61a", kill_on_drop: false }`
[INFO] running `Command { std: "docker" "exec" "-e" "SOURCE_DIR=/opt/rustwide/workdir" "-e" "CARGO_HOME=/opt/rustwide/cargo-home" "-e" "RUSTUP_HOME=/opt/rustwide/rustup-home" "-e" "CARGO_TARGET_DIR=/opt/rustwide/target" "-e" "CARGO_INCREMENTAL=0" "-e" "RUST_BACKTRACE=full" "-e" "RUSTFLAGS=--cap-lints=warn" "-e" "RUSTDOCFLAGS=--cap-lints=warn" "-w" "/opt/rustwide/workdir" "--user" "0:0" "9ca4c2b75f2ed8ebe3c15f552906313231e3979e66e5958028e845538b57e61a" "/opt/rustwide/cargo-home/bin/cargo" "+1.99.0-beta.8" "build" "--frozen" "--message-format=json" "--release", kill_on_drop: false }`
[INFO] [stderr]    Compiling syn v2.0.117
[INFO] [stderr]    Compiling crc32fast v1.5.0
[INFO] [stderr]    Compiling thiserror v2.0.18
[INFO] [stderr]    Compiling object v0.39.0
[INFO] [stderr]    Compiling libc v0.2.184
[INFO] [stderr]    Compiling bytes v1.11.1
[INFO] [stderr]    Compiling once_cell v1.21.4
[INFO] [stderr]    Compiling bitflags v2.11.0
[INFO] [stderr]    Compiling assert_matches v1.5.0
[INFO] [stderr]    Compiling hashbrown v0.16.1
[INFO] [stderr]    Compiling indexmap v2.13.1
[INFO] [stderr]    Compiling thiserror-impl v2.0.18
[INFO] [stderr]    Compiling num_enum_derive v0.7.6
[INFO] [stderr]    Compiling num_enum v0.7.6
[INFO] [stderr]    Compiling profile-bee-aya-log-common v0.1.16
[INFO] [stderr]    Compiling profile-bee-aya-obj v0.2.2
[INFO] [stderr]    Compiling profile-bee-aya v0.13.2
[INFO] [stderr]    Compiling profile-bee-aya-log v0.2.2 (/opt/rustwide/workdir)
[INFO] [stderr]     Finished `release` profile [optimized] target(s) in 24.07s
[INFO] running `Command { std: "docker" "inspect" "9ca4c2b75f2ed8ebe3c15f552906313231e3979e66e5958028e845538b57e61a", kill_on_drop: false }`
[INFO] running `Command { std: "docker" "exec" "-e" "SOURCE_DIR=/opt/rustwide/workdir" "-e" "CARGO_HOME=/opt/rustwide/cargo-home" "-e" "RUSTUP_HOME=/opt/rustwide/rustup-home" "-e" "CARGO_TARGET_DIR=/opt/rustwide/target" "-e" "CARGO_INCREMENTAL=0" "-e" "RUST_BACKTRACE=full" "-e" "RUSTFLAGS=--cap-lints=warn" "-e" "RUSTDOCFLAGS=--cap-lints=warn" "-w" "/opt/rustwide/workdir" "--user" "0:0" "9ca4c2b75f2ed8ebe3c15f552906313231e3979e66e5958028e845538b57e61a" "/opt/rustwide/cargo-home/bin/cargo" "+1.99.0-beta.8" "test" "--frozen" "--no-run" "--message-format=json" "--release", kill_on_drop: false }`
[INFO] [stderr]    Compiling profile-bee-aya-log v0.2.2 (/opt/rustwide/workdir)
[INFO] [stdout] error[E0433]: cannot find module or crate `testing_logger` in this scope
[INFO] [stdout]    --> src/lib.rs:891:9
[INFO] [stdout]     |
[INFO] [stdout] 891 |         testing_logger::setup();
[INFO] [stdout]     |         ^^^^^^^^^^^^^^ use of unresolved module or unlinked crate `testing_logger`
[INFO] [stdout]     |
[INFO] [stdout]     = help: if you wanted to use a crate named `testing_logger`, use `cargo add testing_logger` to add it to your `Cargo.toml`
[INFO] [stdout] 
[INFO] [stdout] 
[INFO] [stdout] error[E0433]: cannot find module or crate `testing_logger` in this scope
[INFO] [stdout]    --> src/lib.rs:901:9
[INFO] [stdout]     |
[INFO] [stdout] 901 |         testing_logger::validate(|captured_logs| {
[INFO] [stdout]     |         ^^^^^^^^^^^^^^ use of unresolved module or unlinked crate `testing_logger`
[INFO] [stdout]     |
[INFO] [stdout]     = help: if you wanted to use a crate named `testing_logger`, use `cargo add testing_logger` to add it to your `Cargo.toml`
[INFO] [stdout] 
[INFO] [stdout] 
[INFO] [stdout] error[E0433]: cannot find module or crate `testing_logger` in this scope
[INFO] [stdout]    --> src/lib.rs:910:9
[INFO] [stdout]     |
[INFO] [stdout] 910 |         testing_logger::setup();
[INFO] [stdout]     |         ^^^^^^^^^^^^^^ use of unresolved module or unlinked crate `testing_logger`
[INFO] [stdout]     |
[INFO] [stdout]     = help: if you wanted to use a crate named `testing_logger`, use `cargo add testing_logger` to add it to your `Cargo.toml`
[INFO] [stdout] 
[INFO] [stdout] 
[INFO] [stdout] error[E0433]: cannot find module or crate `testing_logger` in this scope
[INFO] [stdout]    --> src/lib.rs:921:9
[INFO] [stdout]     |
[INFO] [stdout] 921 |         testing_logger::validate(|captured_logs| {
[INFO] [stdout]     |         ^^^^^^^^^^^^^^ use of unresolved module or unlinked crate `testing_logger`
[INFO] [stdout]     |
[INFO] [stdout]     = help: if you wanted to use a crate named `testing_logger`, use `cargo add testing_logger` to add it to your `Cargo.toml`
[INFO] [stdout] 
[INFO] [stdout] 
[INFO] [stdout] error[E0433]: cannot find module or crate `testing_logger` in this scope
[INFO] [stdout]    --> src/lib.rs:930:9
[INFO] [stdout]     |
[INFO] [stdout] 930 |         testing_logger::setup();
[INFO] [stdout]     |         ^^^^^^^^^^^^^^ use of unresolved module or unlinked crate `testing_logger`
[INFO] [stdout]     |
[INFO] [stdout]     = help: if you wanted to use a crate named `testing_logger`, use `cargo add testing_logger` to add it to your `Cargo.toml`
[INFO] [stdout] 
[INFO] [stdout] 
[INFO] [stdout] error[E0433]: cannot find module or crate `testing_logger` in this scope
[INFO] [stdout]    --> src/lib.rs:944:9
[INFO] [stdout]     |
[INFO] [stdout] 944 |         testing_logger::validate(|captured_logs| {
[INFO] [stdout]     |         ^^^^^^^^^^^^^^ use of unresolved module or unlinked crate `testing_logger`
[INFO] [stdout]     |
[INFO] [stdout]     = help: if you wanted to use a crate named `testing_logger`, use `cargo add testing_logger` to add it to your `Cargo.toml`
[INFO] [stdout] 
[INFO] [stdout] 
[INFO] [stdout] error[E0433]: cannot find module or crate `testing_logger` in this scope
[INFO] [stdout]    --> src/lib.rs:953:9
[INFO] [stdout]     |
[INFO] [stdout] 953 |         testing_logger::setup();
[INFO] [stdout]     |         ^^^^^^^^^^^^^^ use of unresolved module or unlinked crate `testing_logger`
[INFO] [stdout]     |
[INFO] [stdout]     = help: if you wanted to use a crate named `testing_logger`, use `cargo add testing_logger` to add it to your `Cargo.toml`
[INFO] [stdout] 
[INFO] [stdout] 
[INFO] [stdout] error[E0433]: cannot find module or crate `testing_logger` in this scope
[INFO] [stdout]    --> src/lib.rs:975:9
[INFO] [stdout]     |
[INFO] [stdout] 975 |         testing_logger::validate(|captured_logs| {
[INFO] [stdout]     |         ^^^^^^^^^^^^^^ use of unresolved module or unlinked crate `testing_logger`
[INFO] [stdout]     |
[INFO] [stdout]     = help: if you wanted to use a crate named `testing_logger`, use `cargo add testing_logger` to add it to your `Cargo.toml`
[INFO] [stdout] 
[INFO] [stdout] 
[INFO] [stdout] error[E0433]: cannot find module or crate `testing_logger` in this scope
[INFO] [stdout]    --> src/lib.rs:984:9
[INFO] [stdout]     |
[INFO] [stdout] 984 |         testing_logger::setup();
[INFO] [stdout]     |         ^^^^^^^^^^^^^^ use of unresolved module or unlinked crate `testing_logger`
[INFO] [stdout]     |
[INFO] [stdout]     = help: if you wanted to use a crate named `testing_logger`, use `cargo add testing_logger` to add it to your `Cargo.toml`
[INFO] [stdout] 
[INFO] [stdout] 
[INFO] [stdout] error[E0433]: cannot find module or crate `testing_logger` in this scope
[INFO] [stdout]     --> src/lib.rs:1006:9
[INFO] [stdout]      |
[INFO] [stdout] 1006 |         testing_logger::validate(|captured_logs| {
[INFO] [stdout]      |         ^^^^^^^^^^^^^^ use of unresolved module or unlinked crate `testing_logger`
[INFO] [stdout]      |
[INFO] [stdout]      = help: if you wanted to use a crate named `testing_logger`, use `cargo add testing_logger` to add it to your `Cargo.toml`
[INFO] [stdout] 
[INFO] [stdout] 
[INFO] [stdout] error[E0433]: cannot find module or crate `testing_logger` in this scope
[INFO] [stdout]     --> src/lib.rs:1015:9
[INFO] [stdout]      |
[INFO] [stdout] 1015 |         testing_logger::setup();
[INFO] [stdout]      |         ^^^^^^^^^^^^^^ use of unresolved module or unlinked crate `testing_logger`
[INFO] [stdout]      |
[INFO] [stdout]      = help: if you wanted to use a crate named `testing_logger`, use `cargo add testing_logger` to add it to your `Cargo.toml`
[INFO] [stdout] 
[INFO] [stdout] 
[INFO] [stdout] error[E0433]: cannot find module or crate `testing_logger` in this scope
[INFO] [stdout]     --> src/lib.rs:1027:9
[INFO] [stdout]      |
[INFO] [stdout] 1027 |         testing_logger::validate(|captured_logs| {
[INFO] [stdout]      |         ^^^^^^^^^^^^^^ use of unresolved module or unlinked crate `testing_logger`
[INFO] [stdout]      |
[INFO] [stdout]      = help: if you wanted to use a crate named `testing_logger`, use `cargo add testing_logger` to add it to your `Cargo.toml`
[INFO] [stdout] 
[INFO] [stdout] 
[INFO] [stdout] error[E0433]: cannot find module or crate `testing_logger` in this scope
[INFO] [stdout]     --> src/lib.rs:1036:9
[INFO] [stdout]      |
[INFO] [stdout] 1036 |         testing_logger::setup();
[INFO] [stdout]      |         ^^^^^^^^^^^^^^ use of unresolved module or unlinked crate `testing_logger`
[INFO] [stdout]      |
[INFO] [stdout]      = help: if you wanted to use a crate named `testing_logger`, use `cargo add testing_logger` to add it to your `Cargo.toml`
[INFO] [stdout] 
[INFO] [stdout] 
[INFO] [stdout] error[E0433]: cannot find module or crate `testing_logger` in this scope
[INFO] [stdout]     --> src/lib.rs:1051:9
[INFO] [stdout]      |
[INFO] [stdout] 1051 |         testing_logger::validate(|captured_logs| {
[INFO] [stdout]      |         ^^^^^^^^^^^^^^ use of unresolved module or unlinked crate `testing_logger`
[INFO] [stdout]      |
[INFO] [stdout]      = help: if you wanted to use a crate named `testing_logger`, use `cargo add testing_logger` to add it to your `Cargo.toml`
[INFO] [stdout] 
[INFO] [stdout] 
[INFO] [stdout] error[E0433]: cannot find module or crate `testing_logger` in this scope
[INFO] [stdout]     --> src/lib.rs:1060:9
[INFO] [stdout]      |
[INFO] [stdout] 1060 |         testing_logger::setup();
[INFO] [stdout]      |         ^^^^^^^^^^^^^^ use of unresolved module or unlinked crate `testing_logger`
[INFO] [stdout]      |
[INFO] [stdout]      = help: if you wanted to use a crate named `testing_logger`, use `cargo add testing_logger` to add it to your `Cargo.toml`
[INFO] [stdout] 
[INFO] [stdout] 
[INFO] [stdout] error[E0433]: cannot find module or crate `testing_logger` in this scope
[INFO] [stdout]     --> src/lib.rs:1075:9
[INFO] [stdout]      |
[INFO] [stdout] 1075 |         testing_logger::validate(|captured_logs| {
[INFO] [stdout]      |         ^^^^^^^^^^^^^^ use of unresolved module or unlinked crate `testing_logger`
[INFO] [stdout]      |
[INFO] [stdout]      = help: if you wanted to use a crate named `testing_logger`, use `cargo add testing_logger` to add it to your `Cargo.toml`
[INFO] [stdout] 
[INFO] [stdout] 
[INFO] [stdout] error[E0433]: cannot find module or crate `testing_logger` in this scope
[INFO] [stdout]     --> src/lib.rs:1084:9
[INFO] [stdout]      |
[INFO] [stdout] 1084 |         testing_logger::setup();
[INFO] [stdout]      |         ^^^^^^^^^^^^^^ use of unresolved module or unlinked crate `testing_logger`
[INFO] [stdout]      |
[INFO] [stdout]      = help: if you wanted to use a crate named `testing_logger`, use `cargo add testing_logger` to add it to your `Cargo.toml`
[INFO] [stdout] 
[INFO] [stdout] 
[INFO] [stdout] error[E0433]: cannot find module or crate `testing_logger` in this scope
[INFO] [stdout]     --> src/lib.rs:1099:9
[INFO] [stdout]      |
[INFO] [stdout] 1099 |         testing_logger::validate(|captured_logs| {
[INFO] [stdout]      |         ^^^^^^^^^^^^^^ use of unresolved module or unlinked crate `testing_logger`
[INFO] [stdout]      |
[INFO] [stdout]      = help: if you wanted to use a crate named `testing_logger`, use `cargo add testing_logger` to add it to your `Cargo.toml`
[INFO] [stdout] 
[INFO] [stdout] 
[INFO] [stdout] error[E0433]: cannot find module or crate `testing_logger` in this scope
[INFO] [stdout]     --> src/lib.rs:1108:9
[INFO] [stdout]      |
[INFO] [stdout] 1108 |         testing_logger::setup();
[INFO] [stdout]      |         ^^^^^^^^^^^^^^ use of unresolved module or unlinked crate `testing_logger`
[INFO] [stdout]      |
[INFO] [stdout]      = help: if you wanted to use a crate named `testing_logger`, use `cargo add testing_logger` to add it to your `Cargo.toml`
[INFO] [stdout] 
[INFO] [stdout] 
[INFO] [stdout] error[E0433]: cannot find module or crate `testing_logger` in this scope
[INFO] [stdout]     --> src/lib.rs:1123:9
[INFO] [stdout]      |
[INFO] [stdout] 1123 |         testing_logger::validate(|captured_logs| {
[INFO] [stdout]      |         ^^^^^^^^^^^^^^ use of unresolved module or unlinked crate `testing_logger`
[INFO] [stdout]      |
[INFO] [stdout]      = help: if you wanted to use a crate named `testing_logger`, use `cargo add testing_logger` to add it to your `Cargo.toml`
[INFO] [stdout] 
[INFO] [stdout] 
[INFO] [stdout] error[E0433]: cannot find module or crate `testing_logger` in this scope
[INFO] [stdout]     --> src/lib.rs:1132:9
[INFO] [stdout]      |
[INFO] [stdout] 1132 |         testing_logger::setup();
[INFO] [stdout]      |         ^^^^^^^^^^^^^^ use of unresolved module or unlinked crate `testing_logger`
[INFO] [stdout]      |
[INFO] [stdout]      = help: if you wanted to use a crate named `testing_logger`, use `cargo add testing_logger` to add it to your `Cargo.toml`
[INFO] [stdout] 
[INFO] [stdout] 
[INFO] [stdout] error[E0433]: cannot find module or crate `testing_logger` in this scope
[INFO] [stdout]     --> src/lib.rs:1145:9
[INFO] [stdout]      |
[INFO] [stdout] 1145 |         testing_logger::validate(|captured_logs| {
[INFO] [stdout]      |         ^^^^^^^^^^^^^^ use of unresolved module or unlinked crate `testing_logger`
[INFO] [stdout]      |
[INFO] [stdout]      = help: if you wanted to use a crate named `testing_logger`, use `cargo add testing_logger` to add it to your `Cargo.toml`
[INFO] [stdout] 
[INFO] [stdout] 
[INFO] [stdout] error[E0433]: cannot find module or crate `testing_logger` in this scope
[INFO] [stdout]     --> src/lib.rs:1154:9
[INFO] [stdout]      |
[INFO] [stdout] 1154 |         testing_logger::setup();
[INFO] [stdout]      |         ^^^^^^^^^^^^^^ use of unresolved module or unlinked crate `testing_logger`
[INFO] [stdout]      |
[INFO] [stdout]      = help: if you wanted to use a crate named `testing_logger`, use `cargo add testing_logger` to add it to your `Cargo.toml`
[INFO] [stdout] 
[INFO] [stdout] 
[INFO] [stdout] error[E0433]: cannot find module or crate `testing_logger` in this scope
[INFO] [stdout]     --> src/lib.rs:1171:9
[INFO] [stdout]      |
[INFO] [stdout] 1171 |         testing_logger::validate(|captured_logs| {
[INFO] [stdout]      |         ^^^^^^^^^^^^^^ use of unresolved module or unlinked crate `testing_logger`
[INFO] [stdout]      |
[INFO] [stdout]      = help: if you wanted to use a crate named `testing_logger`, use `cargo add testing_logger` to add it to your `Cargo.toml`
[INFO] [stdout] 
[INFO] [stdout] 
[INFO] [stdout] error[E0433]: cannot find module or crate `testing_logger` in this scope
[INFO] [stdout]     --> src/lib.rs:1180:9
[INFO] [stdout]      |
[INFO] [stdout] 1180 |         testing_logger::setup();
[INFO] [stdout]      |         ^^^^^^^^^^^^^^ use of unresolved module or unlinked crate `testing_logger`
[INFO] [stdout]      |
[INFO] [stdout]      = help: if you wanted to use a crate named `testing_logger`, use `cargo add testing_logger` to add it to your `Cargo.toml`
[INFO] [stdout] 
[INFO] [stdout] 
[INFO] [stdout] error[E0433]: cannot find module or crate `testing_logger` in this scope
[INFO] [stdout]     --> src/lib.rs:1197:9
[INFO] [stdout]      |
[INFO] [stdout] 1197 |         testing_logger::validate(|captured_logs| {
[INFO] [stdout]      |         ^^^^^^^^^^^^^^ use of unresolved module or unlinked crate `testing_logger`
[INFO] [stdout]      |
[INFO] [stdout]      = help: if you wanted to use a crate named `testing_logger`, use `cargo add testing_logger` to add it to your `Cargo.toml`
[INFO] [stdout] 
[INFO] [stdout] 
[INFO] [stdout] error[E0433]: cannot find module or crate `testing_logger` in this scope
[INFO] [stdout]     --> src/lib.rs:1206:9
[INFO] [stdout]      |
[INFO] [stdout] 1206 |         testing_logger::setup();
[INFO] [stdout]      |         ^^^^^^^^^^^^^^ use of unresolved module or unlinked crate `testing_logger`
[INFO] [stdout]      |
[INFO] [stdout]      = help: if you wanted to use a crate named `testing_logger`, use `cargo add testing_logger` to add it to your `Cargo.toml`
[INFO] [stdout] 
[INFO] [stdout] 
[INFO] [stdout] error[E0433]: cannot find module or crate `testing_logger` in this scope
[INFO] [stdout]     --> src/lib.rs:1223:9
[INFO] [stdout]      |
[INFO] [stdout] 1223 |         testing_logger::validate(|captured_logs| {
[INFO] [stdout]      |         ^^^^^^^^^^^^^^ use of unresolved module or unlinked crate `testing_logger`
[INFO] [stdout]      |
[INFO] [stdout]      = help: if you wanted to use a crate named `testing_logger`, use `cargo add testing_logger` to add it to your `Cargo.toml`
[INFO] [stdout] 
[INFO] [stdout] 
[INFO] [stdout] error[E0433]: cannot find module or crate `testing_logger` in this scope
[INFO] [stdout]     --> src/lib.rs:1232:9
[INFO] [stdout]      |
[INFO] [stdout] 1232 |         testing_logger::setup();
[INFO] [stdout]      |         ^^^^^^^^^^^^^^ use of unresolved module or unlinked crate `testing_logger`
[INFO] [stdout]      |
[INFO] [stdout]      = help: if you wanted to use a crate named `testing_logger`, use `cargo add testing_logger` to add it to your `Cargo.toml`
[INFO] [stdout] 
[INFO] [stdout] 
[INFO] [stdout] error[E0433]: cannot find module or crate `testing_logger` in this scope
[INFO] [stdout]     --> src/lib.rs:1247:9
[INFO] [stdout]      |
[INFO] [stdout] 1247 |         testing_logger::validate(|captured_logs| {
[INFO] [stdout]      |         ^^^^^^^^^^^^^^ use of unresolved module or unlinked crate `testing_logger`
[INFO] [stdout]      |
[INFO] [stdout]      = help: if you wanted to use a crate named `testing_logger`, use `cargo add testing_logger` to add it to your `Cargo.toml`
[INFO] [stdout] 
[INFO] [stdout] 
[INFO] [stdout] error[E0433]: cannot find module or crate `testing_logger` in this scope
[INFO] [stdout]     --> src/lib.rs:1256:9
[INFO] [stdout]      |
[INFO] [stdout] 1256 |         testing_logger::setup();
[INFO] [stdout]      |         ^^^^^^^^^^^^^^ use of unresolved module or unlinked crate `testing_logger`
[INFO] [stdout]      |
[INFO] [stdout]      = help: if you wanted to use a crate named `testing_logger`, use `cargo add testing_logger` to add it to your `Cargo.toml`
[INFO] [stdout] 
[INFO] [stdout] 
[INFO] [stdout] error[E0433]: cannot find module or crate `testing_logger` in this scope
[INFO] [stdout]     --> src/lib.rs:1273:9
[INFO] [stdout]      |
[INFO] [stdout] 1273 |         testing_logger::validate(|captured_logs| {
[INFO] [stdout]      |         ^^^^^^^^^^^^^^ use of unresolved module or unlinked crate `testing_logger`
[INFO] [stdout]      |
[INFO] [stdout]      = help: if you wanted to use a crate named `testing_logger`, use `cargo add testing_logger` to add it to your `Cargo.toml`
[INFO] [stdout] 
[INFO] [stdout] 
[INFO] [stdout] error[E0433]: cannot find module or crate `testing_logger` in this scope
[INFO] [stdout]     --> src/lib.rs:1282:9
[INFO] [stdout]      |
[INFO] [stdout] 1282 |         testing_logger::setup();
[INFO] [stdout]      |         ^^^^^^^^^^^^^^ use of unresolved module or unlinked crate `testing_logger`
[INFO] [stdout]      |
[INFO] [stdout]      = help: if you wanted to use a crate named `testing_logger`, use `cargo add testing_logger` to add it to your `Cargo.toml`
[INFO] [stdout] 
[INFO] [stdout] 
[INFO] [stdout] error[E0433]: cannot find module or crate `testing_logger` in this scope
[INFO] [stdout]     --> src/lib.rs:1299:9
[INFO] [stdout]      |
[INFO] [stdout] 1299 |         testing_logger::validate(|captured_logs| {
[INFO] [stdout]      |         ^^^^^^^^^^^^^^ use of unresolved module or unlinked crate `testing_logger`
[INFO] [stdout]      |
[INFO] [stdout]      = help: if you wanted to use a crate named `testing_logger`, use `cargo add testing_logger` to add it to your `Cargo.toml`
[INFO] [stdout] 
[INFO] [stdout] 
[INFO] [stdout] For more information about this error, try `rustc --explain E0433`.
[INFO] [stdout] 
[INFO] [stderr] error: could not compile `profile-bee-aya-log` (lib test) due to 34 previous errors
[INFO] running `Command { std: "docker" "inspect" "9ca4c2b75f2ed8ebe3c15f552906313231e3979e66e5958028e845538b57e61a", kill_on_drop: false }`
[INFO] running `Command { std: "docker" "rm" "-f" "9ca4c2b75f2ed8ebe3c15f552906313231e3979e66e5958028e845538b57e61a", kill_on_drop: false }`
[INFO] [stdout] 9ca4c2b75f2ed8ebe3c15f552906313231e3979e66e5958028e845538b57e61a
