[INFO] fetching crate procutils-uptime 0.2.0...
[INFO] testing procutils-uptime-0.2.0 against 1.99.0-beta.8+cargoflags=--release for beta-release-1.100-2
[INFO] extracting crate procutils-uptime 0.2.0 into /workspace/builds/worker-4-tc1/source
[INFO] started tweaking crates.io crate procutils-uptime 0.2.0
[INFO] removed 0 missing tests
[INFO] finished tweaking crates.io crate procutils-uptime 0.2.0
[INFO] tweaked toml for crates.io crate procutils-uptime 0.2.0 written to /workspace/builds/worker-4-tc1/source/Cargo.toml
[INFO] validating manifest of crates.io crate procutils-uptime 0.2.0 on toolchain 1.99.0-beta.8
[INFO] running `Command { std: CARGO_HOME="/workspace/cargo-home" RUSTUP_HOME="/workspace/rustup-home" "/workspace/cargo-home/bin/cargo" "+1.99.0-beta.8" "metadata" "--manifest-path" "Cargo.toml" "--no-deps", kill_on_drop: false }`
[INFO] crate crates.io crate procutils-uptime 0.2.0 already has a lockfile, it will not be regenerated
[INFO] running `Command { std: CARGO_HOME="/workspace/cargo-home" RUSTUP_HOME="/workspace/rustup-home" "/workspace/cargo-home/bin/cargo" "+1.99.0-beta.8" "fetch" "--manifest-path" "Cargo.toml", kill_on_drop: false }`
[INFO] [stderr]     Updating crates.io index
[INFO] [stderr]  Downloading crates ...
[INFO] [stderr]   Downloaded procutils-common v0.2.0
[INFO] [stderr]   Downloaded wasm-bindgen-macro v0.2.116
[INFO] [stderr]   Downloaded wasm-bindgen-shared v0.2.116
[INFO] [stderr]   Downloaded wasm-bindgen v0.2.116
[INFO] [stderr]   Downloaded wasm-bindgen-macro-support v0.2.116
[INFO] [stderr]   Downloaded js-sys v0.3.93
[INFO] running `Command { std: "docker" "create" "-v" "/var/lib/crater-agent-workspace/builds/worker-4-tc1/source:/opt/rustwide/workdir:ro,Z" "-v" "/var/lib/crater-agent-workspace/builds/worker-4-tc1/target:/opt/rustwide/target:rw,Z" "-v" "/var/lib/crater-agent-workspace/cargo-home:/opt/rustwide/cargo-home:ro,Z" "-v" "/var/lib/crater-agent-workspace/rustup-home:/opt/rustwide/rustup-home:ro,Z" "-m" "1610612736" "--network" "none" "ghcr.io/rust-lang/crates-build-env/linux@sha256:77db811e55d90add9212f6832c23229e3de5f1c1f9905e8cb07319ea15df73ac" "sleep" "infinity", kill_on_drop: false }`
[INFO] [stdout] 6caa9ee391750c6b3bdc0ffa6d739941b07e7306205ff038526d835c9c7ba372
[INFO] running `Command { std: "docker" "start" "6caa9ee391750c6b3bdc0ffa6d739941b07e7306205ff038526d835c9c7ba372", kill_on_drop: false }`
[INFO] running `Command { std: "docker" "inspect" "6caa9ee391750c6b3bdc0ffa6d739941b07e7306205ff038526d835c9c7ba372", kill_on_drop: false }`
[INFO] running `Command { std: "docker" "exec" "-e" "SOURCE_DIR=/opt/rustwide/workdir" "-e" "CARGO_HOME=/opt/rustwide/cargo-home" "-e" "RUSTUP_HOME=/opt/rustwide/rustup-home" "-e" "CARGO_TARGET_DIR=/opt/rustwide/target" "-w" "/opt/rustwide/workdir" "--user" "0:0" "6caa9ee391750c6b3bdc0ffa6d739941b07e7306205ff038526d835c9c7ba372" "/opt/rustwide/cargo-home/bin/cargo" "+1.99.0-beta.8" "metadata" "--no-deps" "--format-version=1", kill_on_drop: false }`
[INFO] running `Command { std: "docker" "inspect" "6caa9ee391750c6b3bdc0ffa6d739941b07e7306205ff038526d835c9c7ba372", kill_on_drop: false }`
[INFO] running `Command { std: "docker" "exec" "-e" "SOURCE_DIR=/opt/rustwide/workdir" "-e" "CARGO_HOME=/opt/rustwide/cargo-home" "-e" "RUSTUP_HOME=/opt/rustwide/rustup-home" "-e" "CARGO_TARGET_DIR=/opt/rustwide/target" "-e" "CARGO_INCREMENTAL=0" "-e" "RUST_BACKTRACE=full" "-e" "RUSTFLAGS=--cap-lints=warn" "-e" "RUSTDOCFLAGS=--cap-lints=warn" "-w" "/opt/rustwide/workdir" "--user" "0:0" "6caa9ee391750c6b3bdc0ffa6d739941b07e7306205ff038526d835c9c7ba372" "/opt/rustwide/cargo-home/bin/cargo" "+1.99.0-beta.8" "build" "--frozen" "--message-format=json" "--release", kill_on_drop: false }`
[INFO] [stderr]    Compiling rustix v1.1.4
[INFO] [stderr]    Compiling bitflags v2.11.0
[INFO] [stderr]    Compiling linux-raw-sys v0.12.1
[INFO] [stderr]    Compiling procfs v0.18.0
[INFO] [stderr]    Compiling chrono v0.4.44
[INFO] [stderr]    Compiling clap_derive v4.6.0
[INFO] [stderr]    Compiling procfs-core v0.18.0
[INFO] [stderr]    Compiling terminal_size v0.4.4
[INFO] [stderr]    Compiling clap_builder v4.6.0
[INFO] [stderr]    Compiling procutils-common v0.2.0
[INFO] [stderr]    Compiling clap v4.6.0
[INFO] [stderr]    Compiling procutils-uptime v0.2.0 (/opt/rustwide/workdir)
[INFO] [stderr]     Finished `release` profile [optimized] target(s) in 26.50s
[INFO] running `Command { std: "docker" "inspect" "6caa9ee391750c6b3bdc0ffa6d739941b07e7306205ff038526d835c9c7ba372", kill_on_drop: false }`
[INFO] running `Command { std: "docker" "exec" "-e" "SOURCE_DIR=/opt/rustwide/workdir" "-e" "CARGO_HOME=/opt/rustwide/cargo-home" "-e" "RUSTUP_HOME=/opt/rustwide/rustup-home" "-e" "CARGO_TARGET_DIR=/opt/rustwide/target" "-e" "CARGO_INCREMENTAL=0" "-e" "RUST_BACKTRACE=full" "-e" "RUSTFLAGS=--cap-lints=warn" "-e" "RUSTDOCFLAGS=--cap-lints=warn" "-w" "/opt/rustwide/workdir" "--user" "0:0" "6caa9ee391750c6b3bdc0ffa6d739941b07e7306205ff038526d835c9c7ba372" "/opt/rustwide/cargo-home/bin/cargo" "+1.99.0-beta.8" "test" "--frozen" "--no-run" "--message-format=json" "--release", kill_on_drop: false }`
[INFO] [stderr]    Compiling console v0.16.3
[INFO] [stderr]    Compiling getrandom v0.4.2
[INFO] [stderr]    Compiling tempfile v3.27.0
[INFO] [stderr]    Compiling insta v1.47.2
[INFO] [stderr]    Compiling procutils-uptime v0.2.0 (/opt/rustwide/workdir)
[INFO] [stdout] error[E0433]: cannot find module or crate `procutils_testutil` in this scope
[INFO] [stdout]  --> tests/help.rs:5:29
[INFO] [stdout]   |
[INFO] [stdout] 5 |     insta::assert_snapshot!(procutils_testutil::help_output(env!(
[INFO] [stdout]   |                             ^^^^^^^^^^^^^^^^^^ use of unresolved module or unlinked crate `procutils_testutil`
[INFO] [stdout]   |
[INFO] [stdout]   = help: if you wanted to use a crate named `procutils_testutil`, use `cargo add procutils_testutil` to add it to your `Cargo.toml`
[INFO] [stdout] 
[INFO] [stdout] 
[INFO] [stdout] For more information about this error, try `rustc --explain E0433`.
[INFO] [stdout] 
[INFO] [stderr] error: could not compile `procutils-uptime` (test "help") due to 1 previous error
[INFO] [stderr] warning: build failed, waiting for other jobs to finish...
[INFO] [stdout] error[E0433]: cannot find module or crate `procutils_testutil` in this scope
[INFO] [stdout]   --> tests/basic.rs:23:9
[INFO] [stdout]    |
[INFO] [stdout] 23 |     if !procutils_testutil::unshare_supported() {
[INFO] [stdout]    |         ^^^^^^^^^^^^^^^^^^ use of unresolved module or unlinked crate `procutils_testutil`
[INFO] [stdout]    |
[INFO] [stdout]    = help: if you wanted to use a crate named `procutils_testutil`, use `cargo add procutils_testutil` to add it to your `Cargo.toml`
[INFO] [stdout] 
[INFO] [stdout] 
[INFO] [stdout] error[E0433]: cannot find module or crate `procutils_testutil` in this scope
[INFO] [stdout]   --> tests/basic.rs:26:18
[INFO] [stdout]    |
[INFO] [stdout] 26 |     let mounts = procutils_testutil::proc_only(fixture(fixture_name));
[INFO] [stdout]    |                  ^^^^^^^^^^^^^^^^^^ use of unresolved module or unlinked crate `procutils_testutil`
[INFO] [stdout]    |
[INFO] [stdout]    = help: if you wanted to use a crate named `procutils_testutil`, use `cargo add procutils_testutil` to add it to your `Cargo.toml`
[INFO] [stdout] 
[INFO] [stdout] 
[INFO] [stdout] error[E0433]: cannot find module or crate `procutils_testutil` in this scope
[INFO] [stdout]   --> tests/basic.rs:27:5
[INFO] [stdout]    |
[INFO] [stdout] 27 |     procutils_testutil::run_ok(BIN, &mounts, args)
[INFO] [stdout]    |     ^^^^^^^^^^^^^^^^^^ use of unresolved module or unlinked crate `procutils_testutil`
[INFO] [stdout]    |
[INFO] [stdout]    = help: if you wanted to use a crate named `procutils_testutil`, use `cargo add procutils_testutil` to add it to your `Cargo.toml`
[INFO] [stdout] 
[INFO] [stdout] 
[INFO] [stdout] error[E0433]: cannot find module or crate `procutils_testutil` in this scope
[INFO] [stdout]   --> tests/compat.rs:18:9
[INFO] [stdout]    |
[INFO] [stdout] 18 |     if !procutils_testutil::unshare_supported() {
[INFO] [stdout]    |         ^^^^^^^^^^^^^^^^^^ use of unresolved module or unlinked crate `procutils_testutil`
[INFO] [stdout]    |
[INFO] [stdout]    = help: if you wanted to use a crate named `procutils_testutil`, use `cargo add procutils_testutil` to add it to your `Cargo.toml`
[INFO] [stdout] 
[INFO] [stdout] 
[INFO] [stdout] error[E0433]: cannot find module or crate `procutils_testutil` in this scope
[INFO] [stdout]   --> tests/compat.rs:21:18
[INFO] [stdout]    |
[INFO] [stdout] 21 |     let mounts = procutils_testutil::proc_only(fixture(fixture_name));
[INFO] [stdout]    |                  ^^^^^^^^^^^^^^^^^^ use of unresolved module or unlinked crate `procutils_testutil`
[INFO] [stdout]    |
[INFO] [stdout]    = help: if you wanted to use a crate named `procutils_testutil`, use `cargo add procutils_testutil` to add it to your `Cargo.toml`
[INFO] [stdout] 
[INFO] [stdout] 
[INFO] [stdout] error[E0433]: cannot find module or crate `procutils_testutil` in this scope
[INFO] [stdout]   --> tests/compat.rs:22:5
[INFO] [stdout]    |
[INFO] [stdout] 22 |     procutils_testutil::run_ok(BIN, &mounts, args)
[INFO] [stdout]    |     ^^^^^^^^^^^^^^^^^^ use of unresolved module or unlinked crate `procutils_testutil`
[INFO] [stdout]    |
[INFO] [stdout]    = help: if you wanted to use a crate named `procutils_testutil`, use `cargo add procutils_testutil` to add it to your `Cargo.toml`
[INFO] [stdout] 
[INFO] [stdout] 
[INFO] [stdout] For more information about this error, try `rustc --explain E0433`.
[INFO] [stdout] 
[INFO] [stdout] For more information about this error, try `rustc --explain E0433`.
[INFO] [stdout] 
[INFO] [stderr] error: could not compile `procutils-uptime` (test "compat") due to 3 previous errors
[INFO] [stderr] error: could not compile `procutils-uptime` (test "basic") due to 3 previous errors
[INFO] running `Command { std: "docker" "inspect" "6caa9ee391750c6b3bdc0ffa6d739941b07e7306205ff038526d835c9c7ba372", kill_on_drop: false }`
[INFO] running `Command { std: "docker" "rm" "-f" "6caa9ee391750c6b3bdc0ffa6d739941b07e7306205ff038526d835c9c7ba372", kill_on_drop: false }`
[INFO] [stdout] 6caa9ee391750c6b3bdc0ffa6d739941b07e7306205ff038526d835c9c7ba372
