[INFO] fetching crate procutils-pmap 0.2.0...
[INFO] testing procutils-pmap-0.2.0 against 1.99.0-beta.8+cargoflags=--release for beta-release-1.100-2
[INFO] extracting crate procutils-pmap 0.2.0 into /workspace/builds/worker-3-tc1/source
[INFO] started tweaking crates.io crate procutils-pmap 0.2.0
[INFO] removed 0 missing tests
[INFO] finished tweaking crates.io crate procutils-pmap 0.2.0
[INFO] tweaked toml for crates.io crate procutils-pmap 0.2.0 written to /workspace/builds/worker-3-tc1/source/Cargo.toml
[INFO] validating manifest of crates.io crate procutils-pmap 0.2.0 on toolchain 1.99.0-beta.8
[INFO] running `Command { std: CARGO_HOME="/workspace/cargo-home" RUSTUP_HOME="/workspace/rustup-home" "/workspace/cargo-home/bin/cargo" "+1.99.0-beta.8" "metadata" "--manifest-path" "Cargo.toml" "--no-deps", kill_on_drop: false }`
[INFO] crate crates.io crate procutils-pmap 0.2.0 already has a lockfile, it will not be regenerated
[INFO] running `Command { std: CARGO_HOME="/workspace/cargo-home" RUSTUP_HOME="/workspace/rustup-home" "/workspace/cargo-home/bin/cargo" "+1.99.0-beta.8" "fetch" "--manifest-path" "Cargo.toml", kill_on_drop: false }`
[INFO] [stderr]     Updating crates.io index
[INFO] [stderr]  Downloading crates ...
[INFO] [stderr]   Downloaded procutils-common v0.2.0
[INFO] [stderr]   Downloaded procfs-core v0.18.0
[INFO] [stderr]   Downloaded wasm-bindgen-shared v0.2.116
[INFO] [stderr]   Downloaded wasm-bindgen-macro v0.2.116
[INFO] [stderr]   Downloaded terminal_size v0.4.4
[INFO] [stderr]   Downloaded procfs v0.18.0
[INFO] [stderr]   Downloaded clap_derive v4.6.0
[INFO] [stderr]   Downloaded clap_lex v1.1.0
[INFO] [stderr]   Downloaded cols-derive v0.1.0
[INFO] [stderr]   Downloaded simd-adler32 v0.3.9
[INFO] [stderr]   Downloaded wasm-bindgen v0.2.116
[INFO] [stderr]   Downloaded colored v3.1.1
[INFO] [stderr]   Downloaded similar v2.7.0
[INFO] [stderr]   Downloaded clap v4.6.0
[INFO] [stderr]   Downloaded wasm-bindgen-macro-support v0.2.116
[INFO] [stderr]   Downloaded cc v1.2.58
[INFO] [stderr]   Downloaded cols v0.3.0
[INFO] [stderr]   Downloaded js-sys v0.3.93
[INFO] [stderr]   Downloaded insta v1.47.2
[INFO] [stderr]   Downloaded clap_builder v4.6.0
[INFO] running `Command { std: "docker" "create" "-v" "/var/lib/crater-agent-workspace/builds/worker-3-tc1/source:/opt/rustwide/workdir:ro,Z" "-v" "/var/lib/crater-agent-workspace/builds/worker-3-tc1/target:/opt/rustwide/target:rw,Z" "-v" "/var/lib/crater-agent-workspace/cargo-home:/opt/rustwide/cargo-home:ro,Z" "-v" "/var/lib/crater-agent-workspace/rustup-home:/opt/rustwide/rustup-home:ro,Z" "-m" "1610612736" "--network" "none" "ghcr.io/rust-lang/crates-build-env/linux@sha256:77db811e55d90add9212f6832c23229e3de5f1c1f9905e8cb07319ea15df73ac" "sleep" "infinity", kill_on_drop: false }`
[INFO] [stdout] 6988e599c4bc78e2bd88155103d7e53caf43d0928a168ece204176cc4ddfac88
[INFO] running `Command { std: "docker" "start" "6988e599c4bc78e2bd88155103d7e53caf43d0928a168ece204176cc4ddfac88", kill_on_drop: false }`
[INFO] running `Command { std: "docker" "inspect" "6988e599c4bc78e2bd88155103d7e53caf43d0928a168ece204176cc4ddfac88", kill_on_drop: false }`
[INFO] running `Command { std: "docker" "exec" "-e" "SOURCE_DIR=/opt/rustwide/workdir" "-e" "CARGO_HOME=/opt/rustwide/cargo-home" "-e" "RUSTUP_HOME=/opt/rustwide/rustup-home" "-e" "CARGO_TARGET_DIR=/opt/rustwide/target" "-w" "/opt/rustwide/workdir" "--user" "0:0" "6988e599c4bc78e2bd88155103d7e53caf43d0928a168ece204176cc4ddfac88" "/opt/rustwide/cargo-home/bin/cargo" "+1.99.0-beta.8" "metadata" "--no-deps" "--format-version=1", kill_on_drop: false }`
[INFO] running `Command { std: "docker" "inspect" "6988e599c4bc78e2bd88155103d7e53caf43d0928a168ece204176cc4ddfac88", kill_on_drop: false }`
[INFO] running `Command { std: "docker" "exec" "-e" "SOURCE_DIR=/opt/rustwide/workdir" "-e" "CARGO_HOME=/opt/rustwide/cargo-home" "-e" "RUSTUP_HOME=/opt/rustwide/rustup-home" "-e" "CARGO_TARGET_DIR=/opt/rustwide/target" "-e" "CARGO_INCREMENTAL=0" "-e" "RUST_BACKTRACE=full" "-e" "RUSTFLAGS=--cap-lints=warn" "-e" "RUSTDOCFLAGS=--cap-lints=warn" "-w" "/opt/rustwide/workdir" "--user" "0:0" "6988e599c4bc78e2bd88155103d7e53caf43d0928a168ece204176cc4ddfac88" "/opt/rustwide/cargo-home/bin/cargo" "+1.99.0-beta.8" "build" "--frozen" "--message-format=json" "--release", kill_on_drop: false }`
[INFO] [stderr]    Compiling quote v1.0.45
[INFO] [stderr]    Compiling bitflags v2.11.0
[INFO] [stderr]    Compiling rustix v1.1.4
[INFO] [stderr]    Compiling unicode-ident v1.0.24
[INFO] [stderr]    Compiling linux-raw-sys v0.12.1
[INFO] [stderr]    Compiling memchr v2.8.0
[INFO] [stderr]    Compiling num-traits v0.2.19
[INFO] [stderr]    Compiling crc32fast v1.5.0
[INFO] [stderr]    Compiling proc-macro2 v1.0.106
[INFO] [stderr]    Compiling regex-syntax v0.8.10
[INFO] [stderr]    Compiling simd-adler32 v0.3.9
[INFO] [stderr]    Compiling adler2 v2.0.1
[INFO] [stderr]    Compiling utf8parse v0.2.2
[INFO] [stderr]    Compiling anstyle-parse v1.0.0
[INFO] [stderr]    Compiling aho-corasick v1.1.4
[INFO] [stderr]    Compiling syn v2.0.117
[INFO] [stderr]    Compiling miniz_oxide v0.8.9
[INFO] [stderr]    Compiling chrono v0.4.44
[INFO] [stderr]    Compiling hex v0.4.3
[INFO] [stderr]    Compiling procfs v0.18.0
[INFO] [stderr]    Compiling is_terminal_polyfill v1.70.2
[INFO] [stderr]    Compiling libc v0.2.183
[INFO] [stderr]    Compiling colorchoice v1.0.5
[INFO] [stderr]    Compiling anstyle-query v1.1.5
[INFO] [stderr]    Compiling anstyle v1.0.14
[INFO] [stderr]    Compiling flate2 v1.1.9
[INFO] [stderr]    Compiling anstream v1.0.0
[INFO] [stderr]    Compiling strsim v0.11.1
[INFO] [stderr]    Compiling clap_lex v1.1.0
[INFO] [stderr]    Compiling regex-automata v0.4.14
[INFO] [stderr]    Compiling procfs-core v0.18.0
[INFO] [stderr]    Compiling heck v0.5.0
[INFO] [stderr]    Compiling unicode-width v0.2.2
[INFO] [stderr]    Compiling colored v3.1.1
[INFO] [stderr]    Compiling terminal_size v0.4.4
[INFO] [stderr]    Compiling clap_builder v4.6.0
[INFO] [stderr]    Compiling cols-derive v0.1.0
[INFO] [stderr]    Compiling clap_derive v4.6.0
[INFO] [stderr]    Compiling regex v1.12.3
[INFO] [stderr]    Compiling cols v0.3.0
[INFO] [stderr]    Compiling clap v4.6.0
[INFO] [stderr]    Compiling procutils-common v0.2.0
[INFO] [stderr]    Compiling procutils-pmap v0.2.0 (/opt/rustwide/workdir)
[INFO] [stderr]     Finished `release` profile [optimized] target(s) in 1m 46s
[INFO] running `Command { std: "docker" "inspect" "6988e599c4bc78e2bd88155103d7e53caf43d0928a168ece204176cc4ddfac88", kill_on_drop: false }`
[INFO] running `Command { std: "docker" "exec" "-e" "SOURCE_DIR=/opt/rustwide/workdir" "-e" "CARGO_HOME=/opt/rustwide/cargo-home" "-e" "RUSTUP_HOME=/opt/rustwide/rustup-home" "-e" "CARGO_TARGET_DIR=/opt/rustwide/target" "-e" "CARGO_INCREMENTAL=0" "-e" "RUST_BACKTRACE=full" "-e" "RUSTFLAGS=--cap-lints=warn" "-e" "RUSTDOCFLAGS=--cap-lints=warn" "-w" "/opt/rustwide/workdir" "--user" "0:0" "6988e599c4bc78e2bd88155103d7e53caf43d0928a168ece204176cc4ddfac88" "/opt/rustwide/cargo-home/bin/cargo" "+1.99.0-beta.8" "test" "--frozen" "--no-run" "--message-format=json" "--release", kill_on_drop: false }`
[INFO] [stderr]    Compiling getrandom v0.4.2
[INFO] [stderr]    Compiling once_cell v1.21.4
[INFO] [stderr]    Compiling fastrand v2.4.1
[INFO] [stderr]    Compiling console v0.16.3
[INFO] [stderr]    Compiling similar v2.7.0
[INFO] [stderr]    Compiling tempfile v3.27.0
[INFO] [stderr]    Compiling insta v1.47.2
[INFO] [stderr]    Compiling procutils-pmap v0.2.0 (/opt/rustwide/workdir)
[INFO] [stdout] error[E0432]: unresolved import `procutils_testutil`
[INFO] [stdout]  --> tests/basic.rs:3:5
[INFO] [stdout]   |
[INFO] [stdout] 3 | use procutils_testutil::{Builder, ProcRoot, ProcessFixture};
[INFO] [stdout]   |     ^^^^^^^^^^^^^^^^^^ use of unresolved module or unlinked crate `procutils_testutil`
[INFO] [stdout]   |
[INFO] [stdout]   = help: if you wanted to use a crate named `procutils_testutil`, use `cargo add procutils_testutil` to add it to your `Cargo.toml`
[INFO] [stdout] 
[INFO] [stdout] 
[INFO] [stdout] error[E0433]: cannot find module or crate `procutils_testutil` in this scope
[INFO] [stdout]  --> tests/help.rs:5:29
[INFO] [stdout]   |
[INFO] [stdout] 5 |     insta::assert_snapshot!(procutils_testutil::help_output(env!(
[INFO] [stdout]   |                             ^^^^^^^^^^^^^^^^^^ use of unresolved module or unlinked crate `procutils_testutil`
[INFO] [stdout]   |
[INFO] [stdout]   = help: if you wanted to use a crate named `procutils_testutil`, use `cargo add procutils_testutil` to add it to your `Cargo.toml`
[INFO] [stdout] 
[INFO] [stdout] 
[INFO] [stdout] For more information about this error, try `rustc --explain E0433`.
[INFO] [stdout] 
[INFO] [stderr] error: could not compile `procutils-pmap` (test "help") due to 1 previous error
[INFO] [stderr] warning: build failed, waiting for other jobs to finish...
[INFO] [stdout] error[E0433]: cannot find module or crate `procutils_testutil` in this scope
[INFO] [stdout]    --> tests/basic.rs:133:9
[INFO] [stdout]     |
[INFO] [stdout] 133 |     if !procutils_testutil::unshare_supported() {
[INFO] [stdout]     |         ^^^^^^^^^^^^^^^^^^ use of unresolved module or unlinked crate `procutils_testutil`
[INFO] [stdout]     |
[INFO] [stdout]     = help: if you wanted to use a crate named `procutils_testutil`, use `cargo add procutils_testutil` to add it to your `Cargo.toml`
[INFO] [stdout] 
[INFO] [stdout] 
[INFO] [stdout] error[E0433]: cannot find module or crate `procutils_testutil` in this scope
[INFO] [stdout]    --> tests/basic.rs:136:18
[INFO] [stdout]     |
[INFO] [stdout] 136 |     let mounts = procutils_testutil::proc_only(root.path());
[INFO] [stdout]     |                  ^^^^^^^^^^^^^^^^^^ use of unresolved module or unlinked crate `procutils_testutil`
[INFO] [stdout]     |
[INFO] [stdout]     = help: if you wanted to use a crate named `procutils_testutil`, use `cargo add procutils_testutil` to add it to your `Cargo.toml`
[INFO] [stdout] 
[INFO] [stdout] 
[INFO] [stdout] error[E0433]: cannot find module or crate `procutils_testutil` in this scope
[INFO] [stdout]    --> tests/basic.rs:137:5
[INFO] [stdout]     |
[INFO] [stdout] 137 |     procutils_testutil::run_ok(BIN, &mounts, args)
[INFO] [stdout]     |     ^^^^^^^^^^^^^^^^^^ use of unresolved module or unlinked crate `procutils_testutil`
[INFO] [stdout]     |
[INFO] [stdout]     = help: if you wanted to use a crate named `procutils_testutil`, use `cargo add procutils_testutil` to add it to your `Cargo.toml`
[INFO] [stdout] 
[INFO] [stdout] 
[INFO] [stdout] Some errors have detailed explanations: E0432, E0433.
[INFO] [stdout] 
[INFO] [stdout] For more information about an error, try `rustc --explain E0432`.
[INFO] [stdout] 
[INFO] [stderr] error: could not compile `procutils-pmap` (test "basic") due to 4 previous errors
[INFO] running `Command { std: "docker" "inspect" "6988e599c4bc78e2bd88155103d7e53caf43d0928a168ece204176cc4ddfac88", kill_on_drop: false }`
[INFO] running `Command { std: "docker" "rm" "-f" "6988e599c4bc78e2bd88155103d7e53caf43d0928a168ece204176cc4ddfac88", kill_on_drop: false }`
[INFO] [stdout] 6988e599c4bc78e2bd88155103d7e53caf43d0928a168ece204176cc4ddfac88
