[INFO] fetching crate procem 0.1.0...
[INFO] testing procem-0.1.0 against 1.99.0-beta.8+cargoflags=--release for beta-release-1.100-2
[INFO] extracting crate procem 0.1.0 into /workspace/builds/worker-7-tc1/source
[INFO] started tweaking crates.io crate procem 0.1.0
[INFO] finished tweaking crates.io crate procem 0.1.0
[INFO] tweaked toml for crates.io crate procem 0.1.0 written to /workspace/builds/worker-7-tc1/source/Cargo.toml
[INFO] validating manifest of crates.io crate procem 0.1.0 on toolchain 1.99.0-beta.8
[INFO] running `Command { std: CARGO_HOME="/workspace/cargo-home" RUSTUP_HOME="/workspace/rustup-home" "/workspace/cargo-home/bin/cargo" "+1.99.0-beta.8" "metadata" "--manifest-path" "Cargo.toml" "--no-deps", kill_on_drop: false }`
[INFO] crate crates.io crate procem 0.1.0 already has a lockfile, it will not be regenerated
[INFO] running `Command { std: CARGO_HOME="/workspace/cargo-home" RUSTUP_HOME="/workspace/rustup-home" "/workspace/cargo-home/bin/cargo" "+1.99.0-beta.8" "fetch" "--manifest-path" "Cargo.toml", kill_on_drop: false }`
[INFO] running `Command { std: "docker" "create" "-v" "/var/lib/crater-agent-workspace/builds/worker-7-tc1/source:/opt/rustwide/workdir:ro,Z" "-v" "/var/lib/crater-agent-workspace/builds/worker-7-tc1/target:/opt/rustwide/target:rw,Z" "-v" "/var/lib/crater-agent-workspace/cargo-home:/opt/rustwide/cargo-home:ro,Z" "-v" "/var/lib/crater-agent-workspace/rustup-home:/opt/rustwide/rustup-home:ro,Z" "-m" "1610612736" "--network" "none" "ghcr.io/rust-lang/crates-build-env/linux@sha256:77db811e55d90add9212f6832c23229e3de5f1c1f9905e8cb07319ea15df73ac" "sleep" "infinity", kill_on_drop: false }`
[INFO] [stdout] e76e7fb692be52747dbb3ea03205e8d82b88719dd678b416a38000a990000f03
[INFO] running `Command { std: "docker" "start" "e76e7fb692be52747dbb3ea03205e8d82b88719dd678b416a38000a990000f03", kill_on_drop: false }`
[INFO] running `Command { std: "docker" "inspect" "e76e7fb692be52747dbb3ea03205e8d82b88719dd678b416a38000a990000f03", kill_on_drop: false }`
[INFO] running `Command { std: "docker" "exec" "-e" "SOURCE_DIR=/opt/rustwide/workdir" "-e" "CARGO_HOME=/opt/rustwide/cargo-home" "-e" "RUSTUP_HOME=/opt/rustwide/rustup-home" "-e" "CARGO_TARGET_DIR=/opt/rustwide/target" "-w" "/opt/rustwide/workdir" "--user" "0:0" "e76e7fb692be52747dbb3ea03205e8d82b88719dd678b416a38000a990000f03" "/opt/rustwide/cargo-home/bin/cargo" "+1.99.0-beta.8" "metadata" "--no-deps" "--format-version=1", kill_on_drop: false }`
[INFO] running `Command { std: "docker" "inspect" "e76e7fb692be52747dbb3ea03205e8d82b88719dd678b416a38000a990000f03", kill_on_drop: false }`
[INFO] running `Command { std: "docker" "exec" "-e" "SOURCE_DIR=/opt/rustwide/workdir" "-e" "CARGO_HOME=/opt/rustwide/cargo-home" "-e" "RUSTUP_HOME=/opt/rustwide/rustup-home" "-e" "CARGO_TARGET_DIR=/opt/rustwide/target" "-e" "CARGO_INCREMENTAL=0" "-e" "RUST_BACKTRACE=full" "-e" "RUSTFLAGS=--cap-lints=warn" "-e" "RUSTDOCFLAGS=--cap-lints=warn" "-w" "/opt/rustwide/workdir" "--user" "0:0" "e76e7fb692be52747dbb3ea03205e8d82b88719dd678b416a38000a990000f03" "/opt/rustwide/cargo-home/bin/cargo" "+1.99.0-beta.8" "build" "--frozen" "--message-format=json" "--release", kill_on_drop: false }`
[INFO] [stderr]    Compiling syn v2.0.106
[INFO] [stderr]    Compiling thiserror v2.0.17
[INFO] [stderr]    Compiling thiserror-impl v2.0.17
[INFO] [stderr]    Compiling procem v0.1.0 (/opt/rustwide/workdir)
[INFO] [stderr]     Finished `release` profile [optimized] target(s) in 5.00s
[INFO] running `Command { std: "docker" "inspect" "e76e7fb692be52747dbb3ea03205e8d82b88719dd678b416a38000a990000f03", kill_on_drop: false }`
[INFO] running `Command { std: "docker" "exec" "-e" "SOURCE_DIR=/opt/rustwide/workdir" "-e" "CARGO_HOME=/opt/rustwide/cargo-home" "-e" "RUSTUP_HOME=/opt/rustwide/rustup-home" "-e" "CARGO_TARGET_DIR=/opt/rustwide/target" "-e" "CARGO_INCREMENTAL=0" "-e" "RUST_BACKTRACE=full" "-e" "RUSTFLAGS=--cap-lints=warn" "-e" "RUSTDOCFLAGS=--cap-lints=warn" "-w" "/opt/rustwide/workdir" "--user" "0:0" "e76e7fb692be52747dbb3ea03205e8d82b88719dd678b416a38000a990000f03" "/opt/rustwide/cargo-home/bin/cargo" "+1.99.0-beta.8" "test" "--frozen" "--no-run" "--message-format=json" "--release", kill_on_drop: false }`
[INFO] [stderr]    Compiling procem v0.1.0 (/opt/rustwide/workdir)
[INFO] [stdout] error[E0433]: cannot find module or crate `alloc` in this scope
[INFO] [stdout]   --> src/helper.rs:47:9
[INFO] [stdout]    |
[INFO] [stdout] 47 |     use alloc::string::ToString;
[INFO] [stdout]    |         ^^^^^ use of unresolved module or unlinked crate `alloc`
[INFO] [stdout]    |
[INFO] [stdout]    = help: add `extern crate alloc` to use the `alloc` crate
[INFO] [stdout] 
[INFO] [stdout] 
[INFO] [stdout] error[E0432]: unresolved import `alloc`
[INFO] [stdout]   --> src/helper.rs:46:9
[INFO] [stdout]    |
[INFO] [stdout] 46 |     use alloc::format;
[INFO] [stdout]    |         ^^^^^
[INFO] [stdout]    |
[INFO] [stdout] help: a similar path exists
[INFO] [stdout]    |
[INFO] [stdout] 46 |     use core::alloc::format;
[INFO] [stdout]    |         ++++++
[INFO] [stdout] 
[INFO] [stdout] 
[INFO] [stdout] error[E0599]: no method named `to_string` found for struct `helper::FmtArray<'_, {integer}>` in the current scope
[INFO] [stdout]   --> src/helper.rs:53:30
[INFO] [stdout]    |
[INFO] [stdout] 16 | pub struct FmtArray<'a, T>(pub &'a [T]);
[INFO] [stdout]    | -------------------------- method `to_string` not found for this struct
[INFO] [stdout] ...
[INFO] [stdout] 53 |         assert_eq!(formatted.to_string(), "[1, 2, 3]");
[INFO] [stdout]    |                              ^^^^^^^^^ method not found in `helper::FmtArray<'_, {integer}>`
[INFO] [stdout]    |
[INFO] [stdout]   --> /rustc/dfb0accb7f508ae8be965d8629557221c889dd98/library/alloc/src/string.rs:2917:7
[INFO] [stdout]    |
[INFO] [stdout]    = note: the method is available for `helper::FmtArray<'_, {integer}>` here
[INFO] [stdout]    |
[INFO] [stdout]    = help: items from traits can only be used if the trait is in scope
[INFO] [stdout] help: trait `ToString` which provides `to_string` is implemented but not in scope; perhaps you want to import it
[INFO] [stdout]    |
[INFO] [stdout] 45 +     use alloc::string::ToString;
[INFO] [stdout]    |
[INFO] [stdout] 
[INFO] [stdout] 
[INFO] [stdout] Some errors have detailed explanations: E0432, E0433, E0599.
[INFO] [stdout] 
[INFO] [stdout] For more information about an error, try `rustc --explain E0432`.
[INFO] [stdout] 
[INFO] [stderr] error: could not compile `procem` (lib test) due to 3 previous errors
[INFO] running `Command { std: "docker" "inspect" "e76e7fb692be52747dbb3ea03205e8d82b88719dd678b416a38000a990000f03", kill_on_drop: false }`
[INFO] running `Command { std: "docker" "rm" "-f" "e76e7fb692be52747dbb3ea03205e8d82b88719dd678b416a38000a990000f03", kill_on_drop: false }`
[INFO] [stdout] e76e7fb692be52747dbb3ea03205e8d82b88719dd678b416a38000a990000f03
