[INFO] fetching crate prj 0.1.0...
[INFO] testing prj-0.1.0 against 1.99.0-beta.8+cargoflags=--release for beta-release-1.100-2
[INFO] extracting crate prj 0.1.0 into /workspace/builds/worker-2-tc1/source
[INFO] started tweaking crates.io crate prj 0.1.0
[INFO] finished tweaking crates.io crate prj 0.1.0
[INFO] tweaked toml for crates.io crate prj 0.1.0 written to /workspace/builds/worker-2-tc1/source/Cargo.toml
[INFO] validating manifest of crates.io crate prj 0.1.0 on toolchain 1.99.0-beta.8
[INFO] running `Command { std: CARGO_HOME="/workspace/cargo-home" RUSTUP_HOME="/workspace/rustup-home" "/workspace/cargo-home/bin/cargo" "+1.99.0-beta.8" "metadata" "--manifest-path" "Cargo.toml" "--no-deps", kill_on_drop: false }`
[INFO] crate crates.io crate prj 0.1.0 already has a lockfile, it will not be regenerated
[INFO] running `Command { std: CARGO_HOME="/workspace/cargo-home" RUSTUP_HOME="/workspace/rustup-home" "/workspace/cargo-home/bin/cargo" "+1.99.0-beta.8" "fetch" "--manifest-path" "Cargo.toml", kill_on_drop: false }`
[INFO] [stderr]  Downloading crates ...
[INFO] [stderr]   Downloaded term_size v1.0.0-beta1
[INFO] [stderr]   Downloaded proc-macro2 v1.0.8
[INFO] [stderr]   Downloaded toml v0.5.6
[INFO] [stderr]   Downloaded vcpkg v0.2.8
[INFO] [stderr]   Downloaded rust-argon2 v0.5.1
[INFO] [stderr]   Downloaded hermit-abi v0.1.6
[INFO] [stderr]   Downloaded arrayref v0.3.5
[INFO] [stderr]   Downloaded pkg-config v0.3.17
[INFO] [stderr]   Downloaded redox_users v0.3.1
[INFO] [stderr]   Downloaded crossterm_winapi v0.5.1
[INFO] [stderr]   Downloaded fuzzy-matcher v0.3.1
[INFO] [stderr]   Downloaded dirs-sys v0.3.4
[INFO] [stderr]   Downloaded signal-hook-registry v1.2.0
[INFO] [stderr]   Downloaded scopeguard v1.0.0
[INFO] [stderr]   Downloaded byteorder v1.3.2
[INFO] [stderr]   Downloaded smallvec v1.1.0
[INFO] [stderr]   Downloaded signal-hook v0.1.12
[INFO] [stderr]   Downloaded jobserver v0.1.19
[INFO] [stderr]   Downloaded arrayvec v0.5.1
[INFO] [stderr]   Downloaded lock_api v0.3.3
[INFO] [stderr]   Downloaded arc-swap v0.4.4
[INFO] [stderr]   Downloaded parking_lot_core v0.7.0
[INFO] [stderr]   Downloaded parking_lot v0.10.0
[INFO] [stderr]   Downloaded openssl-sys v0.9.53
[INFO] [stderr]   Downloaded cc v1.0.50
[INFO] [stderr]   Downloaded blake2b_simd v0.5.10
[INFO] [stderr]   Downloaded backtrace v0.3.42
[INFO] [stderr]   Downloaded crossterm v0.14.2
[INFO] [stderr]   Downloaded unicode-normalization v0.1.11
[INFO] [stderr]   Downloaded syn v1.0.13
[INFO] [stderr]   Downloaded git2 v0.11.0
[INFO] [stderr]   Downloaded libssh2-sys v0.2.14
[INFO] [stderr]   Downloaded libz-sys v1.0.25
[INFO] [stderr]   Downloaded libgit2-sys v0.10.0
[INFO] running `Command { std: "docker" "create" "-v" "/var/lib/crater-agent-workspace/builds/worker-2-tc1/source:/opt/rustwide/workdir:ro,Z" "-v" "/var/lib/crater-agent-workspace/builds/worker-2-tc1/target:/opt/rustwide/target:rw,Z" "-v" "/var/lib/crater-agent-workspace/cargo-home:/opt/rustwide/cargo-home:ro,Z" "-v" "/var/lib/crater-agent-workspace/rustup-home:/opt/rustwide/rustup-home:ro,Z" "-m" "1610612736" "--network" "none" "ghcr.io/rust-lang/crates-build-env/linux@sha256:77db811e55d90add9212f6832c23229e3de5f1c1f9905e8cb07319ea15df73ac" "sleep" "infinity", kill_on_drop: false }`
[INFO] [stdout] d5c4bc63c5eae7de5cf7ed89259c34d8eeb74611f6708b8386f75dff752e0c1d
[INFO] running `Command { std: "docker" "start" "d5c4bc63c5eae7de5cf7ed89259c34d8eeb74611f6708b8386f75dff752e0c1d", kill_on_drop: false }`
[INFO] running `Command { std: "docker" "inspect" "d5c4bc63c5eae7de5cf7ed89259c34d8eeb74611f6708b8386f75dff752e0c1d", kill_on_drop: false }`
[INFO] running `Command { std: "docker" "exec" "-e" "SOURCE_DIR=/opt/rustwide/workdir" "-e" "CARGO_HOME=/opt/rustwide/cargo-home" "-e" "RUSTUP_HOME=/opt/rustwide/rustup-home" "-e" "CARGO_TARGET_DIR=/opt/rustwide/target" "-w" "/opt/rustwide/workdir" "--user" "0:0" "d5c4bc63c5eae7de5cf7ed89259c34d8eeb74611f6708b8386f75dff752e0c1d" "/opt/rustwide/cargo-home/bin/cargo" "+1.99.0-beta.8" "metadata" "--no-deps" "--format-version=1", kill_on_drop: false }`
[INFO] running `Command { std: "docker" "inspect" "d5c4bc63c5eae7de5cf7ed89259c34d8eeb74611f6708b8386f75dff752e0c1d", kill_on_drop: false }`
[INFO] running `Command { std: "docker" "exec" "-e" "SOURCE_DIR=/opt/rustwide/workdir" "-e" "CARGO_HOME=/opt/rustwide/cargo-home" "-e" "RUSTUP_HOME=/opt/rustwide/rustup-home" "-e" "CARGO_TARGET_DIR=/opt/rustwide/target" "-e" "CARGO_INCREMENTAL=0" "-e" "RUST_BACKTRACE=full" "-e" "RUSTFLAGS=--cap-lints=warn" "-e" "RUSTDOCFLAGS=--cap-lints=warn" "-w" "/opt/rustwide/workdir" "--user" "0:0" "d5c4bc63c5eae7de5cf7ed89259c34d8eeb74611f6708b8386f75dff752e0c1d" "/opt/rustwide/cargo-home/bin/cargo" "+1.99.0-beta.8" "build" "--frozen" "--message-format=json" "--release", kill_on_drop: false }`
[INFO] [stderr]    Compiling libc v0.2.66
[INFO] [stderr]    Compiling pkg-config v0.3.17
[INFO] [stderr]    Compiling smallvec v1.1.0
[INFO] [stderr]    Compiling log v0.4.8
[INFO] [stderr]    Compiling proc-macro2 v1.0.8
[INFO] [stderr]    Compiling matches v0.1.8
[INFO] [stderr]    Compiling scopeguard v1.0.0
[INFO] [stderr]    Compiling syn v1.0.13
[INFO] [stderr]    Compiling serde v1.0.104
[INFO] [stderr]    Compiling arc-swap v0.4.4
[INFO] [stderr]    Compiling unicode-width v0.1.7
[INFO] [stderr]    Compiling thread_local v1.0.1
[INFO] [stderr]    Compiling bitflags v1.2.1
[INFO] [stderr]    Compiling openssl-probe v0.1.2
[INFO] [stderr]    Compiling unicode-bidi v0.3.4
[INFO] [stderr]    Compiling textwrap v0.11.0
[INFO] [stderr]    Compiling lock_api v0.3.3
[INFO] [stderr]    Compiling unicode-normalization v0.1.11
[INFO] [stderr]    Compiling fuzzy-matcher v0.3.1
[INFO] [stderr]    Compiling iovec v0.1.4
[INFO] [stderr]    Compiling net2 v0.2.33
[INFO] [stderr]    Compiling parking_lot_core v0.7.0
[INFO] [stderr]    Compiling dirs-sys v0.3.4
[INFO] [stderr]    Compiling atty v0.2.14
[INFO] [stderr]    Compiling term_size v1.0.0-beta1
[INFO] [stderr]    Compiling signal-hook-registry v1.2.0
[INFO] [stderr]    Compiling clap v2.33.0
[INFO] [stderr]    Compiling parking_lot v0.10.0
[INFO] [stderr]    Compiling dirs v2.0.2
[INFO] [stderr]    Compiling mio v0.6.21
[INFO] [stderr]    Compiling jobserver v0.1.19
[INFO] [stderr]    Compiling quote v1.0.2
[INFO] [stderr]    Compiling cc v1.0.50
[INFO] [stderr]    Compiling idna v0.2.0
[INFO] [stderr]    Compiling url v2.1.1
[INFO] [stderr]    Compiling signal-hook v0.1.12
[INFO] [stderr]    Compiling crossterm v0.14.2
[INFO] [stderr]    Compiling openssl-sys v0.9.53
[INFO] [stderr]    Compiling libz-sys v1.0.25
[INFO] [stderr]    Compiling libssh2-sys v0.2.14
[INFO] [stderr]    Compiling libgit2-sys v0.10.0
[INFO] [stderr] warning: openssl-sys@0.9.53: build/expando.c:4:24: error: pasting "RUST_VERSION_OPENSSL_" and "(" does not give a valid preprocessing token
[INFO] [stderr] warning: openssl-sys@0.9.53:     4 | #define VERSION2(n, v) RUST_VERSION_##n##_##v
[INFO] [stderr] warning: openssl-sys@0.9.53:       |                        ^~~~~~~~~~~~~
[INFO] [stderr] warning: openssl-sys@0.9.53: build/expando.c:5:23: note: in expansion of macro 'VERSION2'
[INFO] [stderr] warning: openssl-sys@0.9.53:     5 | #define VERSION(n, v) VERSION2(n, v)
[INFO] [stderr] warning: openssl-sys@0.9.53:       |                       ^~~~~~~~
[INFO] [stderr] warning: openssl-sys@0.9.53: build/expando.c:10:1: note: in expansion of macro 'VERSION'
[INFO] [stderr] warning: openssl-sys@0.9.53:    10 | VERSION(OPENSSL, OPENSSL_VERSION_NUMBER)
[INFO] [stderr] warning: openssl-sys@0.9.53:       | ^~~~~~~
[INFO] [stderr] error: failed to run custom build command for `openssl-sys v0.9.53`
[INFO] [stderr] note: To improve backtraces for build dependencies, set the CARGO_PROFILE_RELEASE_BUILD_OVERRIDE_DEBUG=true environment variable to enable debug information generation.
[INFO] [stderr] 
[INFO] [stderr] Caused by:
[INFO] [stderr]   process didn't exit successfully: `/opt/rustwide/target/release/build/openssl-sys-08438e84b50a4f3e/build-script-main` (exit status: 101)
[INFO] [stderr]   --- stdout
[INFO] [stderr]   cargo:rustc-cfg=const_fn
[INFO] [stderr]   cargo:rerun-if-env-changed=X86_64_UNKNOWN_LINUX_GNU_OPENSSL_LIB_DIR
[INFO] [stderr]   X86_64_UNKNOWN_LINUX_GNU_OPENSSL_LIB_DIR unset
[INFO] [stderr]   cargo:rerun-if-env-changed=OPENSSL_LIB_DIR
[INFO] [stderr]   OPENSSL_LIB_DIR unset
[INFO] [stderr]   cargo:rerun-if-env-changed=X86_64_UNKNOWN_LINUX_GNU_OPENSSL_INCLUDE_DIR
[INFO] [stderr]   X86_64_UNKNOWN_LINUX_GNU_OPENSSL_INCLUDE_DIR unset
[INFO] [stderr]   cargo:rerun-if-env-changed=OPENSSL_INCLUDE_DIR
[INFO] [stderr]   OPENSSL_INCLUDE_DIR unset
[INFO] [stderr]   cargo:rerun-if-env-changed=X86_64_UNKNOWN_LINUX_GNU_OPENSSL_DIR
[INFO] [stderr]   X86_64_UNKNOWN_LINUX_GNU_OPENSSL_DIR unset
[INFO] [stderr]   cargo:rerun-if-env-changed=OPENSSL_DIR
[INFO] [stderr]   OPENSSL_DIR unset
[INFO] [stderr]   cargo:rustc-link-lib=ssl
[INFO] [stderr]   cargo:rustc-link-lib=crypto
[INFO] [stderr]   OPT_LEVEL = Some("3")
[INFO] [stderr]   TARGET = Some("x86_64-unknown-linux-gnu")
[INFO] [stderr]   HOST = Some("x86_64-unknown-linux-gnu")
[INFO] [stderr]   CC_x86_64-unknown-linux-gnu = None
[INFO] [stderr]   CC_x86_64_unknown_linux_gnu = None
[INFO] [stderr]   HOST_CC = None
[INFO] [stderr]   CC = None
[INFO] [stderr]   CFLAGS_x86_64-unknown-linux-gnu = None
[INFO] [stderr]   CFLAGS_x86_64_unknown_linux_gnu = None
[INFO] [stderr]   HOST_CFLAGS = None
[INFO] [stderr]   CFLAGS = None
[INFO] [stderr]   CRATE_CC_NO_DEFAULTS = None
[INFO] [stderr]   DEBUG = Some("false")
[INFO] [stderr]   CARGO_CFG_TARGET_FEATURE = Some("fxsr,sse,sse2")
[INFO] [stderr]   running: "cc" "-O3" "-ffunction-sections" "-fdata-sections" "-fPIC" "-m64" "-I" "/usr/include" "-Wall" "-Wextra" "-E" "build/expando.c"
[INFO] [stderr]   cargo:warning=build/expando.c:4:24: error: pasting "RUST_VERSION_OPENSSL_" and "(" does not give a valid preprocessing token
[INFO] [stderr]   cargo:warning=    4 | #define VERSION2(n, v) RUST_VERSION_##n##_##v
[INFO] [stderr]   cargo:warning=      |                        ^~~~~~~~~~~~~
[INFO] [stderr]   cargo:warning=build/expando.c:5:23: note: in expansion of macro 'VERSION2'
[INFO] [stderr]   cargo:warning=    5 | #define VERSION(n, v) VERSION2(n, v)
[INFO] [stderr]   cargo:warning=      |                       ^~~~~~~~
[INFO] [stderr]   cargo:warning=build/expando.c:10:1: note: in expansion of macro 'VERSION'
[INFO] [stderr]   cargo:warning=   10 | VERSION(OPENSSL, OPENSSL_VERSION_NUMBER)
[INFO] [stderr]   cargo:warning=      | ^~~~~~~
[INFO] [stderr]   exit status: 1
[INFO] [stderr] 
[INFO] [stderr]   --- stderr
[INFO] [stderr] 
[INFO] [stderr]   thread 'main' (679) panicked at /opt/rustwide/cargo-home/registry/src/index.crates.io-1949cf8c6b5b557f/openssl-sys-0.9.53/build/main.rs:126:13:
[INFO] [stderr] 
[INFO] [stderr]   Header expansion error:
[INFO] [stderr]   Error { kind: ToolExecError, message: "Command \"cc\" \"-O3\" \"-ffunction-sections\" \"-fdata-sections\" \"-fPIC\" \"-m64\" \"-I\" \"/usr/include\" \"-Wall\" \"-Wextra\" \"-E\" \"build/expando.c\" with args \"cc\" did not execute successfully (status code exit status: 1)." }
[INFO] [stderr] 
[INFO] [stderr]   Failed to find OpenSSL development headers.
[INFO] [stderr] 
[INFO] [stderr]   You can try fixing this setting the `OPENSSL_DIR` environment variable
[INFO] [stderr]   pointing to your OpenSSL installation or installing OpenSSL headers package
[INFO] [stderr]   specific to your distribution:
[INFO] [stderr] 
[INFO] [stderr]       # On Ubuntu
[INFO] [stderr]       sudo apt-get install libssl-dev
[INFO] [stderr]       # On Arch Linux
[INFO] [stderr]       sudo pacman -S openssl
[INFO] [stderr]       # On Fedora
[INFO] [stderr]       sudo dnf install openssl-devel
[INFO] [stderr] 
[INFO] [stderr]   See rust-openssl README for more information:
[INFO] [stderr] 
[INFO] [stderr]       https://github.com/sfackler/rust-openssl#linux
[INFO] [stderr] 
[INFO] [stderr]   stack backtrace:
[INFO] [stderr]      0:     0x5e2b5e348a31 - <<std[70759c8f55707aa4]::sys::backtrace::BacktraceLock>::print::DisplayBacktrace as core[df12db4294e9bfd3]::fmt::Display>::fmt
[INFO] [stderr]      1:     0x5e2b5e35d2fa - core[df12db4294e9bfd3]::fmt::write
[INFO] [stderr]      2:     0x5e2b5e34eaec - <std[70759c8f55707aa4]::sys::stdio::unix::Stderr as core[df12db4294e9bfd3]::io::write::Write>::write_fmt
[INFO] [stderr]      3:     0x5e2b5e328166 - std[70759c8f55707aa4]::panicking::default_hook::{closure#0}
[INFO] [stderr]      4:     0x5e2b5e343741 - std[70759c8f55707aa4]::panicking::default_hook
[INFO] [stderr]      5:     0x5e2b5e3438fb - std[70759c8f55707aa4]::panicking::panic_with_hook
[INFO] [stderr]      6:     0x5e2b5e328212 - std[70759c8f55707aa4]::panicking::panic_handler::{closure#0}
[INFO] [stderr]      7:     0x5e2b5e320c89 - std[70759c8f55707aa4]::sys::backtrace::__rust_end_short_backtrace::<std[70759c8f55707aa4]::panicking::panic_handler::{closure#0}, !>
[INFO] [stderr]      8:     0x5e2b5e328acd - __rustc[8fa7c3cbc660c2b3]::rust_begin_unwind
[INFO] [stderr]      9:     0x5e2b5e35da6c - core[df12db4294e9bfd3]::panicking::panic_fmt
[INFO] [stderr]     10:     0x5e2b5e2be89b - build_script_main[cb6752b75f056a0d]::validate_headers
[INFO] [stderr]     11:     0x5e2b5e2c1d23 - build_script_main[cb6752b75f056a0d]::find::try_pkg_config
[INFO] [stderr]     12:     0x5e2b5e2c20e8 - build_script_main[cb6752b75f056a0d]::find::find_openssl_dir
[INFO] [stderr]     13:     0x5e2b5e2bccd7 - build_script_main[cb6752b75f056a0d]::find::get_openssl::{closure#0}
[INFO] [stderr]     14:     0x5e2b5e2bb110 - <core[df12db4294e9bfd3]::option::Option<std[70759c8f55707aa4]::ffi::os_str::OsString>>::unwrap_or_else::<build_script_main[cb6752b75f056a0d]::find::get_openssl::{closure#0}>
[INFO] [stderr]     15:     0x5e2b5e2c161f - build_script_main[cb6752b75f056a0d]::find::get_openssl
[INFO] [stderr]     16:     0x5e2b5e2beeb9 - build_script_main[cb6752b75f056a0d]::main
[INFO] [stderr]     17:     0x5e2b5e2c4483 - <fn() as core[df12db4294e9bfd3]::ops::function::FnOnce<()>>::call_once
[INFO] [stderr]     18:     0x5e2b5e2bbaa6 - std[70759c8f55707aa4]::sys::backtrace::__rust_begin_short_backtrace::<fn(), ()>
[INFO] [stderr]     19:     0x5e2b5e2bc1e9 - std[70759c8f55707aa4]::rt::lang_start::<()>::{closure#0}
[INFO] [stderr]     20:     0x5e2b5e342b09 - std[70759c8f55707aa4]::rt::lang_start_internal
[INFO] [stderr]     21:     0x5e2b5e2bb7c1 - std[70759c8f55707aa4]::rt::lang_start::<()>
[INFO] [stderr]     22:     0x5e2b5e2c4635 - main
[INFO] [stderr]     23:     0x7bcc28cdb601 - <unknown>
[INFO] [stderr]     24:     0x7bcc28cdb718 - __libc_start_main
[INFO] [stderr]     25:     0x5e2b5e2badd5 - _start
[INFO] [stderr]     26:                0x0 - <unknown>
[INFO] [stderr] warning: build failed, waiting for other jobs to finish...
[INFO] running `Command { std: "docker" "inspect" "d5c4bc63c5eae7de5cf7ed89259c34d8eeb74611f6708b8386f75dff752e0c1d", kill_on_drop: false }`
[INFO] running `Command { std: "docker" "rm" "-f" "d5c4bc63c5eae7de5cf7ed89259c34d8eeb74611f6708b8386f75dff752e0c1d", kill_on_drop: false }`
[INFO] [stdout] d5c4bc63c5eae7de5cf7ed89259c34d8eeb74611f6708b8386f75dff752e0c1d
