[INFO] fetching crate privacypass 0.2.0-pre.3...
[INFO] testing privacypass-0.2.0-pre.3 against 1.99.0-beta.8+cargoflags=--release for beta-release-1.100-2
[INFO] extracting crate privacypass 0.2.0-pre.3 into /workspace/builds/worker-2-tc1/source
[INFO] started tweaking crates.io crate privacypass 0.2.0-pre.3
[INFO] removed 0 missing tests
[INFO] finished tweaking crates.io crate privacypass 0.2.0-pre.3
[INFO] tweaked toml for crates.io crate privacypass 0.2.0-pre.3 written to /workspace/builds/worker-2-tc1/source/Cargo.toml
[INFO] validating manifest of crates.io crate privacypass 0.2.0-pre.3 on toolchain 1.99.0-beta.8
[INFO] running `Command { std: CARGO_HOME="/workspace/cargo-home" RUSTUP_HOME="/workspace/rustup-home" "/workspace/cargo-home/bin/cargo" "+1.99.0-beta.8" "metadata" "--manifest-path" "Cargo.toml" "--no-deps", kill_on_drop: false }`
[INFO] crate crates.io crate privacypass 0.2.0-pre.3 already has a lockfile, it will not be regenerated
[INFO] running `Command { std: CARGO_HOME="/workspace/cargo-home" RUSTUP_HOME="/workspace/rustup-home" "/workspace/cargo-home/bin/cargo" "+1.99.0-beta.8" "fetch" "--manifest-path" "Cargo.toml", kill_on_drop: false }`
[INFO] [stderr]     Updating crates.io index
[INFO] [stderr]  Downloading crates ...
[INFO] [stderr]   Downloaded tls_codec v0.5.0
[INFO] [stderr]   Downloaded voprf-ng v0.6.0-pre.3
[INFO] [stderr]   Downloaded tls_codec_derive v0.5.0
[INFO] [stderr]   Downloaded blind-rsa-signatures v0.17.2
[INFO] [stderr]   Downloaded hmac-sha512 v1.1.12
[INFO] [stderr]   Downloaded ct-codecs v1.1.7
[INFO] [stderr]   Downloaded crypto-primes v0.7.0
[INFO] running `Command { std: "docker" "create" "-v" "/var/lib/crater-agent-workspace/builds/worker-2-tc1/source:/opt/rustwide/workdir:ro,Z" "-v" "/var/lib/crater-agent-workspace/builds/worker-2-tc1/target:/opt/rustwide/target:rw,Z" "-v" "/var/lib/crater-agent-workspace/cargo-home:/opt/rustwide/cargo-home:ro,Z" "-v" "/var/lib/crater-agent-workspace/rustup-home:/opt/rustwide/rustup-home:ro,Z" "-m" "1610612736" "--network" "none" "ghcr.io/rust-lang/crates-build-env/linux@sha256:77db811e55d90add9212f6832c23229e3de5f1c1f9905e8cb07319ea15df73ac" "sleep" "infinity", kill_on_drop: false }`
[INFO] [stdout] c269eb75c684def20c2016b05d70d3d05a546a4fde2716d4dbf1e964589ec583
[INFO] running `Command { std: "docker" "start" "c269eb75c684def20c2016b05d70d3d05a546a4fde2716d4dbf1e964589ec583", kill_on_drop: false }`
[INFO] running `Command { std: "docker" "inspect" "c269eb75c684def20c2016b05d70d3d05a546a4fde2716d4dbf1e964589ec583", kill_on_drop: false }`
[INFO] running `Command { std: "docker" "exec" "-e" "SOURCE_DIR=/opt/rustwide/workdir" "-e" "CARGO_HOME=/opt/rustwide/cargo-home" "-e" "RUSTUP_HOME=/opt/rustwide/rustup-home" "-e" "CARGO_TARGET_DIR=/opt/rustwide/target" "-w" "/opt/rustwide/workdir" "--user" "0:0" "c269eb75c684def20c2016b05d70d3d05a546a4fde2716d4dbf1e964589ec583" "/opt/rustwide/cargo-home/bin/cargo" "+1.99.0-beta.8" "metadata" "--no-deps" "--format-version=1", kill_on_drop: false }`
[INFO] running `Command { std: "docker" "inspect" "c269eb75c684def20c2016b05d70d3d05a546a4fde2716d4dbf1e964589ec583", kill_on_drop: false }`
[INFO] running `Command { std: "docker" "exec" "-e" "SOURCE_DIR=/opt/rustwide/workdir" "-e" "CARGO_HOME=/opt/rustwide/cargo-home" "-e" "RUSTUP_HOME=/opt/rustwide/rustup-home" "-e" "CARGO_TARGET_DIR=/opt/rustwide/target" "-e" "CARGO_INCREMENTAL=0" "-e" "RUST_BACKTRACE=full" "-e" "RUSTFLAGS=--cap-lints=warn" "-e" "RUSTDOCFLAGS=--cap-lints=warn" "-w" "/opt/rustwide/workdir" "--user" "0:0" "c269eb75c684def20c2016b05d70d3d05a546a4fde2716d4dbf1e964589ec583" "/opt/rustwide/cargo-home/bin/cargo" "+1.99.0-beta.8" "build" "--frozen" "--message-format=json" "--release", kill_on_drop: false }`
[INFO] [stderr]    Compiling syn v2.0.119
[INFO] [stderr]    Compiling generic-array v0.14.9
[INFO] [stderr]    Compiling hybrid-array v0.4.14
[INFO] [stderr]    Compiling libm v0.2.16
[INFO] [stderr]    Compiling der v0.7.10
[INFO] [stderr]    Compiling ff v0.13.1
[INFO] [stderr]    Compiling base16ct v0.2.0
[INFO] [stderr]    Compiling serde v1.0.229
[INFO] [stderr]    Compiling der v0.8.1
[INFO] [stderr]    Compiling curve25519-dalek v4.1.3
[INFO] [stderr]    Compiling convert_case v0.10.0
[INFO] [stderr]    Compiling getrandom v0.4.3
[INFO] [stderr]    Compiling displaydoc v0.2.7
[INFO] [stderr]    Compiling generic-array v1.4.5
[INFO] [stderr]    Compiling ct-codecs v1.1.7
[INFO] [stderr]    Compiling nom v8.0.0
[INFO] [stderr]    Compiling group v0.13.0
[INFO] [stderr]    Compiling log v0.4.33
[INFO] [stderr]    Compiling rand v0.10.2
[INFO] [stderr]    Compiling block-buffer v0.12.1
[INFO] [stderr]    Compiling crypto-common v0.2.2
[INFO] [stderr]    Compiling serdect v0.4.3
[INFO] [stderr]    Compiling crypto-bigint v0.7.5
[INFO] [stderr]    Compiling block-buffer v0.10.4
[INFO] [stderr]    Compiling crypto-common v0.1.6
[INFO] [stderr]    Compiling crypto-bigint v0.5.5
[INFO] [stderr]    Compiling digest v0.10.7
[INFO] [stderr]    Compiling sha2 v0.10.9
[INFO] [stderr]    Compiling sec1 v0.7.3
[INFO] [stderr]    Compiling digest v0.11.3
[INFO] [stderr]    Compiling signature v3.0.0
[INFO] [stderr]    Compiling hmac-sha256 v1.1.14
[INFO] [stderr]    Compiling hmac-sha512 v1.1.12
[INFO] [stderr]    Compiling spki v0.8.0
[INFO] [stderr]    Compiling pkcs8 v0.11.0
[INFO] [stderr]    Compiling pkcs1 v0.8.0-rc.4
[INFO] [stderr]    Compiling elliptic-curve v0.13.8
[INFO] [stderr]    Compiling primeorder v0.13.6
[INFO] [stderr]    Compiling derive_more-impl v2.1.1
[INFO] [stderr]    Compiling curve25519-dalek-derive v0.1.1
[INFO] [stderr]    Compiling tls_codec_derive v0.5.0
[INFO] [stderr]    Compiling derive-new v0.7.0
[INFO] [stderr]    Compiling derive-where v1.6.1
[INFO] [stderr]    Compiling trait-variant v0.1.3
[INFO] [stderr]    Compiling p384 v0.13.1
[INFO] [stderr]    Compiling tls_codec v0.5.0
[INFO] [stderr]    Compiling crypto-primes v0.7.0
[INFO] [stderr]    Compiling voprf-ng v0.6.0-pre.3
[INFO] [stderr]    Compiling rsa v0.10.0-rc.18
[INFO] [stderr]    Compiling derive_more v2.1.1
[INFO] [stderr]    Compiling blind-rsa-signatures v0.17.2
[INFO] [stderr]    Compiling privacypass v0.2.0-pre.3 (/opt/rustwide/workdir)
[INFO] [stderr]     Finished `release` profile [optimized] target(s) in 46.84s
[INFO] running `Command { std: "docker" "inspect" "c269eb75c684def20c2016b05d70d3d05a546a4fde2716d4dbf1e964589ec583", kill_on_drop: false }`
[INFO] running `Command { std: "docker" "exec" "-e" "SOURCE_DIR=/opt/rustwide/workdir" "-e" "CARGO_HOME=/opt/rustwide/cargo-home" "-e" "RUSTUP_HOME=/opt/rustwide/rustup-home" "-e" "CARGO_TARGET_DIR=/opt/rustwide/target" "-e" "CARGO_INCREMENTAL=0" "-e" "RUST_BACKTRACE=full" "-e" "RUSTFLAGS=--cap-lints=warn" "-e" "RUSTDOCFLAGS=--cap-lints=warn" "-w" "/opt/rustwide/workdir" "--user" "0:0" "c269eb75c684def20c2016b05d70d3d05a546a4fde2716d4dbf1e964589ec583" "/opt/rustwide/cargo-home/bin/cargo" "+1.99.0-beta.8" "test" "--frozen" "--no-run" "--message-format=json" "--release", kill_on_drop: false }`
[INFO] [stderr]    Compiling zerocopy v0.8.56
[INFO] [stderr]    Compiling find-msvc-tools v0.1.11
[INFO] [stderr]    Compiling zerocopy-derive v0.8.56
[INFO] [stderr]    Compiling futures-macro v0.3.34
[INFO] [stderr]    Compiling crypto-bigint v0.7.5
[INFO] [stderr]    Compiling getrandom v0.4.3
[INFO] [stderr]    Compiling serde_json v1.0.151
[INFO] [stderr]    Compiling clap_builder v4.6.6
[INFO] [stderr]    Compiling regex-automata v0.4.18
[INFO] [stderr]    Compiling tokio v1.53.1
[INFO] [stderr]    Compiling nom v8.0.0
[INFO] [stderr]    Compiling hex v0.4.3
[INFO] [stderr]    Compiling cc v1.4.3
[INFO] [stderr]    Compiling rand v0.10.2
[INFO] [stderr]    Compiling futures-util v0.3.34
[INFO] [stderr]    Compiling tinytemplate v1.2.1
[INFO] [stderr]    Compiling alloca v0.4.0
[INFO] [stderr]    Compiling regex v1.13.1
[INFO] [stderr]    Compiling clap v4.6.6
[INFO] [stderr]    Compiling crypto-primes v0.7.0
[INFO] [stderr]    Compiling futures-executor v0.3.34
[INFO] [stderr]    Compiling futures v0.3.34
[INFO] [stderr]    Compiling rsa v0.10.0-rc.18
[INFO] [stderr]    Compiling blind-rsa-signatures v0.17.2
[INFO] [stderr]    Compiling half v2.7.1
[INFO] [stderr]    Compiling privacypass v0.2.0-pre.3 (/opt/rustwide/workdir)
[INFO] [stderr]    Compiling ciborium-ll v0.2.2
[INFO] [stderr]    Compiling ciborium v0.2.2
[INFO] [stderr]    Compiling criterion v0.8.2
[INFO] [stdout] error[E0433]: cannot find `test_utils` in `privacypass`
[INFO] [stdout]   --> tests/generic_tokens.rs:13:5
[INFO] [stdout]    |
[INFO] [stdout] 13 |     test_utils::{
[INFO] [stdout]    |     ^^^^^^^^^^ could not find `test_utils` in `privacypass`
[INFO] [stdout]    |
[INFO] [stdout] note: found an item that was configured out
[INFO] [stdout]   --> src/lib.rs:27:9
[INFO] [stdout]    |
[INFO] [stdout] 26 | #[cfg(feature = "test-utils")]
[INFO] [stdout]    |       ---------------------- the item is gated behind the `test-utils` feature
[INFO] [stdout] 27 | pub mod test_utils;
[INFO] [stdout]    |         ^^^^^^^^^^
[INFO] [stdout] 
[INFO] [stdout] 
[INFO] [stdout] error[E0432]: unresolved import `privacypass::test_utils`
[INFO] [stdout]   --> tests/generic_tokens.rs:13:5
[INFO] [stdout]    |
[INFO] [stdout] 13 |     test_utils::{
[INFO] [stdout]    |     ^^^^^^^^^^ could not find `test_utils` in `privacypass`
[INFO] [stdout]    |
[INFO] [stdout] note: found an item that was configured out
[INFO] [stdout]   --> src/lib.rs:27:9
[INFO] [stdout]    |
[INFO] [stdout] 26 | #[cfg(feature = "test-utils")]
[INFO] [stdout]    |       ---------------------- the item is gated behind the `test-utils` feature
[INFO] [stdout] 27 | pub mod test_utils;
[INFO] [stdout]    |         ^^^^^^^^^^
[INFO] [stdout] 
[INFO] [stdout] 
[INFO] [stdout] error[E0433]: cannot find module or crate `tokio` in this scope
[INFO] [stdout]    --> tests/generic_tokens.rs:307:3
[INFO] [stdout]     |
[INFO] [stdout] 307 | #[tokio::test]
[INFO] [stdout]     |   ^^^^^ use of unresolved module or unlinked crate `tokio`
[INFO] [stdout] 
[INFO] [stdout] 
[INFO] [stdout] error[E0433]: cannot find module or crate `tokio` in this scope
[INFO] [stdout]    --> tests/generic_tokens.rs:216:3
[INFO] [stdout]     |
[INFO] [stdout] 216 | #[tokio::test]
[INFO] [stdout]     |   ^^^^^ use of unresolved module or unlinked crate `tokio`
[INFO] [stdout] 
[INFO] [stdout] 
[INFO] [stdout] error[E0433]: cannot find module or crate `tokio` in this scope
[INFO] [stdout]   --> tests/generic_tokens.rs:21:3
[INFO] [stdout]    |
[INFO] [stdout] 21 | #[tokio::test]
[INFO] [stdout]    |   ^^^^^ use of unresolved module or unlinked crate `tokio`
[INFO] [stdout] 
[INFO] [stdout] 
[INFO] [stdout] error[E0433]: cannot find `test_utils` in `privacypass`
[INFO] [stdout]   --> tests/public_tokens.rs:11:5
[INFO] [stdout]    |
[INFO] [stdout] 11 |     test_utils::{
[INFO] [stdout]    |     ^^^^^^^^^^ could not find `test_utils` in `privacypass`
[INFO] [stdout]    |
[INFO] [stdout] note: found an item that was configured out
[INFO] [stdout]   --> src/lib.rs:27:9
[INFO] [stdout]    |
[INFO] [stdout] 26 | #[cfg(feature = "test-utils")]
[INFO] [stdout]    |       ---------------------- the item is gated behind the `test-utils` feature
[INFO] [stdout] 27 | pub mod test_utils;
[INFO] [stdout]    |         ^^^^^^^^^^
[INFO] [stdout] 
[INFO] [stdout] 
[INFO] [stdout] error[E0433]: cannot find module or crate `tokio` in this scope
[INFO] [stdout]   --> tests/public_tokens.rs:85:3
[INFO] [stdout]    |
[INFO] [stdout] 85 | #[tokio::test]
[INFO] [stdout]    |   ^^^^^ use of unresolved module or unlinked crate `tokio`
[INFO] [stdout] 
[INFO] [stdout] 
[INFO] [stdout] error[E0433]: cannot find module or crate `tokio` in this scope
[INFO] [stdout]   --> tests/public_tokens.rs:17:3
[INFO] [stdout]    |
[INFO] [stdout] 17 | #[tokio::test]
[INFO] [stdout]    |   ^^^^^ use of unresolved module or unlinked crate `tokio`
[INFO] [stdout] 
[INFO] [stdout] 
[INFO] [stdout] For more information about this error, try `rustc --explain E0433`.
[INFO] [stdout] 
[INFO] [stderr] error: could not compile `privacypass` (test "public_tokens") due to 3 previous errors
[INFO] [stderr] warning: build failed, waiting for other jobs to finish...
[INFO] [stdout] error[E0433]: cannot find `test_utils` in `privacypass`
[INFO] [stdout]   --> tests/kat_private.rs:15:5
[INFO] [stdout]    |
[INFO] [stdout] 15 |     test_utils::{nonce_store::MemoryNonceStore, private_memory_store::MemoryKeyStoreVoprf},
[INFO] [stdout]    |     ^^^^^^^^^^ could not find `test_utils` in `privacypass`
[INFO] [stdout]    |
[INFO] [stdout] note: found an item that was configured out
[INFO] [stdout]   --> src/lib.rs:27:9
[INFO] [stdout]    |
[INFO] [stdout] 26 | #[cfg(feature = "test-utils")]
[INFO] [stdout]    |       ---------------------- the item is gated behind the `test-utils` feature
[INFO] [stdout] 27 | pub mod test_utils;
[INFO] [stdout]    |         ^^^^^^^^^^
[INFO] [stdout] 
[INFO] [stdout] 
[INFO] [stdout] error[E0432]: unresolved import `voprf::derive_key`
[INFO] [stdout]    --> tests/kat_private.rs:9:40
[INFO] [stdout]     |
[INFO] [stdout]   9 | use voprf::{Group, Mode, Ristretto255, derive_key};
[INFO] [stdout]     |                                        ^^^^^^^^^^ no `derive_key` in the root
[INFO] [stdout]     |
[INFO] [stdout] note: found an item that was configured out
[INFO] [stdout]    --> /opt/rustwide/cargo-home/registry/src/index.crates.io-1949cf8c6b5b557f/voprf-ng-0.6.0-pre.3/src/lib.rs:564:24
[INFO] [stdout]     |
[INFO] [stdout] 563 | #[cfg(feature = "danger")]
[INFO] [stdout]     |       ------------------ the item is gated behind the `danger` feature
[INFO] [stdout] 564 | pub use crate::common::derive_key;
[INFO] [stdout]     |                        ^^^^^^^^^^
[INFO] [stdout] 
[INFO] [stdout] 
[INFO] [stdout] error[E0433]: cannot find `test_utils` in `privacypass`
[INFO] [stdout]   --> tests/kat_public.rs:16:5
[INFO] [stdout]    |
[INFO] [stdout] 16 |     test_utils::{
[INFO] [stdout]    |     ^^^^^^^^^^ could not find `test_utils` in `privacypass`
[INFO] [stdout]    |
[INFO] [stdout] note: found an item that was configured out
[INFO] [stdout]   --> src/lib.rs:27:9
[INFO] [stdout]    |
[INFO] [stdout] 26 | #[cfg(feature = "test-utils")]
[INFO] [stdout]    |       ---------------------- the item is gated behind the `test-utils` feature
[INFO] [stdout] 27 | pub mod test_utils;
[INFO] [stdout]    |         ^^^^^^^^^^
[INFO] [stdout] 
[INFO] [stdout] 
[INFO] [stdout] error[E0432]: unresolved import `privacypass::public_tokens::det_rng`
[INFO] [stdout]   --> tests/kat_public.rs:14:23
[INFO] [stdout]    |
[INFO] [stdout] 14 |         TokenRequest, det_rng::DeterministicRng, public_key_to_truncated_token_key_id, server::*,
[INFO] [stdout]    |                       ^^^^^^^ could not find `det_rng` in `public_tokens`
[INFO] [stdout]    |
[INFO] [stdout] note: found an item that was configured out
[INFO] [stdout]   --> src/public_tokens/mod.rs:16:9
[INFO] [stdout]    |
[INFO] [stdout] 15 | #[cfg(feature = "kat")]
[INFO] [stdout]    |       --------------- the item is gated behind the `kat` feature
[INFO] [stdout] 16 | pub mod det_rng;
[INFO] [stdout]    |         ^^^^^^^
[INFO] [stdout] 
[INFO] [stdout] 
[INFO] [stdout] error[E0433]: cannot find module or crate `tokio` in this scope
[INFO] [stdout]   --> tests/kat_private.rs:38:3
[INFO] [stdout]    |
[INFO] [stdout] 38 | #[tokio::test]
[INFO] [stdout]    |   ^^^^^ use of unresolved module or unlinked crate `tokio`
[INFO] [stdout] 
[INFO] [stdout] 
[INFO] [stdout] error[E0433]: cannot find module or crate `tokio` in this scope
[INFO] [stdout]    --> tests/kat_private.rs:140:3
[INFO] [stdout]     |
[INFO] [stdout] 140 | #[tokio::test]
[INFO] [stdout]     |   ^^^^^ use of unresolved module or unlinked crate `tokio`
[INFO] [stdout] 
[INFO] [stdout] 
[INFO] [stdout] error[E0433]: cannot find module or crate `tokio` in this scope
[INFO] [stdout]   --> tests/kat_public.rs:44:3
[INFO] [stdout]    |
[INFO] [stdout] 44 | #[tokio::test]
[INFO] [stdout]    |   ^^^^^ use of unresolved module or unlinked crate `tokio`
[INFO] [stdout] 
[INFO] [stdout] 
[INFO] [stdout] error[E0433]: cannot find module or crate `tokio` in this scope
[INFO] [stdout]    --> tests/kat_public.rs:161:3
[INFO] [stdout]     |
[INFO] [stdout] 161 | #[tokio::test]
[INFO] [stdout]     |   ^^^^^ use of unresolved module or unlinked crate `tokio`
[INFO] [stdout] 
[INFO] [stdout] 
[INFO] [stdout] error[E0433]: cannot find module or crate `tokio` in this scope
[INFO] [stdout]    --> tests/kat_generic.rs:104:3
[INFO] [stdout]     |
[INFO] [stdout] 104 | #[tokio::test]
[INFO] [stdout]     |   ^^^^^ use of unresolved module or unlinked crate `tokio`
[INFO] [stdout] 
[INFO] [stdout] 
[INFO] [stdout] error[E0433]: cannot find module or crate `tokio` in this scope
[INFO] [stdout]    --> tests/kat_generic.rs:209:3
[INFO] [stdout]     |
[INFO] [stdout] 209 | #[tokio::test]
[INFO] [stdout]     |   ^^^^^ use of unresolved module or unlinked crate `tokio`
[INFO] [stdout] 
[INFO] [stdout] 
[INFO] [stdout] error[E0433]: cannot find `test_utils` in `privacypass`
[INFO] [stdout]   --> tests/private_tokens.rs:10:5
[INFO] [stdout]    |
[INFO] [stdout] 10 |     test_utils::{nonce_store::MemoryNonceStore, private_memory_store::MemoryKeyStoreVoprf},
[INFO] [stdout]    |     ^^^^^^^^^^ could not find `test_utils` in `privacypass`
[INFO] [stdout]    |
[INFO] [stdout] note: found an item that was configured out
[INFO] [stdout]   --> src/lib.rs:27:9
[INFO] [stdout]    |
[INFO] [stdout] 26 | #[cfg(feature = "test-utils")]
[INFO] [stdout]    |       ---------------------- the item is gated behind the `test-utils` feature
[INFO] [stdout] 27 | pub mod test_utils;
[INFO] [stdout]    |         ^^^^^^^^^^
[INFO] [stdout] 
[INFO] [stdout] 
[INFO] [stdout] error[E0432]: unresolved import `privacypass::common::errors::DeterministicIssuanceError`
[INFO] [stdout]   --> tests/private_tokens.rs:6:18
[INFO] [stdout]    |
[INFO] [stdout]  6 |         errors::{DeterministicIssuanceError, RedeemTokenError},
[INFO] [stdout]    |                  ^^^^^^^^^^^^^^^^^^^^^^^^^^ no `DeterministicIssuanceError` in `common::errors`
[INFO] [stdout]    |
[INFO] [stdout] note: found an item that was configured out
[INFO] [stdout]   --> src/common/errors.rs:90:10
[INFO] [stdout]    |
[INFO] [stdout] 88 | #[cfg(feature = "deterministic-issuance")]
[INFO] [stdout]    |       ---------------------------------- the item is gated behind the `deterministic-issuance` feature
[INFO] [stdout] 89 | #[derive(PartialEq, Eq, Error, Debug)]
[INFO] [stdout] 90 | pub enum DeterministicIssuanceError {
[INFO] [stdout]    |          ^^^^^^^^^^^^^^^^^^^^^^^^^^
[INFO] [stdout] 
[INFO] [stdout] 
[INFO] [stdout] error[E0433]: cannot find module or crate `tokio` in this scope
[INFO] [stdout]   --> tests/private_tokens.rs:16:3
[INFO] [stdout]    |
[INFO] [stdout] 16 | #[tokio::test]
[INFO] [stdout]    |   ^^^^^ use of unresolved module or unlinked crate `tokio`
[INFO] [stdout] 
[INFO] [stdout] 
[INFO] [stdout] error[E0433]: cannot find module or crate `tokio` in this scope
[INFO] [stdout]   --> tests/private_tokens.rs:71:3
[INFO] [stdout]    |
[INFO] [stdout] 71 | #[tokio::test]
[INFO] [stdout]    |   ^^^^^ use of unresolved module or unlinked crate `tokio`
[INFO] [stdout] 
[INFO] [stdout] 
[INFO] [stdout] error[E0433]: cannot find module or crate `tokio` in this scope
[INFO] [stdout]    --> tests/private_tokens.rs:147:3
[INFO] [stdout]     |
[INFO] [stdout] 147 | #[tokio::test]
[INFO] [stdout]     |   ^^^^^ use of unresolved module or unlinked crate `tokio`
[INFO] [stdout] 
[INFO] [stdout] 
[INFO] [stdout] error[E0433]: cannot find `test_utils` in `privacypass`
[INFO] [stdout]   --> tests/kat_amortized.rs:15:5
[INFO] [stdout]    |
[INFO] [stdout] 15 |     test_utils::{nonce_store::MemoryNonceStore, private_memory_store::MemoryKeyStoreVoprf},
[INFO] [stdout]    |     ^^^^^^^^^^ could not find `test_utils` in `privacypass`
[INFO] [stdout]    |
[INFO] [stdout] note: found an item that was configured out
[INFO] [stdout]   --> src/lib.rs:27:9
[INFO] [stdout]    |
[INFO] [stdout] 26 | #[cfg(feature = "test-utils")]
[INFO] [stdout]    |       ---------------------- the item is gated behind the `test-utils` feature
[INFO] [stdout] 27 | pub mod test_utils;
[INFO] [stdout]    |         ^^^^^^^^^^
[INFO] [stdout] 
[INFO] [stdout] 
[INFO] [stdout] error[E0432]: unresolved import `voprf::derive_key`
[INFO] [stdout]    --> tests/kat_amortized.rs:9:40
[INFO] [stdout]     |
[INFO] [stdout]   9 | use voprf::{Group, Mode, Ristretto255, derive_key};
[INFO] [stdout]     |                                        ^^^^^^^^^^ no `derive_key` in the root
[INFO] [stdout]     |
[INFO] [stdout] note: found an item that was configured out
[INFO] [stdout]    --> /opt/rustwide/cargo-home/registry/src/index.crates.io-1949cf8c6b5b557f/voprf-ng-0.6.0-pre.3/src/lib.rs:564:24
[INFO] [stdout]     |
[INFO] [stdout] 563 | #[cfg(feature = "danger")]
[INFO] [stdout]     |       ------------------ the item is gated behind the `danger` feature
[INFO] [stdout] 564 | pub use crate::common::derive_key;
[INFO] [stdout]     |                        ^^^^^^^^^^
[INFO] [stdout] 
[INFO] [stdout] 
[INFO] [stdout] error[E0433]: cannot find module or crate `tokio` in this scope
[INFO] [stdout]   --> tests/kat_amortized.rs:44:3
[INFO] [stdout]    |
[INFO] [stdout] 44 | #[tokio::test]
[INFO] [stdout]    |   ^^^^^ use of unresolved module or unlinked crate `tokio`
[INFO] [stdout] 
[INFO] [stdout] 
[INFO] [stdout] error[E0433]: cannot find module or crate `tokio` in this scope
[INFO] [stdout]    --> tests/kat_amortized.rs:164:3
[INFO] [stdout]     |
[INFO] [stdout] 164 | #[tokio::test]
[INFO] [stdout]     |   ^^^^^ use of unresolved module or unlinked crate `tokio`
[INFO] [stdout] 
[INFO] [stdout] 
[INFO] [stdout] error[E0433]: cannot find `test_utils` in `privacypass`
[INFO] [stdout]   --> tests/kat_public.rs:16:5
[INFO] [stdout]    |
[INFO] [stdout] 16 |     test_utils::{
[INFO] [stdout]    |     ^^^^^^^^^^ could not find `test_utils` in `privacypass`
[INFO] [stdout]    |
[INFO] [stdout] note: found an item that was configured out
[INFO] [stdout]   --> src/lib.rs:27:9
[INFO] [stdout]    |
[INFO] [stdout] 26 | #[cfg(feature = "test-utils")]
[INFO] [stdout]    |       ---------------------- the item is gated behind the `test-utils` feature
[INFO] [stdout] 27 | pub mod test_utils;
[INFO] [stdout]    |         ^^^^^^^^^^
[INFO] [stdout] 
[INFO] [stdout] 
[INFO] [stdout] error[E0432]: unresolved import `privacypass::public_tokens::det_rng`
[INFO] [stdout]   --> tests/kat_public.rs:14:23
[INFO] [stdout]    |
[INFO] [stdout] 14 |         TokenRequest, det_rng::DeterministicRng, public_key_to_truncated_token_key_id, server::*,
[INFO] [stdout]    |                       ^^^^^^^ could not find `det_rng` in `public_tokens`
[INFO] [stdout]    |
[INFO] [stdout] note: found an item that was configured out
[INFO] [stdout]   --> src/public_tokens/mod.rs:16:9
[INFO] [stdout]    |
[INFO] [stdout] 15 | #[cfg(feature = "kat")]
[INFO] [stdout]    |       --------------- the item is gated behind the `kat` feature
[INFO] [stdout] 16 | pub mod det_rng;
[INFO] [stdout]    |         ^^^^^^^
[INFO] [stdout] 
[INFO] [stdout] 
[INFO] [stdout] error[E0433]: cannot find module or crate `tokio` in this scope
[INFO] [stdout]   --> tests/kat_public.rs:44:3
[INFO] [stdout]    |
[INFO] [stdout] 44 | #[tokio::test]
[INFO] [stdout]    |   ^^^^^ use of unresolved module or unlinked crate `tokio`
[INFO] [stdout] 
[INFO] [stdout] 
[INFO] [stdout] error[E0433]: cannot find module or crate `tokio` in this scope
[INFO] [stdout]    --> tests/kat_public.rs:161:3
[INFO] [stdout]     |
[INFO] [stdout] 161 | #[tokio::test]
[INFO] [stdout]     |   ^^^^^ use of unresolved module or unlinked crate `tokio`
[INFO] [stdout] 
[INFO] [stdout] 
[INFO] [stdout] error[E0433]: cannot find `test_utils` in `privacypass`
[INFO] [stdout]   --> tests/kat_private.rs:15:5
[INFO] [stdout]    |
[INFO] [stdout] 15 |     test_utils::{nonce_store::MemoryNonceStore, private_memory_store::MemoryKeyStoreVoprf},
[INFO] [stdout]    |     ^^^^^^^^^^ could not find `test_utils` in `privacypass`
[INFO] [stdout]    |
[INFO] [stdout] note: found an item that was configured out
[INFO] [stdout]   --> src/lib.rs:27:9
[INFO] [stdout]    |
[INFO] [stdout] 26 | #[cfg(feature = "test-utils")]
[INFO] [stdout]    |       ---------------------- the item is gated behind the `test-utils` feature
[INFO] [stdout] 27 | pub mod test_utils;
[INFO] [stdout]    |         ^^^^^^^^^^
[INFO] [stdout] 
[INFO] [stdout] 
[INFO] [stdout] error[E0432]: unresolved import `voprf::derive_key`
[INFO] [stdout]    --> tests/kat_private.rs:9:40
[INFO] [stdout]     |
[INFO] [stdout]   9 | use voprf::{Group, Mode, Ristretto255, derive_key};
[INFO] [stdout]     |                                        ^^^^^^^^^^ no `derive_key` in the root
[INFO] [stdout]     |
[INFO] [stdout] note: found an item that was configured out
[INFO] [stdout]    --> /opt/rustwide/cargo-home/registry/src/index.crates.io-1949cf8c6b5b557f/voprf-ng-0.6.0-pre.3/src/lib.rs:564:24
[INFO] [stdout]     |
[INFO] [stdout] 563 | #[cfg(feature = "danger")]
[INFO] [stdout]     |       ------------------ the item is gated behind the `danger` feature
[INFO] [stdout] 564 | pub use crate::common::derive_key;
[INFO] [stdout]     |                        ^^^^^^^^^^
[INFO] [stdout] 
[INFO] [stdout] 
[INFO] [stdout] error[E0433]: cannot find module or crate `tokio` in this scope
[INFO] [stdout]   --> tests/kat_private.rs:38:3
[INFO] [stdout]    |
[INFO] [stdout] 38 | #[tokio::test]
[INFO] [stdout]    |   ^^^^^ use of unresolved module or unlinked crate `tokio`
[INFO] [stdout] 
[INFO] [stdout] 
[INFO] [stdout] error[E0433]: cannot find module or crate `tokio` in this scope
[INFO] [stdout]    --> tests/kat_private.rs:140:3
[INFO] [stdout]     |
[INFO] [stdout] 140 | #[tokio::test]
[INFO] [stdout]     |   ^^^^^ use of unresolved module or unlinked crate `tokio`
[INFO] [stdout] 
[INFO] [stdout] 
[INFO] [stdout] error[E0433]: cannot find `test_utils` in `privacypass`
[INFO] [stdout]   --> tests/amortized_tokens.rs:10:5
[INFO] [stdout]    |
[INFO] [stdout] 10 |     test_utils::{nonce_store::MemoryNonceStore, private_memory_store::MemoryKeyStoreVoprf},
[INFO] [stdout]    |     ^^^^^^^^^^ could not find `test_utils` in `privacypass`
[INFO] [stdout]    |
[INFO] [stdout] note: found an item that was configured out
[INFO] [stdout]   --> src/lib.rs:27:9
[INFO] [stdout]    |
[INFO] [stdout] 26 | #[cfg(feature = "test-utils")]
[INFO] [stdout]    |       ---------------------- the item is gated behind the `test-utils` feature
[INFO] [stdout] 27 | pub mod test_utils;
[INFO] [stdout]    |         ^^^^^^^^^^
[INFO] [stdout] 
[INFO] [stdout] 
[INFO] [stdout] error[E0432]: unresolved imports `privacypass::common::errors::DeterministicIssuanceError`, `privacypass::common::private::Scalar`
[INFO] [stdout]   --> tests/amortized_tokens.rs:7:18
[INFO] [stdout]    |
[INFO] [stdout]  7 |         errors::{DeterministicIssuanceError, IssueTokenResponseError, RedeemTokenError},
[INFO] [stdout]    |                  ^^^^^^^^^^^^^^^^^^^^^^^^^^ no `DeterministicIssuanceError` in `common::errors`
[INFO] [stdout]  8 |         private::{PrivateCipherSuite, Scalar},
[INFO] [stdout]    |                                       ^^^^^^ no `Scalar` in `common::private`
[INFO] [stdout]    |
[INFO] [stdout] note: found an item that was configured out
[INFO] [stdout]   --> src/common/errors.rs:90:10
[INFO] [stdout]    |
[INFO] [stdout] 88 | #[cfg(feature = "deterministic-issuance")]
[INFO] [stdout]    |       ---------------------------------- the item is gated behind the `deterministic-issuance` feature
[INFO] [stdout] 89 | #[derive(PartialEq, Eq, Error, Debug)]
[INFO] [stdout] 90 | pub enum DeterministicIssuanceError {
[INFO] [stdout]    |          ^^^^^^^^^^^^^^^^^^^^^^^^^^
[INFO] [stdout] note: found an item that was configured out
[INFO] [stdout]   --> src/common/private.rs:40:10
[INFO] [stdout]    |
[INFO] [stdout] 39 | #[cfg(feature = "deterministic-issuance")]
[INFO] [stdout]    |       ---------------------------------- the item is gated behind the `deterministic-issuance` feature
[INFO] [stdout] 40 | pub type Scalar<CS> = <<CS as CipherSuite>::Group as Group>::Scalar;
[INFO] [stdout]    |          ^^^^^^
[INFO] [stdout] 
[INFO] [stdout] 
[INFO] [stdout] error[E0433]: cannot find module or crate `tokio` in this scope
[INFO] [stdout]   --> tests/amortized_tokens.rs:16:3
[INFO] [stdout]    |
[INFO] [stdout] 16 | #[tokio::test]
[INFO] [stdout]    |   ^^^^^ use of unresolved module or unlinked crate `tokio`
[INFO] [stdout] 
[INFO] [stdout] 
[INFO] [stdout] error[E0433]: cannot find module or crate `tokio` in this scope
[INFO] [stdout]   --> tests/amortized_tokens.rs:83:3
[INFO] [stdout]    |
[INFO] [stdout] 83 | #[tokio::test]
[INFO] [stdout]    |   ^^^^^ use of unresolved module or unlinked crate `tokio`
[INFO] [stdout] 
[INFO] [stdout] 
[INFO] [stdout] error[E0433]: cannot find module or crate `tokio` in this scope
[INFO] [stdout]    --> tests/amortized_tokens.rs:119:3
[INFO] [stdout]     |
[INFO] [stdout] 119 | #[tokio::test]
[INFO] [stdout]     |   ^^^^^ use of unresolved module or unlinked crate `tokio`
[INFO] [stdout] 
[INFO] [stdout] 
[INFO] [stdout] error[E0433]: cannot find module or crate `tokio` in this scope
[INFO] [stdout]    --> tests/amortized_tokens.rs:220:3
[INFO] [stdout]     |
[INFO] [stdout] 220 | #[tokio::test]
[INFO] [stdout]     |   ^^^^^ use of unresolved module or unlinked crate `tokio`
[INFO] [stdout] 
[INFO] [stdout] 
[INFO] [stdout] error[E0433]: cannot find module or crate `tokio` in this scope
[INFO] [stdout]    --> tests/amortized_tokens.rs:275:3
[INFO] [stdout]     |
[INFO] [stdout] 275 | #[tokio::test]
[INFO] [stdout]     |   ^^^^^ use of unresolved module or unlinked crate `tokio`
[INFO] [stdout] 
[INFO] [stdout] 
[INFO] [stdout] error[E0433]: cannot find module or crate `tokio` in this scope
[INFO] [stdout]    --> tests/amortized_tokens.rs:309:3
[INFO] [stdout]     |
[INFO] [stdout] 309 | #[tokio::test]
[INFO] [stdout]     |   ^^^^^ use of unresolved module or unlinked crate `tokio`
[INFO] [stdout] 
[INFO] [stdout] 
[INFO] [stdout] Some errors have detailed explanations: E0432, E0433.
[INFO] [stdout] 
[INFO] [stdout] For more information about an error, try `rustc --explain E0432`.
[INFO] [stdout] 
[INFO] [stderr] error: could not compile `privacypass` (test "generic_tokens") due to 5 previous errors
[INFO] [stdout] error[E0599]: no associated function or constant named `issue_token_request_with_params` found for struct `privacypass::private_tokens::TokenRequest<CS>` in the current scope
[INFO] [stdout]    --> tests/private_tokens.rs:102:23
[INFO] [stdout]     |
[INFO] [stdout] 102 |         TokenRequest::issue_token_request_with_params(public_key, &challenge, nonce, blind)
[INFO] [stdout]     |                       ^^^^^^^^^^^^^^^^^^^^^^^^^^^^^^^ associated function or constant not found in `privacypass::private_tokens::TokenRequest<_>`
[INFO] [stdout] 
[INFO] [stdout] 
[INFO] [stdout] error[E0599]: no associated function or constant named `issue_token_request_with_params` found for struct `privacypass::private_tokens::TokenRequest<CS>` in the current scope
[INFO] [stdout]    --> tests/private_tokens.rs:106:23
[INFO] [stdout]     |
[INFO] [stdout] 106 |         TokenRequest::issue_token_request_with_params(public_key, &challenge, nonce, blind)
[INFO] [stdout]     |                       ^^^^^^^^^^^^^^^^^^^^^^^^^^^^^^^ associated function or constant not found in `privacypass::private_tokens::TokenRequest<_>`
[INFO] [stdout] 
[INFO] [stdout] 
[INFO] [stdout] error[E0599]: no method named `set_key` found for struct `privacypass::amortized_tokens::server::Server<CS>` in the current scope
[INFO] [stdout]   --> tests/kat_amortized.rs:88:33
[INFO] [stdout]    |
[INFO] [stdout] 88 |         let public_key = server.set_key(&key_store, &vector.sk_s).await.unwrap();
[INFO] [stdout]    |                                 ^^^^^^^ method not found in `privacypass::amortized_tokens::server::Server<CS>`
[INFO] [stdout] 
[INFO] [stdout] 
[INFO] [stdout] error[E0599]: no method named `set_key` found for struct `privacypass::private_tokens::server::Server<CS>` in the current scope
[INFO] [stdout]   --> tests/kat_private.rs:82:29
[INFO] [stdout]    |
[INFO] [stdout] 82 |     let public_key = server.set_key(&key_store, &vector.sk_s).await.unwrap();
[INFO] [stdout]    |                             ^^^^^^^ method not found in `privacypass::private_tokens::server::Server<_>`
[INFO] [stdout] 
[INFO] [stdout] 
[INFO] [stdout] error[E0599]: no method named `set_key` found for struct `privacypass::private_tokens::server::Server<CS>` in the current scope
[INFO] [stdout]   --> tests/kat_private.rs:82:29
[INFO] [stdout]    |
[INFO] [stdout] 82 |     let public_key = server.set_key(&key_store, &vector.sk_s).await.unwrap();
[INFO] [stdout]    |                             ^^^^^^^ method not found in `privacypass::private_tokens::server::Server<_>`
[INFO] [stdout] 
[INFO] [stdout] 
[INFO] [stdout] error[E0599]: no associated function or constant named `issue_token_request_with_params` found for struct `privacypass::private_tokens::TokenRequest<CS>` in the current scope
[INFO] [stdout]    --> tests/private_tokens.rs:171:38
[INFO] [stdout]     |
[INFO] [stdout] 171 |     let result = TokenRequest::<CS>::issue_token_request_with_params(
[INFO] [stdout]     |                                      ^^^^^^^^^^^^^^^^^^^^^^^^^^^^^^^ associated function or constant not found in `privacypass::private_tokens::TokenRequest<CS>`
[INFO] [stdout] 
[INFO] [stdout] 
[INFO] [stdout] error[E0599]: no associated function or constant named `issue_token_request_with_params` found for struct `AmortizedBatchTokenRequest<CS>` in the current scope
[INFO] [stdout]    --> tests/amortized_tokens.rs:154:68
[INFO] [stdout]     |
[INFO] [stdout] 154 |     let (first_request, first_state) = AmortizedBatchTokenRequest::issue_token_request_with_params(
[INFO] [stdout]     |                                                                    ^^^^^^^^^^^^^^^^^^^^^^^^^^^^^^^ associated function or constant not found in `AmortizedBatchTokenRequest<_>`
[INFO] [stdout] 
[INFO] [stdout] 
[INFO] [stdout] Some errors have detailed explanations: E0432, E0433, E0599.
[INFO] [stdout] 
[INFO] [stdout] For more information about an error, try `rustc --explain E0432`.
[INFO] [stdout] 
[INFO] [stdout] error[E0599]: no method named `set_keypair` found for struct `privacypass::public_tokens::server::IssuerServer` in the current scope
[INFO] [stdout]   --> tests/kat_public.rs:98:10
[INFO] [stdout]    |
[INFO] [stdout] 97 | /     issuer_server
[INFO] [stdout] 98 | |         .set_keypair(&issuer_key_store, keypair)
[INFO] [stdout]    | |_________-^^^^^^^^^^^
[INFO] [stdout]    |
[INFO] [stdout] help: there is a method `create_keypair` with a similar name
[INFO] [stdout]    |
[INFO] [stdout] 98 -         .set_keypair(&issuer_key_store, keypair)
[INFO] [stdout] 98 +         .create_keypair(&issuer_key_store, keypair)
[INFO] [stdout]    |
[INFO] [stdout] 
[INFO] [stdout] 
[INFO] [stderr] error: could not compile `privacypass` (test "private_tokens") due to 8 previous errors
[INFO] [stdout] error[E0599]: no associated function or constant named `issue_token_request_with_params` found for struct `AmortizedBatchTokenRequest<CS>` in the current scope
[INFO] [stdout]    --> tests/amortized_tokens.rs:163:37
[INFO] [stdout]     |
[INFO] [stdout] 163 |         AmortizedBatchTokenRequest::issue_token_request_with_params(
[INFO] [stdout]     |                                     ^^^^^^^^^^^^^^^^^^^^^^^^^^^^^^^ associated function or constant not found in `AmortizedBatchTokenRequest<_>`
[INFO] [stdout] 
[INFO] [stdout] 
[INFO] [stdout] error[E0599]: no associated function or constant named `issue_token_request_with_params` found for struct `AmortizedBatchTokenRequest<CS>` in the current scope
[INFO] [stdout]    --> tests/kat_amortized.rs:113:41
[INFO] [stdout]     |
[INFO] [stdout] 113 |             AmortizedBatchTokenRequest::issue_token_request_with_params(
[INFO] [stdout]     |                                         ^^^^^^^^^^^^^^^^^^^^^^^^^^^^^^^ associated function or constant not found in `AmortizedBatchTokenRequest<_>`
[INFO] [stdout] 
[INFO] [stdout] 
[INFO] [stdout] error[E0599]: no associated function or constant named `issue_token_request_with_params` found for struct `privacypass::private_tokens::TokenRequest<CS>` in the current scope
[INFO] [stdout]   --> tests/kat_private.rs:95:23
[INFO] [stdout]    |
[INFO] [stdout] 95 |         TokenRequest::issue_token_request_with_params(public_key, &token_challenge, nonce, blind)
[INFO] [stdout]    |                       ^^^^^^^^^^^^^^^^^^^^^^^^^^^^^^^ associated function or constant not found in `privacypass::private_tokens::TokenRequest<_>`
[INFO] [stdout] 
[INFO] [stdout] 
[INFO] [stdout] error[E0599]: no associated function or constant named `issue_token_request_with_params` found for struct `privacypass::private_tokens::TokenRequest<CS>` in the current scope
[INFO] [stdout]   --> tests/kat_private.rs:95:23
[INFO] [stdout]    |
[INFO] [stdout] 95 |         TokenRequest::issue_token_request_with_params(public_key, &token_challenge, nonce, blind)
[INFO] [stdout]    |                       ^^^^^^^^^^^^^^^^^^^^^^^^^^^^^^^ associated function or constant not found in `privacypass::private_tokens::TokenRequest<_>`
[INFO] [stdout] 
[INFO] [stdout] 
[INFO] [stdout] error[E0308]: mismatched types
[INFO] [stdout]    --> tests/amortized_tokens.rs:169:36
[INFO] [stdout]     |
[INFO] [stdout] 125 | async fn amortized_tokens_deterministic_params_type<CS: PrivateCipherSuite>() {
[INFO] [stdout]     |                                                     -- expected this type parameter
[INFO] [stdout] ...
[INFO] [stdout] 169 |     assert_eq!(first_request.nr(), nr);
[INFO] [stdout]     |                                    ^^ expected type parameter `CS`, found integer
[INFO] [stdout]     |
[INFO] [stdout]     = note: expected type parameter `CS`
[INFO] [stdout]                          found type `{integer}`
[INFO] [stdout] 
[INFO] [stdout] 
[INFO] [stdout] error[E0308]: mismatched types
[INFO] [stdout]    --> tests/kat_amortized.rs:124:13
[INFO] [stdout]     |
[INFO] [stdout]  73 | async fn evaluate_kat<CS: PrivateCipherSuite>(list: Vec<AmortizedTokenTestVector>) {
[INFO] [stdout]     |                       -- expected this type parameter
[INFO] [stdout] ...
[INFO] [stdout] 124 |             vector.token_request
[INFO] [stdout]     |             ^^^^^^^^^^^^^^^^^^^^ expected type parameter `CS`, found `Vec<u8>`
[INFO] [stdout]     |
[INFO] [stdout]     = note: expected type parameter `CS`
[INFO] [stdout]                        found struct `Vec<u8>`
[INFO] [stdout] 
[INFO] [stdout] 
[INFO] [stdout] error[E0308]: mismatched types
[INFO] [stdout]    --> tests/kat_private.rs:104:9
[INFO] [stdout]     |
[INFO] [stdout]  73 | pub(crate) async fn evaluate_vector<CS: PrivateCipherSuite>(vector: PrivateTokenTestVector) {
[INFO] [stdout]     |                                     -- expected this type parameter
[INFO] [stdout] ...
[INFO] [stdout] 104 |         vector.token_request
[INFO] [stdout]     |         ^^^^^^^^^^^^^^^^^^^^ expected type parameter `CS`, found `Vec<u8>`
[INFO] [stdout]     |
[INFO] [stdout]     = note: expected type parameter `CS`
[INFO] [stdout]                        found struct `Vec<u8>`
[INFO] [stdout] 
[INFO] [stdout] 
[INFO] [stdout] error[E0308]: mismatched types
[INFO] [stdout]    --> tests/kat_private.rs:104:9
[INFO] [stdout]     |
[INFO] [stdout]  73 | pub(crate) async fn evaluate_vector<CS: PrivateCipherSuite>(vector: PrivateTokenTestVector) {
[INFO] [stdout]     |                                     -- expected this type parameter
[INFO] [stdout] ...
[INFO] [stdout] 104 |         vector.token_request
[INFO] [stdout]     |         ^^^^^^^^^^^^^^^^^^^^ expected type parameter `CS`, found `Vec<u8>`
[INFO] [stdout]     |
[INFO] [stdout]     = note: expected type parameter `CS`
[INFO] [stdout]                        found struct `Vec<u8>`
[INFO] [stdout] 
[INFO] [stdout] 
[INFO] [stdout] error[E0599]: no associated function or constant named `issue_token_request_with_params` found for struct `AmortizedBatchTokenRequest<CS>` in the current scope
[INFO] [stdout]    --> tests/amortized_tokens.rs:248:68
[INFO] [stdout]     |
[INFO] [stdout] 248 |     let (token_request, token_state) = AmortizedBatchTokenRequest::issue_token_request_with_params(
[INFO] [stdout]     |                                                                    ^^^^^^^^^^^^^^^^^^^^^^^^^^^^^^^ associated function or constant not found in `AmortizedBatchTokenRequest<_>`
[INFO] [stdout] 
[INFO] [stdout] 
[INFO] [stdout] error[E0599]: no associated function or constant named `issue_token_request_with_params` found for struct `AmortizedBatchTokenRequest<CS>` in the current scope
[INFO] [stdout]    --> tests/amortized_tokens.rs:296:52
[INFO] [stdout]     |
[INFO] [stdout] 296 |     let result = AmortizedBatchTokenRequest::<CS>::issue_token_request_with_params(
[INFO] [stdout]     |                                                    ^^^^^^^^^^^^^^^^^^^^^^^^^^^^^^^ associated function or constant not found in `AmortizedBatchTokenRequest<CS>`
[INFO] [stdout] 
[INFO] [stdout] 
[INFO] [stdout] error[E0599]: no method named `set_keypair` found for struct `privacypass::public_tokens::server::IssuerServer` in the current scope
[INFO] [stdout]    --> tests/kat_public.rs:198:10
[INFO] [stdout]     |
[INFO] [stdout] 197 | /     issuer_server
[INFO] [stdout] 198 | |         .set_keypair(&issuer_key_store, keypair.clone())
[INFO] [stdout]     | |_________-^^^^^^^^^^^
[INFO] [stdout]     |
[INFO] [stdout] help: there is a method `create_keypair` with a similar name
[INFO] [stdout]     |
[INFO] [stdout] 198 -         .set_keypair(&issuer_key_store, keypair.clone())
[INFO] [stdout] 198 +         .create_keypair(&issuer_key_store, keypair.clone())
[INFO] [stdout]     |
[INFO] [stdout] 
[INFO] [stdout] 
[INFO] [stdout] error[E0599]: no associated function or constant named `issue_token_request_with_params` found for struct `AmortizedBatchTokenRequest<CS>` in the current scope
[INFO] [stdout]    --> tests/amortized_tokens.rs:336:52
[INFO] [stdout]     |
[INFO] [stdout] 336 |     let result = AmortizedBatchTokenRequest::<CS>::issue_token_request_with_params(
[INFO] [stdout]     |                                                    ^^^^^^^^^^^^^^^^^^^^^^^^^^^^^^^ associated function or constant not found in `AmortizedBatchTokenRequest<CS>`
[INFO] [stdout] 
[INFO] [stdout] 
[INFO] [stdout] Some errors have detailed explanations: E0308, E0432, E0433, E0599.
[INFO] [stdout] 
[INFO] [stdout] For more information about an error, try `rustc --explain E0308`.
[INFO] [stdout] 
[INFO] [stdout] error[E0599]: no method named `evaluate_msg` found for struct `privacypass::private_tokens::TokenResponse<CS>` in the current scope
[INFO] [stdout]    --> tests/kat_private.rs:118:24
[INFO] [stdout]     |
[INFO] [stdout] 118 |         token_response.evaluate_msg(),
[INFO] [stdout]     |                        ^^^^^^^^^^^^ private field, not a method
[INFO] [stdout] 
[INFO] [stdout] 
[INFO] [stdout] error[E0599]: no method named `evaluate_msg` found for struct `privacypass::private_tokens::TokenResponse<CS>` in the current scope
[INFO] [stdout]    --> tests/kat_private.rs:118:24
[INFO] [stdout]     |
[INFO] [stdout] 118 |         token_response.evaluate_msg(),
[INFO] [stdout]     |                        ^^^^^^^^^^^^ private field, not a method
[INFO] [stdout] 
[INFO] [stdout] 
[INFO] [stdout] error[E0599]: no method named `evaluated_elements` found for struct `AmortizedBatchTokenResponse<CS>` in the current scope
[INFO] [stdout]    --> tests/kat_amortized.rs:139:28
[INFO] [stdout]     |
[INFO] [stdout] 139 |             token_response.evaluated_elements(),
[INFO] [stdout]     |                            ^^^^^^^^^^^^^^^^^^ private field, not a method
[INFO] [stdout] 
[INFO] [stdout] 
[INFO] [stderr] error: could not compile `privacypass` (test "amortized_tokens") due to 14 previous errors
[INFO] [stdout] Some errors have detailed explanations: E0432, E0433, E0599.
[INFO] [stdout] 
[INFO] [stdout] For more information about an error, try `rustc --explain E0432`.
[INFO] [stdout] 
[INFO] [stdout] error[E0599]: no method named `evaluate_msg` found for struct `privacypass::private_tokens::TokenResponse<CS>` in the current scope
[INFO] [stdout]    --> tests/kat_private.rs:119:28
[INFO] [stdout]     |
[INFO] [stdout] 119 |         kat_token_response.evaluate_msg()
[INFO] [stdout]     |                            ^^^^^^^^^^^^ private field, not a method
[INFO] [stdout] 
[INFO] [stdout] 
[INFO] [stdout] error[E0599]: no method named `evaluate_msg` found for struct `privacypass::private_tokens::TokenResponse<CS>` in the current scope
[INFO] [stdout]    --> tests/kat_private.rs:119:28
[INFO] [stdout]     |
[INFO] [stdout] 119 |         kat_token_response.evaluate_msg()
[INFO] [stdout]     |                            ^^^^^^^^^^^^ private field, not a method
[INFO] [stdout] 
[INFO] [stdout] 
[INFO] [stderr] error: could not compile `privacypass` (test "kat_public") due to 6 previous errors
[INFO] [stdout] error[E0599]: no method named `evaluated_elements` found for struct `AmortizedBatchTokenResponse<CS>` in the current scope
[INFO] [stdout]    --> tests/kat_amortized.rs:140:32
[INFO] [stdout]     |
[INFO] [stdout] 140 |             kat_token_response.evaluated_elements()
[INFO] [stdout]     |                                ^^^^^^^^^^^^^^^^^^ private field, not a method
[INFO] [stdout] 
[INFO] [stdout] 
[INFO] [stdout] error[E0599]: no method named `create_keypair_with_params` found for struct `privacypass::private_tokens::server::Server<CS>` in the current scope
[INFO] [stdout]    --> tests/kat_private.rs:182:10
[INFO] [stdout]     |
[INFO] [stdout] 181 |       let public_key = server
[INFO] [stdout]     |  ______________________-
[INFO] [stdout] 182 | |         .create_keypair_with_params(&key_store, &seed, info)
[INFO] [stdout]     | |_________-^^^^^^^^^^^^^^^^^^^^^^^^^^
[INFO] [stdout]     |
[INFO] [stdout] help: there is a method `create_keypair` with a similar name, but with different arguments
[INFO] [stdout]    --> src/private_tokens/server.rs:49:5
[INFO] [stdout]     |
[INFO] [stdout]  49 | /     pub async fn create_keypair<PKS: PrivateKeyStore<CS = CS>>(
[INFO] [stdout]  50 | |         &self,
[INFO] [stdout]  51 | |         key_store: &PKS,
[INFO] [stdout]  52 | |     ) -> Result<PublicKey<CS>, CreateKeypairError> {
[INFO] [stdout]     | |__________________________________________________^
[INFO] [stdout] 
[INFO] [stdout] 
[INFO] [stdout] error[E0599]: no method named `create_keypair_with_params` found for struct `privacypass::private_tokens::server::Server<CS>` in the current scope
[INFO] [stdout]    --> tests/kat_private.rs:182:10
[INFO] [stdout]     |
[INFO] [stdout] 181 |       let public_key = server
[INFO] [stdout]     |  ______________________-
[INFO] [stdout] 182 | |         .create_keypair_with_params(&key_store, &seed, info)
[INFO] [stdout]     | |_________-^^^^^^^^^^^^^^^^^^^^^^^^^^
[INFO] [stdout]     |
[INFO] [stdout] help: there is a method `create_keypair` with a similar name, but with different arguments
[INFO] [stdout]    --> src/private_tokens/server.rs:49:5
[INFO] [stdout]     |
[INFO] [stdout]  49 | /     pub async fn create_keypair<PKS: PrivateKeyStore<CS = CS>>(
[INFO] [stdout]  50 | |         &self,
[INFO] [stdout]  51 | |         key_store: &PKS,
[INFO] [stdout]  52 | |     ) -> Result<PublicKey<CS>, CreateKeypairError> {
[INFO] [stdout]     | |__________________________________________________^
[INFO] [stdout] 
[INFO] [stdout] 
[INFO] [stdout] error[E0599]: no method named `create_keypair_with_params` found for struct `privacypass::amortized_tokens::server::Server<CS>` in the current scope
[INFO] [stdout]    --> tests/kat_amortized.rs:208:10
[INFO] [stdout]     |
[INFO] [stdout] 207 |       let public_key = server
[INFO] [stdout]     |  ______________________-
[INFO] [stdout] 208 | |         .create_keypair_with_params(&key_store, &seed, info)
[INFO] [stdout]     | |_________-^^^^^^^^^^^^^^^^^^^^^^^^^^
[INFO] [stdout]     |
[INFO] [stdout] help: there is a method `create_keypair` with a similar name, but with different arguments
[INFO] [stdout]    --> src/amortized_tokens/server.rs:70:5
[INFO] [stdout]     |
[INFO] [stdout]  70 | /     pub async fn create_keypair<BKS: PrivateKeyStore<CS = CS>>(
[INFO] [stdout]  71 | |         &self,
[INFO] [stdout]  72 | |         key_store: &BKS,
[INFO] [stdout]  73 | |     ) -> Result<PublicKey<CS>, CreateKeypairError>
[INFO] [stdout]  74 | |     where
[INFO] [stdout]  75 | |         <CS::Group as Group>::Scalar: Send + Sync,
[INFO] [stdout]  76 | |         <CS::Group as Group>::Elem: Send + Sync,
[INFO] [stdout]     | |________________________________________________^
[INFO] [stdout] 
[INFO] [stdout] 
[INFO] [stdout] error[E0599]: no associated function or constant named `issue_token_request_with_params` found for struct `privacypass::private_tokens::TokenRequest<CS>` in the current scope
[INFO] [stdout]    --> tests/kat_private.rs:221:64
[INFO] [stdout]     |
[INFO] [stdout] 221 |     let (kat_token_request, token_state) = TokenRequest::<CS>::issue_token_request_with_params(
[INFO] [stdout]     |                                                                ^^^^^^^^^^^^^^^^^^^^^^^^^^^^^^^ associated function or constant not found in `privacypass::private_tokens::TokenRequest<CS>`
[INFO] [stdout] 
[INFO] [stdout] 
[INFO] [stdout] error[E0599]: no associated function or constant named `issue_token_request_with_params` found for struct `privacypass::private_tokens::TokenRequest<CS>` in the current scope
[INFO] [stdout]    --> tests/kat_private.rs:221:64
[INFO] [stdout]     |
[INFO] [stdout] 221 |     let (kat_token_request, token_state) = TokenRequest::<CS>::issue_token_request_with_params(
[INFO] [stdout]     |                                                                ^^^^^^^^^^^^^^^^^^^^^^^^^^^^^^^ associated function or constant not found in `privacypass::private_tokens::TokenRequest<CS>`
[INFO] [stdout] 
[INFO] [stdout] 
[INFO] [stdout] error[E0599]: no associated function or constant named `issue_token_request_with_params` found for struct `AmortizedBatchTokenRequest<CS>` in the current scope
[INFO] [stdout]    --> tests/kat_amortized.rs:262:37
[INFO] [stdout]     |
[INFO] [stdout] 262 |         AmortizedBatchTokenRequest::issue_token_request_with_params(
[INFO] [stdout]     |                                     ^^^^^^^^^^^^^^^^^^^^^^^^^^^^^^^ associated function or constant not found in `AmortizedBatchTokenRequest<_>`
[INFO] [stdout] 
[INFO] [stdout] 
[INFO] [stdout] error[E0599]: no method named `set_keypair` found for struct `privacypass::public_tokens::server::IssuerServer` in the current scope
[INFO] [stdout]   --> tests/kat_public.rs:98:10
[INFO] [stdout]    |
[INFO] [stdout] 97 | /     issuer_server
[INFO] [stdout] 98 | |         .set_keypair(&issuer_key_store, keypair)
[INFO] [stdout]    | |_________-^^^^^^^^^^^
[INFO] [stdout]    |
[INFO] [stdout] help: there is a method `create_keypair` with a similar name
[INFO] [stdout]    |
[INFO] [stdout] 98 -         .set_keypair(&issuer_key_store, keypair)
[INFO] [stdout] 98 +         .create_keypair(&issuer_key_store, keypair)
[INFO] [stdout]    |
[INFO] [stdout] 
[INFO] [stdout] 
[INFO] [stdout] Some errors have detailed explanations: E0308, E0432, E0433, E0599.
[INFO] [stdout] 
[INFO] [stdout] For more information about an error, try `rustc --explain E0308`.
[INFO] [stdout] 
[INFO] [stderr] error: could not compile `privacypass` (test "kat_private") due to 11 previous errors
[INFO] [stdout] Some errors have detailed explanations: E0308, E0432, E0433, E0599.
[INFO] [stdout] 
[INFO] [stdout] For more information about an error, try `rustc --explain E0308`.
[INFO] [stdout] 
[INFO] [stderr] error: could not compile `privacypass` (test "kat_amortized") due to 11 previous errors
[INFO] [stdout] error[E0599]: no method named `set_keypair` found for struct `privacypass::public_tokens::server::IssuerServer` in the current scope
[INFO] [stdout]    --> tests/kat_public.rs:198:10
[INFO] [stdout]     |
[INFO] [stdout] 197 | /     issuer_server
[INFO] [stdout] 198 | |         .set_keypair(&issuer_key_store, keypair.clone())
[INFO] [stdout]     | |_________-^^^^^^^^^^^
[INFO] [stdout]     |
[INFO] [stdout] help: there is a method `create_keypair` with a similar name
[INFO] [stdout]     |
[INFO] [stdout] 198 -         .set_keypair(&issuer_key_store, keypair.clone())
[INFO] [stdout] 198 +         .create_keypair(&issuer_key_store, keypair.clone())
[INFO] [stdout]     |
[INFO] [stdout] 
[INFO] [stdout] 
[INFO] [stdout] Some errors have detailed explanations: E0308, E0432, E0433, E0599.
[INFO] [stdout] 
[INFO] [stdout] For more information about an error, try `rustc --explain E0308`.
[INFO] [stdout] 
[INFO] [stderr] error: could not compile `privacypass` (test "kat_generic") due to 19 previous errors
[INFO] running `Command { std: "docker" "inspect" "c269eb75c684def20c2016b05d70d3d05a546a4fde2716d4dbf1e964589ec583", kill_on_drop: false }`
[INFO] running `Command { std: "docker" "rm" "-f" "c269eb75c684def20c2016b05d70d3d05a546a4fde2716d4dbf1e964589ec583", kill_on_drop: false }`
[INFO] [stdout] c269eb75c684def20c2016b05d70d3d05a546a4fde2716d4dbf1e964589ec583
