[INFO] fetching crate prismer 0.1.4...
[INFO] testing prismer-0.1.4 against 1.100.0-beta.1+cargoflags=--release for beta-release-1.100-2
[INFO] extracting crate prismer 0.1.4 into /workspace/builds/worker-6-tc2/source
[INFO] started tweaking crates.io crate prismer 0.1.4
[INFO] removed 0 missing examples
[INFO] finished tweaking crates.io crate prismer 0.1.4
[INFO] tweaked toml for crates.io crate prismer 0.1.4 written to /workspace/builds/worker-6-tc2/source/Cargo.toml
[INFO] validating manifest of crates.io crate prismer 0.1.4 on toolchain 1.100.0-beta.1
[INFO] running `Command { std: CARGO_HOME="/workspace/cargo-home" RUSTUP_HOME="/workspace/rustup-home" "/workspace/cargo-home/bin/cargo" "+1.100.0-beta.1" "metadata" "--manifest-path" "Cargo.toml" "--no-deps", kill_on_drop: false }`
[INFO] crate crates.io crate prismer 0.1.4 already has a lockfile, it will not be regenerated
[INFO] running `Command { std: CARGO_HOME="/workspace/cargo-home" RUSTUP_HOME="/workspace/rustup-home" "/workspace/cargo-home/bin/cargo" "+1.100.0-beta.1" "fetch" "--manifest-path" "Cargo.toml", kill_on_drop: false }`
[INFO] running `Command { std: "docker" "create" "-v" "/var/lib/crater-agent-workspace/builds/worker-6-tc2/source:/opt/rustwide/workdir:ro,Z" "-v" "/var/lib/crater-agent-workspace/builds/worker-6-tc2/target:/opt/rustwide/target:rw,Z" "-v" "/var/lib/crater-agent-workspace/cargo-home:/opt/rustwide/cargo-home:ro,Z" "-v" "/var/lib/crater-agent-workspace/rustup-home:/opt/rustwide/rustup-home:ro,Z" "-m" "1610612736" "--network" "none" "ghcr.io/rust-lang/crates-build-env/linux@sha256:77db811e55d90add9212f6832c23229e3de5f1c1f9905e8cb07319ea15df73ac" "sleep" "infinity", kill_on_drop: false }`
[INFO] [stdout] c42514a3723c7c004de442684ecaef616002650a802135d30925ea92d56b2d17
[INFO] running `Command { std: "docker" "start" "c42514a3723c7c004de442684ecaef616002650a802135d30925ea92d56b2d17", kill_on_drop: false }`
[INFO] running `Command { std: "docker" "inspect" "c42514a3723c7c004de442684ecaef616002650a802135d30925ea92d56b2d17", kill_on_drop: false }`
[INFO] running `Command { std: "docker" "exec" "-e" "SOURCE_DIR=/opt/rustwide/workdir" "-e" "CARGO_HOME=/opt/rustwide/cargo-home" "-e" "RUSTUP_HOME=/opt/rustwide/rustup-home" "-e" "CARGO_TARGET_DIR=/opt/rustwide/target" "-w" "/opt/rustwide/workdir" "--user" "0:0" "c42514a3723c7c004de442684ecaef616002650a802135d30925ea92d56b2d17" "/opt/rustwide/cargo-home/bin/cargo" "+1.100.0-beta.1" "metadata" "--no-deps" "--format-version=1", kill_on_drop: false }`
[INFO] running `Command { std: "docker" "inspect" "c42514a3723c7c004de442684ecaef616002650a802135d30925ea92d56b2d17", kill_on_drop: false }`
[INFO] running `Command { std: "docker" "exec" "-e" "SOURCE_DIR=/opt/rustwide/workdir" "-e" "CARGO_HOME=/opt/rustwide/cargo-home" "-e" "RUSTUP_HOME=/opt/rustwide/rustup-home" "-e" "CARGO_TARGET_DIR=/opt/rustwide/target" "-e" "CARGO_INCREMENTAL=0" "-e" "RUST_BACKTRACE=full" "-e" "RUSTFLAGS=--cap-lints=warn" "-e" "RUSTDOCFLAGS=--cap-lints=warn" "-w" "/opt/rustwide/workdir" "--user" "0:0" "c42514a3723c7c004de442684ecaef616002650a802135d30925ea92d56b2d17" "/opt/rustwide/cargo-home/bin/cargo" "+1.100.0-beta.1" "build" "--frozen" "--message-format=json" "--release", kill_on_drop: false }`
[INFO] [stderr]    Compiling cmake v0.1.58
[INFO] [stderr]    Compiling prism-sys v0.1.4
[INFO] [stderr] error: failed to run custom build command for `prism-sys v0.1.4`
[INFO] [stderr] note: To improve backtraces for build dependencies, set the CARGO_PROFILE_RELEASE_BUILD_OVERRIDE_DEBUG=true environment variable to enable debug information generation.
[INFO] [stderr] 
[INFO] [stderr] Caused by:
[INFO] [stderr]   process didn't exit successfully: `/opt/rustwide/target/release/build/prism-sys/6a4735e8e5160ae2/out/build_script_build` (exit status: 101)
[INFO] [stderr]   --- stdout
[INFO] [stderr]   cargo:rerun-if-env-changed=PRISM_LIB_DIR
[INFO] [stderr]   cargo:rerun-if-changed=prism/CMakeLists.txt
[INFO] [stderr]   cargo:rerun-if-changed=prism/cmake
[INFO] [stderr]   cargo:rerun-if-changed=prism/source
[INFO] [stderr]   cargo:rerun-if-changed=prism/include
[INFO] [stderr]   CMAKE_TOOLCHAIN_FILE_x86_64-unknown-linux-gnu = None
[INFO] [stderr]   CMAKE_TOOLCHAIN_FILE_x86_64_unknown_linux_gnu = None
[INFO] [stderr]   HOST_CMAKE_TOOLCHAIN_FILE = None
[INFO] [stderr]   CMAKE_TOOLCHAIN_FILE = None
[INFO] [stderr]   CMAKE_GENERATOR_x86_64-unknown-linux-gnu = None
[INFO] [stderr]   CMAKE_GENERATOR_x86_64_unknown_linux_gnu = None
[INFO] [stderr]   HOST_CMAKE_GENERATOR = None
[INFO] [stderr]   CMAKE_GENERATOR = None
[INFO] [stderr]   CMAKE_PREFIX_PATH_x86_64-unknown-linux-gnu = None
[INFO] [stderr]   CMAKE_PREFIX_PATH_x86_64_unknown_linux_gnu = None
[INFO] [stderr]   HOST_CMAKE_PREFIX_PATH = None
[INFO] [stderr]   CMAKE_PREFIX_PATH = None
[INFO] [stderr]   CMAKE_x86_64-unknown-linux-gnu = None
[INFO] [stderr]   CMAKE_x86_64_unknown_linux_gnu = None
[INFO] [stderr]   HOST_CMAKE = None
[INFO] [stderr]   CMAKE = None
[INFO] [stderr]   -- The C compiler identification is GNU 15.2.0
[INFO] [stderr]   -- The CXX compiler identification is GNU 15.2.0
[INFO] [stderr]   -- Detecting C compiler ABI info
[INFO] [stderr]   -- Detecting C compiler ABI info - done
[INFO] [stderr]   -- Check for working C compiler: /usr/bin/cc - skipped
[INFO] [stderr]   -- Detecting C compile features
[INFO] [stderr]   -- Detecting C compile features - done
[INFO] [stderr]   -- Detecting CXX compiler ABI info
[INFO] [stderr]   -- Detecting CXX compiler ABI info - done
[INFO] [stderr]   -- Check for working CXX compiler: /usr/bin/c++ - skipped
[INFO] [stderr]   -- Detecting CXX compile features
[INFO] [stderr]   -- Detecting CXX compile features - done
[INFO] [stderr]   -- Performing Test PRISM_HAS_JTHREAD_NATIVE
[INFO] [stderr]   -- Performing Test PRISM_HAS_JTHREAD_NATIVE - Success
[INFO] [stderr]   -- Performing Test PRISM_HAS_NO_UNDEFINED_LINK_FLAG
[INFO] [stderr]   -- Performing Test PRISM_HAS_NO_UNDEFINED_LINK_FLAG - Success
[INFO] [stderr]   -- Prism dep fmt: bundled third_party/fmt
[INFO] [stderr]   -- Prism dep highway: bundled third_party/highway
[INFO] [stderr]   -- Prism dep simdutf: bundled third_party/simdutf
[INFO] [stderr]   -- Prism dep concurrentqueue: bundled third_party/concurrentqueue
[INFO] [stderr]   -- Prism dep dr_wav: bundled third_party/dr_wav
[INFO] [stderr]   -- Prism dep moderncom: bundled third_party/moderncom
[INFO] [stderr]   -- Found PkgConfig: /usr/bin/pkg-config (found version "2.5.1")
[INFO] [stderr]   -- Prism backend orca: skipped (missing glibmm-2.68>=2.68.0, giomm-2.68>=2.68.0)
[INFO] [stderr]   -- Prism backend speech_dispatcher: enabled
[INFO] [stderr]   -- Prism backend spiel: skipped (missing spiel-1.0)
[INFO] [stderr]   -- Prism backends: orca=skipped speech_dispatcher=on spiel=skipped
[INFO] [stderr]   -- Prism: giomm not found; power-aware availability polling disabled
[INFO] [stderr]   -- Performing Test PRISM_HAS_WALL
[INFO] [stderr]   -- Performing Test PRISM_HAS_WALL - Success
[INFO] [stderr]   -- Performing Test PRISM_HAS_WEXTRA
[INFO] [stderr]   -- Performing Test PRISM_HAS_WEXTRA - Success
[INFO] [stderr]   -- Performing Test PRISM_HAS_WTHREAD_SAFETY
[INFO] [stderr]   -- Performing Test PRISM_HAS_WTHREAD_SAFETY - Failed
[INFO] [stderr]   -- Configuring done (6.4s)
[INFO] [stderr]   -- Generating done (0.0s)
[INFO] [stderr]   -- Build files have been written to: /opt/rustwide/target/release/build/prism-sys/a9ce76a57c25a049/out/build
[INFO] [stderr]   [  4%] Building CXX object CMakeFiles/prism_dep_highway.dir/third_party/highway/hwy/abort.cc.o
[INFO] [stderr]   [  8%] Building CXX object CMakeFiles/prism_dep_highway.dir/third_party/highway/hwy/timer.cc.o
[INFO] [stderr]   [ 13%] Building CXX object CMakeFiles/prism_dep_highway.dir/third_party/highway/hwy/print.cc.o
[INFO] [stderr]   [ 17%] Building C object CMakeFiles/prism_dep_dr_wav.dir/third_party/dr_wav/wav.c.o
[INFO] [stderr]   [ 21%] Building CXX object CMakeFiles/prism_dep_highway.dir/third_party/highway/hwy/per_target.cc.o
[INFO] [stderr]   [ 26%] Building CXX object CMakeFiles/prism_backend_speech_dispatcher.dir/source/backends/speech_dispatcher.cpp.o
[INFO] [stderr]   [ 30%] Building CXX object CMakeFiles/prism_dep_highway.dir/third_party/highway/hwy/targets.cc.o
[INFO] [stderr]   [ 34%] Building CXX object CMakeFiles/prism_dep_fmt.dir/third_party/fmt/src/os.cc.o
[INFO] [stderr]   [ 39%] Building CXX object CMakeFiles/prism_dep_fmt.dir/third_party/fmt/src/format.cc.o
[INFO] [stderr]   [ 43%] Building CXX object CMakeFiles/prism_dep_simdutf.dir/third_party/simdutf/simdutf.cpp.o
[INFO] [stderr]   [ 43%] Built target prism_dep_dr_wav
[INFO] [stderr]   [ 43%] Built target prism_dep_fmt
[INFO] [stderr]   [ 43%] Built target prism_backend_speech_dispatcher
[INFO] [stderr]   [ 43%] Built target prism_dep_simdutf
[INFO] [stderr]   [ 43%] Built target prism_dep_highway
[INFO] [stderr]   [ 47%] Building CXX object CMakeFiles/prism.dir/source/backend_catalog.cpp.o
[INFO] [stderr]   [ 52%] Building CXX object CMakeFiles/prism.dir/source/backend_check.cpp.o
[INFO] [stderr]   [ 56%] Building CXX object CMakeFiles/prism.dir/source/backend_enumerator.cpp.o
[INFO] [stderr]   [ 60%] Building CXX object CMakeFiles/prism.dir/source/frozen_registry.cpp.o
[INFO] [stderr]   [ 65%] Building CXX object CMakeFiles/prism.dir/source/logging.cpp.o
[INFO] [stderr]   [ 69%] Building CXX object CMakeFiles/prism.dir/source/simd_kernels.cpp.o
[INFO] [stderr]   [ 73%] Building CXX object CMakeFiles/prism.dir/source/poll_waiter.cpp.o
[INFO] [stderr]   [ 78%] Building CXX object CMakeFiles/prism.dir/source/plugin_loader.cpp.o
[INFO] [stderr]   [ 82%] Building CXX object CMakeFiles/prism.dir/source/prism.cpp.o
[INFO] [stderr]   [ 86%] Building CXX object CMakeFiles/prism.dir/source/utils.cpp.o
[INFO] [stderr]   [ 91%] Building CXX object CMakeFiles/prism.dir/source/backends/custom_backend.cpp.o
[INFO] [stderr]   [ 95%] Building CXX object CMakeFiles/prism.dir/source/power_notifier.cpp.o
[INFO] [stderr] 
[INFO] [stderr]   --- stderr
[INFO] [stderr]   running: cd "/opt/rustwide/target/release/build/prism-sys/a9ce76a57c25a049/out/build" && CMAKE_PREFIX_PATH="" LC_ALL="C" "cmake" "/opt/rustwide/cargo-home/registry/src/index.crates.io-1949cf8c6b5b557f/prism-sys-0.1.4/prism" "-B" "/opt/rustwide/target/release/build/prism-sys/a9ce76a57c25a049/out/build" "-DBUILD_SHARED_LIBS=ON" "-DCMAKE_INSTALL_PREFIX=/opt/rustwide/target/release/build/prism-sys/a9ce76a57c25a049/out" "-DCMAKE_C_FLAGS= -ffunction-sections -fdata-sections -fPIC -m64 -w" "-DCMAKE_C_COMPILER=/usr/bin/cc" "-DCMAKE_CXX_FLAGS= -ffunction-sections -fdata-sections -fPIC -m64 -w" "-DCMAKE_CXX_COMPILER=/usr/bin/c++" "-DCMAKE_ASM_FLAGS= -ffunction-sections -fdata-sections -fPIC -m64 -w" "-DCMAKE_ASM_COMPILER=/usr/bin/cc" "-DCMAKE_BUILD_TYPE=Release"
[INFO] [stderr]   CMake Warning:
[INFO] [stderr]     Manually-specified variables were not used by the project:
[INFO] [stderr] 
[INFO] [stderr]       CMAKE_ASM_COMPILER
[INFO] [stderr]       CMAKE_ASM_FLAGS
[INFO] [stderr] 
[INFO] [stderr] 
[INFO] [stderr]   running: cd "/opt/rustwide/target/release/build/prism-sys/a9ce76a57c25a049/out/build" && LC_ALL="C" MAKEFLAGS="-j --jobserver-fds=4,5 --jobserver-auth=4,5" "cmake" "--build" "/opt/rustwide/target/release/build/prism-sys/a9ce76a57c25a049/out/build" "--target" "install" "--config" "Release"
[INFO] [stderr]   c++: fatal error: Killed signal terminated program cc1plus
[INFO] [stderr]   compilation terminated.
[INFO] [stderr]   gmake[2]: *** [CMakeFiles/prism.dir/build.make:233: CMakeFiles/prism.dir/source/backends/custom_backend.cpp.o] Error 1
[INFO] [stderr]   gmake[2]: *** Waiting for unfinished jobs....
[INFO] [stderr]   c++: fatal error: Killed signal terminated program cc1plus
[INFO] [stderr]   compilation terminated.
[INFO] [stderr]   gmake[2]: *** [CMakeFiles/prism.dir/build.make:79: CMakeFiles/prism.dir/source/backend_catalog.cpp.o] Error 1
[INFO] [stderr]   c++: fatal error: Killed signal terminated program cc1plus
[INFO] [stderr]   compilation terminated.
[INFO] [stderr]   gmake[2]: *** [CMakeFiles/prism.dir/build.make:93: CMakeFiles/prism.dir/source/backend_check.cpp.o] Error 1
[INFO] [stderr]   c++: fatal error: Killed signal terminated program cc1plus
[INFO] [stderr]   compilation terminated.
[INFO] [stderr]   gmake[2]: *** [CMakeFiles/prism.dir/build.make:107: CMakeFiles/prism.dir/source/backend_enumerator.cpp.o] Error 1
[INFO] [stderr]   c++: fatal error: Killed signal terminated program cc1plus
[INFO] [stderr]   compilation terminated.
[INFO] [stderr]   gmake[2]: *** [CMakeFiles/prism.dir/build.make:121: CMakeFiles/prism.dir/source/simd_kernels.cpp.o] Error 1
[INFO] [stderr]   gmake[1]: *** [CMakeFiles/Makefile2:234: CMakeFiles/prism.dir/all] Error 2
[INFO] [stderr]   gmake: *** [Makefile:136: all] Error 2
[INFO] [stderr] 
[INFO] [stderr]   thread 'main' (87) panicked at /opt/rustwide/cargo-home/registry/src/index.crates.io-1949cf8c6b5b557f/cmake-0.1.58/src/lib.rs:1132:5:
[INFO] [stderr] 
[INFO] [stderr]   command did not execute successfully, got: exit status: 2
[INFO] [stderr] 
[INFO] [stderr]   build script failed, must exit now
[INFO] [stderr]   stack backtrace:
[INFO] [stderr]      0:     0x62c26aa59b71 - <<std[617be2ca0a6fd877]::sys::backtrace::BacktraceLock>::print::DisplayBacktrace as core[a373ad73a504971]::fmt::Display>::fmt
[INFO] [stderr]      1:     0x62c26aa6da5a - core[a373ad73a504971]::fmt::write
[INFO] [stderr]      2:     0x62c26aa5f2ac - <std[617be2ca0a6fd877]::sys::stdio::unix::Stderr as core[a373ad73a504971]::io::write::Write>::write_fmt
[INFO] [stderr]      3:     0x62c26aa38a66 - std[617be2ca0a6fd877]::panicking::default_hook::{closure#0}
[INFO] [stderr]      4:     0x62c26aa54891 - std[617be2ca0a6fd877]::panicking::default_hook
[INFO] [stderr]      5:     0x62c26aa54a4b - std[617be2ca0a6fd877]::panicking::panic_with_hook
[INFO] [stderr]      6:     0x62c26aa38b12 - std[617be2ca0a6fd877]::panicking::panic_handler::{closure#0}
[INFO] [stderr]      7:     0x62c26aa317b9 - std[617be2ca0a6fd877]::sys::backtrace::__rust_end_short_backtrace::<std[617be2ca0a6fd877]::panicking::panic_handler::{closure#0}, !>
[INFO] [stderr]      8:     0x62c26aa392fd - __rustc[ea4f61d10b84890b]::rust_begin_unwind
[INFO] [stderr]      9:     0x62c26aa6e1cc - core[a373ad73a504971]::panicking::panic_fmt
[INFO] [stderr]     10:     0x62c26a9c28a7 - cmake[a03b7680f0a27b6b]::fail
[INFO] [stderr]     11:     0x62c26a9c2533 - cmake[a03b7680f0a27b6b]::run
[INFO] [stderr]     12:     0x62c26a9c8505 - <cmake[a03b7680f0a27b6b]::Config>::build
[INFO] [stderr]     13:     0x62c26a9b4786 - build_script_build[7312e539eacb6fef]::build_vendored
[INFO] [stderr]     14:     0x62c26a9b51f6 - build_script_build[7312e539eacb6fef]::main
[INFO] [stderr]     15:     0x62c26a9b5cd3 - <fn() as core[a373ad73a504971]::ops::function::FnOnce<()>>::call_once
[INFO] [stderr]     16:     0x62c26a9b4006 - std[617be2ca0a6fd877]::sys::backtrace::__rust_begin_short_backtrace::<fn(), ()>
[INFO] [stderr]     17:     0x62c26a9b4119 - std[617be2ca0a6fd877]::rt::lang_start::<()>::{closure#0}
[INFO] [stderr]     18:     0x62c26aa53b98 - std[617be2ca0a6fd877]::rt::lang_start_internal
[INFO] [stderr]     19:     0x62c26a9b3b91 - std[617be2ca0a6fd877]::rt::lang_start::<()>
[INFO] [stderr]     20:     0x62c26a9b5d55 - main
[INFO] [stderr]     21:     0x752c46e81601 - <unknown>
[INFO] [stderr]     22:     0x752c46e81718 - __libc_start_main
[INFO] [stderr]     23:     0x62c26a9b2e55 - _start
[INFO] [stderr]     24:                0x0 - <unknown>
[INFO] running `Command { std: "docker" "inspect" "c42514a3723c7c004de442684ecaef616002650a802135d30925ea92d56b2d17", kill_on_drop: false }`
[INFO] running `Command { std: "docker" "rm" "-f" "c42514a3723c7c004de442684ecaef616002650a802135d30925ea92d56b2d17", kill_on_drop: false }`
[INFO] [stdout] c42514a3723c7c004de442684ecaef616002650a802135d30925ea92d56b2d17
