[INFO] fetching crate prikk-store 0.52.0...
[INFO] testing prikk-store-0.52.0 against 1.99.0-beta.8+cargoflags=--release for beta-release-1.100-2
[INFO] extracting crate prikk-store 0.52.0 into /workspace/builds/worker-7-tc1/source
[INFO] started tweaking crates.io crate prikk-store 0.52.0
[INFO] finished tweaking crates.io crate prikk-store 0.52.0
[INFO] tweaked toml for crates.io crate prikk-store 0.52.0 written to /workspace/builds/worker-7-tc1/source/Cargo.toml
[INFO] validating manifest of crates.io crate prikk-store 0.52.0 on toolchain 1.99.0-beta.8
[INFO] running `Command { std: CARGO_HOME="/workspace/cargo-home" RUSTUP_HOME="/workspace/rustup-home" "/workspace/cargo-home/bin/cargo" "+1.99.0-beta.8" "metadata" "--manifest-path" "Cargo.toml" "--no-deps", kill_on_drop: false }`
[INFO] crate crates.io crate prikk-store 0.52.0 already has a lockfile, it will not be regenerated
[INFO] running `Command { std: CARGO_HOME="/workspace/cargo-home" RUSTUP_HOME="/workspace/rustup-home" "/workspace/cargo-home/bin/cargo" "+1.99.0-beta.8" "fetch" "--manifest-path" "Cargo.toml", kill_on_drop: false }`
[INFO] [stderr]     Updating crates.io index
[INFO] [stderr]  Downloading crates ...
[INFO] [stderr]   Downloaded prikk-hash v0.52.0
[INFO] [stderr]   Downloaded prikk-object v0.52.0
[INFO] [stderr]   Downloaded prikk-error v0.52.0
[INFO] [stderr]   Downloaded prikk-ffi v0.52.0
[INFO] [stderr]   Downloaded prikk-replay v0.52.0
[INFO] [stderr]   Downloaded prikk-crypto v0.52.0
[INFO] running `Command { std: "docker" "create" "-v" "/var/lib/crater-agent-workspace/builds/worker-7-tc1/source:/opt/rustwide/workdir:ro,Z" "-v" "/var/lib/crater-agent-workspace/builds/worker-7-tc1/target:/opt/rustwide/target:rw,Z" "-v" "/var/lib/crater-agent-workspace/cargo-home:/opt/rustwide/cargo-home:ro,Z" "-v" "/var/lib/crater-agent-workspace/rustup-home:/opt/rustwide/rustup-home:ro,Z" "-m" "1610612736" "--network" "none" "ghcr.io/rust-lang/crates-build-env/linux@sha256:77db811e55d90add9212f6832c23229e3de5f1c1f9905e8cb07319ea15df73ac" "sleep" "infinity", kill_on_drop: false }`
[INFO] [stdout] c2899011c9bef9d13dca7a2f54b6594b99b5c8f182d2a8b3299049921fe4ab38
[INFO] running `Command { std: "docker" "start" "c2899011c9bef9d13dca7a2f54b6594b99b5c8f182d2a8b3299049921fe4ab38", kill_on_drop: false }`
[INFO] running `Command { std: "docker" "inspect" "c2899011c9bef9d13dca7a2f54b6594b99b5c8f182d2a8b3299049921fe4ab38", kill_on_drop: false }`
[INFO] running `Command { std: "docker" "exec" "-e" "SOURCE_DIR=/opt/rustwide/workdir" "-e" "CARGO_HOME=/opt/rustwide/cargo-home" "-e" "RUSTUP_HOME=/opt/rustwide/rustup-home" "-e" "CARGO_TARGET_DIR=/opt/rustwide/target" "-w" "/opt/rustwide/workdir" "--user" "0:0" "c2899011c9bef9d13dca7a2f54b6594b99b5c8f182d2a8b3299049921fe4ab38" "/opt/rustwide/cargo-home/bin/cargo" "+1.99.0-beta.8" "metadata" "--no-deps" "--format-version=1", kill_on_drop: false }`
[INFO] running `Command { std: "docker" "inspect" "c2899011c9bef9d13dca7a2f54b6594b99b5c8f182d2a8b3299049921fe4ab38", kill_on_drop: false }`
[INFO] running `Command { std: "docker" "exec" "-e" "SOURCE_DIR=/opt/rustwide/workdir" "-e" "CARGO_HOME=/opt/rustwide/cargo-home" "-e" "RUSTUP_HOME=/opt/rustwide/rustup-home" "-e" "CARGO_TARGET_DIR=/opt/rustwide/target" "-e" "CARGO_INCREMENTAL=0" "-e" "RUST_BACKTRACE=full" "-e" "RUSTFLAGS=--cap-lints=warn" "-e" "RUSTDOCFLAGS=--cap-lints=warn" "-w" "/opt/rustwide/workdir" "--user" "0:0" "c2899011c9bef9d13dca7a2f54b6594b99b5c8f182d2a8b3299049921fe4ab38" "/opt/rustwide/cargo-home/bin/cargo" "+1.99.0-beta.8" "build" "--frozen" "--message-format=json" "--release", kill_on_drop: false }`
[INFO] [stderr]    Compiling crypto-common v0.2.2
[INFO] [stderr]    Compiling block-buffer v0.12.1
[INFO] [stderr]    Compiling signature v3.0.0
[INFO] [stderr]    Compiling prikk-error v0.52.0
[INFO] [stderr]    Compiling zeroize v1.9.0
[INFO] [stderr]    Compiling curve25519-dalek v5.0.0
[INFO] [stderr]    Compiling subtle v2.6.1
[INFO] [stderr]    Compiling syn v2.0.118
[INFO] [stderr]    Compiling ed25519 v3.0.0
[INFO] [stderr]    Compiling rustix v1.1.4
[INFO] [stderr]    Compiling getrandom v0.4.3
[INFO] [stderr]    Compiling linux-raw-sys v0.12.1
[INFO] [stderr]    Compiling prikk-ffi v0.52.0
[INFO] [stderr]    Compiling digest v0.11.3
[INFO] [stderr]    Compiling sha2 v0.11.0
[INFO] [stderr]    Compiling prikk-hash v0.52.0
[INFO] [stderr]    Compiling prikk-object v0.52.0
[INFO] [stderr]    Compiling curve25519-dalek-derive v0.1.1
[INFO] [stderr]    Compiling prikk-replay v0.52.0
[INFO] [stderr]    Compiling ed25519-dalek v3.0.0
[INFO] [stderr]    Compiling prikk-crypto v0.52.0
[INFO] [stderr]    Compiling prikk-store v0.52.0 (/opt/rustwide/workdir)
[INFO] [stderr]     Finished `release` profile [optimized] target(s) in 1m 35s
[INFO] running `Command { std: "docker" "inspect" "c2899011c9bef9d13dca7a2f54b6594b99b5c8f182d2a8b3299049921fe4ab38", kill_on_drop: false }`
[INFO] running `Command { std: "docker" "exec" "-e" "SOURCE_DIR=/opt/rustwide/workdir" "-e" "CARGO_HOME=/opt/rustwide/cargo-home" "-e" "RUSTUP_HOME=/opt/rustwide/rustup-home" "-e" "CARGO_TARGET_DIR=/opt/rustwide/target" "-e" "CARGO_INCREMENTAL=0" "-e" "RUST_BACKTRACE=full" "-e" "RUSTFLAGS=--cap-lints=warn" "-e" "RUSTDOCFLAGS=--cap-lints=warn" "-w" "/opt/rustwide/workdir" "--user" "0:0" "c2899011c9bef9d13dca7a2f54b6594b99b5c8f182d2a8b3299049921fe4ab38" "/opt/rustwide/cargo-home/bin/cargo" "+1.99.0-beta.8" "test" "--frozen" "--no-run" "--message-format=json" "--release", kill_on_drop: false }`
[INFO] [stderr]    Compiling zerocopy v0.8.54
[INFO] [stderr]    Compiling tempfile v3.27.0
[INFO] [stderr]    Compiling rand v0.9.5
[INFO] [stderr]    Compiling prikk-crypto v0.52.0
[INFO] [stderr]    Compiling prikk-store v0.52.0 (/opt/rustwide/workdir)
[INFO] [stderr]    Compiling rusty-fork v0.3.1
[INFO] [stderr]    Compiling ppv-lite86 v0.2.21
[INFO] [stderr]    Compiling rand_chacha v0.9.0
[INFO] [stderr]    Compiling proptest v1.11.0
[INFO] [stdout] error[E0432]: unresolved import `crate::simulate_one_seal_for_test_support`
[INFO] [stdout]    --> src/pointer_rebuild/tests/k4_failpoints_and_race.rs:14:54
[INFO] [stdout]     |
[INFO] [stdout]  14 |     commit_worktree_changes_signed, list_held_locks, simulate_one_seal_for_test_support,
[INFO] [stdout]     |                                                      ^^^^^^^^^^^^^^^^^^^^^^^^^^^^^^^^^^ no `simulate_one_seal_for_test_support` in the root
[INFO] [stdout]     |
[INFO] [stdout] note: found an item that was configured out
[INFO] [stdout]    --> src/lib.rs:314:33
[INFO] [stdout]     |
[INFO] [stdout] 313 | #[cfg(feature = "test-support")]
[INFO] [stdout]     |       ------------------------ the item is gated behind the `test-support` feature
[INFO] [stdout] 314 | pub use rfc111_seal_simulation::simulate_one_seal_for_test_support;
[INFO] [stdout]     |                                 ^^^^^^^^^^^^^^^^^^^^^^^^^^^^^^^^^^
[INFO] [stdout] 
[INFO] [stdout] 
[INFO] [stdout] error[E0432]: unresolved import `crate::simulate_one_seal_for_test_support`
[INFO] [stdout]    --> src/ref_completion/tests/k4_failpoints_and_race.rs:18:54
[INFO] [stdout]     |
[INFO] [stdout]  18 |     commit_worktree_changes_signed, list_held_locks, simulate_one_seal_for_test_support,
[INFO] [stdout]     |                                                      ^^^^^^^^^^^^^^^^^^^^^^^^^^^^^^^^^^ no `simulate_one_seal_for_test_support` in the root
[INFO] [stdout]     |
[INFO] [stdout] note: found an item that was configured out
[INFO] [stdout]    --> src/lib.rs:314:33
[INFO] [stdout]     |
[INFO] [stdout] 313 | #[cfg(feature = "test-support")]
[INFO] [stdout]     |       ------------------------ the item is gated behind the `test-support` feature
[INFO] [stdout] 314 | pub use rfc111_seal_simulation::simulate_one_seal_for_test_support;
[INFO] [stdout]     |                                 ^^^^^^^^^^^^^^^^^^^^^^^^^^^^^^^^^^
[INFO] [stdout] 
[INFO] [stdout] 
[INFO] [stdout] error[E0432]: unresolved imports `crate::anchor_uses_for_test_support`, `crate::reset_anchor_uses_for_test_support`
[INFO] [stdout]    --> src/seal_from_accepted/tests.rs:499:17
[INFO] [stdout]     |
[INFO] [stdout] 499 |     use crate::{anchor_uses_for_test_support, reset_anchor_uses_for_test_support};
[INFO] [stdout]     |                 ^^^^^^^^^^^^^^^^^^^^^^^^^^^^  ^^^^^^^^^^^^^^^^^^^^^^^^^^^^^^^^^^ no `reset_anchor_uses_for_test_support` in the root
[INFO] [stdout]     |                 |
[INFO] [stdout]     |                 no `anchor_uses_for_test_support` in the root
[INFO] [stdout]     |
[INFO] [stdout] note: found an item that was configured out
[INFO] [stdout]    --> src/lib.rs:119:24
[INFO] [stdout]     |
[INFO] [stdout] 118 | #[cfg(feature = "test-support")]
[INFO] [stdout]     |       ------------------------ the item is gated behind the `test-support` feature
[INFO] [stdout] 119 | pub use anchor_trust::{anchor_uses_for_test_support, reset_anchor_uses_for_test_support};
[INFO] [stdout]     |                        ^^^^^^^^^^^^^^^^^^^^^^^^^^^^
[INFO] [stdout] note: found an item that was configured out
[INFO] [stdout]    --> src/lib.rs:119:54
[INFO] [stdout]     |
[INFO] [stdout] 118 | #[cfg(feature = "test-support")]
[INFO] [stdout]     |       ------------------------ the item is gated behind the `test-support` feature
[INFO] [stdout] 119 | pub use anchor_trust::{anchor_uses_for_test_support, reset_anchor_uses_for_test_support};
[INFO] [stdout]     |                                                      ^^^^^^^^^^^^^^^^^^^^^^^^^^^^^^^^^^
[INFO] [stdout] 
[INFO] [stdout] 
[INFO] [stdout] error[E0432]: unresolved imports `crate::anchor_uses_for_test_support`, `crate::reset_anchor_uses_for_test_support`, `crate::rfc159_identity_probe`
[INFO] [stdout]     --> src/snapshot/tests/writer.rs:1091:9
[INFO] [stdout]      |
[INFO] [stdout] 1091 |         anchor_uses_for_test_support, reset_anchor_uses_for_test_support, rfc159_identity_probe,
[INFO] [stdout]      |         ^^^^^^^^^^^^^^^^^^^^^^^^^^^^  ^^^^^^^^^^^^^^^^^^^^^^^^^^^^^^^^^^  ^^^^^^^^^^^^^^^^^^^^^ no `rfc159_identity_probe` in the root
[INFO] [stdout]      |         |                             |
[INFO] [stdout]      |         |                             no `reset_anchor_uses_for_test_support` in the root
[INFO] [stdout]      |         no `anchor_uses_for_test_support` in the root
[INFO] [stdout]      |
[INFO] [stdout] note: found an item that was configured out
[INFO] [stdout]     --> src/lib.rs:119:24
[INFO] [stdout]      |
[INFO] [stdout]  118 | #[cfg(feature = "test-support")]
[INFO] [stdout]      |       ------------------------ the item is gated behind the `test-support` feature
[INFO] [stdout]  119 | pub use anchor_trust::{anchor_uses_for_test_support, reset_anchor_uses_for_test_support};
[INFO] [stdout]      |                        ^^^^^^^^^^^^^^^^^^^^^^^^^^^^
[INFO] [stdout] note: found an item that was configured out
[INFO] [stdout]     --> src/lib.rs:119:54
[INFO] [stdout]      |
[INFO] [stdout]  118 | #[cfg(feature = "test-support")]
[INFO] [stdout]      |       ------------------------ the item is gated behind the `test-support` feature
[INFO] [stdout]  119 | pub use anchor_trust::{anchor_uses_for_test_support, reset_anchor_uses_for_test_support};
[INFO] [stdout]      |                                                      ^^^^^^^^^^^^^^^^^^^^^^^^^^^^^^^^^^
[INFO] [stdout] note: found an item that was configured out
[INFO] [stdout]     --> src/lib.rs:133:62
[INFO] [stdout]      |
[INFO] [stdout]  132 | #[cfg(feature = "test-support")]
[INFO] [stdout]      |       ------------------------ the item is gated behind the `test-support` feature
[INFO] [stdout]  133 | pub use block_state::anchored_parent::{Rfc159IdentityReport, rfc159_identity_probe};
[INFO] [stdout]      |                                                              ^^^^^^^^^^^^^^^^^^^^^
[INFO] [stdout] 
[INFO] [stdout] 
[INFO] [stdout] error[E0425]: cannot find function `simulate_one_seal_for_test_support` in the crate root
[INFO] [stdout]    --> src/commit_boundary/classification/tests.rs:180:12
[INFO] [stdout]     |
[INFO] [stdout] 180 |     crate::simulate_one_seal_for_test_support(&layout, "heads/main", &maintainer).unwrap();
[INFO] [stdout]     |            ^^^^^^^^^^^^^^^^^^^^^^^^^^^^^^^^^^ not found in the crate root
[INFO] [stdout]     |
[INFO] [stdout] note: found an item that was configured out
[INFO] [stdout]    --> src/lib.rs:314:33
[INFO] [stdout]     |
[INFO] [stdout] 313 | #[cfg(feature = "test-support")]
[INFO] [stdout]     |       ------------------------ the item is gated behind the `test-support` feature
[INFO] [stdout] 314 | pub use rfc111_seal_simulation::simulate_one_seal_for_test_support;
[INFO] [stdout]     |                                 ^^^^^^^^^^^^^^^^^^^^^^^^^^^^^^^^^^
[INFO] [stdout] 
[INFO] [stdout] 
[INFO] [stdout] error[E0425]: cannot find function `simulate_one_seal_for_test_support` in the crate root
[INFO] [stdout]    --> src/commit_boundary/classification/tests.rs:387:12
[INFO] [stdout]     |
[INFO] [stdout] 387 |     crate::simulate_one_seal_for_test_support(&layout_a, "heads/main", &maintainer).unwrap();
[INFO] [stdout]     |            ^^^^^^^^^^^^^^^^^^^^^^^^^^^^^^^^^^ not found in the crate root
[INFO] [stdout]     |
[INFO] [stdout] note: found an item that was configured out
[INFO] [stdout]    --> src/lib.rs:314:33
[INFO] [stdout]     |
[INFO] [stdout] 313 | #[cfg(feature = "test-support")]
[INFO] [stdout]     |       ------------------------ the item is gated behind the `test-support` feature
[INFO] [stdout] 314 | pub use rfc111_seal_simulation::simulate_one_seal_for_test_support;
[INFO] [stdout]     |                                 ^^^^^^^^^^^^^^^^^^^^^^^^^^^^^^^^^^
[INFO] [stdout] 
[INFO] [stdout] 
[INFO] [stdout] error[E0425]: cannot find function `simulate_one_seal_for_test_support` in the crate root
[INFO] [stdout]    --> src/commit_boundary/classification/tests.rs:410:12
[INFO] [stdout]     |
[INFO] [stdout] 410 |     crate::simulate_one_seal_for_test_support(&layout_a, "heads/main", &maintainer).unwrap();
[INFO] [stdout]     |            ^^^^^^^^^^^^^^^^^^^^^^^^^^^^^^^^^^ not found in the crate root
[INFO] [stdout]     |
[INFO] [stdout] note: found an item that was configured out
[INFO] [stdout]    --> src/lib.rs:314:33
[INFO] [stdout]     |
[INFO] [stdout] 313 | #[cfg(feature = "test-support")]
[INFO] [stdout]     |       ------------------------ the item is gated behind the `test-support` feature
[INFO] [stdout] 314 | pub use rfc111_seal_simulation::simulate_one_seal_for_test_support;
[INFO] [stdout]     |                                 ^^^^^^^^^^^^^^^^^^^^^^^^^^^^^^^^^^
[INFO] [stdout] 
[INFO] [stdout] 
[INFO] [stdout] error[E0425]: cannot find function `simulate_one_seal_for_test_support` in the crate root
[INFO] [stdout]    --> src/refs/tests/every_publication_refuses_first.rs:328:12
[INFO] [stdout]     |
[INFO] [stdout] 328 |     crate::simulate_one_seal_for_test_support(&layout, "heads/topic", &signer).unwrap();
[INFO] [stdout]     |            ^^^^^^^^^^^^^^^^^^^^^^^^^^^^^^^^^^ not found in the crate root
[INFO] [stdout]     |
[INFO] [stdout] note: found an item that was configured out
[INFO] [stdout]    --> src/lib.rs:314:33
[INFO] [stdout]     |
[INFO] [stdout] 313 | #[cfg(feature = "test-support")]
[INFO] [stdout]     |       ------------------------ the item is gated behind the `test-support` feature
[INFO] [stdout] 314 | pub use rfc111_seal_simulation::simulate_one_seal_for_test_support;
[INFO] [stdout]     |                                 ^^^^^^^^^^^^^^^^^^^^^^^^^^^^^^^^^^
[INFO] [stdout] 
[INFO] [stdout] 
[INFO] [stdout] error[E0425]: cannot find function `simulate_one_seal_for_test_support` in the crate root
[INFO] [stdout]    --> src/refs/tests/no_refs_times_log_precondition.rs:362:16
[INFO] [stdout]     |
[INFO] [stdout] 362 |         crate::simulate_one_seal_for_test_support(layout, "heads/topic", &signer).unwrap();
[INFO] [stdout]     |                ^^^^^^^^^^^^^^^^^^^^^^^^^^^^^^^^^^ not found in the crate root
[INFO] [stdout]     |
[INFO] [stdout] note: found an item that was configured out
[INFO] [stdout]    --> src/lib.rs:314:33
[INFO] [stdout]     |
[INFO] [stdout] 313 | #[cfg(feature = "test-support")]
[INFO] [stdout]     |       ------------------------ the item is gated behind the `test-support` feature
[INFO] [stdout] 314 | pub use rfc111_seal_simulation::simulate_one_seal_for_test_support;
[INFO] [stdout]     |                                 ^^^^^^^^^^^^^^^^^^^^^^^^^^^^^^^^^^
[INFO] [stdout] 
[INFO] [stdout] 
[INFO] [stdout] error[E0425]: cannot find function `simulate_one_seal_for_test_support` in the crate root
[INFO] [stdout]    --> src/refs/tests/no_refs_times_log_precondition.rs:378:29
[INFO] [stdout]     |
[INFO] [stdout] 378 |         let result = crate::simulate_one_seal_for_test_support(layout, "heads/main", &signer);
[INFO] [stdout]     |                             ^^^^^^^^^^^^^^^^^^^^^^^^^^^^^^^^^^ not found in the crate root
[INFO] [stdout]     |
[INFO] [stdout] note: found an item that was configured out
[INFO] [stdout]    --> src/lib.rs:314:33
[INFO] [stdout]     |
[INFO] [stdout] 313 | #[cfg(feature = "test-support")]
[INFO] [stdout]     |       ------------------------ the item is gated behind the `test-support` feature
[INFO] [stdout] 314 | pub use rfc111_seal_simulation::simulate_one_seal_for_test_support;
[INFO] [stdout]     |                                 ^^^^^^^^^^^^^^^^^^^^^^^^^^^^^^^^^^
[INFO] [stdout] 
[INFO] [stdout] 
[INFO] [stdout] error[E0425]: cannot find function `simulate_one_seal_for_test_support` in the crate root
[INFO] [stdout]    --> src/refs/tests/no_refs_times_log_precondition.rs:522:12
[INFO] [stdout]     |
[INFO] [stdout] 522 |     crate::simulate_one_seal_for_test_support(&layout, "heads/main", &signer).unwrap();
[INFO] [stdout]     |            ^^^^^^^^^^^^^^^^^^^^^^^^^^^^^^^^^^ not found in the crate root
[INFO] [stdout]     |
[INFO] [stdout] note: found an item that was configured out
[INFO] [stdout]    --> src/lib.rs:314:33
[INFO] [stdout]     |
[INFO] [stdout] 313 | #[cfg(feature = "test-support")]
[INFO] [stdout]     |       ------------------------ the item is gated behind the `test-support` feature
[INFO] [stdout] 314 | pub use rfc111_seal_simulation::simulate_one_seal_for_test_support;
[INFO] [stdout]     |                                 ^^^^^^^^^^^^^^^^^^^^^^^^^^^^^^^^^^
[INFO] [stdout] 
[INFO] [stdout] 
[INFO] [stdout] error[E0425]: cannot find function `simulate_one_seal_for_test_support` in the crate root
[INFO] [stdout]    --> src/refs/tests/one_read_per_publication.rs:137:20
[INFO] [stdout]     |
[INFO] [stdout] 137 |             crate::simulate_one_seal_for_test_support(&layout, "heads/main", &signer)?;
[INFO] [stdout]     |                    ^^^^^^^^^^^^^^^^^^^^^^^^^^^^^^^^^^ not found in the crate root
[INFO] [stdout]     |
[INFO] [stdout] note: found an item that was configured out
[INFO] [stdout]    --> src/lib.rs:314:33
[INFO] [stdout]     |
[INFO] [stdout] 313 | #[cfg(feature = "test-support")]
[INFO] [stdout]     |       ------------------------ the item is gated behind the `test-support` feature
[INFO] [stdout] 314 | pub use rfc111_seal_simulation::simulate_one_seal_for_test_support;
[INFO] [stdout]     |                                 ^^^^^^^^^^^^^^^^^^^^^^^^^^^^^^^^^^
[INFO] [stdout] 
[INFO] [stdout] 
[INFO] [stdout] error[E0425]: cannot find function `simulate_one_seal_for_test_support` in the crate root
[INFO] [stdout]    --> src/refs/tests/one_read_per_publication.rs:145:16
[INFO] [stdout]     |
[INFO] [stdout] 145 |         crate::simulate_one_seal_for_test_support(&layout, "heads/main", &signer)?;
[INFO] [stdout]     |                ^^^^^^^^^^^^^^^^^^^^^^^^^^^^^^^^^^ not found in the crate root
[INFO] [stdout]     |
[INFO] [stdout] note: found an item that was configured out
[INFO] [stdout]    --> src/lib.rs:314:33
[INFO] [stdout]     |
[INFO] [stdout] 313 | #[cfg(feature = "test-support")]
[INFO] [stdout]     |       ------------------------ the item is gated behind the `test-support` feature
[INFO] [stdout] 314 | pub use rfc111_seal_simulation::simulate_one_seal_for_test_support;
[INFO] [stdout]     |                                 ^^^^^^^^^^^^^^^^^^^^^^^^^^^^^^^^^^
[INFO] [stdout] 
[INFO] [stdout] 
[INFO] [stdout] Some errors have detailed explanations: E0425, E0432.
[INFO] [stdout] 
[INFO] [stdout] For more information about an error, try `rustc --explain E0425`.
[INFO] [stdout] 
[INFO] [stderr] error: could not compile `prikk-store` (lib test) due to 13 previous errors
[INFO] running `Command { std: "docker" "inspect" "c2899011c9bef9d13dca7a2f54b6594b99b5c8f182d2a8b3299049921fe4ab38", kill_on_drop: false }`
[INFO] running `Command { std: "docker" "rm" "-f" "c2899011c9bef9d13dca7a2f54b6594b99b5c8f182d2a8b3299049921fe4ab38", kill_on_drop: false }`
[INFO] [stdout] c2899011c9bef9d13dca7a2f54b6594b99b5c8f182d2a8b3299049921fe4ab38
