[INFO] fetching crate price-info 1.12.0...
[INFO] testing price-info-1.12.0 against 1.99.0-beta.8+cargoflags=--release for beta-release-1.100-2
[INFO] extracting crate price-info 1.12.0 into /workspace/builds/worker-0-tc1/source
[INFO] started tweaking crates.io crate price-info 1.12.0
[INFO] finished tweaking crates.io crate price-info 1.12.0
[INFO] tweaked toml for crates.io crate price-info 1.12.0 written to /workspace/builds/worker-0-tc1/source/Cargo.toml
[INFO] validating manifest of crates.io crate price-info 1.12.0 on toolchain 1.99.0-beta.8
[INFO] running `Command { std: CARGO_HOME="/workspace/cargo-home" RUSTUP_HOME="/workspace/rustup-home" "/workspace/cargo-home/bin/cargo" "+1.99.0-beta.8" "metadata" "--manifest-path" "Cargo.toml" "--no-deps", kill_on_drop: false }`
[INFO] running `Command { std: CARGO_HOME="/workspace/cargo-home" RUSTUP_HOME="/workspace/rustup-home" "/workspace/cargo-home/bin/cargo" "+1.99.0-beta.8" "generate-lockfile" "--manifest-path" "Cargo.toml", kill_on_drop: false }`
[INFO] [stderr]     Updating crates.io index
[INFO] [stderr]      Locking 164 packages to highest compatible versions
[INFO] [stderr]       Adding futures v0.1.31 (available: v0.3.34)
[INFO] [stderr]       Adding wasi v0.10.0+wasi-snapshot-preview1 (available: v0.10.2+wasi-snapshot-preview1)
[INFO] running `Command { std: CARGO_HOME="/workspace/cargo-home" RUSTUP_HOME="/workspace/rustup-home" "/workspace/cargo-home/bin/cargo" "+1.99.0-beta.8" "fetch" "--manifest-path" "Cargo.toml", kill_on_drop: false }`
[INFO] [stderr]     Blocking waiting for file lock on package cache
[INFO] [stderr]  Downloading crates ...
[INFO] [stderr]   Downloaded tetsy-runtime v0.1.2
[INFO] [stderr]   Downloaded tokio-compat v0.1.6
[INFO] [stderr]   Downloaded tetsy-fetch v0.1.0
[INFO] [stderr]   Downloaded tokio-uds v0.2.7
[INFO] [stderr]   Downloaded tokio-codec v0.1.2
[INFO] [stderr]   Downloaded tokio-udp v0.1.6
[INFO] [stderr]   Downloaded tokio-fs v0.1.7
[INFO] [stderr]   Downloaded hyper-rustls v0.18.0
[INFO] [stderr]   Downloaded webpki v0.21.4
[INFO] [stderr]   Downloaded security-framework v0.3.4
[INFO] [stderr]   Downloaded security-framework-sys v0.3.3
[INFO] [stderr]   Downloaded core-foundation-sys v0.6.2
[INFO] [stderr]   Downloaded sct v0.6.1
[INFO] [stderr]   Downloaded rustls-native-certs v0.1.0
[INFO] [stderr]   Downloaded core-foundation v0.6.4
[INFO] [stderr]   Downloaded fake-fetch v0.0.1
[INFO] running `Command { std: "docker" "create" "-v" "/var/lib/crater-agent-workspace/builds/worker-0-tc1/source:/opt/rustwide/workdir:ro,Z" "-v" "/var/lib/crater-agent-workspace/builds/worker-0-tc1/target:/opt/rustwide/target:rw,Z" "-v" "/var/lib/crater-agent-workspace/cargo-home:/opt/rustwide/cargo-home:ro,Z" "-v" "/var/lib/crater-agent-workspace/rustup-home:/opt/rustwide/rustup-home:ro,Z" "-m" "1610612736" "--network" "none" "ghcr.io/rust-lang/crates-build-env/linux@sha256:77db811e55d90add9212f6832c23229e3de5f1c1f9905e8cb07319ea15df73ac" "sleep" "infinity", kill_on_drop: false }`
[INFO] [stdout] 8538efa0426a0197c431df4df66ede54bcf6bdc1f97097cf393098b8dc45a38f
[INFO] running `Command { std: "docker" "start" "8538efa0426a0197c431df4df66ede54bcf6bdc1f97097cf393098b8dc45a38f", kill_on_drop: false }`
[INFO] running `Command { std: "docker" "inspect" "8538efa0426a0197c431df4df66ede54bcf6bdc1f97097cf393098b8dc45a38f", kill_on_drop: false }`
[INFO] running `Command { std: "docker" "exec" "-e" "SOURCE_DIR=/opt/rustwide/workdir" "-e" "CARGO_HOME=/opt/rustwide/cargo-home" "-e" "RUSTUP_HOME=/opt/rustwide/rustup-home" "-e" "CARGO_TARGET_DIR=/opt/rustwide/target" "-w" "/opt/rustwide/workdir" "--user" "0:0" "8538efa0426a0197c431df4df66ede54bcf6bdc1f97097cf393098b8dc45a38f" "/opt/rustwide/cargo-home/bin/cargo" "+1.99.0-beta.8" "metadata" "--no-deps" "--format-version=1", kill_on_drop: false }`
[INFO] running `Command { std: "docker" "inspect" "8538efa0426a0197c431df4df66ede54bcf6bdc1f97097cf393098b8dc45a38f", kill_on_drop: false }`
[INFO] running `Command { std: "docker" "exec" "-e" "SOURCE_DIR=/opt/rustwide/workdir" "-e" "CARGO_HOME=/opt/rustwide/cargo-home" "-e" "RUSTUP_HOME=/opt/rustwide/rustup-home" "-e" "CARGO_TARGET_DIR=/opt/rustwide/target" "-e" "CARGO_INCREMENTAL=0" "-e" "RUST_BACKTRACE=full" "-e" "RUSTFLAGS=--cap-lints=warn" "-e" "RUSTDOCFLAGS=--cap-lints=warn" "-w" "/opt/rustwide/workdir" "--user" "0:0" "8538efa0426a0197c431df4df66ede54bcf6bdc1f97097cf393098b8dc45a38f" "/opt/rustwide/cargo-home/bin/cargo" "+1.99.0-beta.8" "build" "--frozen" "--message-format=json" "--release", kill_on_drop: false }`
[INFO] [stderr]    Compiling futures v0.1.31
[INFO] [stderr]    Compiling either v1.19.0
[INFO] [stderr]    Compiling crossbeam-utils v0.7.2
[INFO] [stderr]    Compiling lock_api v0.3.4
[INFO] [stderr]    Compiling memoffset v0.5.6
[INFO] [stderr]    Compiling crossbeam-epoch v0.8.2
[INFO] [stderr]    Compiling untrusted v0.7.1
[INFO] [stderr]    Compiling spin v0.5.2
[INFO] [stderr]    Compiling parking_lot_core v0.6.3
[INFO] [stderr]    Compiling parking_lot v0.9.0
[INFO] [stderr]    Compiling ring v0.16.20
[INFO] [stderr]    Compiling syn v3.0.9
[INFO] [stderr]    Compiling itoa v0.4.8
[INFO] [stderr]    Compiling base64 v0.10.1
[INFO] [stderr]    Compiling hyper v0.12.36
[INFO] [stderr]    Compiling time v0.1.45
[INFO] [stderr]    Compiling openssl-probe v0.1.6
[INFO] [stderr]    Compiling bytes v0.4.12
[INFO] [stderr]    Compiling http v0.1.21
[INFO] [stderr]    Compiling string v0.2.1
[INFO] [stderr]    Compiling crossbeam-queue v0.2.3
[INFO] [stderr]    Compiling crossbeam-deque v0.7.4
[INFO] [stderr]    Compiling tokio-io v0.1.13
[INFO] [stderr]    Compiling tokio-executor v0.1.10
[INFO] [stderr]    Compiling tokio-sync v0.1.8
[INFO] [stderr]    Compiling tokio-buf v0.1.1
[INFO] [stderr]    Compiling futures-util v0.3.34
[INFO] [stderr]    Compiling futures-cpupool v0.1.8
[INFO] [stderr]    Compiling want v0.2.0
[INFO] [stderr]    Compiling tokio-timer v0.2.13
[INFO] [stderr]    Compiling tokio-current-thread v0.1.7
[INFO] [stderr]    Compiling tokio-threadpool v0.1.18
[INFO] [stderr]    Compiling tokio-codec v0.1.2
[INFO] [stderr]    Compiling tokio-reactor v0.1.12
[INFO] [stderr]    Compiling tokio-fs v0.1.7
[INFO] [stderr]    Compiling tokio-udp v0.1.6
[INFO] [stderr]    Compiling tokio-tcp v0.1.4
[INFO] [stderr]    Compiling tokio-uds v0.2.7
[INFO] [stderr]    Compiling tokio v0.1.22
[INFO] [stderr]    Compiling h2 v0.1.26
[INFO] [stderr]    Compiling http-body v0.1.0
[INFO] [stderr]    Compiling futures v0.3.34
[INFO] [stderr]    Compiling tokio-compat v0.1.6
[INFO] [stderr]    Compiling synstructure v0.14.0
[INFO] [stderr]    Compiling zerovec-derive v0.11.6
[INFO] [stderr]    Compiling displaydoc v0.2.7
[INFO] [stderr]    Compiling zerofrom-derive v0.1.8
[INFO] [stderr]    Compiling yoke-derive v0.8.4
[INFO] [stderr]    Compiling tetsy-runtime v0.1.2
[INFO] [stderr]    Compiling zerofrom v0.1.8
[INFO] [stderr]    Compiling yoke v0.8.3
[INFO] [stderr]    Compiling zerovec v0.11.8
[INFO] [stderr]    Compiling zerotrie v0.2.5
[INFO] [stderr]    Compiling tinystr v0.8.4
[INFO] [stderr]    Compiling potential_utf v0.1.6
[INFO] [stderr]    Compiling icu_locale_core v2.3.0
[INFO] [stderr]    Compiling icu_collections v2.3.0
[INFO] [stderr]    Compiling sct v0.6.1
[INFO] [stderr]    Compiling webpki v0.21.4
[INFO] [stderr]    Compiling ct-logs v0.6.0
[INFO] [stderr]    Compiling rustls v0.16.0
[INFO] [stderr]    Compiling icu_provider v2.3.1
[INFO] [stderr]    Compiling icu_normalizer v2.3.0
[INFO] [stderr]    Compiling icu_properties v2.3.0
[INFO] [stderr]    Compiling idna_adapter v1.2.2
[INFO] [stderr]    Compiling idna v1.1.0
[INFO] [stderr]    Compiling url v2.5.8
[INFO] [stderr]    Compiling tokio-rustls v0.10.3
[INFO] [stderr]    Compiling rustls-native-certs v0.1.0
[INFO] [stderr]    Compiling hyper-rustls v0.18.0
[INFO] [stderr]    Compiling tetsy-fetch v0.1.0
[INFO] [stderr]    Compiling price-info v1.12.0 (/opt/rustwide/workdir)
[INFO] [stderr]     Finished `release` profile [optimized] target(s) in 46.46s
[INFO] running `Command { std: "docker" "inspect" "8538efa0426a0197c431df4df66ede54bcf6bdc1f97097cf393098b8dc45a38f", kill_on_drop: false }`
[INFO] running `Command { std: "docker" "exec" "-e" "SOURCE_DIR=/opt/rustwide/workdir" "-e" "CARGO_HOME=/opt/rustwide/cargo-home" "-e" "RUSTUP_HOME=/opt/rustwide/rustup-home" "-e" "CARGO_TARGET_DIR=/opt/rustwide/target" "-e" "CARGO_INCREMENTAL=0" "-e" "RUST_BACKTRACE=full" "-e" "RUSTFLAGS=--cap-lints=warn" "-e" "RUSTDOCFLAGS=--cap-lints=warn" "-w" "/opt/rustwide/workdir" "--user" "0:0" "8538efa0426a0197c431df4df66ede54bcf6bdc1f97097cf393098b8dc45a38f" "/opt/rustwide/cargo-home/bin/cargo" "+1.99.0-beta.8" "test" "--frozen" "--no-run" "--message-format=json" "--release", kill_on_drop: false }`
[INFO] [stderr]    Compiling fake-fetch v0.0.1
[INFO] [stderr]    Compiling price-info v1.12.0 (/opt/rustwide/workdir)
[INFO] [stdout] error[E0599]: no associated function or constant named `with_thread_count` found for struct `Runtime` in the current scope
[INFO] [stdout]    --> src/lib.rs:116:26
[INFO] [stdout]     |
[INFO] [stdout] 116 |         let runtime = Runtime::with_thread_count(1);
[INFO] [stdout]     |                                ^^^^^^^^^^^^^^^^^ associated function or constant not found in `Runtime`
[INFO] [stdout]     |
[INFO] [stdout] note: if you're trying to build a new `Runtime`, consider using `Runtime::with_default_thread_count` which returns `Runtime`
[INFO] [stdout]    --> /opt/rustwide/cargo-home/registry/src/index.crates.io-1949cf8c6b5b557f/tetsy-runtime-0.1.2/src/lib.rs:59:2
[INFO] [stdout]     |
[INFO] [stdout]  59 |     pub fn with_default_thread_count() -> Self {
[INFO] [stdout]     |     ^^^^^^^^^^^^^^^^^^^^^^^^^^^^^^^^^^^^^^^^^^
[INFO] [stdout] help: there is an associated function `with_default_thread_count` with a similar name
[INFO] [stdout]    --> /opt/rustwide/cargo-home/registry/src/index.crates.io-1949cf8c6b5b557f/tetsy-runtime-0.1.2/src/lib.rs:59:2
[INFO] [stdout]     |
[INFO] [stdout]  59 |     pub fn with_default_thread_count() -> Self {
[INFO] [stdout]     |     ^^^^^^^^^^^^^^^^^^^^^^^^^^^^^^^^^^^^^^^^^^
[INFO] [stdout] 
[INFO] [stdout] 
[INFO] [stdout] error[E0599]: no associated function or constant named `with_thread_count` found for struct `Runtime` in the current scope
[INFO] [stdout]    --> src/lib.rs:142:26
[INFO] [stdout]     |
[INFO] [stdout] 142 |         let runtime = Runtime::with_thread_count(1);
[INFO] [stdout]     |                                ^^^^^^^^^^^^^^^^^ associated function or constant not found in `Runtime`
[INFO] [stdout]     |
[INFO] [stdout] note: if you're trying to build a new `Runtime`, consider using `Runtime::with_default_thread_count` which returns `Runtime`
[INFO] [stdout]    --> /opt/rustwide/cargo-home/registry/src/index.crates.io-1949cf8c6b5b557f/tetsy-runtime-0.1.2/src/lib.rs:59:2
[INFO] [stdout]     |
[INFO] [stdout]  59 |     pub fn with_default_thread_count() -> Self {
[INFO] [stdout]     |     ^^^^^^^^^^^^^^^^^^^^^^^^^^^^^^^^^^^^^^^^^^
[INFO] [stdout] help: there is an associated function `with_default_thread_count` with a similar name
[INFO] [stdout]    --> /opt/rustwide/cargo-home/registry/src/index.crates.io-1949cf8c6b5b557f/tetsy-runtime-0.1.2/src/lib.rs:59:2
[INFO] [stdout]     |
[INFO] [stdout]  59 |     pub fn with_default_thread_count() -> Self {
[INFO] [stdout]     |     ^^^^^^^^^^^^^^^^^^^^^^^^^^^^^^^^^^^^^^^^^^
[INFO] [stdout] 
[INFO] [stdout] 
[INFO] [stdout] error[E0599]: no associated function or constant named `with_thread_count` found for struct `Runtime` in the current scope
[INFO] [stdout]    --> src/lib.rs:162:26
[INFO] [stdout]     |
[INFO] [stdout] 162 |         let runtime = Runtime::with_thread_count(1);
[INFO] [stdout]     |                                ^^^^^^^^^^^^^^^^^ associated function or constant not found in `Runtime`
[INFO] [stdout]     |
[INFO] [stdout] note: if you're trying to build a new `Runtime`, consider using `Runtime::with_default_thread_count` which returns `Runtime`
[INFO] [stdout]    --> /opt/rustwide/cargo-home/registry/src/index.crates.io-1949cf8c6b5b557f/tetsy-runtime-0.1.2/src/lib.rs:59:2
[INFO] [stdout]     |
[INFO] [stdout]  59 |     pub fn with_default_thread_count() -> Self {
[INFO] [stdout]     |     ^^^^^^^^^^^^^^^^^^^^^^^^^^^^^^^^^^^^^^^^^^
[INFO] [stdout] help: there is an associated function `with_default_thread_count` with a similar name
[INFO] [stdout]    --> /opt/rustwide/cargo-home/registry/src/index.crates.io-1949cf8c6b5b557f/tetsy-runtime-0.1.2/src/lib.rs:59:2
[INFO] [stdout]     |
[INFO] [stdout]  59 |     pub fn with_default_thread_count() -> Self {
[INFO] [stdout]     |     ^^^^^^^^^^^^^^^^^^^^^^^^^^^^^^^^^^^^^^^^^^
[INFO] [stdout] 
[INFO] [stdout] 
[INFO] [stdout] For more information about this error, try `rustc --explain E0599`.
[INFO] [stdout] 
[INFO] [stderr] error: could not compile `price-info` (lib test) due to 3 previous errors
[INFO] running `Command { std: "docker" "inspect" "8538efa0426a0197c431df4df66ede54bcf6bdc1f97097cf393098b8dc45a38f", kill_on_drop: false }`
[INFO] running `Command { std: "docker" "rm" "-f" "8538efa0426a0197c431df4df66ede54bcf6bdc1f97097cf393098b8dc45a38f", kill_on_drop: false }`
[INFO] [stdout] 8538efa0426a0197c431df4df66ede54bcf6bdc1f97097cf393098b8dc45a38f
