[INFO] fetching crate prgpu 0.2.0...
[INFO] testing prgpu-0.2.0 against 1.99.0-beta.8+cargoflags=--release for beta-release-1.100-2
[INFO] extracting crate prgpu 0.2.0 into /workspace/builds/worker-7-tc1/source
[INFO] started tweaking crates.io crate prgpu 0.2.0
[INFO] finished tweaking crates.io crate prgpu 0.2.0
[INFO] tweaked toml for crates.io crate prgpu 0.2.0 written to /workspace/builds/worker-7-tc1/source/Cargo.toml
[INFO] validating manifest of crates.io crate prgpu 0.2.0 on toolchain 1.99.0-beta.8
[INFO] running `Command { std: CARGO_HOME="/workspace/cargo-home" RUSTUP_HOME="/workspace/rustup-home" "/workspace/cargo-home/bin/cargo" "+1.99.0-beta.8" "metadata" "--manifest-path" "Cargo.toml" "--no-deps", kill_on_drop: false }`
[INFO] crate crates.io crate prgpu 0.2.0 already has a lockfile, it will not be regenerated
[INFO] running `Command { std: CARGO_HOME="/workspace/cargo-home" RUSTUP_HOME="/workspace/rustup-home" "/workspace/cargo-home/bin/cargo" "+1.99.0-beta.8" "fetch" "--manifest-path" "Cargo.toml", kill_on_drop: false }`
[INFO] [stderr]     Updating crates.io index
[INFO] [stderr]  Downloading crates ...
[INFO] [stderr]   Downloaded winres v0.1.12
[INFO] [stderr]   Downloaded prgpu-macro v0.2.0
[INFO] [stderr]   Downloaded prgpu-build v0.2.0
[INFO] [stderr]   Downloaded pretty-hex v0.4.2
[INFO] [stderr]   Downloaded exaecut-pipl v0.2.0
[INFO] [stderr]   Downloaded plist v1.9.0
[INFO] [stderr]   Downloaded oslog v0.2.0
[INFO] [stderr]   Downloaded quick-xml v0.39.4
[INFO] [stderr]   Downloaded win_dbg_logger v0.1.0
[INFO] [stderr]   Downloaded cstr-literal v0.1.0
[INFO] [stderr]   Downloaded exaecut-premiere v0.5.0
[INFO] [stderr]   Downloaded hash32 v1.0.0
[INFO] [stderr]   Downloaded exaecut-premiere-sys v0.5.0
[INFO] [stderr]   Downloaded exaecut-after-effects v0.5.0
[INFO] [stderr]   Downloaded exaecut-after-effects-sys v0.5.0
[INFO] running `Command { std: "docker" "create" "-v" "/var/lib/crater-agent-workspace/builds/worker-7-tc1/source:/opt/rustwide/workdir:ro,Z" "-v" "/var/lib/crater-agent-workspace/builds/worker-7-tc1/target:/opt/rustwide/target:rw,Z" "-v" "/var/lib/crater-agent-workspace/cargo-home:/opt/rustwide/cargo-home:ro,Z" "-v" "/var/lib/crater-agent-workspace/rustup-home:/opt/rustwide/rustup-home:ro,Z" "-m" "1610612736" "--network" "none" "ghcr.io/rust-lang/crates-build-env/linux@sha256:77db811e55d90add9212f6832c23229e3de5f1c1f9905e8cb07319ea15df73ac" "sleep" "infinity", kill_on_drop: false }`
[INFO] [stdout] 7743de559f145e244b5d9cf7df10bb342747d98748e357d096e1b1d4e5a87063
[INFO] running `Command { std: "docker" "start" "7743de559f145e244b5d9cf7df10bb342747d98748e357d096e1b1d4e5a87063", kill_on_drop: false }`
[INFO] running `Command { std: "docker" "inspect" "7743de559f145e244b5d9cf7df10bb342747d98748e357d096e1b1d4e5a87063", kill_on_drop: false }`
[INFO] running `Command { std: "docker" "exec" "-e" "SOURCE_DIR=/opt/rustwide/workdir" "-e" "CARGO_HOME=/opt/rustwide/cargo-home" "-e" "RUSTUP_HOME=/opt/rustwide/rustup-home" "-e" "CARGO_TARGET_DIR=/opt/rustwide/target" "-w" "/opt/rustwide/workdir" "--user" "0:0" "7743de559f145e244b5d9cf7df10bb342747d98748e357d096e1b1d4e5a87063" "/opt/rustwide/cargo-home/bin/cargo" "+1.99.0-beta.8" "metadata" "--no-deps" "--format-version=1", kill_on_drop: false }`
[INFO] running `Command { std: "docker" "inspect" "7743de559f145e244b5d9cf7df10bb342747d98748e357d096e1b1d4e5a87063", kill_on_drop: false }`
[INFO] running `Command { std: "docker" "exec" "-e" "SOURCE_DIR=/opt/rustwide/workdir" "-e" "CARGO_HOME=/opt/rustwide/cargo-home" "-e" "RUSTUP_HOME=/opt/rustwide/rustup-home" "-e" "CARGO_TARGET_DIR=/opt/rustwide/target" "-e" "CARGO_INCREMENTAL=0" "-e" "RUST_BACKTRACE=full" "-e" "RUSTFLAGS=--cap-lints=warn" "-e" "RUSTDOCFLAGS=--cap-lints=warn" "-w" "/opt/rustwide/workdir" "--user" "0:0" "7743de559f145e244b5d9cf7df10bb342747d98748e357d096e1b1d4e5a87063" "/opt/rustwide/cargo-home/bin/cargo" "+1.99.0-beta.8" "build" "--frozen" "--message-format=json" "--release", kill_on_drop: false }`
[INFO] [stderr]    Compiling memchr v2.8.0
[INFO] [stderr]    Compiling bitflags v2.11.1
[INFO] [stderr]    Compiling glob v0.3.3
[INFO] [stderr]    Compiling prettyplease v0.2.37
[INFO] [stderr]    Compiling regex-syntax v0.8.10
[INFO] [stderr]    Compiling either v1.15.0
[INFO] [stderr]    Compiling bindgen v0.72.1
[INFO] [stderr]    Compiling cc v1.2.61
[INFO] [stderr]    Compiling libloading v0.8.9
[INFO] [stderr]    Compiling rustc-hash v2.1.2
[INFO] [stderr]    Compiling syn v2.0.117
[INFO] [stderr]    Compiling zeroize v1.8.2
[INFO] [stderr]    Compiling getrandom v0.2.17
[INFO] [stderr]    Compiling base64 v0.22.1
[INFO] [stderr]    Compiling deranged v0.5.8
[INFO] [stderr]    Compiling crc32fast v1.5.0
[INFO] [stderr]    Compiling hashbrown v0.17.0
[INFO] [stderr]    Compiling bytes v1.11.1
[INFO] [stderr]    Compiling simd-adler32 v0.3.9
[INFO] [stderr]    Compiling rustls v0.23.40
[INFO] [stderr]    Compiling time-core v0.1.8
[INFO] [stderr]    Compiling rustls-pki-types v1.14.1
[INFO] [stderr]    Compiling miniz_oxide v0.8.9
[INFO] [stderr]    Compiling clang-sys v1.8.1
[INFO] [stderr]    Compiling rustix v1.1.4
[INFO] [stderr]    Compiling serde_json v1.0.149
[INFO] [stderr]    Compiling filetime v0.2.27
[INFO] [stderr]    Compiling konst_macro_rules v0.2.19
[INFO] [stderr]    Compiling itertools v0.13.0
[INFO] [stderr]    Compiling virtue v0.0.18
[INFO] [stderr]    Compiling byteorder v1.5.0
[INFO] [stderr]    Compiling pretty-hex v0.4.2
[INFO] [stderr]    Compiling konst v0.2.20
[INFO] [stderr]    Compiling const_format_proc_macros v0.2.34
[INFO] [stderr]    Compiling webpki-roots v1.0.7
[INFO] [stderr]    Compiling nom v7.1.3
[INFO] [stderr]    Compiling quick-xml v0.39.4
[INFO] [stderr]    Compiling flate2 v1.1.9
[INFO] [stderr]    Compiling indexmap v2.14.0
[INFO] [stderr]    Compiling bincode_derive v2.0.1
[INFO] [stderr]    Compiling http v1.4.0
[INFO] [stderr]    Compiling fs2 v0.4.3
[INFO] [stderr]    Compiling unty v0.0.4
[INFO] [stderr]    Compiling parking_lot v0.12.5
[INFO] [stderr]    Compiling exaecut-premiere v0.5.0
[INFO] [stderr]    Compiling const_format v0.2.36
[INFO] [stderr]    Compiling time v0.3.47
[INFO] [stderr]    Compiling log v0.4.29
[INFO] [stderr]    Compiling regex-automata v0.4.14
[INFO] [stderr]    Compiling cstr-literal v0.1.0
[INFO] [stderr]    Compiling widestring v1.2.1
[INFO] [stderr]    Compiling hash32 v1.0.0
[INFO] [stderr]    Compiling rayon v1.12.0
[INFO] [stderr]    Compiling ring v0.17.14
[INFO] [stderr]    Compiling ureq-proto v0.6.0
[INFO] [stderr]    Compiling xattr v1.6.1
[INFO] [stderr]    Compiling tar v0.4.45
[INFO] [stderr]    Compiling cexpr v0.6.0
[INFO] [stderr]    Compiling regex v1.12.3
[INFO] [stderr]    Compiling serde_derive v1.0.228
[INFO] [stderr]    Compiling bytemuck_derive v1.10.2
[INFO] [stderr]    Compiling prgpu-macro v0.2.0
[INFO] [stderr]    Compiling bytemuck v1.25.0
[INFO] [stderr]    Compiling rustls-webpki v0.103.13
[INFO] [stderr]    Compiling serde v1.0.228
[INFO] [stderr]    Compiling bincode v2.0.1
[INFO] [stderr]    Compiling toml v0.5.11
[INFO] [stderr]    Compiling plist v1.9.0
[INFO] [stderr]    Compiling winres v0.1.12
[INFO] [stderr]    Compiling exaecut-pipl v0.2.0
[INFO] [stderr]    Compiling ureq v3.3.0
[INFO] [stderr]    Compiling exaecut-premiere-sys v0.5.0
[INFO] [stderr]    Compiling exaecut-after-effects-sys v0.5.0
[INFO] [stderr]    Compiling prgpu-build v0.2.0
[INFO] [stderr]    Compiling exaecut-after-effects v0.5.0
[INFO] [stderr]    Compiling prgpu v0.2.0 (/opt/rustwide/workdir)
[INFO] [stderr] warning: prgpu@0.2.0: [slang] Slang SDK v2026.8 not found, downloading...
[INFO] [stderr] warning: prgpu@0.2.0: [slang] Downloading https://github.com/shader-slang/slang/releases/download/v2026.8/slang-2026.8-linux-x86_64.tar.gz
[INFO] [stderr] error: failed to run custom build command for `prgpu v0.2.0 (/opt/rustwide/workdir)`
[INFO] [stderr] note: To improve backtraces for build dependencies, set the CARGO_PROFILE_RELEASE_BUILD_OVERRIDE_DEBUG=true environment variable to enable debug information generation.
[INFO] [stderr] 
[INFO] [stderr] Caused by:
[INFO] [stderr]   process didn't exit successfully: `/opt/rustwide/target/release/build/prgpu-6ade36040932b969/build-script-build` (exit status: 101)
[INFO] [stderr]   --- stdout
[INFO] [stderr]   cargo:rustc-check-cfg=cfg(gpu_backend, values("metal", "cuda", "none"))
[INFO] [stderr]   cargo:rustc-cfg=gpu_backend="none"
[INFO] [stderr]   cargo:rerun-if-env-changed=GPU_BACKEND
[INFO] [stderr]   cargo:rerun-if-changed=build.rs
[INFO] [stderr]   cargo:rerun-if-changed=/opt/rustwide/workdir/shaders
[INFO] [stderr]   cargo:rerun-if-changed=/opt/rustwide/workdir/shaders
[INFO] [stderr]   cargo:rerun-if-changed=/opt/rustwide/workdir/vekl
[INFO] [stderr]   cargo:warning=[slang] Slang SDK v2026.8 not found, downloading...
[INFO] [stderr]   cargo:warning=[slang] Downloading https://github.com/shader-slang/slang/releases/download/v2026.8/slang-2026.8-linux-x86_64.tar.gz
[INFO] [stderr] 
[INFO] [stderr]   --- stderr
[INFO] [stderr] 
[INFO] [stderr]   thread 'main' (1370) panicked at /opt/rustwide/cargo-home/registry/src/index.crates.io-1949cf8c6b5b557f/prgpu-build-0.2.0/src/sdk.rs:139:61:
[INFO] [stderr]   Failed to download: io: failed to lookup address information: Temporary failure in name resolution
[INFO] [stderr]   URL: https://github.com/shader-slang/slang/releases/download/v2026.8/slang-2026.8-linux-x86_64.tar.gz
[INFO] [stderr]   Manually extract to: /opt/rustwide/target/.slang-sdk/2026.downloading
[INFO] [stderr]   stack backtrace:
[INFO] [stderr]      0:     0x576f56cd1321 - <<std[70759c8f55707aa4]::sys::backtrace::BacktraceLock>::print::DisplayBacktrace as core[df12db4294e9bfd3]::fmt::Display>::fmt
[INFO] [stderr]      1:     0x576f56ce9c3a - core[df12db4294e9bfd3]::fmt::write
[INFO] [stderr]      2:     0x576f56cd7a6c - <std[70759c8f55707aa4]::sys::stdio::unix::Stderr as core[df12db4294e9bfd3]::io::write::Write>::write_fmt
[INFO] [stderr]      3:     0x576f56caada6 - std[70759c8f55707aa4]::panicking::default_hook::{closure#0}
[INFO] [stderr]      4:     0x576f56cc9771 - std[70759c8f55707aa4]::panicking::default_hook
[INFO] [stderr]      5:     0x576f56cc992b - std[70759c8f55707aa4]::panicking::panic_with_hook
[INFO] [stderr]      6:     0x576f56caae52 - std[70759c8f55707aa4]::panicking::panic_handler::{closure#0}
[INFO] [stderr]      7:     0x576f56ca3679 - std[70759c8f55707aa4]::sys::backtrace::__rust_end_short_backtrace::<std[70759c8f55707aa4]::panicking::panic_handler::{closure#0}, !>
[INFO] [stderr]      8:     0x576f56cabbed - __rustc[8fa7c3cbc660c2b3]::rust_begin_unwind
[INFO] [stderr]      9:     0x576f56cea3ac - core[df12db4294e9bfd3]::panicking::panic_fmt
[INFO] [stderr]     10:     0x576f5696b128 - prgpu_build[659dca203ad80561]::sdk::download_file::{closure#0}
[INFO] [stderr]     11:     0x576f56956c5f - <core[df12db4294e9bfd3]::result::Result<http[50f789b8922aeec1]::response::Response<ureq[4155e220d88efa90]::body::Body>, ureq[4155e220d88efa90]::error::Error>>::unwrap_or_else::<prgpu_build[659dca203ad80561]::sdk::download_file::{closure#0}>
[INFO] [stderr]     12:     0x576f5696c7e7 - prgpu_build[659dca203ad80561]::sdk::download_file
[INFO] [stderr]     13:     0x576f5696c1b5 - prgpu_build[659dca203ad80561]::sdk::download_sdk
[INFO] [stderr]     14:     0x576f5696f1ce - prgpu_build[659dca203ad80561]::sdk::sdk_dir
[INFO] [stderr]     15:     0x576f569715ab - prgpu_build[659dca203ad80561]::compile::compile_shaders
[INFO] [stderr]     16:     0x576f569695b4 - prgpu_build[659dca203ad80561]::compile_builtin_shaders
[INFO] [stderr]     17:     0x576f5695687e - build_script_build[98f4c90b112c1ea]::main
[INFO] [stderr]     18:     0x576f56956a4b - <fn() as core[df12db4294e9bfd3]::ops::function::FnOnce<()>>::call_once
[INFO] [stderr]     19:     0x576f5695671e - std[70759c8f55707aa4]::sys::backtrace::__rust_begin_short_backtrace::<fn(), ()>
[INFO] [stderr]     20:     0x576f56956729 - std[70759c8f55707aa4]::rt::lang_start::<()>::{closure#0}
[INFO] [stderr]     21:     0x576f56cc8a39 - std[70759c8f55707aa4]::rt::lang_start_internal
[INFO] [stderr]     22:     0x576f56956711 - std[70759c8f55707aa4]::rt::lang_start::<()>
[INFO] [stderr]     23:     0x576f56956a85 - main
[INFO] [stderr]     24:     0x732d3a7b6601 - <unknown>
[INFO] [stderr]     25:     0x732d3a7b6718 - __libc_start_main
[INFO] [stderr]     26:     0x576f56956625 - _start
[INFO] [stderr]     27:                0x0 - <unknown>
[INFO] [stderr] warning: build failed, waiting for other jobs to finish...
[INFO] [stdout] error[E0425]: cannot find value `UNKNOWN_ERR_10007` in this scope
[INFO] [stdout]    --> /opt/rustwide/cargo-home/registry/src/index.crates.io-1949cf8c6b5b557f/exaecut-after-effects-0.5.0/src/lib.rs:169:36
[INFO] [stdout]     |
[INFO] [stdout] 169 |         Unknown10007             = UNKNOWN_ERR_10007,
[INFO] [stdout]     |                                    ^^^^^^^^^^^^^^^^^ not found in this scope
[INFO] [stdout]     |
[INFO] [stdout] note: found an item that was configured out
[INFO] [stdout]    --> /opt/rustwide/cargo-home/registry/src/index.crates.io-1949cf8c6b5b557f/exaecut-after-effects-0.5.0/src/lib.rs:132:7
[INFO] [stdout]     |
[INFO] [stdout] 131 | #[cfg(target_os = "macos")]
[INFO] [stdout]     |       ------------------- the item is gated behind the `macos` feature
[INFO] [stdout] 132 | const UNKNOWN_ERR_10007: ::std::os::raw::c_uint = 10007;
[INFO] [stdout]     |       ^^^^^^^^^^^^^^^^^
[INFO] [stdout] note: found an item that was configured out
[INFO] [stdout]    --> /opt/rustwide/cargo-home/registry/src/index.crates.io-1949cf8c6b5b557f/exaecut-after-effects-0.5.0/src/lib.rs:134:7
[INFO] [stdout]     |
[INFO] [stdout] 133 | #[cfg(target_os = "windows")]
[INFO] [stdout]     |       --------------------- the item is gated behind the `windows` feature
[INFO] [stdout] 134 | const UNKNOWN_ERR_10007: ::std::os::raw::c_int = 10007;
[INFO] [stdout]     |       ^^^^^^^^^^^^^^^^^
[INFO] [stdout] 
[INFO] [stdout] 
[INFO] [stdout] error[E0531]: cannot find unit struct, unit variant or constant `UNKNOWN_ERR_10007` in this scope
[INFO] [stdout]    --> /opt/rustwide/cargo-home/registry/src/index.crates.io-1949cf8c6b5b557f/exaecut-after-effects-0.5.0/src/lib.rs:169:36
[INFO] [stdout]     |
[INFO] [stdout] 169 |         Unknown10007             = UNKNOWN_ERR_10007,
[INFO] [stdout]     |                                    ^^^^^^^^^^^^^^^^^ not found in this scope
[INFO] [stdout]     |
[INFO] [stdout] note: found an item that was configured out
[INFO] [stdout]    --> /opt/rustwide/cargo-home/registry/src/index.crates.io-1949cf8c6b5b557f/exaecut-after-effects-0.5.0/src/lib.rs:132:7
[INFO] [stdout]     |
[INFO] [stdout] 131 | #[cfg(target_os = "macos")]
[INFO] [stdout]     |       ------------------- the item is gated behind the `macos` feature
[INFO] [stdout] 132 | const UNKNOWN_ERR_10007: ::std::os::raw::c_uint = 10007;
[INFO] [stdout]     |       ^^^^^^^^^^^^^^^^^
[INFO] [stdout] note: found an item that was configured out
[INFO] [stdout]    --> /opt/rustwide/cargo-home/registry/src/index.crates.io-1949cf8c6b5b557f/exaecut-after-effects-0.5.0/src/lib.rs:134:7
[INFO] [stdout]     |
[INFO] [stdout] 133 | #[cfg(target_os = "windows")]
[INFO] [stdout]     |       --------------------- the item is gated behind the `windows` feature
[INFO] [stdout] 134 | const UNKNOWN_ERR_10007: ::std::os::raw::c_int = 10007;
[INFO] [stdout]     |       ^^^^^^^^^^^^^^^^^
[INFO] [stdout] 
[INFO] [stdout] 
[INFO] [stdout] error[E0599]: no method named `len` found for unit type `()` in the current scope
[INFO] [stdout]     --> /opt/rustwide/cargo-home/registry/src/index.crates.io-1949cf8c6b5b557f/exaecut-after-effects-0.5.0/src/pf/parameters.rs:1119:29
[INFO] [stdout]      |
[INFO] [stdout] 1119 |         let to_copy = bytes.len().min(MAX_NAME_LEN);
[INFO] [stdout]      |                             ^^^
[INFO] [stdout]      |
[INFO] [stdout] help: there is a method `le` with a similar name, but with different arguments
[INFO] [stdout]     --> /rustc/dfb0accb7f508ae8be965d8629557221c889dd98/library/core/src/cmp.rs:1440:4
[INFO] [stdout] 
[INFO] [stdout] 
[INFO] [stdout] error[E0599]: no method named `resize` found for unit type `()` in the current scope
[INFO] [stdout]     --> /opt/rustwide/cargo-home/registry/src/index.crates.io-1949cf8c6b5b557f/exaecut-after-effects-0.5.0/src/pf/parameters.rs:1121:19
[INFO] [stdout]      |
[INFO] [stdout] 1121 |             bytes.resize(to_copy, 0);
[INFO] [stdout]      |                   ^^^^^^ method not found in `()`
[INFO] [stdout] 
[INFO] [stdout] 
[INFO] [stdout] error[E0599]: no method named `get_mut` found for unit type `()` in the current scope
[INFO] [stdout]     --> /opt/rustwide/cargo-home/registry/src/index.crates.io-1949cf8c6b5b557f/exaecut-after-effects-0.5.0/src/pf/parameters.rs:1122:44
[INFO] [stdout]      |
[INFO] [stdout] 1122 |             if let Some(last_elem) = bytes.get_mut(MAX_NAME_LEN - 1) {
[INFO] [stdout]      |                                            ^^^^^^^ method not found in `()`
[INFO] [stdout] 
[INFO] [stdout] 
[INFO] [stdout] error[E0599]: no method named `len` found for unit type `()` in the current scope
[INFO] [stdout]     --> /opt/rustwide/cargo-home/registry/src/index.crates.io-1949cf8c6b5b557f/exaecut-after-effects-0.5.0/src/pf/parameters.rs:1125:62
[INFO] [stdout]      |
[INFO] [stdout] 1125 | ...   self.param_def.name_do_not_use_directly[0..bytes.len()].copy_from_slice(unsafe { std::mem::transmute(bytes.as_slice()) });
[INFO] [stdout]      |                                                        ^^^
[INFO] [stdout]      |
[INFO] [stdout] help: there is a method `le` with a similar name, but with different arguments
[INFO] [stdout]     --> /rustc/dfb0accb7f508ae8be965d8629557221c889dd98/library/core/src/cmp.rs:1440:4
[INFO] [stdout] 
[INFO] [stdout] 
[INFO] [stdout] error[E0599]: no method named `as_slice` found for unit type `()` in the current scope
[INFO] [stdout]     --> /opt/rustwide/cargo-home/registry/src/index.crates.io-1949cf8c6b5b557f/exaecut-after-effects-0.5.0/src/pf/parameters.rs:1125:120
[INFO] [stdout]      |
[INFO] [stdout] 1125 | ..._from_slice(unsafe { std::mem::transmute(bytes.as_slice()) });
[INFO] [stdout]      |                                                   ^^^^^^^^ method not found in `()`
[INFO] [stdout] 
[INFO] [stdout] 
[INFO] [stdout] Some errors have detailed explanations: E0425, E0531, E0599.
[INFO] [stdout] 
[INFO] [stdout] For more information about an error, try `rustc --explain E0425`.
[INFO] [stdout] 
[INFO] [stderr] error: could not compile `exaecut-after-effects` (lib) due to 7 previous errors
[INFO] running `Command { std: "docker" "inspect" "7743de559f145e244b5d9cf7df10bb342747d98748e357d096e1b1d4e5a87063", kill_on_drop: false }`
[INFO] running `Command { std: "docker" "rm" "-f" "7743de559f145e244b5d9cf7df10bb342747d98748e357d096e1b1d4e5a87063", kill_on_drop: false }`
[INFO] [stdout] 7743de559f145e244b5d9cf7df10bb342747d98748e357d096e1b1d4e5a87063
