[INFO] fetching crate pptxboss-core 2.2.0...
[INFO] testing pptxboss-core-2.2.0 against 1.100.0-beta.1+cargoflags=--release for beta-release-1.100-2
[INFO] extracting crate pptxboss-core 2.2.0 into /workspace/builds/worker-0-tc2/source
[INFO] started tweaking crates.io crate pptxboss-core 2.2.0
[INFO] removed 0 missing examples
[INFO] removed 0 missing tests
[INFO] finished tweaking crates.io crate pptxboss-core 2.2.0
[INFO] tweaked toml for crates.io crate pptxboss-core 2.2.0 written to /workspace/builds/worker-0-tc2/source/Cargo.toml
[INFO] validating manifest of crates.io crate pptxboss-core 2.2.0 on toolchain 1.100.0-beta.1
[INFO] running `Command { std: CARGO_HOME="/workspace/cargo-home" RUSTUP_HOME="/workspace/rustup-home" "/workspace/cargo-home/bin/cargo" "+1.100.0-beta.1" "metadata" "--manifest-path" "Cargo.toml" "--no-deps", kill_on_drop: false }`
[INFO] crate crates.io crate pptxboss-core 2.2.0 already has a lockfile, it will not be regenerated
[INFO] running `Command { std: CARGO_HOME="/workspace/cargo-home" RUSTUP_HOME="/workspace/rustup-home" "/workspace/cargo-home/bin/cargo" "+1.100.0-beta.1" "fetch" "--manifest-path" "Cargo.toml", kill_on_drop: false }`
[INFO] running `Command { std: "docker" "create" "-v" "/var/lib/crater-agent-workspace/builds/worker-0-tc2/source:/opt/rustwide/workdir:ro,Z" "-v" "/var/lib/crater-agent-workspace/builds/worker-0-tc2/target:/opt/rustwide/target:rw,Z" "-v" "/var/lib/crater-agent-workspace/cargo-home:/opt/rustwide/cargo-home:ro,Z" "-v" "/var/lib/crater-agent-workspace/rustup-home:/opt/rustwide/rustup-home:ro,Z" "-m" "1610612736" "--network" "none" "ghcr.io/rust-lang/crates-build-env/linux@sha256:77db811e55d90add9212f6832c23229e3de5f1c1f9905e8cb07319ea15df73ac" "sleep" "infinity", kill_on_drop: false }`
[INFO] [stdout] 2660d6e44cc3e8ab8cfdb67b4608b82225ad2ee87e795bf9b05dd8004086c6d4
[INFO] running `Command { std: "docker" "start" "2660d6e44cc3e8ab8cfdb67b4608b82225ad2ee87e795bf9b05dd8004086c6d4", kill_on_drop: false }`
[INFO] running `Command { std: "docker" "inspect" "2660d6e44cc3e8ab8cfdb67b4608b82225ad2ee87e795bf9b05dd8004086c6d4", kill_on_drop: false }`
[INFO] running `Command { std: "docker" "exec" "-e" "SOURCE_DIR=/opt/rustwide/workdir" "-e" "CARGO_HOME=/opt/rustwide/cargo-home" "-e" "RUSTUP_HOME=/opt/rustwide/rustup-home" "-e" "CARGO_TARGET_DIR=/opt/rustwide/target" "-w" "/opt/rustwide/workdir" "--user" "0:0" "2660d6e44cc3e8ab8cfdb67b4608b82225ad2ee87e795bf9b05dd8004086c6d4" "/opt/rustwide/cargo-home/bin/cargo" "+1.100.0-beta.1" "metadata" "--no-deps" "--format-version=1", kill_on_drop: false }`
[INFO] running `Command { std: "docker" "inspect" "2660d6e44cc3e8ab8cfdb67b4608b82225ad2ee87e795bf9b05dd8004086c6d4", kill_on_drop: false }`
[INFO] running `Command { std: "docker" "exec" "-e" "SOURCE_DIR=/opt/rustwide/workdir" "-e" "CARGO_HOME=/opt/rustwide/cargo-home" "-e" "RUSTUP_HOME=/opt/rustwide/rustup-home" "-e" "CARGO_TARGET_DIR=/opt/rustwide/target" "-e" "CARGO_INCREMENTAL=0" "-e" "RUST_BACKTRACE=full" "-e" "RUSTFLAGS=--cap-lints=warn" "-e" "RUSTDOCFLAGS=--cap-lints=warn" "-w" "/opt/rustwide/workdir" "--user" "0:0" "2660d6e44cc3e8ab8cfdb67b4608b82225ad2ee87e795bf9b05dd8004086c6d4" "/opt/rustwide/cargo-home/bin/cargo" "+1.100.0-beta.1" "build" "--frozen" "--message-format=json" "--release", kill_on_drop: false }`
[INFO] [stderr]    Compiling syn v3.0.5
[INFO] [stderr]    Compiling thiserror-impl v2.0.20
[INFO] [stderr]    Compiling thiserror v2.0.20
[INFO] [stderr]    Compiling pptxboss-core v2.2.0 (/opt/rustwide/workdir)
[INFO] [stderr]     Finished `release` profile [optimized] target(s) in 13.45s
[INFO] running `Command { std: "docker" "inspect" "2660d6e44cc3e8ab8cfdb67b4608b82225ad2ee87e795bf9b05dd8004086c6d4", kill_on_drop: false }`
[INFO] running `Command { std: "docker" "exec" "-e" "SOURCE_DIR=/opt/rustwide/workdir" "-e" "CARGO_HOME=/opt/rustwide/cargo-home" "-e" "RUSTUP_HOME=/opt/rustwide/rustup-home" "-e" "CARGO_TARGET_DIR=/opt/rustwide/target" "-e" "CARGO_INCREMENTAL=0" "-e" "RUST_BACKTRACE=full" "-e" "RUSTFLAGS=--cap-lints=warn" "-e" "RUSTDOCFLAGS=--cap-lints=warn" "-w" "/opt/rustwide/workdir" "--user" "0:0" "2660d6e44cc3e8ab8cfdb67b4608b82225ad2ee87e795bf9b05dd8004086c6d4" "/opt/rustwide/cargo-home/bin/cargo" "+1.100.0-beta.1" "test" "--frozen" "--no-run" "--message-format=json" "--release", kill_on_drop: false }`
[INFO] [stderr]    Compiling zerocopy v0.8.57
[INFO] [stderr]    Compiling itertools v0.10.5
[INFO] [stderr]    Compiling zlib-rs v0.6.7
[INFO] [stderr]    Compiling clap_builder v4.6.6
[INFO] [stderr]    Compiling zerocopy-derive v0.8.57
[INFO] [stderr]    Compiling serde_derive v1.0.229
[INFO] [stderr]    Compiling serde_json v1.0.151
[INFO] [stderr]    Compiling is-terminal v0.4.17
[INFO] [stderr]    Compiling criterion-plot v0.5.0
[INFO] [stderr]    Compiling clap v4.6.6
[INFO] [stderr]    Compiling flate2 v1.1.10
[INFO] [stderr]    Compiling serde v1.0.229
[INFO] [stderr]    Compiling tinytemplate v1.2.1
[INFO] [stderr]    Compiling half v2.7.1
[INFO] [stderr]    Compiling ciborium-ll v0.2.2
[INFO] [stderr]    Compiling ciborium v0.2.2
[INFO] [stderr]    Compiling criterion v0.5.1
[INFO] [stderr]    Compiling pptxboss-core v2.2.0 (/opt/rustwide/workdir)
[INFO] [stdout] error[E0432]: unresolved import `pptxboss_testkit`
[INFO] [stdout]  --> tests/document.rs:3:5
[INFO] [stdout]   |
[INFO] [stdout] 3 | use pptxboss_testkit::{Deck, DeckSlide, PptDeck, PptSlide, ZipBuilder};
[INFO] [stdout]   |     ^^^^^^^^^^^^^^^^ use of unresolved module or unlinked crate `pptxboss_testkit`
[INFO] [stdout]   |
[INFO] [stdout]   = help: if you wanted to use a crate named `pptxboss_testkit`, use `cargo add pptxboss_testkit` to add it to your `Cargo.toml`
[INFO] [stdout] 
[INFO] [stdout] 
[INFO] [stdout] error[E0433]: cannot find module or crate `pptxboss_testkit` in this scope
[INFO] [stdout]    --> tests/document.rs:197:15
[INFO] [stdout]     |
[INFO] [stdout] 197 |     let zip = pptxboss_testkit::ZipBuilder::new()
[INFO] [stdout]     |               ^^^^^^^^^^^^^^^^ use of unresolved module or unlinked crate `pptxboss_testkit`
[INFO] [stdout]     |
[INFO] [stdout]     = help: if you wanted to use a crate named `pptxboss_testkit`, use `cargo add pptxboss_testkit` to add it to your `Cargo.toml`
[INFO] [stdout] 
[INFO] [stdout] 
[INFO] [stdout] error[E0432]: unresolved import `pptxboss_testkit`
[INFO] [stdout]    --> src/package.rs:470:9
[INFO] [stdout]     |
[INFO] [stdout] 470 |     use pptxboss_testkit::ZipBuilder;
[INFO] [stdout]     |         ^^^^^^^^^^^^^^^^ use of unresolved module or unlinked crate `pptxboss_testkit`
[INFO] [stdout]     |
[INFO] [stdout]     = help: if you wanted to use a crate named `pptxboss_testkit`, use `cargo add pptxboss_testkit` to add it to your `Cargo.toml`
[INFO] [stdout] 
[INFO] [stdout] 
[INFO] [stdout] error[E0432]: unresolved import `pptxboss_testkit`
[INFO] [stdout]    --> src/zip.rs:888:9
[INFO] [stdout]     |
[INFO] [stdout] 888 |     use pptxboss_testkit::ZipBuilder;
[INFO] [stdout]     |         ^^^^^^^^^^^^^^^^ use of unresolved module or unlinked crate `pptxboss_testkit`
[INFO] [stdout]     |
[INFO] [stdout]     = help: if you wanted to use a crate named `pptxboss_testkit`, use `cargo add pptxboss_testkit` to add it to your `Cargo.toml`
[INFO] [stdout] 
[INFO] [stdout] 
[INFO] [stdout] error[E0277]: the size for values of type `str` cannot be known at compilation time
[INFO] [stdout]    --> tests/document.rs:233:10
[INFO] [stdout]     |
[INFO] [stdout] 233 |     for (name, bytes) in deck.parts() {
[INFO] [stdout]     |          ^^^^ doesn't have a size known at compile-time
[INFO] [stdout]     |
[INFO] [stdout]     = help: the trait `Sized` is not implemented for `str`
[INFO] [stdout]     = note: all local variables must have a statically known size
[INFO] [stdout] 
[INFO] [stdout] 
[INFO] [stdout] error[E0277]: the size for values of type `str` cannot be known at compilation time
[INFO] [stdout]    --> tests/document.rs:233:26
[INFO] [stdout]     |
[INFO] [stdout] 233 |     for (name, bytes) in deck.parts() {
[INFO] [stdout]     |                          ^^^^^^^^^^^^ doesn't have a size known at compile-time
[INFO] [stdout]     |
[INFO] [stdout]     = help: the trait `Sized` is not implemented for `str`
[INFO] [stdout]     = note: only the last element of a tuple may have a dynamically sized type
[INFO] [stdout] 
[INFO] [stdout] 
[INFO] [stdout] error[E0433]: cannot find module or crate `pptxboss_testkit` in this scope
[INFO] [stdout]    --> tests/document.rs:620:17
[INFO] [stdout]     |
[INFO] [stdout] 620 |     let other = pptxboss_testkit::compound_file(&[("WordDocument", b"not a deck")]);
[INFO] [stdout]     |                 ^^^^^^^^^^^^^^^^ use of unresolved module or unlinked crate `pptxboss_testkit`
[INFO] [stdout]     |
[INFO] [stdout]     = help: if you wanted to use a crate named `pptxboss_testkit`, use `cargo add pptxboss_testkit` to add it to your `Cargo.toml`
[INFO] [stdout] 
[INFO] [stdout] 
[INFO] [stdout] error[E0433]: cannot find module or crate `pptxboss_testkit` in this scope
[INFO] [stdout]    --> tests/document.rs:625:21
[INFO] [stdout]     |
[INFO] [stdout] 625 |     let encrypted = pptxboss_testkit::compound_file(&[
[INFO] [stdout]     |                     ^^^^^^^^^^^^^^^^ use of unresolved module or unlinked crate `pptxboss_testkit`
[INFO] [stdout]     |
[INFO] [stdout]     = help: if you wanted to use a crate named `pptxboss_testkit`, use `cargo add pptxboss_testkit` to add it to your `Cargo.toml`
[INFO] [stdout] 
[INFO] [stdout] 
[INFO] [stdout] error[E0308]: mismatched types
[INFO] [stdout]    --> tests/document.rs:627:30
[INFO] [stdout]     |
[INFO] [stdout] 627 |         ("EncryptedPackage", &[0u8; 16]),
[INFO] [stdout]     |                              ^^^^^^^^^^ expected an array with a size of 8, found one with a size of 16
[INFO] [stdout] 
[INFO] [stdout] 
[INFO] [stdout] Some errors have detailed explanations: E0277, E0308, E0432, E0433.
[INFO] [stdout] 
[INFO] [stdout] For more information about an error, try `rustc --explain E0277`.
[INFO] [stdout] 
[INFO] [stderr] error: could not compile `pptxboss-core` (test "document") due to 7 previous errors
[INFO] [stderr] warning: build failed, waiting for other jobs to finish...
[INFO] [stdout] For more information about this error, try `rustc --explain E0432`.
[INFO] [stdout] 
[INFO] [stderr] error: could not compile `pptxboss-core` (lib test) due to 2 previous errors
[INFO] running `Command { std: "docker" "inspect" "2660d6e44cc3e8ab8cfdb67b4608b82225ad2ee87e795bf9b05dd8004086c6d4", kill_on_drop: false }`
[INFO] running `Command { std: "docker" "rm" "-f" "2660d6e44cc3e8ab8cfdb67b4608b82225ad2ee87e795bf9b05dd8004086c6d4", kill_on_drop: false }`
[INFO] [stdout] 2660d6e44cc3e8ab8cfdb67b4608b82225ad2ee87e795bf9b05dd8004086c6d4
