[INFO] fetching crate powersync 0.1.1...
[INFO] testing powersync-0.1.1 against 1.99.0-beta.8+cargoflags=--release for beta-release-1.100-2
[INFO] extracting crate powersync 0.1.1 into /workspace/builds/worker-3-tc1/source
[INFO] started tweaking crates.io crate powersync 0.1.1
[INFO] removed 0 missing tests
[INFO] finished tweaking crates.io crate powersync 0.1.1
[INFO] tweaked toml for crates.io crate powersync 0.1.1 written to /workspace/builds/worker-3-tc1/source/Cargo.toml
[INFO] validating manifest of crates.io crate powersync 0.1.1 on toolchain 1.99.0-beta.8
[INFO] running `Command { std: CARGO_HOME="/workspace/cargo-home" RUSTUP_HOME="/workspace/rustup-home" "/workspace/cargo-home/bin/cargo" "+1.99.0-beta.8" "metadata" "--manifest-path" "Cargo.toml" "--no-deps", kill_on_drop: false }`
[INFO] crate crates.io crate powersync 0.1.1 already has a lockfile, it will not be regenerated
[INFO] running `Command { std: CARGO_HOME="/workspace/cargo-home" RUSTUP_HOME="/workspace/rustup-home" "/workspace/cargo-home/bin/cargo" "+1.99.0-beta.8" "fetch" "--manifest-path" "Cargo.toml", kill_on_drop: false }`
[INFO] [stderr]     Updating crates.io index
[INFO] [stderr]  Downloading crates ...
[INFO] [stderr]   Downloaded atomic_enum v0.3.0
[INFO] [stderr]   Downloaded futures-test v0.3.34
[INFO] [stderr]   Downloaded num-derive v0.3.3
[INFO] [stderr]   Downloaded async-oneshot v0.5.9
[INFO] [stderr]   Downloaded futures-micro v0.5.0
[INFO] [stderr]   Downloaded powersync_core v0.5.3
[INFO] [stderr]   Downloaded powersync_sqlite_nostd v0.5.3
[INFO] running `Command { std: "docker" "create" "-v" "/var/lib/crater-agent-workspace/builds/worker-3-tc1/source:/opt/rustwide/workdir:ro,Z" "-v" "/var/lib/crater-agent-workspace/builds/worker-3-tc1/target:/opt/rustwide/target:rw,Z" "-v" "/var/lib/crater-agent-workspace/cargo-home:/opt/rustwide/cargo-home:ro,Z" "-v" "/var/lib/crater-agent-workspace/rustup-home:/opt/rustwide/rustup-home:ro,Z" "-m" "1610612736" "--network" "none" "ghcr.io/rust-lang/crates-build-env/linux@sha256:77db811e55d90add9212f6832c23229e3de5f1c1f9905e8cb07319ea15df73ac" "sleep" "infinity", kill_on_drop: false }`
[INFO] [stdout] 5cf2ffd1cf0ad2603d613f55073c94d0867c27b84797cefcbaaf13c337a5c68c
[INFO] running `Command { std: "docker" "start" "5cf2ffd1cf0ad2603d613f55073c94d0867c27b84797cefcbaaf13c337a5c68c", kill_on_drop: false }`
[INFO] running `Command { std: "docker" "inspect" "5cf2ffd1cf0ad2603d613f55073c94d0867c27b84797cefcbaaf13c337a5c68c", kill_on_drop: false }`
[INFO] running `Command { std: "docker" "exec" "-e" "SOURCE_DIR=/opt/rustwide/workdir" "-e" "CARGO_HOME=/opt/rustwide/cargo-home" "-e" "RUSTUP_HOME=/opt/rustwide/rustup-home" "-e" "CARGO_TARGET_DIR=/opt/rustwide/target" "-w" "/opt/rustwide/workdir" "--user" "0:0" "5cf2ffd1cf0ad2603d613f55073c94d0867c27b84797cefcbaaf13c337a5c68c" "/opt/rustwide/cargo-home/bin/cargo" "+1.99.0-beta.8" "metadata" "--no-deps" "--format-version=1", kill_on_drop: false }`
[INFO] running `Command { std: "docker" "inspect" "5cf2ffd1cf0ad2603d613f55073c94d0867c27b84797cefcbaaf13c337a5c68c", kill_on_drop: false }`
[INFO] running `Command { std: "docker" "exec" "-e" "SOURCE_DIR=/opt/rustwide/workdir" "-e" "CARGO_HOME=/opt/rustwide/cargo-home" "-e" "RUSTUP_HOME=/opt/rustwide/rustup-home" "-e" "CARGO_TARGET_DIR=/opt/rustwide/target" "-e" "CARGO_INCREMENTAL=0" "-e" "RUST_BACKTRACE=full" "-e" "RUSTFLAGS=--cap-lints=warn" "-e" "RUSTDOCFLAGS=--cap-lints=warn" "-w" "/opt/rustwide/workdir" "--user" "0:0" "5cf2ffd1cf0ad2603d613f55073c94d0867c27b84797cefcbaaf13c337a5c68c" "/opt/rustwide/cargo-home/bin/cargo" "+1.99.0-beta.8" "build" "--frozen" "--message-format=json" "--release", kill_on_drop: false }`
[INFO] [stderr]    Compiling syn v3.0.6
[INFO] [stderr]    Compiling regex-syntax v0.8.11
[INFO] [stderr]    Compiling clang-sys v1.9.1
[INFO] [stderr]    Compiling libc v0.2.189
[INFO] [stderr]    Compiling rustc-hash v2.1.3
[INFO] [stderr]    Compiling prettyplease v0.2.37
[INFO] [stderr]    Compiling itertools v0.13.0
[INFO] [stderr]    Compiling event-listener v5.4.2
[INFO] [stderr]    Compiling crossbeam-utils v0.8.23
[INFO] [stderr]    Compiling libsqlite3-sys v0.37.0
[INFO] [stderr]    Compiling konst_macro_rules v0.2.19
[INFO] [stderr]    Compiling serde_json v1.0.151
[INFO] [stderr]    Compiling const_format_proc_macros v0.2.34
[INFO] [stderr]    Compiling syn v1.0.109
[INFO] [stderr]    Compiling num-derive v0.4.2
[INFO] [stderr]    Compiling fastrand v2.5.0
[INFO] [stderr]    Compiling powersync_core v0.5.3
[INFO] [stderr]    Compiling bindgen v0.72.1
[INFO] [stderr]    Compiling konst v0.2.20
[INFO] [stderr]    Compiling uuid v1.26.1
[INFO] [stderr]    Compiling event-listener-strategy v0.5.4
[INFO] [stderr]    Compiling futures-micro v0.5.0
[INFO] [stderr]    Compiling fallible-streaming-iterator v0.1.9
[INFO] [stderr]    Compiling futures-lite v2.6.1
[INFO] [stderr]    Compiling fallible-iterator v0.3.0
[INFO] [stderr]    Compiling async-oneshot v0.5.9
[INFO] [stderr]    Compiling async-broadcast v0.7.2
[INFO] [stderr]    Compiling async-lock v3.4.2
[INFO] [stderr]    Compiling atomic_enum v0.3.0
[INFO] [stderr]    Compiling scopeguard v1.2.0
[INFO] [stderr]    Compiling concurrent-queue v2.5.0
[INFO] [stderr]    Compiling const_format v0.2.36
[INFO] [stderr]    Compiling async-channel v2.5.0
[INFO] [stderr]    Compiling rusqlite v0.39.0
[INFO] [stderr]    Compiling regex-automata v0.4.18
[INFO] [stderr]    Compiling num-derive v0.3.3
[INFO] [stderr]    Compiling regex v1.13.1
[INFO] [stderr]    Compiling synstructure v0.14.0
[INFO] [stderr]    Compiling darling_core v0.24.1
[INFO] [stderr]    Compiling zerovec-derive v0.11.6
[INFO] [stderr]    Compiling displaydoc v0.2.7
[INFO] [stderr]    Compiling serde_derive v1.0.229
[INFO] [stderr]    Compiling thiserror-impl v2.0.20
[INFO] [stderr]    Compiling async-trait v0.1.92
[INFO] [stderr]    Compiling zerofrom-derive v0.1.8
[INFO] [stderr]    Compiling yoke-derive v0.8.3
[INFO] [stderr]    Compiling zerofrom v0.1.8
[INFO] [stderr]    Compiling yoke v0.8.3
[INFO] [stderr]    Compiling zerovec v0.11.8
[INFO] [stderr]    Compiling zerotrie v0.2.5
[INFO] [stderr]    Compiling thiserror v2.0.20
[INFO] [stderr]    Compiling serde v1.0.229
[INFO] [stderr]    Compiling tinystr v0.8.4
[INFO] [stderr]    Compiling potential_utf v0.1.6
[INFO] [stderr]    Compiling icu_collections v2.3.0
[INFO] [stderr]    Compiling darling_macro v0.24.1
[INFO] [stderr]    Compiling icu_locale_core v2.3.0
[INFO] [stderr]    Compiling darling v0.24.1
[INFO] [stderr]    Compiling serde_with_macros v3.23.0
[INFO] [stderr]    Compiling serde_with v3.23.0
[INFO] [stderr]    Compiling icu_provider v2.3.1
[INFO] [stderr]    Compiling icu_normalizer v2.3.0
[INFO] [stderr]    Compiling icu_properties v2.3.0
[INFO] [stderr]    Compiling powersync_sqlite_nostd v0.5.3
[INFO] [stderr]    Compiling idna_adapter v1.2.2
[INFO] [stderr]    Compiling idna v1.1.0
[INFO] [stderr]    Compiling url v2.5.8
[INFO] [stderr]    Compiling powersync v0.1.1 (/opt/rustwide/workdir)
[INFO] [stderr]     Finished `release` profile [optimized] target(s) in 51.83s
[INFO] running `Command { std: "docker" "inspect" "5cf2ffd1cf0ad2603d613f55073c94d0867c27b84797cefcbaaf13c337a5c68c", kill_on_drop: false }`
[INFO] running `Command { std: "docker" "exec" "-e" "SOURCE_DIR=/opt/rustwide/workdir" "-e" "CARGO_HOME=/opt/rustwide/cargo-home" "-e" "RUSTUP_HOME=/opt/rustwide/rustup-home" "-e" "CARGO_TARGET_DIR=/opt/rustwide/target" "-e" "CARGO_INCREMENTAL=0" "-e" "RUST_BACKTRACE=full" "-e" "RUSTFLAGS=--cap-lints=warn" "-e" "RUSTDOCFLAGS=--cap-lints=warn" "-w" "/opt/rustwide/workdir" "--user" "0:0" "5cf2ffd1cf0ad2603d613f55073c94d0867c27b84797cefcbaaf13c337a5c68c" "/opt/rustwide/cargo-home/bin/cargo" "+1.99.0-beta.8" "test" "--frozen" "--no-run" "--message-format=json" "--release", kill_on_drop: false }`
[INFO] [stderr]    Compiling concurrent-queue v2.5.0
[INFO] [stderr]    Compiling futures-lite v2.6.1
[INFO] [stderr]    Compiling futures-util v0.3.34
[INFO] [stderr]    Compiling serde_json v1.0.151
[INFO] [stderr]    Compiling pin-project-internal v1.1.13
[INFO] [stderr]    Compiling futures-macro v0.3.34
[INFO] [stderr]    Compiling futures-sink v0.3.34
[INFO] [stderr]    Compiling async-channel v2.5.0
[INFO] [stderr]    Compiling pin-project v1.1.13
[INFO] [stderr]    Compiling async-executor v1.14.0
[INFO] [stderr]    Compiling powersync_core v0.5.3
[INFO] [stderr]    Compiling futures-executor v0.3.34
[INFO] [stderr]    Compiling futures-test v0.3.34
[INFO] [stderr]    Compiling powersync v0.1.1 (/opt/rustwide/workdir)
[INFO] [stdout] error[E0432]: unresolved import `powersync_test_utils`
[INFO] [stdout]  --> tests/database_test.rs:8:5
[INFO] [stdout]   |
[INFO] [stdout] 8 | use powersync_test_utils::{DatabaseTest, UserRow, execute, query_all};
[INFO] [stdout]   |     ^^^^^^^^^^^^^^^^^^^^ use of unresolved module or unlinked crate `powersync_test_utils`
[INFO] [stdout]   |
[INFO] [stdout]   = help: if you wanted to use a crate named `powersync_test_utils`, use `cargo add powersync_test_utils` to add it to your `Cargo.toml`
[INFO] [stdout] 
[INFO] [stdout] 
[INFO] [stdout] warning: method call on a diverging inference variable
[INFO] [stdout]   --> tests/database_test.rs:32:16
[INFO] [stdout]    |
[INFO] [stdout] 32 |         writer.execute(
[INFO] [stdout]    |                ^^^^^^^
[INFO] [stdout]    |
[INFO] [stdout]    = help: consider providing a type annotation
[INFO] [stdout]    = warning: this was previously accepted by the compiler but is being phased out; it will become a hard error in a future release!
[INFO] [stdout]    = note: for more information, see issue #156047 <https://github.com/rust-lang/rust/issues/156047>
[INFO] [stdout]    = note: `#[warn(method_call_on_diverging_infer_var)]` (part of `#[warn(future_incompatible)]`) on by default
[INFO] [stdout] 
[INFO] [stdout] 
[INFO] [stdout] error[E0599]: no method named `execute` found for type `!` in the current scope
[INFO] [stdout]   --> tests/database_test.rs:32:16
[INFO] [stdout]    |
[INFO] [stdout] 32 |         writer.execute(
[INFO] [stdout]    |         -------^^^^^^^ method not found in `!`
[INFO] [stdout] 
[INFO] [stdout] 
[INFO] [stdout] warning: method call on a diverging inference variable
[INFO] [stdout]   --> tests/database_test.rs:50:20
[INFO] [stdout]    |
[INFO] [stdout] 50 |             writer.execute("BEGIN", params![])?;
[INFO] [stdout]    |                    ^^^^^^^
[INFO] [stdout]    |
[INFO] [stdout]    = help: consider providing a type annotation
[INFO] [stdout]    = warning: this was previously accepted by the compiler but is being phased out; it will become a hard error in a future release!
[INFO] [stdout]    = note: for more information, see issue #156047 <https://github.com/rust-lang/rust/issues/156047>
[INFO] [stdout] 
[INFO] [stdout] 
[INFO] [stdout] error[E0599]: no method named `execute` found for type `!` in the current scope
[INFO] [stdout]   --> tests/database_test.rs:50:20
[INFO] [stdout]    |
[INFO] [stdout] 50 |             writer.execute("BEGIN", params![])?;
[INFO] [stdout]    |                    ^^^^^^^ method not found in `!`
[INFO] [stdout] 
[INFO] [stdout] 
[INFO] [stdout] error[E0599]: no method named `execute` found for type `!` in the current scope
[INFO] [stdout]   --> tests/database_test.rs:51:20
[INFO] [stdout]    |
[INFO] [stdout] 51 |             writer.execute(
[INFO] [stdout]    |             -------^^^^^^^ method not found in `!`
[INFO] [stdout] 
[INFO] [stdout] 
[INFO] [stdout] warning: unreachable expression
[INFO] [stdout]   --> tests/database_test.rs:52:17
[INFO] [stdout]    |
[INFO] [stdout] 51 |             writer.execute(
[INFO] [stdout]    |             ------ any code following this expression is unreachable
[INFO] [stdout] 52 |                 "INSERT INTO users (id, name, email) VALUES (uuid(), ?, ?)",
[INFO] [stdout]    |                 ^^^^^^^^^^^^^^^^^^^^^^^^^^^^^^^^^^^^^^^^^^^^^^^^^^^^^^^^^^^ unreachable expression
[INFO] [stdout]    |
[INFO] [stdout]    = note: `#[warn(unreachable_code)]` (part of `#[warn(unused)]`) on by default
[INFO] [stdout] 
[INFO] [stdout] 
[INFO] [stdout] error[E0433]: cannot find module or crate `powersync_test_utils` in this scope
[INFO] [stdout]   --> tests/sync_test.rs:21:5
[INFO] [stdout]    |
[INFO] [stdout] 21 | use powersync_test_utils::{
[INFO] [stdout]    |     ^^^^^^^^^^^^^^^^^^^^ use of unresolved module or unlinked crate `powersync_test_utils`
[INFO] [stdout]    |
[INFO] [stdout]    = help: if you wanted to use a crate named `powersync_test_utils`, use `cargo add powersync_test_utils` to add it to your `Cargo.toml`
[INFO] [stdout] 
[INFO] [stdout] 
[INFO] [stdout] error[E0432]: unresolved import `powersync_test_utils`
[INFO] [stdout]   --> tests/sync_test.rs:21:5
[INFO] [stdout]    |
[INFO] [stdout] 21 | use powersync_test_utils::{
[INFO] [stdout]    |     ^^^^^^^^^^^^^^^^^^^^ use of unresolved module or unlinked crate `powersync_test_utils`
[INFO] [stdout]    |
[INFO] [stdout]    = help: if you wanted to use a crate named `powersync_test_utils`, use `cargo add powersync_test_utils` to add it to your `Cargo.toml`
[INFO] [stdout] 
[INFO] [stdout] 
[INFO] [stdout] error[E0432]: unresolved import `powersync_test_utils`
[INFO] [stdout]  --> tests/crud_test.rs:7:5
[INFO] [stdout]   |
[INFO] [stdout] 7 | use powersync_test_utils::{DatabaseTest, execute, query_all};
[INFO] [stdout]   |     ^^^^^^^^^^^^^^^^^^^^ use of unresolved module or unlinked crate `powersync_test_utils`
[INFO] [stdout]   |
[INFO] [stdout]   = help: if you wanted to use a crate named `powersync_test_utils`, use `cargo add powersync_test_utils` to add it to your `Cargo.toml`
[INFO] [stdout] 
[INFO] [stdout] 
[INFO] [stdout] error[E0599]: no method named `execute` found for type `!` in the current scope
[INFO] [stdout]   --> tests/database_test.rs:58:20
[INFO] [stdout]    |
[INFO] [stdout] 58 |             writer.execute("COMMIT", params![])?;
[INFO] [stdout]    |                    ^^^^^^^ method not found in `!`
[INFO] [stdout] 
[INFO] [stdout] 
[INFO] [stdout] warning: unreachable expression
[INFO] [stdout]   --> tests/database_test.rs:58:28
[INFO] [stdout]    |
[INFO] [stdout] 58 |             writer.execute("COMMIT", params![])?;
[INFO] [stdout]    |             ------         ^^^^^^^^ unreachable expression
[INFO] [stdout]    |             |
[INFO] [stdout]    |             any code following this expression is unreachable
[INFO] [stdout] 
[INFO] [stdout] 
[INFO] [stdout] Some errors have detailed explanations: E0432, E0599.
[INFO] [stdout] 
[INFO] [stdout] For more information about an error, try `rustc --explain E0432`.
[INFO] [stdout] 
[INFO] [stderr] error: could not compile `powersync` (test "database_test") due to 5 previous errors; 6 warnings emitted
[INFO] [stderr] warning: build failed, waiting for other jobs to finish...
[INFO] [stdout] For more information about this error, try `rustc --explain E0432`.
[INFO] [stdout] 
[INFO] [stderr] error: could not compile `powersync` (test "crud_test") due to 1 previous error
[INFO] [stdout] Some errors have detailed explanations: E0432, E0433.
[INFO] [stdout] 
[INFO] [stdout] For more information about an error, try `rustc --explain E0432`.
[INFO] [stdout] 
[INFO] [stderr] error: could not compile `powersync` (test "sync_test") due to 2 previous errors
[INFO] running `Command { std: "docker" "inspect" "5cf2ffd1cf0ad2603d613f55073c94d0867c27b84797cefcbaaf13c337a5c68c", kill_on_drop: false }`
[INFO] running `Command { std: "docker" "rm" "-f" "5cf2ffd1cf0ad2603d613f55073c94d0867c27b84797cefcbaaf13c337a5c68c", kill_on_drop: false }`
[INFO] [stdout] 5cf2ffd1cf0ad2603d613f55073c94d0867c27b84797cefcbaaf13c337a5c68c
