[INFO] fetching crate powers-rs 0.2.0...
[INFO] testing powers-rs-0.2.0 against 1.99.0-beta.8+cargoflags=--release for beta-release-1.100-2
[INFO] extracting crate powers-rs 0.2.0 into /workspace/builds/worker-1-tc1/source
[INFO] started tweaking crates.io crate powers-rs 0.2.0
[INFO] finished tweaking crates.io crate powers-rs 0.2.0
[INFO] tweaked toml for crates.io crate powers-rs 0.2.0 written to /workspace/builds/worker-1-tc1/source/Cargo.toml
[INFO] validating manifest of crates.io crate powers-rs 0.2.0 on toolchain 1.99.0-beta.8
[INFO] running `Command { std: CARGO_HOME="/workspace/cargo-home" RUSTUP_HOME="/workspace/rustup-home" "/workspace/cargo-home/bin/cargo" "+1.99.0-beta.8" "metadata" "--manifest-path" "Cargo.toml" "--no-deps", kill_on_drop: false }`
[INFO] crate crates.io crate powers-rs 0.2.0 already has a lockfile, it will not be regenerated
[INFO] running `Command { std: CARGO_HOME="/workspace/cargo-home" RUSTUP_HOME="/workspace/rustup-home" "/workspace/cargo-home/bin/cargo" "+1.99.0-beta.8" "fetch" "--manifest-path" "Cargo.toml", kill_on_drop: false }`
[INFO] [stderr]     Updating crates.io index
[INFO] [stderr]  Downloading crates ...
[INFO] [stderr]   Downloaded windows-result v0.3.4
[INFO] [stderr]   Downloaded windows-strings v0.4.2
[INFO] [stderr]   Downloaded rand_xoshiro v0.7.0
[INFO] [stderr]   Downloaded cmake v0.1.54
[INFO] [stderr]   Downloaded rustversion v1.0.21
[INFO] [stderr]   Downloaded csv-core v0.1.12
[INFO] [stderr]   Downloaded windows-core v0.61.2
[INFO] [stderr]   Downloaded prettyplease v0.2.35
[INFO] [stderr]   Downloaded zerocopy-derive v0.8.26
[INFO] [stderr]   Downloaded zerocopy v0.8.26
[INFO] [stderr]   Downloaded cc v1.2.29
[INFO] [stderr]   Downloaded csv v1.3.1
[INFO] [stderr]   Downloaded highs-sys v1.11.0
[INFO] running `Command { std: "docker" "create" "-v" "/var/lib/crater-agent-workspace/builds/worker-1-tc1/source:/opt/rustwide/workdir:ro,Z" "-v" "/var/lib/crater-agent-workspace/builds/worker-1-tc1/target:/opt/rustwide/target:rw,Z" "-v" "/var/lib/crater-agent-workspace/cargo-home:/opt/rustwide/cargo-home:ro,Z" "-v" "/var/lib/crater-agent-workspace/rustup-home:/opt/rustwide/rustup-home:ro,Z" "-m" "1610612736" "--network" "none" "ghcr.io/rust-lang/crates-build-env/linux@sha256:77db811e55d90add9212f6832c23229e3de5f1c1f9905e8cb07319ea15df73ac" "sleep" "infinity", kill_on_drop: false }`
[INFO] [stdout] f716b2d0e9a3a5cfad3a9e3d0eb556220283ae007ec55cb78ed4efa616f27f6c
[INFO] running `Command { std: "docker" "start" "f716b2d0e9a3a5cfad3a9e3d0eb556220283ae007ec55cb78ed4efa616f27f6c", kill_on_drop: false }`
[INFO] running `Command { std: "docker" "inspect" "f716b2d0e9a3a5cfad3a9e3d0eb556220283ae007ec55cb78ed4efa616f27f6c", kill_on_drop: false }`
[INFO] running `Command { std: "docker" "exec" "-e" "SOURCE_DIR=/opt/rustwide/workdir" "-e" "CARGO_HOME=/opt/rustwide/cargo-home" "-e" "RUSTUP_HOME=/opt/rustwide/rustup-home" "-e" "CARGO_TARGET_DIR=/opt/rustwide/target" "-w" "/opt/rustwide/workdir" "--user" "0:0" "f716b2d0e9a3a5cfad3a9e3d0eb556220283ae007ec55cb78ed4efa616f27f6c" "/opt/rustwide/cargo-home/bin/cargo" "+1.99.0-beta.8" "metadata" "--no-deps" "--format-version=1", kill_on_drop: false }`
[INFO] running `Command { std: "docker" "inspect" "f716b2d0e9a3a5cfad3a9e3d0eb556220283ae007ec55cb78ed4efa616f27f6c", kill_on_drop: false }`
[INFO] running `Command { std: "docker" "exec" "-e" "SOURCE_DIR=/opt/rustwide/workdir" "-e" "CARGO_HOME=/opt/rustwide/cargo-home" "-e" "RUSTUP_HOME=/opt/rustwide/rustup-home" "-e" "CARGO_TARGET_DIR=/opt/rustwide/target" "-e" "CARGO_INCREMENTAL=0" "-e" "RUST_BACKTRACE=full" "-e" "RUSTFLAGS=--cap-lints=warn" "-e" "RUSTDOCFLAGS=--cap-lints=warn" "-w" "/opt/rustwide/workdir" "--user" "0:0" "f716b2d0e9a3a5cfad3a9e3d0eb556220283ae007ec55cb78ed4efa616f27f6c" "/opt/rustwide/cargo-home/bin/cargo" "+1.99.0-beta.8" "build" "--frozen" "--message-format=json" "--release", kill_on_drop: false }`
[INFO] [stderr]    Compiling libc v0.2.174
[INFO] [stderr]    Compiling proc-macro2 v1.0.95
[INFO] [stderr]    Compiling unicode-ident v1.0.18
[INFO] [stderr]    Compiling glob v0.3.2
[INFO] [stderr]    Compiling getrandom v0.3.3
[INFO] [stderr]    Compiling prettyplease v0.2.35
[INFO] [stderr]    Compiling cfg-if v1.0.1
[INFO] [stderr]    Compiling minimal-lexical v0.2.1
[INFO] [stderr]    Compiling regex-syntax v0.8.5
[INFO] [stderr]    Compiling memchr v2.7.5
[INFO] [stderr]    Compiling zerocopy v0.8.26
[INFO] [stderr]    Compiling bindgen v0.71.1
[INFO] [stderr]    Compiling either v1.15.0
[INFO] [stderr]    Compiling libm v0.2.15
[INFO] [stderr]    Compiling cc v1.2.29
[INFO] [stderr]    Compiling libloading v0.8.8
[INFO] [stderr]    Compiling bitflags v2.9.1
[INFO] [stderr]    Compiling serde v1.0.219
[INFO] [stderr]    Compiling rustc-hash v2.1.1
[INFO] [stderr]    Compiling log v0.4.27
[INFO] [stderr]    Compiling crossbeam-epoch v0.9.18
[INFO] [stderr]    Compiling rayon-core v1.12.1
[INFO] [stderr]    Compiling itertools v0.13.0
[INFO] [stderr]    Compiling serde_json v1.0.140
[INFO] [stderr]    Compiling ryu v1.0.20
[INFO] [stderr]    Compiling itoa v1.0.15
[INFO] [stderr]    Compiling iana-time-zone v0.1.63
[INFO] [stderr]    Compiling nom v7.1.3
[INFO] [stderr]    Compiling clang-sys v1.8.1
[INFO] [stderr]    Compiling crossbeam-deque v0.8.6
[INFO] [stderr]    Compiling quote v1.0.40
[INFO] [stderr]    Compiling csv-core v0.1.12
[INFO] [stderr]    Compiling syn v2.0.104
[INFO] [stderr]    Compiling rand_core v0.9.3
[INFO] [stderr]    Compiling rand_xoshiro v0.7.0
[INFO] [stderr]    Compiling num-traits v0.2.19
[INFO] [stderr]    Compiling cmake v0.1.54
[INFO] [stderr]    Compiling rayon v1.10.0
[INFO] [stderr]    Compiling regex-automata v0.4.9
[INFO] [stderr]    Compiling chrono v0.4.41
[INFO] [stderr]    Compiling ppv-lite86 v0.2.21
[INFO] [stderr]    Compiling cexpr v0.6.0
[INFO] [stderr]    Compiling rand_chacha v0.9.0
[INFO] [stderr]    Compiling rand v0.9.1
[INFO] [stderr]    Compiling regex v1.11.1
[INFO] [stderr]    Compiling rand_distr v0.5.1
[INFO] [stderr]    Compiling serde_derive v1.0.219
[INFO] [stderr]    Compiling highs-sys v1.11.0
[INFO] [stderr]    Compiling csv v1.3.1
[INFO] [stderr] error: failed to run custom build command for `highs-sys v1.11.0`
[INFO] [stderr] note: To improve backtraces for build dependencies, set the CARGO_PROFILE_RELEASE_BUILD_OVERRIDE_DEBUG=true environment variable to enable debug information generation.
[INFO] [stderr] 
[INFO] [stderr] Caused by:
[INFO] [stderr]   process didn't exit successfully: `/opt/rustwide/target/release/build/highs-sys-a7b45f0e937e211a/build-script-build` (exit status: 101)
[INFO] [stderr]   --- stdout
[INFO] [stderr]   CMAKE_TOOLCHAIN_FILE_x86_64-unknown-linux-gnu = None
[INFO] [stderr]   CMAKE_TOOLCHAIN_FILE_x86_64_unknown_linux_gnu = None
[INFO] [stderr]   HOST_CMAKE_TOOLCHAIN_FILE = None
[INFO] [stderr]   CMAKE_TOOLCHAIN_FILE = None
[INFO] [stderr]   CMAKE_GENERATOR_x86_64-unknown-linux-gnu = None
[INFO] [stderr]   CMAKE_GENERATOR_x86_64_unknown_linux_gnu = None
[INFO] [stderr]   HOST_CMAKE_GENERATOR = None
[INFO] [stderr]   CMAKE_GENERATOR = None
[INFO] [stderr]   CMAKE_PREFIX_PATH_x86_64-unknown-linux-gnu = None
[INFO] [stderr]   CMAKE_PREFIX_PATH_x86_64_unknown_linux_gnu = None
[INFO] [stderr]   HOST_CMAKE_PREFIX_PATH = None
[INFO] [stderr]   CMAKE_PREFIX_PATH = None
[INFO] [stderr]   CMAKE_x86_64-unknown-linux-gnu = None
[INFO] [stderr]   CMAKE_x86_64_unknown_linux_gnu = None
[INFO] [stderr]   HOST_CMAKE = None
[INFO] [stderr]   CMAKE = None
[INFO] [stderr]   running: cd "/opt/rustwide/target/release/build/highs-sys-0fde3e053f266c72/out/build" && CMAKE_PREFIX_PATH="" LC_ALL="C" "cmake" "/opt/rustwide/cargo-home/registry/src/index.crates.io-1949cf8c6b5b557f/highs-sys-1.11.0/HiGHS" "-DFAST_BUILD=ON" "-DBUILD_SHARED_LIBS=OFF" "-DCMAKE_MSVC_RUNTIME_LIBRARY=MultiThreadedDLL" "-DCMAKE_INTERPROCEDURAL_OPTIMIZATION=FALSE" "-DZLIB=OFF" "-DCMAKE_INSTALL_PREFIX=/opt/rustwide/target/release/build/highs-sys-0fde3e053f266c72/out" "-DCMAKE_C_FLAGS= -ffunction-sections -fdata-sections -fPIC -m64" "-DCMAKE_C_COMPILER=/usr/bin/cc" "-DCMAKE_CXX_FLAGS= -ffunction-sections -fdata-sections -fPIC -m64" "-DCMAKE_CXX_COMPILER=/usr/bin/c++" "-DCMAKE_ASM_FLAGS= -ffunction-sections -fdata-sections -fPIC -m64" "-DCMAKE_ASM_COMPILER=/usr/bin/cc" "-DCMAKE_BUILD_TYPE=Release"
[INFO] [stderr]   -- The CXX compiler identification is GNU 15.2.0
[INFO] [stderr]   -- The C compiler identification is GNU 15.2.0
[INFO] [stderr]   -- Detecting CXX compiler ABI info
[INFO] [stderr]   -- Detecting CXX compiler ABI info - done
[INFO] [stderr]   -- Check for working CXX compiler: /usr/bin/c++ - skipped
[INFO] [stderr]   -- Detecting CXX compile features
[INFO] [stderr]   -- Detecting CXX compile features - done
[INFO] [stderr]   -- Detecting C compiler ABI info
[INFO] [stderr]   -- Detecting C compiler ABI info - done
[INFO] [stderr]   -- Check for working C compiler: /usr/bin/cc - skipped
[INFO] [stderr]   -- Detecting C compile features
[INFO] [stderr]   -- Detecting C compile features - done
[INFO] [stderr]   -- HIGHS version: 1.11.0
[INFO] [stderr]   -- Git hash: n/a
[INFO] [stderr]   -- Build C++ library: ON
[INFO] [stderr]   -- Build C++ library: ON
[INFO] [stderr]   -- Build Fortran: OFF
[INFO] [stderr]   -- Build CSharp: OFF
[INFO] [stderr]   -- Build Python: OFF
[INFO] [stderr]   -- Build all tests: OFF
[INFO] [stderr]   -- ZLIB: OFF
[INFO] [stderr]   -- Build pdlp with GPU: OFF
[INFO] [stderr]   -- Use FindCUDAConf: OFF
[INFO] [stderr]   -- Build type: Release
[INFO] [stderr]   -- Looking for C++ include sys/types.h
[INFO] [stderr]   -- Looking for C++ include sys/types.h - found
[INFO] [stderr]   -- Looking for C++ include stdint.h
[INFO] [stderr]   -- Looking for C++ include stdint.h - found
[INFO] [stderr]   -- Looking for C++ include stddef.h
[INFO] [stderr]   -- Looking for C++ include stddef.h - found
[INFO] [stderr]   -- Check size of long
[INFO] [stderr]   -- Check size of long - done
[INFO] [stderr]   -- Found long size: 8
[INFO] [stderr]   -- Check size of long long
[INFO] [stderr]   -- Check size of long long - done
[INFO] [stderr]   -- Found long long size: 8
[INFO] [stderr]   -- Check size of int64_t
[INFO] [stderr]   -- Check size of int64_t - done
[INFO] [stderr]   -- Found int64_t size: 8
[INFO] [stderr]   -- Check size of unsigned long
[INFO] [stderr]   -- Check size of unsigned long - done
[INFO] [stderr]   -- Found unsigned long size: 8
[INFO] [stderr]   -- Check size of unsigned long long
[INFO] [stderr]   -- Check size of unsigned long long - done
[INFO] [stderr]   -- Found unsigned long long size: 8
[INFO] [stderr]   -- Check size of uint64_t
[INFO] [stderr]   -- Check size of uint64_t - done
[INFO] [stderr]   -- Found uint64_t size: 8
[INFO] [stderr]   -- Check size of int *
[INFO] [stderr]   -- Check size of int * - done
[INFO] [stderr]   -- Found int * size: 8
[INFO] [stderr]   -- IPO / LTO supported by compiler: YES
[INFO] [stderr]   -- IPO / LTO: FALSE as requested by user
[INFO] [stderr]   -- Performing Test HIGHS_HAVE_MM_PAUSE
[INFO] [stderr]   -- Performing Test HIGHS_HAVE_MM_PAUSE - Success
[INFO] [stderr]   -- Performing Test HIGHS_HAVE_BUILTIN_CLZ
[INFO] [stderr]   -- Performing Test HIGHS_HAVE_BUILTIN_CLZ - Success
[INFO] [stderr]   -- Performing Test COMPILER_SUPPORTS_POPCNT
[INFO] [stderr]   -- Performing Test COMPILER_SUPPORTS_POPCNT - Success
[INFO] [stderr]   -- FAST_BUILD set to on.
[INFO] [stderr]   -- Build examples: ON
[INFO] [stderr]   -- Build C++ example: ON
[INFO] [stderr]   -- Build CSharp example: OFF
[INFO] [stderr]   -- Build dotnet package: OFF
[INFO] [stderr]   -- Performing Test COMPILER_SUPPORTS_INVALID_OFFSET
[INFO] [stderr]   -- Performing Test COMPILER_SUPPORTS_INVALID_OFFSET - Success
[INFO] [stderr]   -- No CSharp support
[INFO] [stderr]   -- Performing Test CMAKE_HAVE_LIBC_PTHREAD
[INFO] [stderr]   -- Performing Test CMAKE_HAVE_LIBC_PTHREAD - Success
[INFO] [stderr]   -- Found Threads: TRUE
[INFO] [stderr]   -- Performing Test HAVE_CXX_ATOMICS_WITHOUT_LIB
[INFO] [stderr]   -- Performing Test HAVE_CXX_ATOMICS_WITHOUT_LIB - Success
[INFO] [stderr]   -- Performing Test HAVE_CXX_ATOMICS64_WITHOUT_LIB
[INFO] [stderr]   -- Performing Test HAVE_CXX_ATOMICS64_WITHOUT_LIB - Success
[INFO] [stderr]   -- Performing Test COMPILER_HAS_HIDDEN_VISIBILITY
[INFO] [stderr]   -- Performing Test COMPILER_HAS_HIDDEN_VISIBILITY - Success
[INFO] [stderr]   -- Performing Test COMPILER_HAS_HIDDEN_INLINE_VISIBILITY
[INFO] [stderr]   -- Performing Test COMPILER_HAS_HIDDEN_INLINE_VISIBILITY - Success
[INFO] [stderr]   -- Performing Test COMPILER_HAS_DEPRECATED_ATTR
[INFO] [stderr]   -- Performing Test COMPILER_HAS_DEPRECATED_ATTR - Success
[INFO] [stderr]   -- Configuring test /opt/rustwide/cargo-home/registry/src/index.crates.io-1949cf8c6b5b557f/highs-sys-1.11.0/HiGHS/examples/call_highs_from_cpp.cpp: ...
[INFO] [stderr]   -- Configuring test /opt/rustwide/cargo-home/registry/src/index.crates.io-1949cf8c6b5b557f/highs-sys-1.11.0/HiGHS/examples/call_highs_from_cpp.cpp: ...DONE
[INFO] [stderr]   -- Configuring test /opt/rustwide/cargo-home/registry/src/index.crates.io-1949cf8c6b5b557f/highs-sys-1.11.0/HiGHS/examples/call_highs_from_c_minimal.c: ...
[INFO] [stderr]   -- Configuring test /opt/rustwide/cargo-home/registry/src/index.crates.io-1949cf8c6b5b557f/highs-sys-1.11.0/HiGHS/examples/call_highs_from_c_minimal.c: ...DONE
[INFO] [stderr]   -- .Net: Use .Net Framework 2.1 support: ON
[INFO] [stderr]   -- Configuring done (11.4s)
[INFO] [stderr]   -- Generating done (0.1s)
[INFO] [stderr]   -- Build files have been written to: /opt/rustwide/target/release/build/highs-sys-0fde3e053f266c72/out/build
[INFO] [stderr]   running: cd "/opt/rustwide/target/release/build/highs-sys-0fde3e053f266c72/out/build" && LC_ALL="C" MAKEFLAGS="-j --jobserver-fds=4,5 --jobserver-auth=4,5" "cmake" "--build" "/opt/rustwide/target/release/build/highs-sys-0fde3e053f266c72/out/build" "--target" "install" "--config" "Release"
[INFO] [stderr]   [  0%] Building CXX object highs/CMakeFiles/highs.dir/lp_data/Highs.cpp.o
[INFO] [stderr]   [  0%] Building CXX object highs/CMakeFiles/highs.dir/io/FilereaderLp.cpp.o
[INFO] [stderr]   [  0%] Building CXX object highs/CMakeFiles/highs.dir/__/extern/filereaderlp/reader.cpp.o
[INFO] [stderr]   [  0%] Building CXX object highs/CMakeFiles/highs.dir/io/HMpsFF.cpp.o
[INFO] [stderr]   [  1%] Building CXX object highs/CMakeFiles/highs.dir/io/HMPSIO.cpp.o
[INFO] [stderr]   [  1%] Building CXX object highs/CMakeFiles/highs.dir/io/LoadOptions.cpp.o
[INFO] [stderr]   [  2%] Building CXX object highs/CMakeFiles/highs.dir/io/FilereaderEms.cpp.o
[INFO] [stderr]   [  3%] Building CXX object highs/CMakeFiles/highs.dir/lp_data/HighsCallback.cpp.o
[INFO] [stderr]   [  4%] Building CXX object highs/CMakeFiles/highs.dir/io/HighsIO.cpp.o
[INFO] [stderr]   [  5%] Building CXX object highs/CMakeFiles/highs.dir/lp_data/HighsIis.cpp.o
[INFO] [stderr]   [  5%] Building CXX object highs/CMakeFiles/highs.dir/lp_data/HighsDebug.cpp.o
[INFO] [stderr]   [  6%] Building CXX object highs/CMakeFiles/highs.dir/ipm/IpxWrapper.cpp.o
[INFO] [stderr]   [  6%] Building CXX object highs/CMakeFiles/highs.dir/io/Filereader.cpp.o
[INFO] [stderr]   [  6%] Building CXX object highs/CMakeFiles/highs.dir/lp_data/HighsInfo.cpp.o
[INFO] [stderr]   [  7%] Building CXX object highs/CMakeFiles/highs.dir/interfaces/highs_c_api.cpp.o
[INFO] [stderr]   [  8%] Building CXX object highs/CMakeFiles/highs.dir/io/FilereaderMps.cpp.o
[INFO] [stderr]   [  9%] Building CXX object highs/CMakeFiles/highs.dir/lp_data/HighsInfoDebug.cpp.o
[INFO] [stderr]   [ 10%] Building CXX object highs/CMakeFiles/highs.dir/lp_data/HighsDeprecated.cpp.o
[INFO] [stderr]   [ 10%] Building CXX object highs/CMakeFiles/highs.dir/lp_data/HighsInterface.cpp.o
[INFO] [stderr]   [ 11%] Building CXX object highs/CMakeFiles/highs.dir/lp_data/HighsLp.cpp.o
[INFO] [stderr] 
[INFO] [stderr]   --- stderr
[INFO] [stderr]   /opt/rustwide/cargo-home/registry/src/index.crates.io-1949cf8c6b5b557f/highs-sys-1.11.0/HiGHS/examples/call_highs_from_c_minimal.c
[INFO] [stderr]   CMake Warning:
[INFO] [stderr]     Manually-specified variables were not used by the project:
[INFO] [stderr] 
[INFO] [stderr]       CMAKE_ASM_COMPILER
[INFO] [stderr]       CMAKE_ASM_FLAGS
[INFO] [stderr] 
[INFO] [stderr] 
[INFO] [stderr]   c++: fatal error: Killed signal terminated program cc1plus
[INFO] [stderr]   c++: fatal error: Killed signal terminated program cc1plus
[INFO] [stderr]   compilation terminated.
[INFO] [stderr]   compilation terminated.
[INFO] [stderr]   gmake[2]: *** [highs/CMakeFiles/highs.dir/build.make:177: highs/CMakeFiles/highs.dir/io/HMpsFF.cpp.o] Error 1
[INFO] [stderr]   gmake[2]: *** Waiting for unfinished jobs....
[INFO] [stderr]   gmake[2]: *** [highs/CMakeFiles/highs.dir/build.make:233: highs/CMakeFiles/highs.dir/lp_data/Highs.cpp.o] Error 1
[INFO] [stderr]   c++: fatal error: Killed signal terminated program cc1plus
[INFO] [stderr]   compilation terminated.
[INFO] [stderr]   gmake[2]: *** [highs/CMakeFiles/highs.dir/build.make:93: highs/CMakeFiles/highs.dir/interfaces/highs_c_api.cpp.o] Error 1
[INFO] [stderr]   gmake[1]: *** [CMakeFiles/Makefile2:1102: highs/CMakeFiles/highs.dir/all] Error 2
[INFO] [stderr]   gmake: *** [Makefile:166: all] Error 2
[INFO] [stderr] 
[INFO] [stderr]   thread 'main' (993) panicked at /opt/rustwide/cargo-home/registry/src/index.crates.io-1949cf8c6b5b557f/cmake-0.1.54/src/lib.rs:1119:5:
[INFO] [stderr] 
[INFO] [stderr]   command did not execute successfully, got: exit status: 2
[INFO] [stderr] 
[INFO] [stderr]   build script failed, must exit now
[INFO] [stderr]   stack backtrace:
[INFO] [stderr]      0:     0x572be1eb65c1 - <<std[70759c8f55707aa4]::sys::backtrace::BacktraceLock>::print::DisplayBacktrace as core[df12db4294e9bfd3]::fmt::Display>::fmt
[INFO] [stderr]      1:     0x572be1ece5ea - core[df12db4294e9bfd3]::fmt::write
[INFO] [stderr]      2:     0x572be1ebcb2c - <std[70759c8f55707aa4]::sys::stdio::unix::Stderr as core[df12db4294e9bfd3]::io::write::Write>::write_fmt
[INFO] [stderr]      3:     0x572be1e93936 - std[70759c8f55707aa4]::panicking::default_hook::{closure#0}
[INFO] [stderr]      4:     0x572be1eb0461 - std[70759c8f55707aa4]::panicking::default_hook
[INFO] [stderr]      5:     0x572be1eb078b - std[70759c8f55707aa4]::panicking::panic_with_hook
[INFO] [stderr]      6:     0x572be1e939e2 - std[70759c8f55707aa4]::panicking::panic_handler::{closure#0}
[INFO] [stderr]      7:     0x572be1e8c579 - std[70759c8f55707aa4]::sys::backtrace::__rust_end_short_backtrace::<std[70759c8f55707aa4]::panicking::panic_handler::{closure#0}, !>
[INFO] [stderr]      8:     0x572be1e941fd - __rustc[8fa7c3cbc660c2b3]::rust_begin_unwind
[INFO] [stderr]      9:     0x572be1ecee0c - core[df12db4294e9bfd3]::panicking::panic_fmt
[INFO] [stderr]     10:     0x572be1e1b227 - cmake[99f231da39ea9732]::fail
[INFO] [stderr]     11:     0x572be1e1aeb3 - cmake[99f231da39ea9732]::run
[INFO] [stderr]     12:     0x572be1e20d04 - <cmake[99f231da39ea9732]::Config>::build
[INFO] [stderr]     13:     0x572be193a70c - build_script_build[d513563bdf0bb938]::build
[INFO] [stderr]     14:     0x572be193a55f - build_script_build[d513563bdf0bb938]::main
[INFO] [stderr]     15:     0x572be193c053 - <fn() as core[df12db4294e9bfd3]::ops::function::FnOnce<()>>::call_once
[INFO] [stderr]     16:     0x572be193a16e - std[70759c8f55707aa4]::sys::backtrace::__rust_begin_short_backtrace::<fn(), ()>
[INFO] [stderr]     17:     0x572be193a529 - std[70759c8f55707aa4]::rt::lang_start::<()>::{closure#0}
[INFO] [stderr]     18:     0x572be1eaf719 - std[70759c8f55707aa4]::rt::lang_start_internal
[INFO] [stderr]     19:     0x572be1939b61 - std[70759c8f55707aa4]::rt::lang_start::<()>
[INFO] [stderr]     20:     0x572be193c2b5 - main
[INFO] [stderr]     21:     0x7392a05c6601 - <unknown>
[INFO] [stderr]     22:     0x7392a05c6718 - __libc_start_main
[INFO] [stderr]     23:     0x572be1938415 - _start
[INFO] [stderr]     24:                0x0 - <unknown>
[INFO] running `Command { std: "docker" "inspect" "f716b2d0e9a3a5cfad3a9e3d0eb556220283ae007ec55cb78ed4efa616f27f6c", kill_on_drop: false }`
[INFO] running `Command { std: "docker" "rm" "-f" "f716b2d0e9a3a5cfad3a9e3d0eb556220283ae007ec55cb78ed4efa616f27f6c", kill_on_drop: false }`
[INFO] [stdout] f716b2d0e9a3a5cfad3a9e3d0eb556220283ae007ec55cb78ed4efa616f27f6c
