[INFO] fetching crate powdr-autoprecompiles 0.1.5...
[INFO] testing powdr-autoprecompiles-0.1.5 against 1.100.0-beta.1+cargoflags=--release for beta-release-1.100-2
[INFO] extracting crate powdr-autoprecompiles 0.1.5 into /workspace/builds/worker-2-tc2/source
[INFO] started tweaking crates.io crate powdr-autoprecompiles 0.1.5
[INFO] removed 0 missing tests
[INFO] finished tweaking crates.io crate powdr-autoprecompiles 0.1.5
[INFO] tweaked toml for crates.io crate powdr-autoprecompiles 0.1.5 written to /workspace/builds/worker-2-tc2/source/Cargo.toml
[INFO] validating manifest of crates.io crate powdr-autoprecompiles 0.1.5 on toolchain 1.100.0-beta.1
[INFO] running `Command { std: CARGO_HOME="/workspace/cargo-home" RUSTUP_HOME="/workspace/rustup-home" "/workspace/cargo-home/bin/cargo" "+1.100.0-beta.1" "metadata" "--manifest-path" "Cargo.toml" "--no-deps", kill_on_drop: false }`
[INFO] crate crates.io crate powdr-autoprecompiles 0.1.5 already has a lockfile, it will not be regenerated
[INFO] running `Command { std: CARGO_HOME="/workspace/cargo-home" RUSTUP_HOME="/workspace/rustup-home" "/workspace/cargo-home/bin/cargo" "+1.100.0-beta.1" "fetch" "--manifest-path" "Cargo.toml", kill_on_drop: false }`
[INFO] running `Command { std: "docker" "create" "-v" "/var/lib/crater-agent-workspace/builds/worker-2-tc2/source:/opt/rustwide/workdir:ro,Z" "-v" "/var/lib/crater-agent-workspace/builds/worker-2-tc2/target:/opt/rustwide/target:rw,Z" "-v" "/var/lib/crater-agent-workspace/cargo-home:/opt/rustwide/cargo-home:ro,Z" "-v" "/var/lib/crater-agent-workspace/rustup-home:/opt/rustwide/rustup-home:ro,Z" "-m" "1610612736" "--network" "none" "ghcr.io/rust-lang/crates-build-env/linux@sha256:77db811e55d90add9212f6832c23229e3de5f1c1f9905e8cb07319ea15df73ac" "sleep" "infinity", kill_on_drop: false }`
[INFO] [stdout] 5ce8eca7035fd0b1e0aa22c1d84ccbef028f71ea0d29c4c0889dcd06120e741e
[INFO] running `Command { std: "docker" "start" "5ce8eca7035fd0b1e0aa22c1d84ccbef028f71ea0d29c4c0889dcd06120e741e", kill_on_drop: false }`
[INFO] running `Command { std: "docker" "inspect" "5ce8eca7035fd0b1e0aa22c1d84ccbef028f71ea0d29c4c0889dcd06120e741e", kill_on_drop: false }`
[INFO] running `Command { std: "docker" "exec" "-e" "SOURCE_DIR=/opt/rustwide/workdir" "-e" "CARGO_HOME=/opt/rustwide/cargo-home" "-e" "RUSTUP_HOME=/opt/rustwide/rustup-home" "-e" "CARGO_TARGET_DIR=/opt/rustwide/target" "-w" "/opt/rustwide/workdir" "--user" "0:0" "5ce8eca7035fd0b1e0aa22c1d84ccbef028f71ea0d29c4c0889dcd06120e741e" "/opt/rustwide/cargo-home/bin/cargo" "+1.100.0-beta.1" "metadata" "--no-deps" "--format-version=1", kill_on_drop: false }`
[INFO] running `Command { std: "docker" "inspect" "5ce8eca7035fd0b1e0aa22c1d84ccbef028f71ea0d29c4c0889dcd06120e741e", kill_on_drop: false }`
[INFO] running `Command { std: "docker" "exec" "-e" "SOURCE_DIR=/opt/rustwide/workdir" "-e" "CARGO_HOME=/opt/rustwide/cargo-home" "-e" "RUSTUP_HOME=/opt/rustwide/rustup-home" "-e" "CARGO_TARGET_DIR=/opt/rustwide/target" "-e" "CARGO_INCREMENTAL=0" "-e" "RUST_BACKTRACE=full" "-e" "RUSTFLAGS=--cap-lints=warn" "-e" "RUSTDOCFLAGS=--cap-lints=warn" "-w" "/opt/rustwide/workdir" "--user" "0:0" "5ce8eca7035fd0b1e0aa22c1d84ccbef028f71ea0d29c4c0889dcd06120e741e" "/opt/rustwide/cargo-home/bin/cargo" "+1.100.0-beta.1" "build" "--frozen" "--message-format=json" "--release", kill_on_drop: false }`
[INFO] [stderr]    Compiling syn v2.0.119
[INFO] [stderr]    Compiling serde_core v1.0.229
[INFO] [stderr]    Compiling syn v3.0.3
[INFO] [stderr]    Compiling serde v1.0.229
[INFO] [stderr]    Compiling either v1.17.0
[INFO] [stderr]    Compiling zerocopy v0.8.55
[INFO] [stderr]    Compiling p3-maybe-rayon v0.5.3
[INFO] [stderr]    Compiling rand v0.10.2
[INFO] [stderr]    Compiling syn v1.0.109
[INFO] [stderr]    Compiling num-traits v0.2.19
[INFO] [stderr]    Compiling spin v0.10.1
[INFO] [stderr]    Compiling transpose v0.2.3
[INFO] [stderr]    Compiling crypto-common v0.1.6
[INFO] [stderr]    Compiling indexmap v1.9.3
[INFO] [stderr]    Compiling crossbeam-utils v0.8.22
[INFO] [stderr]    Compiling schemars v0.8.22
[INFO] [stderr]    Compiling digest v0.10.7
[INFO] [stderr]    Compiling csv-core v0.1.13
[INFO] [stderr]    Compiling half v1.8.3
[INFO] [stderr]    Compiling crossbeam-deque v0.8.7
[INFO] [stderr]    Compiling itertools v0.14.0
[INFO] [stderr]    Compiling itertools v0.10.5
[INFO] [stderr]    Compiling proc-macro-error-attr v1.0.4
[INFO] [stderr]    Compiling fixedbitset v0.4.2
[INFO] [stderr]    Compiling regex-automata v0.4.16
[INFO] [stderr]    Compiling indexmap v2.14.0
[INFO] [stderr]    Compiling petgraph v0.6.5
[INFO] [stderr]    Compiling bitvec v1.1.1
[INFO] [stderr]    Compiling tracing-log v0.2.0
[INFO] [stderr]    Compiling thread_local v1.1.10
[INFO] [stderr]    Compiling num-integer v0.1.46
[INFO] [stderr]    Compiling crossbeam-epoch v0.9.20
[INFO] [stderr]    Compiling num-bigint v0.4.8
[INFO] [stderr]    Compiling rayon-core v1.13.0
[INFO] [stderr]    Compiling rayon v1.12.0
[INFO] [stderr]    Compiling priority-queue v2.7.0
[INFO] [stderr]    Compiling derive_utils v0.16.0
[INFO] [stderr]    Compiling serde_derive v1.0.229
[INFO] [stderr]    Compiling auto_enums v0.8.10
[INFO] [stderr]    Compiling matchers v0.2.0
[INFO] [stderr]    Compiling serde_json v1.0.151
[INFO] [stderr]    Compiling csv v1.4.0
[INFO] [stderr]    Compiling darling_core v0.23.0
[INFO] [stderr]    Compiling serde_derive_internals v0.29.1
[INFO] [stderr]    Compiling proc-macro-error v1.0.4
[INFO] [stderr]    Compiling ark-serialize-derive v0.4.2
[INFO] [stderr]    Compiling derivative v2.2.0
[INFO] [stderr]    Compiling ark-ff-asm v0.4.2
[INFO] [stderr]    Compiling ark-ff-macros v0.4.2
[INFO] [stderr]    Compiling tracing-attributes v0.1.31
[INFO] [stderr]    Compiling zeroize_derive v1.5.0
[INFO] [stderr]    Compiling schemars_derive v0.8.22
[INFO] [stderr]    Compiling derive_more-impl v2.1.1
[INFO] [stderr]    Compiling strum_macros v0.27.2
[INFO] [stderr]    Compiling crepe v0.2.0
[INFO] [stderr]    Compiling deepsize_derive2 v0.1.0
[INFO] [stderr]    Compiling zeroize v1.9.0
[INFO] [stderr]    Compiling deepsize2 v0.1.0
[INFO] [stderr]    Compiling p3-util v0.5.3
[INFO] [stderr]    Compiling serde_cbor v0.11.2
[INFO] [stderr]    Compiling tracing v0.1.44
[INFO] [stderr]    Compiling tracing-subscriber v0.3.23
[INFO] [stderr]    Compiling darling_macro v0.23.0
[INFO] [stderr]    Compiling darling v0.23.0
[INFO] [stderr]    Compiling serde_with_macros v3.21.0
[INFO] [stderr]    Compiling strum v0.27.2
[INFO] [stderr]    Compiling serde_with v3.21.0
[INFO] [stderr]    Compiling ppv-lite86 v0.2.21
[INFO] [stderr]    Compiling ahash v0.8.12
[INFO] [stderr]    Compiling hashbrown v0.13.2
[INFO] [stderr]    Compiling metrics v0.23.1
[INFO] [stderr]    Compiling rand_chacha v0.3.1
[INFO] [stderr]    Compiling rand v0.8.7
[INFO] [stderr]    Compiling ark-std v0.4.0
[INFO] [stderr]    Compiling ibig v0.3.6
[INFO] [stderr]    Compiling p3-field v0.5.3
[INFO] [stderr]    Compiling ark-serialize v0.4.2
[INFO] [stderr]    Compiling ark-ff v0.4.2
[INFO] [stderr]    Compiling derive_more v2.1.1
[INFO] [stderr]    Compiling p3-symmetric v0.5.3
[INFO] [stderr]    Compiling p3-matrix v0.5.3
[INFO] [stderr]    Compiling p3-poseidon1 v0.5.3
[INFO] [stderr]    Compiling p3-dft v0.5.3
[INFO] [stderr]    Compiling p3-mds v0.5.3
[INFO] [stderr]    Compiling p3-poseidon2 v0.5.3
[INFO] [stderr]    Compiling p3-monty-31 v0.5.3
[INFO] [stderr]    Compiling p3-challenger v0.5.3
[INFO] [stderr]    Compiling p3-mersenne-31 v0.5.3
[INFO] [stderr]    Compiling p3-baby-bear v0.5.3
[INFO] [stderr]    Compiling p3-koala-bear v0.5.3
[INFO] [stderr]    Compiling ark-poly v0.4.2
[INFO] [stderr]    Compiling ark-ec v0.4.2
[INFO] [stderr]    Compiling ark-bn254 v0.4.0
[INFO] [stderr]    Compiling powdr-number v0.1.5
[INFO] [stderr]    Compiling powdr-constraint-solver v0.1.5
[INFO] [stderr]    Compiling powdr-expression v0.1.5
[INFO] [stderr]    Compiling powdr-autoprecompiles v0.1.5 (/opt/rustwide/workdir)
[INFO] [stderr]     Finished `release` profile [optimized] target(s) in 53.37s
[INFO] running `Command { std: "docker" "inspect" "5ce8eca7035fd0b1e0aa22c1d84ccbef028f71ea0d29c4c0889dcd06120e741e", kill_on_drop: false }`
[INFO] running `Command { std: "docker" "exec" "-e" "SOURCE_DIR=/opt/rustwide/workdir" "-e" "CARGO_HOME=/opt/rustwide/cargo-home" "-e" "RUSTUP_HOME=/opt/rustwide/rustup-home" "-e" "CARGO_TARGET_DIR=/opt/rustwide/target" "-e" "CARGO_INCREMENTAL=0" "-e" "RUST_BACKTRACE=full" "-e" "RUSTFLAGS=--cap-lints=warn" "-e" "RUSTDOCFLAGS=--cap-lints=warn" "-w" "/opt/rustwide/workdir" "--user" "0:0" "5ce8eca7035fd0b1e0aa22c1d84ccbef028f71ea0d29c4c0889dcd06120e741e" "/opt/rustwide/cargo-home/bin/cargo" "+1.100.0-beta.1" "test" "--frozen" "--no-run" "--message-format=json" "--release", kill_on_drop: false }`
[INFO] [stderr]    Compiling zerocopy v0.8.55
[INFO] [stderr]    Compiling itertools v0.10.5
[INFO] [stderr]    Compiling indexmap v1.9.3
[INFO] [stderr]    Compiling zerocopy-derive v0.8.55
[INFO] [stderr]    Compiling regex-automata v0.4.16
[INFO] [stderr]    Compiling os_str_bytes v6.6.1
[INFO] [stderr]    Compiling anstream v1.0.0
[INFO] [stderr]    Compiling env_filter v2.0.0
[INFO] [stderr]    Compiling test-log-core v0.2.21
[INFO] [stderr]    Compiling textwrap v0.16.2
[INFO] [stderr]    Compiling miniz_oxide v0.8.9
[INFO] [stderr]    Compiling atty v0.2.14
[INFO] [stderr]    Compiling tinytemplate v1.2.1
[INFO] [stderr]    Compiling dissimilar v1.0.11
[INFO] [stderr]    Compiling test-log-macros v0.2.21
[INFO] [stderr]    Compiling expect-test v1.5.1
[INFO] [stderr]    Compiling clap_lex v0.2.4
[INFO] [stderr]    Compiling env_logger v0.11.11
[INFO] [stderr]    Compiling schemars v0.8.22
[INFO] [stderr]    Compiling clap v3.2.25
[INFO] [stderr]    Compiling test-log v0.2.21
[INFO] [stderr]    Compiling flate2 v1.1.9
[INFO] [stderr]    Compiling criterion-plot v0.5.0
[INFO] [stderr]    Compiling matchers v0.2.0
[INFO] [stderr]    Compiling regex v1.13.1
[INFO] [stderr]    Compiling tracing-subscriber v0.3.23
[INFO] [stderr]    Compiling ppv-lite86 v0.2.21
[INFO] [stderr]    Compiling ahash v0.8.12
[INFO] [stderr]    Compiling half v2.7.1
[INFO] [stderr]    Compiling hashbrown v0.13.2
[INFO] [stderr]    Compiling metrics v0.23.1
[INFO] [stderr]    Compiling ciborium-ll v0.2.2
[INFO] [stderr]    Compiling ciborium v0.2.2
[INFO] [stderr]    Compiling rand_chacha v0.3.1
[INFO] [stderr]    Compiling rand v0.8.7
[INFO] [stderr]    Compiling ark-std v0.4.0
[INFO] [stderr]    Compiling ibig v0.3.6
[INFO] [stderr]    Compiling ark-serialize v0.4.2
[INFO] [stderr]    Compiling criterion v0.4.0
[INFO] [stderr]    Compiling ark-ff v0.4.2
[INFO] [stderr]    Compiling ark-poly v0.4.2
[INFO] [stderr]    Compiling ark-ec v0.4.2
[INFO] [stderr]    Compiling ark-bn254 v0.4.0
[INFO] [stderr]    Compiling powdr-number v0.1.5
[INFO] [stderr]    Compiling powdr-expression v0.1.5
[INFO] [stderr]    Compiling powdr-constraint-solver v0.1.5
[INFO] [stderr]    Compiling powdr-autoprecompiles v0.1.5 (/opt/rustwide/workdir)
[INFO] [stdout] error[E0433]: cannot find module or crate `powdr_openvm_bus_interaction_handler` in this scope
[INFO] [stdout]   --> tests/optimizer.rs:12:5
[INFO] [stdout]    |
[INFO] [stdout] 12 | use powdr_openvm_bus_interaction_handler::memory_bus_interaction::OpenVmMemoryBusInteraction;
[INFO] [stdout]    |     ^^^^^^^^^^^^^^^^^^^^^^^^^^^^^^^^^^^^ use of unresolved module or unlinked crate `powdr_openvm_bus_interaction_handler`
[INFO] [stdout]    |
[INFO] [stdout]    = help: if you wanted to use a crate named `powdr_openvm_bus_interaction_handler`, use `cargo add powdr_openvm_bus_interaction_handler` to add it to your `Cargo.toml`
[INFO] [stdout] 
[INFO] [stdout] 
[INFO] [stdout] error[E0433]: cannot find module or crate `powdr_openvm_bus_interaction_handler` in this scope
[INFO] [stdout]   --> tests/optimizer.rs:13:5
[INFO] [stdout]    |
[INFO] [stdout] 13 | use powdr_openvm_bus_interaction_handler::{
[INFO] [stdout]    |     ^^^^^^^^^^^^^^^^^^^^^^^^^^^^^^^^^^^^ use of unresolved module or unlinked crate `powdr_openvm_bus_interaction_handler`
[INFO] [stdout]    |
[INFO] [stdout]    = help: if you wanted to use a crate named `powdr_openvm_bus_interaction_handler`, use `cargo add powdr_openvm_bus_interaction_handler` to add it to your `Cargo.toml`
[INFO] [stdout] 
[INFO] [stdout] 
[INFO] [stdout] error[E0432]: unresolved import `powdr_openvm_bus_interaction_handler`
[INFO] [stdout]   --> tests/optimizer.rs:13:5
[INFO] [stdout]    |
[INFO] [stdout] 13 | use powdr_openvm_bus_interaction_handler::{
[INFO] [stdout]    |     ^^^^^^^^^^^^^^^^^^^^^^^^^^^^^^^^^^^^ use of unresolved module or unlinked crate `powdr_openvm_bus_interaction_handler`
[INFO] [stdout]    |
[INFO] [stdout]    = help: if you wanted to use a crate named `powdr_openvm_bus_interaction_handler`, use `cargo add powdr_openvm_bus_interaction_handler` to add it to your `Cargo.toml`
[INFO] [stdout] 
[INFO] [stdout] 
[INFO] [stdout] Some errors have detailed explanations: E0432, E0433.
[INFO] [stdout] 
[INFO] [stdout] For more information about an error, try `rustc --explain E0432`.
[INFO] [stdout] 
[INFO] [stderr] error: could not compile `powdr-autoprecompiles` (test "optimizer") due to 3 previous errors
[INFO] [stderr] warning: build failed, waiting for other jobs to finish...
[INFO] running `Command { std: "docker" "inspect" "5ce8eca7035fd0b1e0aa22c1d84ccbef028f71ea0d29c4c0889dcd06120e741e", kill_on_drop: false }`
[INFO] running `Command { std: "docker" "rm" "-f" "5ce8eca7035fd0b1e0aa22c1d84ccbef028f71ea0d29c4c0889dcd06120e741e", kill_on_drop: false }`
[INFO] [stdout] 5ce8eca7035fd0b1e0aa22c1d84ccbef028f71ea0d29c4c0889dcd06120e741e
