[INFO] fetching crate potatonet-service-logger 0.4.1...
[INFO] testing potatonet-service-logger-0.4.1 against 1.100.0-beta.1+cargoflags=--release for beta-release-1.100-2
[INFO] extracting crate potatonet-service-logger 0.4.1 into /workspace/builds/worker-4-tc2/source
[INFO] started tweaking crates.io crate potatonet-service-logger 0.4.1
[INFO] finished tweaking crates.io crate potatonet-service-logger 0.4.1
[INFO] tweaked toml for crates.io crate potatonet-service-logger 0.4.1 written to /workspace/builds/worker-4-tc2/source/Cargo.toml
[INFO] validating manifest of crates.io crate potatonet-service-logger 0.4.1 on toolchain 1.100.0-beta.1
[INFO] running `Command { std: CARGO_HOME="/workspace/cargo-home" RUSTUP_HOME="/workspace/rustup-home" "/workspace/cargo-home/bin/cargo" "+1.100.0-beta.1" "metadata" "--manifest-path" "Cargo.toml" "--no-deps", kill_on_drop: false }`
[INFO] running `Command { std: CARGO_HOME="/workspace/cargo-home" RUSTUP_HOME="/workspace/rustup-home" "/workspace/cargo-home/bin/cargo" "+1.100.0-beta.1" "generate-lockfile" "--manifest-path" "Cargo.toml", kill_on_drop: false }`
[INFO] [stderr]     Updating crates.io index
[INFO] [stderr]      Locking 260 packages to highest compatible versions
[INFO] [stderr]       Adding bson v0.14.1 (available: v3.1.0)
[INFO] [stderr]       Adding mongodb v0.9.2 (available: v3.9.1)
[INFO] [stderr]       Adding rmpv v0.4.7 (available: v1.3.1)
[INFO] [stderr]       Adding wasi v0.10.0+wasi-snapshot-preview1 (available: v0.10.2+wasi-snapshot-preview1)
[INFO] running `Command { std: CARGO_HOME="/workspace/cargo-home" RUSTUP_HOME="/workspace/rustup-home" "/workspace/cargo-home/bin/cargo" "+1.100.0-beta.1" "fetch" "--manifest-path" "Cargo.toml", kill_on_drop: false }`
[INFO] [stderr] warning: `package.homepage` is redundant with `package.repository`
[INFO] [stderr]   --> Cargo.toml:26:12
[INFO] [stderr]    |
[INFO] [stderr] 26 | homepage = "https://github.com/sunli829/potatonet"
[INFO] [stderr]    |            ^^^^^^^^^^^^^^^^^^^^^^^^^^^^^^^^^^^^^^^
[INFO] [stderr] ...
[INFO] [stderr] 31 | repository = "https://github.com/sunli829/potatonet"
[INFO] [stderr]    |              ---------------------------------------
[INFO] [stderr]    |
[INFO] [stderr]    = note: `cargo::redundant_homepage` is set to `warn` by default
[INFO] [stderr] help: consider removing `package.homepage`
[INFO] [stderr] warning: `potatonet-service-logger` (manifest) generated 1 warning
[INFO] running `Command { std: "docker" "create" "-v" "/var/lib/crater-agent-workspace/builds/worker-4-tc2/source:/opt/rustwide/workdir:ro,Z" "-v" "/var/lib/crater-agent-workspace/builds/worker-4-tc2/target:/opt/rustwide/target:rw,Z" "-v" "/var/lib/crater-agent-workspace/cargo-home:/opt/rustwide/cargo-home:ro,Z" "-v" "/var/lib/crater-agent-workspace/rustup-home:/opt/rustwide/rustup-home:ro,Z" "-m" "1610612736" "--network" "none" "ghcr.io/rust-lang/crates-build-env/linux@sha256:77db811e55d90add9212f6832c23229e3de5f1c1f9905e8cb07319ea15df73ac" "sleep" "infinity", kill_on_drop: false }`
[INFO] [stdout] 0cdb1a1bb823c70015c6f6ad06b4cb62f71a2f600858d3c3ba31376b492ca99e
[INFO] running `Command { std: "docker" "start" "0cdb1a1bb823c70015c6f6ad06b4cb62f71a2f600858d3c3ba31376b492ca99e", kill_on_drop: false }`
[INFO] running `Command { std: "docker" "inspect" "0cdb1a1bb823c70015c6f6ad06b4cb62f71a2f600858d3c3ba31376b492ca99e", kill_on_drop: false }`
[INFO] running `Command { std: "docker" "exec" "-e" "SOURCE_DIR=/opt/rustwide/workdir" "-e" "CARGO_HOME=/opt/rustwide/cargo-home" "-e" "RUSTUP_HOME=/opt/rustwide/rustup-home" "-e" "CARGO_TARGET_DIR=/opt/rustwide/target" "-w" "/opt/rustwide/workdir" "--user" "0:0" "0cdb1a1bb823c70015c6f6ad06b4cb62f71a2f600858d3c3ba31376b492ca99e" "/opt/rustwide/cargo-home/bin/cargo" "+1.100.0-beta.1" "metadata" "--no-deps" "--format-version=1", kill_on_drop: false }`
[INFO] running `Command { std: "docker" "inspect" "0cdb1a1bb823c70015c6f6ad06b4cb62f71a2f600858d3c3ba31376b492ca99e", kill_on_drop: false }`
[INFO] running `Command { std: "docker" "exec" "-e" "SOURCE_DIR=/opt/rustwide/workdir" "-e" "CARGO_HOME=/opt/rustwide/cargo-home" "-e" "RUSTUP_HOME=/opt/rustwide/rustup-home" "-e" "CARGO_TARGET_DIR=/opt/rustwide/target" "-e" "CARGO_INCREMENTAL=0" "-e" "RUST_BACKTRACE=full" "-e" "RUSTFLAGS=--cap-lints=warn" "-e" "RUSTDOCFLAGS=--cap-lints=warn" "-w" "/opt/rustwide/workdir" "--user" "0:0" "0cdb1a1bb823c70015c6f6ad06b4cb62f71a2f600858d3c3ba31376b492ca99e" "/opt/rustwide/cargo-home/bin/cargo" "+1.100.0-beta.1" "build" "--frozen" "--message-format=json" "--release", kill_on_drop: false }`
[INFO] [stderr] warning: `package.homepage` is redundant with `package.repository`
[INFO] [stderr]   --> Cargo.toml:26:12
[INFO] [stderr]    |
[INFO] [stderr] 26 | homepage = "https://github.com/sunli829/potatonet"
[INFO] [stderr]    |            ^^^^^^^^^^^^^^^^^^^^^^^^^^^^^^^^^^^^^^^
[INFO] [stderr] ...
[INFO] [stderr] 31 | repository = "https://github.com/sunli829/potatonet"
[INFO] [stderr]    |              ---------------------------------------
[INFO] [stderr]    |
[INFO] [stderr]    = note: `cargo::redundant_homepage` is set to `warn` by default
[INFO] [stderr] help: consider removing `package.homepage`
[INFO] [stderr] warning: `potatonet-service-logger` (manifest) generated 1 warning
[INFO] [stderr]    Compiling libc v0.2.191
[INFO] [stderr]    Compiling syn v1.0.109
[INFO] [stderr]    Compiling futures-io v0.3.34
[INFO] [stderr]    Compiling syn v3.0.9
[INFO] [stderr]    Compiling value-bag v1.14.1
[INFO] [stderr]    Compiling concurrent-queue v2.5.0
[INFO] [stderr]    Compiling rustix v1.1.5
[INFO] [stderr]    Compiling event-listener v5.4.2
[INFO] [stderr]    Compiling futures-lite v2.6.1
[INFO] [stderr]    Compiling futures-sink v0.3.34
[INFO] [stderr]    Compiling linux-raw-sys v0.12.1
[INFO] [stderr]    Compiling log v0.4.34
[INFO] [stderr]    Compiling event-listener-strategy v0.5.4
[INFO] [stderr]    Compiling futures-channel v0.3.34
[INFO] [stderr]    Compiling num-traits v0.2.19
[INFO] [stderr]    Compiling async-io v2.6.0
[INFO] [stderr]    Compiling getrandom v0.1.16
[INFO] [stderr]    Compiling syn v2.0.119
[INFO] [stderr]    Compiling typenum v1.20.1
[INFO] [stderr]    Compiling async-channel v2.5.0
[INFO] [stderr]    Compiling piper v0.2.5
[INFO] [stderr]    Compiling async-lock v3.4.2
[INFO] [stderr]    Compiling ring v0.16.20
[INFO] [stderr]    Compiling generic-array v0.12.4
[INFO] [stderr]    Compiling blocking v1.7.0
[INFO] [stderr]    Compiling errno v0.3.14
[INFO] [stderr]    Compiling rand_core v0.5.1
[INFO] [stderr]    Compiling signal-hook-registry v1.4.8
[INFO] [stderr]    Compiling rand_chacha v0.2.2
[INFO] [stderr]    Compiling rmp v0.8.15
[INFO] [stderr]    Compiling async-executor v1.14.0
[INFO] [stderr]    Compiling smallvec v1.16.3
[INFO] [stderr]    Compiling byte-tools v0.3.1
[INFO] [stderr]    Compiling block-padding v0.1.5
[INFO] [stderr]    Compiling async-channel v1.9.0
[INFO] [stderr]    Compiling rand v0.7.3
[INFO] [stderr]    Compiling digest v0.8.1
[INFO] [stderr]    Compiling kv-log-macro v1.0.7
[INFO] [stderr]    Compiling tinyvec v1.13.3
[INFO] [stderr]    Compiling pin-utils v0.1.1
[INFO] [stderr]    Compiling rustversion v1.0.23
[INFO] [stderr]    Compiling unicode-normalization v0.1.26
[INFO] [stderr]    Compiling net2 v0.2.39
[INFO] [stderr]    Compiling block-buffer v0.7.3
[INFO] [stderr]    Compiling iovec v0.1.4
[INFO] [stderr]    Compiling opaque-debug v0.2.3
[INFO] [stderr]    Compiling syn v0.15.44
[INFO] [stderr]    Compiling miniz_oxide v0.8.9
[INFO] [stderr]    Compiling mio v0.6.23
[INFO] [stderr]    Compiling darling_core v0.13.4
[INFO] [stderr]    Compiling synstructure v0.14.0
[INFO] [stderr]    Compiling object v0.37.3
[INFO] [stderr]    Compiling thiserror-impl v1.0.69
[INFO] [stderr]    Compiling linked-hash-map v0.5.6
[INFO] [stderr]    Compiling async-attributes v1.1.2
[INFO] [stderr]    Compiling matches v0.1.10
[INFO] [stderr]    Compiling serde_json v1.0.154
[INFO] [stderr]    Compiling rustc-demangle v0.1.28
[INFO] [stderr]    Compiling pin-project-lite v0.1.12
[INFO] [stderr]    Compiling lazy_static v1.5.1
[INFO] [stderr]    Compiling thiserror v1.0.69
[INFO] [stderr]    Compiling fake-simd v0.1.2
[INFO] [stderr]    Compiling subtle v1.0.0
[INFO] [stderr]    Compiling heck v0.4.1
[INFO] [stderr]    Compiling rand_core v0.4.3
[INFO] [stderr]    Compiling enum-as-inner v0.3.4
[INFO] [stderr]    Compiling rand_core v0.3.2
[INFO] [stderr]    Compiling zerofrom-derive v0.1.8
[INFO] [stderr]    Compiling serde_derive v1.0.229
[INFO] [stderr]    Compiling yoke-derive v0.8.4
[INFO] [stderr]    Compiling zerovec-derive v0.11.6
[INFO] [stderr]    Compiling displaydoc v0.2.7
[INFO] [stderr]    Compiling futures-macro v0.3.34
[INFO] [stderr]    Compiling polling v3.11.0
[INFO] [stderr]    Compiling zerofrom v0.1.8
[INFO] [stderr]    Compiling async-trait v0.1.92
[INFO] [stderr]    Compiling yoke v0.8.3
[INFO] [stderr]    Compiling zerovec v0.11.8
[INFO] [stderr]    Compiling zerotrie v0.2.5
[INFO] [stderr]    Compiling futures-util v0.3.34
[INFO] [stderr]    Compiling darling_macro v0.13.4
[INFO] [stderr]    Compiling tinystr v0.8.4
[INFO] [stderr]    Compiling potential_utf v0.1.6
[INFO] [stderr]    Compiling icu_locale_core v2.3.0
[INFO] [stderr]    Compiling icu_collections v2.3.0
[INFO] [stderr]    Compiling async-signal v0.2.14
[INFO] [stderr]    Compiling serde v1.0.229
[INFO] [stderr]    Compiling async-process v2.5.0
[INFO] [stderr]    Compiling icu_provider v2.3.1
[INFO] [stderr]    Compiling bytes v0.5.6
[INFO] [stderr]    Compiling icu_properties v2.3.0
[INFO] [stderr]    Compiling icu_normalizer v2.3.0
[INFO] [stderr]    Compiling async-global-executor v2.4.1
[INFO] [stderr]    Compiling futures-executor v0.3.34
[INFO] [stderr]    Compiling futures v0.3.34
[INFO] [stderr]    Compiling async-std v1.13.2
[INFO] [stderr]    Compiling rmp-serde v0.14.4
[INFO] [stderr]    Compiling tokio v0.2.25
[INFO] [stdout] error[E0425]: cannot find function `read_data_i8` in module `rmp::decode`
[INFO] [stdout]    --> /opt/rustwide/cargo-home/registry/src/index.crates.io-1949cf8c6b5b557f/rmp-serde-0.14.4/src/decode.rs:361:40
[INFO] [stdout]     |
[INFO] [stdout] 361 |                 let tag = rmp::decode::read_data_i8(self.rd)?;
[INFO] [stdout]     |                                        ^^^^^^^^^^^^ not found in `rmp::decode`
[INFO] [stdout] 
[INFO] [stdout] 
[INFO] [stdout] error[E0425]: cannot find function `read_data_u8` in module `rmp::decode`
[INFO] [stdout]    --> /opt/rustwide/cargo-home/registry/src/index.crates.io-1949cf8c6b5b557f/rmp-serde-0.14.4/src/decode.rs:405:57
[INFO] [stdout]     |
[INFO] [stdout] 405 |             Marker::U8 => visitor.visit_u8(rmp::decode::read_data_u8(&mut self.rd)?),
[INFO] [stdout]     |                                                         ^^^^^^^^^^^^ not found in `rmp::decode`
[INFO] [stdout] 
[INFO] [stdout] 
[INFO] [stdout] error[E0425]: cannot find function `read_data_u16` in module `rmp::decode`
[INFO] [stdout]    --> /opt/rustwide/cargo-home/registry/src/index.crates.io-1949cf8c6b5b557f/rmp-serde-0.14.4/src/decode.rs:406:59
[INFO] [stdout]     |
[INFO] [stdout] 406 |             Marker::U16 => visitor.visit_u16(rmp::decode::read_data_u16(&mut self.rd)?),
[INFO] [stdout]     |                                                           ^^^^^^^^^^^^^ not found in `rmp::decode`
[INFO] [stdout] 
[INFO] [stdout] 
[INFO] [stdout] error[E0425]: cannot find function `read_data_u32` in module `rmp::decode`
[INFO] [stdout]    --> /opt/rustwide/cargo-home/registry/src/index.crates.io-1949cf8c6b5b557f/rmp-serde-0.14.4/src/decode.rs:407:59
[INFO] [stdout]     |
[INFO] [stdout] 407 |             Marker::U32 => visitor.visit_u32(rmp::decode::read_data_u32(&mut self.rd)?),
[INFO] [stdout]     |                                                           ^^^^^^^^^^^^^ not found in `rmp::decode`
[INFO] [stdout] 
[INFO] [stdout] 
[INFO] [stdout] error[E0425]: cannot find function `read_data_u64` in module `rmp::decode`
[INFO] [stdout]    --> /opt/rustwide/cargo-home/registry/src/index.crates.io-1949cf8c6b5b557f/rmp-serde-0.14.4/src/decode.rs:408:59
[INFO] [stdout]     |
[INFO] [stdout] 408 |             Marker::U64 => visitor.visit_u64(rmp::decode::read_data_u64(&mut self.rd)?),
[INFO] [stdout]     |                                                           ^^^^^^^^^^^^^ not found in `rmp::decode`
[INFO] [stdout] 
[INFO] [stdout] 
[INFO] [stdout] error[E0425]: cannot find function `read_data_i8` in module `rmp::decode`
[INFO] [stdout]    --> /opt/rustwide/cargo-home/registry/src/index.crates.io-1949cf8c6b5b557f/rmp-serde-0.14.4/src/decode.rs:409:57
[INFO] [stdout]     |
[INFO] [stdout] 409 |             Marker::I8 => visitor.visit_i8(rmp::decode::read_data_i8(&mut self.rd)?),
[INFO] [stdout]     |                                                         ^^^^^^^^^^^^ not found in `rmp::decode`
[INFO] [stdout] 
[INFO] [stdout] 
[INFO] [stdout] error[E0425]: cannot find function `read_data_i16` in module `rmp::decode`
[INFO] [stdout]    --> /opt/rustwide/cargo-home/registry/src/index.crates.io-1949cf8c6b5b557f/rmp-serde-0.14.4/src/decode.rs:410:59
[INFO] [stdout]     |
[INFO] [stdout] 410 |             Marker::I16 => visitor.visit_i16(rmp::decode::read_data_i16(&mut self.rd)?),
[INFO] [stdout]     |                                                           ^^^^^^^^^^^^^ not found in `rmp::decode`
[INFO] [stdout] 
[INFO] [stdout] 
[INFO] [stdout] error[E0425]: cannot find function `read_data_i32` in module `rmp::decode`
[INFO] [stdout]    --> /opt/rustwide/cargo-home/registry/src/index.crates.io-1949cf8c6b5b557f/rmp-serde-0.14.4/src/decode.rs:411:59
[INFO] [stdout]     |
[INFO] [stdout] 411 |             Marker::I32 => visitor.visit_i32(rmp::decode::read_data_i32(&mut self.rd)?),
[INFO] [stdout]     |                                                           ^^^^^^^^^^^^^ not found in `rmp::decode`
[INFO] [stdout] 
[INFO] [stdout] 
[INFO] [stdout] error[E0425]: cannot find function `read_data_i64` in module `rmp::decode`
[INFO] [stdout]    --> /opt/rustwide/cargo-home/registry/src/index.crates.io-1949cf8c6b5b557f/rmp-serde-0.14.4/src/decode.rs:412:59
[INFO] [stdout]     |
[INFO] [stdout] 412 |             Marker::I64 => visitor.visit_i64(rmp::decode::read_data_i64(&mut self.rd)?),
[INFO] [stdout]     |                                                           ^^^^^^^^^^^^^ not found in `rmp::decode`
[INFO] [stdout] 
[INFO] [stdout] 
[INFO] [stdout] error[E0425]: cannot find function `read_data_f32` in module `rmp::decode`
[INFO] [stdout]    --> /opt/rustwide/cargo-home/registry/src/index.crates.io-1949cf8c6b5b557f/rmp-serde-0.14.4/src/decode.rs:413:59
[INFO] [stdout]     |
[INFO] [stdout] 413 |             Marker::F32 => visitor.visit_f32(rmp::decode::read_data_f32(&mut self.rd)?),
[INFO] [stdout]     |                                                           ^^^^^^^^^^^^^ not found in `rmp::decode`
[INFO] [stdout] 
[INFO] [stdout] 
[INFO] [stdout] error[E0425]: cannot find function `read_data_f64` in module `rmp::decode`
[INFO] [stdout]    --> /opt/rustwide/cargo-home/registry/src/index.crates.io-1949cf8c6b5b557f/rmp-serde-0.14.4/src/decode.rs:414:59
[INFO] [stdout]     |
[INFO] [stdout] 414 |             Marker::F64 => visitor.visit_f64(rmp::decode::read_data_f64(&mut self.rd)?),
[INFO] [stdout]     |                                                           ^^^^^^^^^^^^^ not found in `rmp::decode`
[INFO] [stdout] 
[INFO] [stdout] 
[INFO] [stdout] error[E0425]: cannot find function `read_data_u8` in module `rmp::decode`
[INFO] [stdout]    --> /opt/rustwide/cargo-home/registry/src/index.crates.io-1949cf8c6b5b557f/rmp-serde-0.14.4/src/decode.rs:604:58
[INFO] [stdout]     |
[INFO] [stdout] 604 |             Marker::U8 => visitor.visit_f32(rmp::decode::read_data_u8(&mut self.rd)?.into()),
[INFO] [stdout]     |                                                          ^^^^^^^^^^^^ not found in `rmp::decode`
[INFO] [stdout] 
[INFO] [stdout] 
[INFO] [stdout] error[E0425]: cannot find function `read_data_u16` in module `rmp::decode`
[INFO] [stdout]    --> /opt/rustwide/cargo-home/registry/src/index.crates.io-1949cf8c6b5b557f/rmp-serde-0.14.4/src/decode.rs:605:59
[INFO] [stdout]     |
[INFO] [stdout] 605 |             Marker::U16 => visitor.visit_f32(rmp::decode::read_data_u16(&mut self.rd)?.into()),
[INFO] [stdout]     |                                                           ^^^^^^^^^^^^^ not found in `rmp::decode`
[INFO] [stdout] 
[INFO] [stdout] 
[INFO] [stdout] error[E0425]: cannot find function `read_data_i8` in module `rmp::decode`
[INFO] [stdout]    --> /opt/rustwide/cargo-home/registry/src/index.crates.io-1949cf8c6b5b557f/rmp-serde-0.14.4/src/decode.rs:606:58
[INFO] [stdout]     |
[INFO] [stdout] 606 |             Marker::I8 => visitor.visit_f32(rmp::decode::read_data_i8(&mut self.rd)?.into()),
[INFO] [stdout]     |                                                          ^^^^^^^^^^^^ not found in `rmp::decode`
[INFO] [stdout] 
[INFO] [stdout] 
[INFO] [stdout] error[E0425]: cannot find function `read_data_i16` in module `rmp::decode`
[INFO] [stdout]    --> /opt/rustwide/cargo-home/registry/src/index.crates.io-1949cf8c6b5b557f/rmp-serde-0.14.4/src/decode.rs:607:59
[INFO] [stdout]     |
[INFO] [stdout] 607 |             Marker::I16 => visitor.visit_f32(rmp::decode::read_data_i16(&mut self.rd)?.into()),
[INFO] [stdout]     |                                                           ^^^^^^^^^^^^^ not found in `rmp::decode`
[INFO] [stdout] 
[INFO] [stdout] 
[INFO] [stdout] error[E0425]: cannot find function `read_data_f32` in module `rmp::decode`
[INFO] [stdout]    --> /opt/rustwide/cargo-home/registry/src/index.crates.io-1949cf8c6b5b557f/rmp-serde-0.14.4/src/decode.rs:608:59
[INFO] [stdout]     |
[INFO] [stdout] 608 |             Marker::F32 => visitor.visit_f32(rmp::decode::read_data_f32(&mut self.rd)?),
[INFO] [stdout]     |                                                           ^^^^^^^^^^^^^ not found in `rmp::decode`
[INFO] [stdout] 
[INFO] [stdout] 
[INFO] [stdout] error[E0425]: cannot find function `read_data_u8` in module `rmp::decode`
[INFO] [stdout]    --> /opt/rustwide/cargo-home/registry/src/index.crates.io-1949cf8c6b5b557f/rmp-serde-0.14.4/src/decode.rs:626:58
[INFO] [stdout]     |
[INFO] [stdout] 626 |             Marker::U8 => visitor.visit_f64(rmp::decode::read_data_u8(&mut self.rd)?.into()),
[INFO] [stdout]     |                                                          ^^^^^^^^^^^^ not found in `rmp::decode`
[INFO] [stdout] 
[INFO] [stdout] 
[INFO] [stdout] error[E0425]: cannot find function `read_data_u16` in module `rmp::decode`
[INFO] [stdout]    --> /opt/rustwide/cargo-home/registry/src/index.crates.io-1949cf8c6b5b557f/rmp-serde-0.14.4/src/decode.rs:627:59
[INFO] [stdout]     |
[INFO] [stdout] 627 |             Marker::U16 => visitor.visit_f64(rmp::decode::read_data_u16(&mut self.rd)?.into()),
[INFO] [stdout]     |                                                           ^^^^^^^^^^^^^ not found in `rmp::decode`
[INFO] [stdout] 
[INFO] [stdout] 
[INFO] [stdout] error[E0425]: cannot find function `read_data_u32` in module `rmp::decode`
[INFO] [stdout]    --> /opt/rustwide/cargo-home/registry/src/index.crates.io-1949cf8c6b5b557f/rmp-serde-0.14.4/src/decode.rs:628:59
[INFO] [stdout]     |
[INFO] [stdout] 628 |             Marker::U32 => visitor.visit_f64(rmp::decode::read_data_u32(&mut self.rd)?.into()),
[INFO] [stdout]     |                                                           ^^^^^^^^^^^^^ not found in `rmp::decode`
[INFO] [stdout] 
[INFO] [stdout] 
[INFO] [stdout] error[E0425]: cannot find function `read_data_i8` in module `rmp::decode`
[INFO] [stdout]    --> /opt/rustwide/cargo-home/registry/src/index.crates.io-1949cf8c6b5b557f/rmp-serde-0.14.4/src/decode.rs:629:58
[INFO] [stdout]     |
[INFO] [stdout] 629 |             Marker::I8 => visitor.visit_f64(rmp::decode::read_data_i8(&mut self.rd)?.into()),
[INFO] [stdout]     |                                                          ^^^^^^^^^^^^ not found in `rmp::decode`
[INFO] [stdout] 
[INFO] [stdout] 
[INFO] [stdout] error[E0425]: cannot find function `read_data_i16` in module `rmp::decode`
[INFO] [stdout]    --> /opt/rustwide/cargo-home/registry/src/index.crates.io-1949cf8c6b5b557f/rmp-serde-0.14.4/src/decode.rs:630:59
[INFO] [stdout]     |
[INFO] [stdout] 630 |             Marker::I16 => visitor.visit_f64(rmp::decode::read_data_i16(&mut self.rd)?.into()),
[INFO] [stdout]     |                                                           ^^^^^^^^^^^^^ not found in `rmp::decode`
[INFO] [stdout] 
[INFO] [stdout] 
[INFO] [stdout] error[E0425]: cannot find function `read_data_i32` in module `rmp::decode`
[INFO] [stdout]    --> /opt/rustwide/cargo-home/registry/src/index.crates.io-1949cf8c6b5b557f/rmp-serde-0.14.4/src/decode.rs:631:59
[INFO] [stdout]     |
[INFO] [stdout] 631 |             Marker::I32 => visitor.visit_f64(rmp::decode::read_data_i32(&mut self.rd)?.into()),
[INFO] [stdout]     |                                                           ^^^^^^^^^^^^^ not found in `rmp::decode`
[INFO] [stdout] 
[INFO] [stdout] 
[INFO] [stdout] error[E0425]: cannot find function `read_data_f32` in module `rmp::decode`
[INFO] [stdout]    --> /opt/rustwide/cargo-home/registry/src/index.crates.io-1949cf8c6b5b557f/rmp-serde-0.14.4/src/decode.rs:632:59
[INFO] [stdout]     |
[INFO] [stdout] 632 |             Marker::F32 => visitor.visit_f64(rmp::decode::read_data_f32(&mut self.rd)?.into()),
[INFO] [stdout]     |                                                           ^^^^^^^^^^^^^ not found in `rmp::decode`
[INFO] [stdout] 
[INFO] [stdout] 
[INFO] [stdout] error[E0425]: cannot find function `read_data_f64` in module `rmp::decode`
[INFO] [stdout]    --> /opt/rustwide/cargo-home/registry/src/index.crates.io-1949cf8c6b5b557f/rmp-serde-0.14.4/src/decode.rs:633:59
[INFO] [stdout]     |
[INFO] [stdout] 633 |             Marker::F64 => visitor.visit_f64(rmp::decode::read_data_f64(&mut self.rd)?),
[INFO] [stdout]     |                                                           ^^^^^^^^^^^^^ not found in `rmp::decode`
[INFO] [stdout] 
[INFO] [stdout] 
[INFO] [stdout] For more information about this error, try `rustc --explain E0425`.
[INFO] [stdout] 
[INFO] [stderr] error: could not compile `rmp-serde` (lib) due to 24 previous errors
[INFO] [stderr] warning: build failed, waiting for other jobs to finish...
[INFO] running `Command { std: "docker" "inspect" "0cdb1a1bb823c70015c6f6ad06b4cb62f71a2f600858d3c3ba31376b492ca99e", kill_on_drop: false }`
[INFO] running `Command { std: "docker" "rm" "-f" "0cdb1a1bb823c70015c6f6ad06b4cb62f71a2f600858d3c3ba31376b492ca99e", kill_on_drop: false }`
[INFO] [stdout] 0cdb1a1bb823c70015c6f6ad06b4cb62f71a2f600858d3c3ba31376b492ca99e
