[INFO] fetching crate postcard-schema-ng 0.4.0...
[INFO] testing postcard-schema-ng-0.4.0 against 1.99.0-beta.8+cargoflags=--release for beta-release-1.100-2
[INFO] extracting crate postcard-schema-ng 0.4.0 into /workspace/builds/worker-5-tc1/source
[INFO] started tweaking crates.io crate postcard-schema-ng 0.4.0
[INFO] removed 0 missing tests
[INFO] finished tweaking crates.io crate postcard-schema-ng 0.4.0
[INFO] tweaked toml for crates.io crate postcard-schema-ng 0.4.0 written to /workspace/builds/worker-5-tc1/source/Cargo.toml
[INFO] validating manifest of crates.io crate postcard-schema-ng 0.4.0 on toolchain 1.99.0-beta.8
[INFO] running `Command { std: CARGO_HOME="/workspace/cargo-home" RUSTUP_HOME="/workspace/rustup-home" "/workspace/cargo-home/bin/cargo" "+1.99.0-beta.8" "metadata" "--manifest-path" "Cargo.toml" "--no-deps", kill_on_drop: false }`
[INFO] crate crates.io crate postcard-schema-ng 0.4.0 already has a lockfile, it will not be regenerated
[INFO] running `Command { std: CARGO_HOME="/workspace/cargo-home" RUSTUP_HOME="/workspace/rustup-home" "/workspace/cargo-home/bin/cargo" "+1.99.0-beta.8" "fetch" "--manifest-path" "Cargo.toml", kill_on_drop: false }`
[INFO] [stderr]     Updating crates.io index
[INFO] [stderr]  Downloading crates ...
[INFO] [stderr]   Downloaded postcard-core v0.1.0
[INFO] [stderr]   Downloaded postcard-derive-ng v0.3.1
[INFO] [stderr]   Downloaded enum-map v3.1.0
[INFO] [stderr]   Downloaded fixed v1.31.0
[INFO] running `Command { std: "docker" "create" "-v" "/var/lib/crater-agent-workspace/builds/worker-5-tc1/source:/opt/rustwide/workdir:ro,Z" "-v" "/var/lib/crater-agent-workspace/builds/worker-5-tc1/target:/opt/rustwide/target:rw,Z" "-v" "/var/lib/crater-agent-workspace/cargo-home:/opt/rustwide/cargo-home:ro,Z" "-v" "/var/lib/crater-agent-workspace/rustup-home:/opt/rustwide/rustup-home:ro,Z" "-m" "1610612736" "--network" "none" "ghcr.io/rust-lang/crates-build-env/linux@sha256:77db811e55d90add9212f6832c23229e3de5f1c1f9905e8cb07319ea15df73ac" "sleep" "infinity", kill_on_drop: false }`
[INFO] [stdout] 25d84c053991a3d92cc9f88e9c2ea1bca254d1b6838eb70aa6caddfc23761c26
[INFO] running `Command { std: "docker" "start" "25d84c053991a3d92cc9f88e9c2ea1bca254d1b6838eb70aa6caddfc23761c26", kill_on_drop: false }`
[INFO] running `Command { std: "docker" "inspect" "25d84c053991a3d92cc9f88e9c2ea1bca254d1b6838eb70aa6caddfc23761c26", kill_on_drop: false }`
[INFO] running `Command { std: "docker" "exec" "-e" "SOURCE_DIR=/opt/rustwide/workdir" "-e" "CARGO_HOME=/opt/rustwide/cargo-home" "-e" "RUSTUP_HOME=/opt/rustwide/rustup-home" "-e" "CARGO_TARGET_DIR=/opt/rustwide/target" "-w" "/opt/rustwide/workdir" "--user" "0:0" "25d84c053991a3d92cc9f88e9c2ea1bca254d1b6838eb70aa6caddfc23761c26" "/opt/rustwide/cargo-home/bin/cargo" "+1.99.0-beta.8" "metadata" "--no-deps" "--format-version=1", kill_on_drop: false }`
[INFO] running `Command { std: "docker" "inspect" "25d84c053991a3d92cc9f88e9c2ea1bca254d1b6838eb70aa6caddfc23761c26", kill_on_drop: false }`
[INFO] running `Command { std: "docker" "exec" "-e" "SOURCE_DIR=/opt/rustwide/workdir" "-e" "CARGO_HOME=/opt/rustwide/cargo-home" "-e" "RUSTUP_HOME=/opt/rustwide/rustup-home" "-e" "CARGO_TARGET_DIR=/opt/rustwide/target" "-e" "CARGO_INCREMENTAL=0" "-e" "RUST_BACKTRACE=full" "-e" "RUSTFLAGS=--cap-lints=warn" "-e" "RUSTDOCFLAGS=--cap-lints=warn" "-w" "/opt/rustwide/workdir" "--user" "0:0" "25d84c053991a3d92cc9f88e9c2ea1bca254d1b6838eb70aa6caddfc23761c26" "/opt/rustwide/cargo-home/bin/cargo" "+1.99.0-beta.8" "build" "--frozen" "--message-format=json" "--release", kill_on_drop: false }`
[INFO] [stderr]    Compiling proc-macro2 v1.0.107
[INFO] [stderr]    Compiling quote v1.0.47
[INFO] [stderr]    Compiling serde_core v1.0.229
[INFO] [stderr]    Compiling serde v1.0.229
[INFO] [stderr]    Compiling postcard-core v0.1.0
[INFO] [stderr]    Compiling syn v3.0.5
[INFO] [stderr]    Compiling serde_derive v1.0.229
[INFO] [stderr]    Compiling postcard-schema-ng v0.4.0 (/opt/rustwide/workdir)
[INFO] [stderr]     Finished `release` profile [optimized] target(s) in 11.27s
[INFO] running `Command { std: "docker" "inspect" "25d84c053991a3d92cc9f88e9c2ea1bca254d1b6838eb70aa6caddfc23761c26", kill_on_drop: false }`
[INFO] running `Command { std: "docker" "exec" "-e" "SOURCE_DIR=/opt/rustwide/workdir" "-e" "CARGO_HOME=/opt/rustwide/cargo-home" "-e" "RUSTUP_HOME=/opt/rustwide/rustup-home" "-e" "CARGO_TARGET_DIR=/opt/rustwide/target" "-e" "CARGO_INCREMENTAL=0" "-e" "RUST_BACKTRACE=full" "-e" "RUSTFLAGS=--cap-lints=warn" "-e" "RUSTDOCFLAGS=--cap-lints=warn" "-w" "/opt/rustwide/workdir" "--user" "0:0" "25d84c053991a3d92cc9f88e9c2ea1bca254d1b6838eb70aa6caddfc23761c26" "/opt/rustwide/cargo-home/bin/cargo" "+1.99.0-beta.8" "test" "--frozen" "--no-run" "--message-format=json" "--release", kill_on_drop: false }`
[INFO] [stderr]    Compiling serde v1.0.229
[INFO] [stderr]    Compiling num-traits v0.2.19
[INFO] [stderr]    Compiling heapless v0.7.17
[INFO] [stderr]    Compiling thiserror v2.0.20
[INFO] [stderr]    Compiling spin v0.9.9
[INFO] [stderr]    Compiling hash32 v0.2.1
[INFO] [stderr]    Compiling uuid v1.26.0
[INFO] [stderr]    Compiling cobs v0.3.0
[INFO] [stderr]    Compiling approx v0.5.1
[INFO] [stderr]    Compiling num-integer v0.1.47
[INFO] [stderr]    Compiling num-complex v0.4.6
[INFO] [stderr]    Compiling chrono v0.4.45
[INFO] [stderr]    Compiling postcard-schema-ng v0.4.0 (/opt/rustwide/workdir)
[INFO] [stderr]    Compiling num-rational v0.4.2
[INFO] [stderr]    Compiling simba v0.9.1
[INFO] [stderr]    Compiling postcard v1.1.3
[INFO] [stderr]    Compiling nalgebra v0.33.3
[INFO] [stdout] error[E0432]: unresolved import `crate::max_len::MaxLenString`
[INFO] [stdout]    --> src/key/hash.rs:558:9
[INFO] [stdout]     |
[INFO] [stdout] 558 |         max_len::MaxLenString,
[INFO] [stdout]     |         ^^^^^^^^^------------
[INFO] [stdout]     |                  |
[INFO] [stdout]     |                  no `MaxLenString` in `max_len`
[INFO] [stdout]     |
[INFO] [stdout] note: found an item that was configured out
[INFO] [stdout]    --> src/lib.rs:13:63
[INFO] [stdout]     |
[INFO] [stdout]  12 |     #[cfg(feature = "use-std")]
[INFO] [stdout]     |           ------------------- the item is gated behind the `use-std` feature
[INFO] [stdout]  13 |     pub use crate::impls::builtins_maxlen::std::{MaxLenBytes, MaxLenString};
[INFO] [stdout]     |                                                               ^^^^^^^^^^^^
[INFO] [stdout] help: a similar name exists in the module
[INFO] [stdout]     |
[INFO] [stdout] 558 -         max_len::MaxLenString,
[INFO] [stdout] 558 +         max_len::MaxLenStr,
[INFO] [stdout]     |
[INFO] [stdout] 
[INFO] [stdout] 
[INFO] [stdout] error: cannot find derive macro `Schema` in this scope
[INFO] [stdout]    --> src/key/hash.rs:568:18
[INFO] [stdout]     |
[INFO] [stdout] 568 |         #[derive(Schema)]
[INFO] [stdout]     |                  ^^^^^^
[INFO] [stdout]     |
[INFO] [stdout] note: `Schema` is a trait, not a derive macro
[INFO] [stdout]    --> src/lib.rs:83:1
[INFO] [stdout]     |
[INFO] [stdout]  83 | / pub trait Schema {
[INFO] [stdout]  84 | |     /// A recursive data structure that describes the schema of the given
[INFO] [stdout]  85 | |     /// type.
[INFO] [stdout]  86 | |     const SCHEMA: &'static schema::DataModelType;
[INFO] [stdout]  87 | | }
[INFO] [stdout]     | |_^
[INFO] [stdout]     = help: consider implementing `Schema` for your type manually
[INFO] [stdout] 
[INFO] [stdout] 
[INFO] [stdout] error: cannot find attribute `postcard` in this scope
[INFO] [stdout]    --> src/key/hash.rs:569:11
[INFO] [stdout]     |
[INFO] [stdout] 569 |         #[postcard(crate = crate)]
[INFO] [stdout]     |           ^^^^^^^^
[INFO] [stdout]     |
[INFO] [stdout]     = note: `postcard` is in scope, but it is a crate, not an attribute
[INFO] [stdout] 
[INFO] [stdout] 
[INFO] [stdout] error: cannot find derive macro `Schema` in this scope
[INFO] [stdout]    --> src/key/hash.rs:575:18
[INFO] [stdout]     |
[INFO] [stdout] 575 |         #[derive(Schema)]
[INFO] [stdout]     |                  ^^^^^^
[INFO] [stdout]     |
[INFO] [stdout] note: `Schema` is a trait, not a derive macro
[INFO] [stdout]    --> src/lib.rs:83:1
[INFO] [stdout]     |
[INFO] [stdout]  83 | / pub trait Schema {
[INFO] [stdout]  84 | |     /// A recursive data structure that describes the schema of the given
[INFO] [stdout]  85 | |     /// type.
[INFO] [stdout]  86 | |     const SCHEMA: &'static schema::DataModelType;
[INFO] [stdout]  87 | | }
[INFO] [stdout]     | |_^
[INFO] [stdout]     = help: consider implementing `Schema` for your type manually
[INFO] [stdout] 
[INFO] [stdout] 
[INFO] [stdout] error: cannot find attribute `postcard` in this scope
[INFO] [stdout]    --> src/key/hash.rs:576:11
[INFO] [stdout]     |
[INFO] [stdout] 576 |         #[postcard(crate = crate)]
[INFO] [stdout]     |           ^^^^^^^^
[INFO] [stdout]     |
[INFO] [stdout]     = note: `postcard` is in scope, but it is a crate, not an attribute
[INFO] [stdout] 
[INFO] [stdout] 
[INFO] [stdout] error: cannot find derive macro `Schema` in this scope
[INFO] [stdout]    --> src/key/hash.rs:582:18
[INFO] [stdout]     |
[INFO] [stdout] 582 |         #[derive(Schema)]
[INFO] [stdout]     |                  ^^^^^^
[INFO] [stdout]     |
[INFO] [stdout] note: `Schema` is a trait, not a derive macro
[INFO] [stdout]    --> src/lib.rs:83:1
[INFO] [stdout]     |
[INFO] [stdout]  83 | / pub trait Schema {
[INFO] [stdout]  84 | |     /// A recursive data structure that describes the schema of the given
[INFO] [stdout]  85 | |     /// type.
[INFO] [stdout]  86 | |     const SCHEMA: &'static schema::DataModelType;
[INFO] [stdout]  87 | | }
[INFO] [stdout]     | |_^
[INFO] [stdout]     = help: consider implementing `Schema` for your type manually
[INFO] [stdout] 
[INFO] [stdout] 
[INFO] [stdout] error: cannot find attribute `postcard` in this scope
[INFO] [stdout]    --> src/key/hash.rs:583:11
[INFO] [stdout]     |
[INFO] [stdout] 583 |         #[postcard(crate = crate)]
[INFO] [stdout]     |           ^^^^^^^^
[INFO] [stdout]     |
[INFO] [stdout]     = note: `postcard` is in scope, but it is a crate, not an attribute
[INFO] [stdout] 
[INFO] [stdout] 
[INFO] [stdout] error: cannot find derive macro `Schema` in this scope
[INFO] [stdout]    --> src/key/hash.rs:589:18
[INFO] [stdout]     |
[INFO] [stdout] 589 |         #[derive(Schema)]
[INFO] [stdout]     |                  ^^^^^^
[INFO] [stdout]     |
[INFO] [stdout] note: `Schema` is a trait, not a derive macro
[INFO] [stdout]    --> src/lib.rs:83:1
[INFO] [stdout]     |
[INFO] [stdout]  83 | / pub trait Schema {
[INFO] [stdout]  84 | |     /// A recursive data structure that describes the schema of the given
[INFO] [stdout]  85 | |     /// type.
[INFO] [stdout]  86 | |     const SCHEMA: &'static schema::DataModelType;
[INFO] [stdout]  87 | | }
[INFO] [stdout]     | |_^
[INFO] [stdout]     = help: consider implementing `Schema` for your type manually
[INFO] [stdout] 
[INFO] [stdout] 
[INFO] [stdout] error: cannot find attribute `postcard` in this scope
[INFO] [stdout]    --> src/key/hash.rs:590:11
[INFO] [stdout]     |
[INFO] [stdout] 590 |         #[postcard(crate = crate)]
[INFO] [stdout]     |           ^^^^^^^^
[INFO] [stdout]     |
[INFO] [stdout]     = note: `postcard` is in scope, but it is a crate, not an attribute
[INFO] [stdout] 
[INFO] [stdout] 
[INFO] [stdout] error: cannot find derive macro `Schema` in this scope
[INFO] [stdout]   --> src/lib.rs:96:18
[INFO] [stdout]    |
[INFO] [stdout] 96 |         #[derive(Schema)]
[INFO] [stdout]    |                  ^^^^^^
[INFO] [stdout]    |
[INFO] [stdout] note: `Schema` is a trait, not a derive macro
[INFO] [stdout]   --> src/lib.rs:83:1
[INFO] [stdout]    |
[INFO] [stdout] 83 | / pub trait Schema {
[INFO] [stdout] 84 | |     /// A recursive data structure that describes the schema of the given
[INFO] [stdout] 85 | |     /// type.
[INFO] [stdout] 86 | |     const SCHEMA: &'static schema::DataModelType;
[INFO] [stdout] 87 | | }
[INFO] [stdout]    | |_^
[INFO] [stdout]    = help: consider implementing `Schema` for your type manually
[INFO] [stdout] 
[INFO] [stdout] 
[INFO] [stdout] error: cannot find attribute `postcard` in this scope
[INFO] [stdout]   --> src/lib.rs:97:11
[INFO] [stdout]    |
[INFO] [stdout] 97 |         #[postcard(crate = crate)]
[INFO] [stdout]    |           ^^^^^^^^
[INFO] [stdout]    |
[INFO] [stdout]    = note: `postcard` is in scope, but it is a crate, not an attribute
[INFO] [stdout] 
[INFO] [stdout] 
[INFO] [stdout] error[E0432]: unresolved import `postcard_schema_ng::schema::owned`
[INFO] [stdout]    --> tests/schema.rs:2:14
[INFO] [stdout]     |
[INFO] [stdout]   2 |     schema::{owned::OwnedDataModelType, Data, DataModelType, NamedField, Variant},
[INFO] [stdout]     |              ^^^^^ could not find `owned` in `schema`
[INFO] [stdout]     |
[INFO] [stdout] note: found an item that was configured out
[INFO] [stdout]    --> src/schema/mod.rs:323:9
[INFO] [stdout]     |
[INFO] [stdout] 322 | #[cfg(any(feature = "use-std", feature = "alloc"))]
[INFO] [stdout]     |          ---------------------------------------- the item is gated here
[INFO] [stdout] 323 | pub mod owned;
[INFO] [stdout]     |         ^^^^^
[INFO] [stdout] 
[INFO] [stdout] 
[INFO] [stdout] error: cannot find derive macro `Schema` in this scope
[INFO] [stdout]   --> tests/schema.rs:8:10
[INFO] [stdout]    |
[INFO] [stdout]  8 | #[derive(Schema)]
[INFO] [stdout]    |          ^^^^^^
[INFO] [stdout]    |
[INFO] [stdout] note: `Schema` is a trait, not a derive macro
[INFO] [stdout]   --> src/lib.rs:83:1
[INFO] [stdout]    |
[INFO] [stdout] 83 | pub trait Schema {
[INFO] [stdout]    | ^^^^^^^^^^^^^^^^
[INFO] [stdout]    = help: consider implementing `Schema` for your type manually
[INFO] [stdout] 
[INFO] [stdout] 
[INFO] [stdout] error[E0277]: the trait bound `Bar: Schema` is not satisfied
[INFO] [stdout]    --> src/key/hash.rs:603:28
[INFO] [stdout]     |
[INFO] [stdout] 603 |             hash_ty_path::<Bar>("test_path"),
[INFO] [stdout]     |                            ^^^ unsatisfied trait bound
[INFO] [stdout]     |
[INFO] [stdout] help: the trait `Schema` is not implemented for `Bar`
[INFO] [stdout]    --> src/key/hash.rs:577:9
[INFO] [stdout]     |
[INFO] [stdout] 577 |         enum Bar {
[INFO] [stdout]     |         ^^^^^^^^
[INFO] [stdout]     = help: the following other types implement trait `Schema`:
[INFO] [stdout]               &T
[INFO] [stdout]               ()
[INFO] [stdout]               (A,)
[INFO] [stdout]               (A, B)
[INFO] [stdout]               (A, B, C)
[INFO] [stdout]               (A, B, C, D)
[INFO] [stdout]               (A, B, C, D, E)
[INFO] [stdout]               (A, B, C, D, E, F)
[INFO] [stdout]             and 47 others
[INFO] [stdout] note: required by a bound in `hash_ty_path`
[INFO] [stdout]    --> src/key/hash.rs:110:34
[INFO] [stdout]     |
[INFO] [stdout] 110 |     pub const fn hash_ty_path<T: Schema + ?Sized>(path: &str) -> [u8; 8] {
[INFO] [stdout]     |                                  ^^^^^^ required by this bound in `hash_ty_path`
[INFO] [stdout] 
[INFO] [stdout] 
[INFO] [stdout] error: cannot find attribute `serde` in this scope
[INFO] [stdout]   --> tests/schema.rs:9:3
[INFO] [stdout]    |
[INFO] [stdout]  9 | #[serde(rename = "Inner'")]
[INFO] [stdout]    |   ^^^^^
[INFO] [stdout]    |
[INFO] [stdout]    = note: `serde` is in scope, but it is a crate, not an attribute
[INFO] [stdout] help: `serde` is an attribute that can be used by the derive macros `Deserialize` and `Serialize`, you might be missing a `derive` attribute
[INFO] [stdout]    |
[INFO] [stdout] 10 + #[derive(Deserialize, Serialize)]
[INFO] [stdout] 11 | enum Inner {
[INFO] [stdout]    |
[INFO] [stdout] 
[INFO] [stdout] 
[INFO] [stdout] error: cannot find attribute `serde` in this scope
[INFO] [stdout]   --> tests/schema.rs:11:7
[INFO] [stdout]    |
[INFO] [stdout] 11 |     #[serde(rename = "⍺")]
[INFO] [stdout]    |       ^^^^^
[INFO] [stdout]    |
[INFO] [stdout]    = note: `serde` is in scope, but it is a crate, not an attribute
[INFO] [stdout] help: `serde` is an attribute that can be used by the derive macros `Deserialize` and `Serialize`, you might be missing a `derive` attribute
[INFO] [stdout]    |
[INFO] [stdout] 10 + #[derive(Deserialize, Serialize)]
[INFO] [stdout] 11 | enum Inner {
[INFO] [stdout]    |
[INFO] [stdout] 
[INFO] [stdout] 
[INFO] [stdout] error: cannot find derive macro `Schema` in this scope
[INFO] [stdout]   --> tests/schema.rs:23:10
[INFO] [stdout]    |
[INFO] [stdout] 23 | #[derive(Schema)]
[INFO] [stdout]    |          ^^^^^^
[INFO] [stdout]    |
[INFO] [stdout] note: `Schema` is a trait, not a derive macro
[INFO] [stdout]   --> src/lib.rs:83:1
[INFO] [stdout]    |
[INFO] [stdout] 83 | pub trait Schema {
[INFO] [stdout]    | ^^^^^^^^^^^^^^^^
[INFO] [stdout]    = help: consider implementing `Schema` for your type manually
[INFO] [stdout] 
[INFO] [stdout] 
[INFO] [stdout] error: cannot find attribute `serde` in this scope
[INFO] [stdout]   --> tests/schema.rs:24:3
[INFO] [stdout]    |
[INFO] [stdout] 24 | #[serde(rename = "Outer'")]
[INFO] [stdout]    |   ^^^^^
[INFO] [stdout]    |
[INFO] [stdout]    = note: `serde` is in scope, but it is a crate, not an attribute
[INFO] [stdout] help: `serde` is an attribute that can be used by the derive macros `Deserialize` and `Serialize`, you might be missing a `derive` attribute
[INFO] [stdout]    |
[INFO] [stdout] 25 + #[derive(Deserialize, Serialize)]
[INFO] [stdout] 26 | struct Outer<'a> {
[INFO] [stdout]    |
[INFO] [stdout] 
[INFO] [stdout] 
[INFO] [stdout] error: cannot find attribute `serde` in this scope
[INFO] [stdout]   --> tests/schema.rs:27:7
[INFO] [stdout]    |
[INFO] [stdout] 27 |     #[serde(rename = "b'")]
[INFO] [stdout]    |       ^^^^^
[INFO] [stdout]    |
[INFO] [stdout]    = note: `serde` is an attribute that can be used by the derive macros `Deserialize` and `Serialize`, you might be missing a `derive` attribute
[INFO] [stdout]    = note: `serde` is in scope, but it is a crate, not an attribute
[INFO] [stdout] 
[INFO] [stdout] 
[INFO] [stdout] error: cannot find derive macro `Schema` in this scope
[INFO] [stdout]   --> tests/schema.rs:36:10
[INFO] [stdout]    |
[INFO] [stdout] 36 | #[derive(Schema)]
[INFO] [stdout]    |          ^^^^^^
[INFO] [stdout]    |
[INFO] [stdout] note: `Schema` is a trait, not a derive macro
[INFO] [stdout]   --> src/lib.rs:83:1
[INFO] [stdout]    |
[INFO] [stdout] 83 | pub trait Schema {
[INFO] [stdout]    | ^^^^^^^^^^^^^^^^
[INFO] [stdout]    = help: consider implementing `Schema` for your type manually
[INFO] [stdout] 
[INFO] [stdout] 
[INFO] [stdout] error: cannot find derive macro `Schema` in this scope
[INFO] [stdout]   --> tests/schema.rs:42:10
[INFO] [stdout]    |
[INFO] [stdout] 42 | #[derive(Schema)]
[INFO] [stdout]    |          ^^^^^^
[INFO] [stdout]    |
[INFO] [stdout] note: `Schema` is a trait, not a derive macro
[INFO] [stdout]   --> src/lib.rs:83:1
[INFO] [stdout]    |
[INFO] [stdout] 83 | pub trait Schema {
[INFO] [stdout]    | ^^^^^^^^^^^^^^^^
[INFO] [stdout]    = help: consider implementing `Schema` for your type manually
[INFO] [stdout] 
[INFO] [stdout] 
[INFO] [stdout] error[E0599]: the variant, associated function, or constant `SCHEMA` exists for enum `Bar`, but its trait bounds were not satisfied
[INFO] [stdout]    --> src/key/hash.rs:609:72
[INFO] [stdout]     |
[INFO] [stdout] 577 |         enum Bar {
[INFO] [stdout]     |         -------- variant, associated function, or constant `SCHEMA` not found for this enum because it doesn't satisfy `Bar: Schema`
[INFO] [stdout] ...
[INFO] [stdout] 609 |                 &[HashItem::String("test_path"), HashItem::Schema(Bar::SCHEMA)]
[INFO] [stdout]     |                                                                        ^^^^^^ variant, associated function, or constant cannot be called on `Bar` due to unsatisfied trait bounds
[INFO] [stdout]     |
[INFO] [stdout] note: trait bound `Bar: Schema` was not satisfied
[INFO] [stdout]    --> src/impls/builtins_nostd.rs:85:9
[INFO] [stdout]     |
[INFO] [stdout]  85 | impl<T: Schema + ?Sized> Schema for &'_ T {
[INFO] [stdout]     |         ^^^^^^           ------     -----
[INFO] [stdout]     |         |
[INFO] [stdout]     |         unsatisfied trait bound introduced here
[INFO] [stdout] note: the trait `Schema` must be implemented
[INFO] [stdout]    --> src/lib.rs:83:1
[INFO] [stdout]     |
[INFO] [stdout]  83 | pub trait Schema {
[INFO] [stdout]     | ^^^^^^^^^^^^^^^^
[INFO] [stdout]     = help: items from traits can only be used if the trait is implemented and in scope
[INFO] [stdout] note: `Schema` defines an item `SCHEMA`, perhaps you need to implement it
[INFO] [stdout]    --> src/lib.rs:83:1
[INFO] [stdout]     |
[INFO] [stdout]  83 | pub trait Schema {
[INFO] [stdout]     | ^^^^^^^^^^^^^^^^
[INFO] [stdout] 
[INFO] [stdout] 
[INFO] [stdout] error[E0599]: the variant, associated function, or constant `SCHEMA` exists for enum `Bar`, but its trait bounds were not satisfied
[INFO] [stdout]    --> src/key/hash.rs:616:72
[INFO] [stdout]     |
[INFO] [stdout] 577 |         enum Bar {
[INFO] [stdout]     |         -------- variant, associated function, or constant `SCHEMA` not found for this enum because it doesn't satisfy `Bar: Schema`
[INFO] [stdout] ...
[INFO] [stdout] 616 |                 &[HashItem::String("test_path"), HashItem::Schema(Bar::SCHEMA)]
[INFO] [stdout]     |                                                                        ^^^^^^ variant, associated function, or constant cannot be called on `Bar` due to unsatisfied trait bounds
[INFO] [stdout]     |
[INFO] [stdout] note: trait bound `Bar: Schema` was not satisfied
[INFO] [stdout]    --> src/impls/builtins_nostd.rs:85:9
[INFO] [stdout]     |
[INFO] [stdout]  85 | impl<T: Schema + ?Sized> Schema for &'_ T {
[INFO] [stdout]     |         ^^^^^^           ------     -----
[INFO] [stdout]     |         |
[INFO] [stdout]     |         unsatisfied trait bound introduced here
[INFO] [stdout] note: the trait `Schema` must be implemented
[INFO] [stdout]    --> src/lib.rs:83:1
[INFO] [stdout]     |
[INFO] [stdout]  83 | pub trait Schema {
[INFO] [stdout]     | ^^^^^^^^^^^^^^^^
[INFO] [stdout]     = help: items from traits can only be used if the trait is implemented and in scope
[INFO] [stdout] note: `Schema` defines an item `SCHEMA`, perhaps you need to implement it
[INFO] [stdout]    --> src/lib.rs:83:1
[INFO] [stdout]     |
[INFO] [stdout]  83 | pub trait Schema {
[INFO] [stdout]     | ^^^^^^^^^^^^^^^^
[INFO] [stdout] 
[INFO] [stdout] 
[INFO] [stdout] error[E0277]: the trait bound `Bar2<32>: Schema` is not satisfied
[INFO] [stdout]    --> src/key/hash.rs:622:28
[INFO] [stdout]     |
[INFO] [stdout] 622 |             hash_ty_path::<Bar2<32>>("test_path"),
[INFO] [stdout]     |                            ^^^^^^^^ unsatisfied trait bound
[INFO] [stdout]     |
[INFO] [stdout] help: the trait `Schema` is not implemented for `Bar2<32>`
[INFO] [stdout]    --> src/key/hash.rs:591:9
[INFO] [stdout]     |
[INFO] [stdout] 591 |         enum Bar2<const N: usize> {
[INFO] [stdout]     |         ^^^^^^^^^^^^^^^^^^^^^^^^^
[INFO] [stdout]     = help: the following other types implement trait `Schema`:
[INFO] [stdout]               &T
[INFO] [stdout]               ()
[INFO] [stdout]               (A,)
[INFO] [stdout]               (A, B)
[INFO] [stdout]               (A, B, C)
[INFO] [stdout]               (A, B, C, D)
[INFO] [stdout]               (A, B, C, D, E)
[INFO] [stdout]               (A, B, C, D, E, F)
[INFO] [stdout]             and 47 others
[INFO] [stdout] note: required by a bound in `hash_ty_path`
[INFO] [stdout]    --> src/key/hash.rs:110:34
[INFO] [stdout]     |
[INFO] [stdout] 110 |     pub const fn hash_ty_path<T: Schema + ?Sized>(path: &str) -> [u8; 8] {
[INFO] [stdout]     |                                  ^^^^^^ required by this bound in `hash_ty_path`
[INFO] [stdout] 
[INFO] [stdout] 
[INFO] [stdout] error: cannot find attribute `postcard` in this scope
[INFO] [stdout]   --> tests/schema.rs:43:3
[INFO] [stdout]    |
[INFO] [stdout] 43 | #[postcard(bound = "")] // doesn't compile without this
[INFO] [stdout]    |   ^^^^^^^^
[INFO] [stdout]    |
[INFO] [stdout]    = note: `postcard` is in scope, but it is a crate, not an attribute
[INFO] [stdout] 
[INFO] [stdout] 
[INFO] [stdout] error: cannot find derive macro `Schema` in this scope
[INFO] [stdout]    --> tests/schema.rs:173:17
[INFO] [stdout]     |
[INFO] [stdout] 173 | #[derive(Debug, Schema)]
[INFO] [stdout]     |                 ^^^^^^
[INFO] [stdout]     |
[INFO] [stdout] note: `Schema` is a trait, not a derive macro
[INFO] [stdout]    --> src/lib.rs:83:1
[INFO] [stdout]     |
[INFO] [stdout]  83 | pub trait Schema {
[INFO] [stdout]     | ^^^^^^^^^^^^^^^^
[INFO] [stdout]     = help: consider implementing `Schema` for your type manually
[INFO] [stdout] 
[INFO] [stdout] 
[INFO] [stdout] error[E0599]: the variant, associated function, or constant `SCHEMA` exists for enum `Bar2<32>`, but its trait bounds were not satisfied
[INFO] [stdout]    --> src/key/hash.rs:630:50
[INFO] [stdout]     |
[INFO] [stdout] 591 |         enum Bar2<const N: usize> {
[INFO] [stdout]     |         ------------------------- variant, associated function, or constant `SCHEMA` not found for this enum because it doesn't satisfy `Bar2<32>: Schema`
[INFO] [stdout] ...
[INFO] [stdout] 630 |                     HashItem::Schema(Bar2::<32>::SCHEMA)
[INFO] [stdout]     |                                                  ^^^^^^ variant, associated function, or constant cannot be called on `Bar2<32>` due to unsatisfied trait bounds
[INFO] [stdout]     |
[INFO] [stdout] note: trait bound `Bar2<32>: Schema` was not satisfied
[INFO] [stdout]    --> src/impls/builtins_nostd.rs:85:9
[INFO] [stdout]     |
[INFO] [stdout]  85 | impl<T: Schema + ?Sized> Schema for &'_ T {
[INFO] [stdout]     |         ^^^^^^           ------     -----
[INFO] [stdout]     |         |
[INFO] [stdout]     |         unsatisfied trait bound introduced here
[INFO] [stdout] note: the trait `Schema` must be implemented
[INFO] [stdout]    --> src/lib.rs:83:1
[INFO] [stdout]     |
[INFO] [stdout]  83 | pub trait Schema {
[INFO] [stdout]     | ^^^^^^^^^^^^^^^^
[INFO] [stdout]     = help: items from traits can only be used if the trait is implemented and in scope
[INFO] [stdout] note: `Schema` defines an item `SCHEMA`, perhaps you need to implement it
[INFO] [stdout]    --> src/lib.rs:83:1
[INFO] [stdout]     |
[INFO] [stdout]  83 | pub trait Schema {
[INFO] [stdout]     | ^^^^^^^^^^^^^^^^
[INFO] [stdout] 
[INFO] [stdout] 
[INFO] [stdout] error: cannot find derive macro `Schema` in this scope
[INFO] [stdout]    --> tests/schema.rs:183:17
[INFO] [stdout]     |
[INFO] [stdout] 183 | #[derive(Debug, Schema)]
[INFO] [stdout]     |                 ^^^^^^
[INFO] [stdout]     |
[INFO] [stdout] note: `Schema` is a trait, not a derive macro
[INFO] [stdout]    --> src/lib.rs:83:1
[INFO] [stdout]     |
[INFO] [stdout]  83 | pub trait Schema {
[INFO] [stdout]     | ^^^^^^^^^^^^^^^^
[INFO] [stdout]     = help: consider implementing `Schema` for your type manually
[INFO] [stdout] 
[INFO] [stdout] 
[INFO] [stdout] error[E0599]: the variant, associated function, or constant `SCHEMA` exists for enum `Bar2<32>`, but its trait bounds were not satisfied
[INFO] [stdout]    --> src/key/hash.rs:640:50
[INFO] [stdout]     |
[INFO] [stdout] 591 |         enum Bar2<const N: usize> {
[INFO] [stdout]     |         ------------------------- variant, associated function, or constant `SCHEMA` not found for this enum because it doesn't satisfy `Bar2<32>: Schema`
[INFO] [stdout] ...
[INFO] [stdout] 640 |                     HashItem::Schema(Bar2::<32>::SCHEMA)
[INFO] [stdout]     |                                                  ^^^^^^ variant, associated function, or constant cannot be called on `Bar2<32>` due to unsatisfied trait bounds
[INFO] [stdout]     |
[INFO] [stdout] note: trait bound `Bar2<32>: Schema` was not satisfied
[INFO] [stdout]    --> src/impls/builtins_nostd.rs:85:9
[INFO] [stdout]     |
[INFO] [stdout]  85 | impl<T: Schema + ?Sized> Schema for &'_ T {
[INFO] [stdout]     |         ^^^^^^           ------     -----
[INFO] [stdout]     |         |
[INFO] [stdout]     |         unsatisfied trait bound introduced here
[INFO] [stdout] note: the trait `Schema` must be implemented
[INFO] [stdout]    --> src/lib.rs:83:1
[INFO] [stdout]     |
[INFO] [stdout]  83 | pub trait Schema {
[INFO] [stdout]     | ^^^^^^^^^^^^^^^^
[INFO] [stdout]     = help: items from traits can only be used if the trait is implemented and in scope
[INFO] [stdout] note: `Schema` defines an item `SCHEMA`, perhaps you need to implement it
[INFO] [stdout]    --> src/lib.rs:83:1
[INFO] [stdout]     |
[INFO] [stdout]  83 | pub trait Schema {
[INFO] [stdout]     | ^^^^^^^^^^^^^^^^
[INFO] [stdout] 
[INFO] [stdout] 
[INFO] [stdout] error[E0277]: the trait bound `Bar2<64>: Schema` is not satisfied
[INFO] [stdout]    --> src/key/hash.rs:647:28
[INFO] [stdout]     |
[INFO] [stdout] 647 |             hash_ty_path::<Bar2<64>>("test_path"),
[INFO] [stdout]     |                            ^^^^^^^^ unsatisfied trait bound
[INFO] [stdout]     |
[INFO] [stdout] help: the trait `Schema` is not implemented for `Bar2<64>`
[INFO] [stdout]    --> src/key/hash.rs:591:9
[INFO] [stdout]     |
[INFO] [stdout] 591 |         enum Bar2<const N: usize> {
[INFO] [stdout]     |         ^^^^^^^^^^^^^^^^^^^^^^^^^
[INFO] [stdout]     = help: the following other types implement trait `Schema`:
[INFO] [stdout]               &T
[INFO] [stdout]               ()
[INFO] [stdout]               (A,)
[INFO] [stdout]               (A, B)
[INFO] [stdout]               (A, B, C)
[INFO] [stdout]               (A, B, C, D)
[INFO] [stdout]               (A, B, C, D, E)
[INFO] [stdout]               (A, B, C, D, E, F)
[INFO] [stdout]             and 47 others
[INFO] [stdout] note: required by a bound in `hash_ty_path`
[INFO] [stdout]    --> src/key/hash.rs:110:34
[INFO] [stdout]     |
[INFO] [stdout] 110 |     pub const fn hash_ty_path<T: Schema + ?Sized>(path: &str) -> [u8; 8] {
[INFO] [stdout]     |                                  ^^^^^^ required by this bound in `hash_ty_path`
[INFO] [stdout] 
[INFO] [stdout] 
[INFO] [stdout] error: cannot find derive macro `Schema` in this scope
[INFO] [stdout]    --> tests/schema.rs:192:17
[INFO] [stdout]     |
[INFO] [stdout] 192 | #[derive(Debug, Schema)]
[INFO] [stdout]     |                 ^^^^^^
[INFO] [stdout]     |
[INFO] [stdout] note: `Schema` is a trait, not a derive macro
[INFO] [stdout]    --> src/lib.rs:83:1
[INFO] [stdout]     |
[INFO] [stdout]  83 | pub trait Schema {
[INFO] [stdout]     | ^^^^^^^^^^^^^^^^
[INFO] [stdout]     = help: consider implementing `Schema` for your type manually
[INFO] [stdout] 
[INFO] [stdout] 
[INFO] [stdout] error[E0599]: the variant, associated function, or constant `SCHEMA` exists for enum `Bar2<64>`, but its trait bounds were not satisfied
[INFO] [stdout]    --> src/key/hash.rs:655:50
[INFO] [stdout]     |
[INFO] [stdout] 591 |         enum Bar2<const N: usize> {
[INFO] [stdout]     |         ------------------------- variant, associated function, or constant `SCHEMA` not found for this enum because it doesn't satisfy `Bar2<64>: Schema`
[INFO] [stdout] ...
[INFO] [stdout] 655 |                     HashItem::Schema(Bar2::<64>::SCHEMA)
[INFO] [stdout]     |                                                  ^^^^^^ variant, associated function, or constant cannot be called on `Bar2<64>` due to unsatisfied trait bounds
[INFO] [stdout]     |
[INFO] [stdout] note: trait bound `Bar2<64>: Schema` was not satisfied
[INFO] [stdout]    --> src/impls/builtins_nostd.rs:85:9
[INFO] [stdout]     |
[INFO] [stdout]  85 | impl<T: Schema + ?Sized> Schema for &'_ T {
[INFO] [stdout]     |         ^^^^^^           ------     -----
[INFO] [stdout]     |         |
[INFO] [stdout]     |         unsatisfied trait bound introduced here
[INFO] [stdout] note: the trait `Schema` must be implemented
[INFO] [stdout]    --> src/lib.rs:83:1
[INFO] [stdout]     |
[INFO] [stdout]  83 | pub trait Schema {
[INFO] [stdout]     | ^^^^^^^^^^^^^^^^
[INFO] [stdout]     = help: items from traits can only be used if the trait is implemented and in scope
[INFO] [stdout] note: `Schema` defines an item `SCHEMA`, perhaps you need to implement it
[INFO] [stdout]    --> src/lib.rs:83:1
[INFO] [stdout]     |
[INFO] [stdout]  83 | pub trait Schema {
[INFO] [stdout]     | ^^^^^^^^^^^^^^^^
[INFO] [stdout] 
[INFO] [stdout] 
[INFO] [stdout] error: cannot find derive macro `Schema` in this scope
[INFO] [stdout]    --> tests/schema.rs:223:17
[INFO] [stdout]     |
[INFO] [stdout] 223 | #[derive(Debug, Schema)]
[INFO] [stdout]     |                 ^^^^^^
[INFO] [stdout]     |
[INFO] [stdout] note: `Schema` is a trait, not a derive macro
[INFO] [stdout]    --> src/lib.rs:83:1
[INFO] [stdout]     |
[INFO] [stdout]  83 | pub trait Schema {
[INFO] [stdout]     | ^^^^^^^^^^^^^^^^
[INFO] [stdout]     = help: consider implementing `Schema` for your type manually
[INFO] [stdout] 
[INFO] [stdout] 
[INFO] [stdout] error[E0599]: the variant, associated function, or constant `SCHEMA` exists for enum `Bar2<64>`, but its trait bounds were not satisfied
[INFO] [stdout]    --> src/key/hash.rs:665:50
[INFO] [stdout]     |
[INFO] [stdout] 591 |         enum Bar2<const N: usize> {
[INFO] [stdout]     |         ------------------------- variant, associated function, or constant `SCHEMA` not found for this enum because it doesn't satisfy `Bar2<64>: Schema`
[INFO] [stdout] ...
[INFO] [stdout] 665 |                     HashItem::Schema(Bar2::<64>::SCHEMA)
[INFO] [stdout]     |                                                  ^^^^^^ variant, associated function, or constant cannot be called on `Bar2<64>` due to unsatisfied trait bounds
[INFO] [stdout]     |
[INFO] [stdout] note: trait bound `Bar2<64>: Schema` was not satisfied
[INFO] [stdout]    --> src/impls/builtins_nostd.rs:85:9
[INFO] [stdout]     |
[INFO] [stdout]  85 | impl<T: Schema + ?Sized> Schema for &'_ T {
[INFO] [stdout]     |         ^^^^^^           ------     -----
[INFO] [stdout]     |         |
[INFO] [stdout]     |         unsatisfied trait bound introduced here
[INFO] [stdout] note: the trait `Schema` must be implemented
[INFO] [stdout]    --> src/lib.rs:83:1
[INFO] [stdout]     |
[INFO] [stdout]  83 | pub trait Schema {
[INFO] [stdout]     | ^^^^^^^^^^^^^^^^
[INFO] [stdout]     = help: items from traits can only be used if the trait is implemented and in scope
[INFO] [stdout] note: `Schema` defines an item `SCHEMA`, perhaps you need to implement it
[INFO] [stdout]    --> src/lib.rs:83:1
[INFO] [stdout]     |
[INFO] [stdout]  83 | pub trait Schema {
[INFO] [stdout]     | ^^^^^^^^^^^^^^^^
[INFO] [stdout] 
[INFO] [stdout] 
[INFO] [stdout] error[E0277]: the trait bound `Vec<u8>: Schema` is not satisfied
[INFO] [stdout]    --> src/key/hash.rs:674:37
[INFO] [stdout]     |
[INFO] [stdout] 674 |         let hash_1 = hash_ty_path::<Vec<u8>>("test_path");
[INFO] [stdout]     |                                     ^^^^^^^ the trait `Schema` is not implemented for `Vec<u8>`
[INFO] [stdout]     |
[INFO] [stdout]     = help: the following other types implement trait `Schema`:
[INFO] [stdout]               &T
[INFO] [stdout]               ()
[INFO] [stdout]               (A,)
[INFO] [stdout]               (A, B)
[INFO] [stdout]               (A, B, C)
[INFO] [stdout]               (A, B, C, D)
[INFO] [stdout]               (A, B, C, D, E)
[INFO] [stdout]               (A, B, C, D, E, F)
[INFO] [stdout]             and 47 others
[INFO] [stdout] note: required by a bound in `hash_ty_path`
[INFO] [stdout]    --> src/key/hash.rs:110:34
[INFO] [stdout]     |
[INFO] [stdout] 110 |     pub const fn hash_ty_path<T: Schema + ?Sized>(path: &str) -> [u8; 8] {
[INFO] [stdout]     |                                  ^^^^^^ required by this bound in `hash_ty_path`
[INFO] [stdout] 
[INFO] [stdout] 
[INFO] [stdout] error: cannot find derive macro `Schema` in this scope
[INFO] [stdout]    --> tests/schema.rs:227:17
[INFO] [stdout]     |
[INFO] [stdout] 227 | #[derive(Debug, Schema)]
[INFO] [stdout]     |                 ^^^^^^
[INFO] [stdout]     |
[INFO] [stdout] note: `Schema` is a trait, not a derive macro
[INFO] [stdout]    --> src/lib.rs:83:1
[INFO] [stdout]     |
[INFO] [stdout]  83 | pub trait Schema {
[INFO] [stdout]     | ^^^^^^^^^^^^^^^^
[INFO] [stdout]     = help: consider implementing `Schema` for your type manually
[INFO] [stdout] 
[INFO] [stdout] 
[INFO] [stdout] error[E0277]: the trait bound `Vec<u16>: Schema` is not satisfied
[INFO] [stdout]    --> src/key/hash.rs:676:37
[INFO] [stdout]     |
[INFO] [stdout] 676 |         let hash_3 = hash_ty_path::<Vec<u16>>("test_path");
[INFO] [stdout]     |                                     ^^^^^^^^ the trait `Schema` is not implemented for `Vec<u16>`
[INFO] [stdout]     |
[INFO] [stdout]     = help: the following other types implement trait `Schema`:
[INFO] [stdout]               &T
[INFO] [stdout]               ()
[INFO] [stdout]               (A,)
[INFO] [stdout]               (A, B)
[INFO] [stdout]               (A, B, C)
[INFO] [stdout]               (A, B, C, D)
[INFO] [stdout]               (A, B, C, D, E)
[INFO] [stdout]               (A, B, C, D, E, F)
[INFO] [stdout]             and 47 others
[INFO] [stdout] note: required by a bound in `hash_ty_path`
[INFO] [stdout]    --> src/key/hash.rs:110:34
[INFO] [stdout]     |
[INFO] [stdout] 110 |     pub const fn hash_ty_path<T: Schema + ?Sized>(path: &str) -> [u8; 8] {
[INFO] [stdout]     |                                  ^^^^^^ required by this bound in `hash_ty_path`
[INFO] [stdout] 
[INFO] [stdout] 
[INFO] [stdout] error[E0277]: the trait bound `Vec<u8>: Schema` is not satisfied
[INFO] [stdout]    --> src/key/hash.rs:678:37
[INFO] [stdout]     |
[INFO] [stdout] 678 |         let hash_5 = hash_ty_path::<Vec<u8>>("test_patt");
[INFO] [stdout]     |                                     ^^^^^^^ the trait `Schema` is not implemented for `Vec<u8>`
[INFO] [stdout]     |
[INFO] [stdout]     = help: the following other types implement trait `Schema`:
[INFO] [stdout]               &T
[INFO] [stdout]               ()
[INFO] [stdout]               (A,)
[INFO] [stdout]               (A, B)
[INFO] [stdout]               (A, B, C)
[INFO] [stdout]               (A, B, C, D)
[INFO] [stdout]               (A, B, C, D, E)
[INFO] [stdout]               (A, B, C, D, E, F)
[INFO] [stdout]             and 47 others
[INFO] [stdout] note: required by a bound in `hash_ty_path`
[INFO] [stdout]    --> src/key/hash.rs:110:34
[INFO] [stdout]     |
[INFO] [stdout] 110 |     pub const fn hash_ty_path<T: Schema + ?Sized>(path: &str) -> [u8; 8] {
[INFO] [stdout]     |                                  ^^^^^^ required by this bound in `hash_ty_path`
[INFO] [stdout] 
[INFO] [stdout] 
[INFO] [stdout] error: cannot find derive macro `Schema` in this scope
[INFO] [stdout]    --> tests/schema.rs:231:17
[INFO] [stdout]     |
[INFO] [stdout] 231 | #[derive(Debug, Schema)]
[INFO] [stdout]     |                 ^^^^^^
[INFO] [stdout]     |
[INFO] [stdout] note: `Schema` is a trait, not a derive macro
[INFO] [stdout]    --> src/lib.rs:83:1
[INFO] [stdout]     |
[INFO] [stdout]  83 | pub trait Schema {
[INFO] [stdout]     | ^^^^^^^^^^^^^^^^
[INFO] [stdout]     = help: consider implementing `Schema` for your type manually
[INFO] [stdout] 
[INFO] [stdout] 
[INFO] [stdout] error: cannot find derive macro `Schema` in this scope
[INFO] [stdout]    --> tests/schema.rs:281:10
[INFO] [stdout]     |
[INFO] [stdout] 281 | #[derive(Schema)]
[INFO] [stdout]     |          ^^^^^^
[INFO] [stdout]     |
[INFO] [stdout] note: `Schema` is a trait, not a derive macro
[INFO] [stdout]    --> src/lib.rs:83:1
[INFO] [stdout]     |
[INFO] [stdout]  83 | pub trait Schema {
[INFO] [stdout]     | ^^^^^^^^^^^^^^^^
[INFO] [stdout]     = help: consider implementing `Schema` for your type manually
[INFO] [stdout] 
[INFO] [stdout] 
[INFO] [stdout] error: cannot find derive macro `Schema` in this scope
[INFO] [stdout]    --> tests/schema.rs:285:10
[INFO] [stdout]     |
[INFO] [stdout] 285 | #[derive(Schema)]
[INFO] [stdout]     |          ^^^^^^
[INFO] [stdout]     |
[INFO] [stdout] note: `Schema` is a trait, not a derive macro
[INFO] [stdout]    --> src/lib.rs:83:1
[INFO] [stdout]     |
[INFO] [stdout]  83 | pub trait Schema {
[INFO] [stdout]     | ^^^^^^^^^^^^^^^^
[INFO] [stdout]     = help: consider implementing `Schema` for your type manually
[INFO] [stdout] 
[INFO] [stdout] 
[INFO] [stdout] error: cannot find derive macro `Schema` in this scope
[INFO] [stdout]    --> tests/schema.rs:289:10
[INFO] [stdout]     |
[INFO] [stdout] 289 | #[derive(Schema)]
[INFO] [stdout]     |          ^^^^^^
[INFO] [stdout]     |
[INFO] [stdout] note: `Schema` is a trait, not a derive macro
[INFO] [stdout]    --> src/lib.rs:83:1
[INFO] [stdout]     |
[INFO] [stdout]  83 | pub trait Schema {
[INFO] [stdout]     | ^^^^^^^^^^^^^^^^
[INFO] [stdout]     = help: consider implementing `Schema` for your type manually
[INFO] [stdout] 
[INFO] [stdout] 
[INFO] [stdout] error: cannot find derive macro `Schema` in this scope
[INFO] [stdout]    --> tests/schema.rs:293:10
[INFO] [stdout]     |
[INFO] [stdout] 293 | #[derive(Schema)]
[INFO] [stdout]     |          ^^^^^^
[INFO] [stdout]     |
[INFO] [stdout] note: `Schema` is a trait, not a derive macro
[INFO] [stdout]    --> src/lib.rs:83:1
[INFO] [stdout]     |
[INFO] [stdout]  83 | pub trait Schema {
[INFO] [stdout]     | ^^^^^^^^^^^^^^^^
[INFO] [stdout]     = help: consider implementing `Schema` for your type manually
[INFO] [stdout] 
[INFO] [stdout] 
[INFO] [stdout] error: cannot find derive macro `Schema` in this scope
[INFO] [stdout]    --> tests/schema.rs:301:10
[INFO] [stdout]     |
[INFO] [stdout] 301 | #[derive(Schema)]
[INFO] [stdout]     |          ^^^^^^
[INFO] [stdout]     |
[INFO] [stdout] note: `Schema` is a trait, not a derive macro
[INFO] [stdout]    --> src/lib.rs:83:1
[INFO] [stdout]     |
[INFO] [stdout]  83 | pub trait Schema {
[INFO] [stdout]     | ^^^^^^^^^^^^^^^^
[INFO] [stdout]     = help: consider implementing `Schema` for your type manually
[INFO] [stdout] 
[INFO] [stdout] 
[INFO] [stdout] error[E0599]: the associated function or constant `SCHEMA` exists for struct `Point`, but its trait bounds were not satisfied
[INFO] [stdout]    --> src/lib.rs:104:20
[INFO] [stdout]     |
[INFO] [stdout]  98 |         struct Point {
[INFO] [stdout]     |         ------------ associated function or constant `SCHEMA` not found for this struct because it doesn't satisfy `Point: Schema`
[INFO] [stdout] ...
[INFO] [stdout] 104 |             Point::SCHEMA,
[INFO] [stdout]     |                    ^^^^^^ associated function or constant cannot be called on `Point` due to unsatisfied trait bounds
[INFO] [stdout]     |
[INFO] [stdout] note: trait bound `Point: Schema` was not satisfied
[INFO] [stdout]    --> src/impls/builtins_nostd.rs:85:9
[INFO] [stdout]     |
[INFO] [stdout]  85 | impl<T: Schema + ?Sized> Schema for &'_ T {
[INFO] [stdout]     |         ^^^^^^           ------     -----
[INFO] [stdout]     |         |
[INFO] [stdout]     |         unsatisfied trait bound introduced here
[INFO] [stdout] note: the trait `Schema` must be implemented
[INFO] [stdout]    --> src/lib.rs:83:1
[INFO] [stdout]     |
[INFO] [stdout]  83 | pub trait Schema {
[INFO] [stdout]     | ^^^^^^^^^^^^^^^^
[INFO] [stdout]     = help: items from traits can only be used if the trait is implemented and in scope
[INFO] [stdout] note: `Schema` defines an item `SCHEMA`, perhaps you need to implement it
[INFO] [stdout]    --> src/lib.rs:83:1
[INFO] [stdout]     |
[INFO] [stdout]  83 | pub trait Schema {
[INFO] [stdout]     | ^^^^^^^^^^^^^^^^
[INFO] [stdout] 
[INFO] [stdout] 
[INFO] [stdout] error: cannot find derive macro `Schema` in this scope
[INFO] [stdout]    --> tests/schema.rs:309:10
[INFO] [stdout]     |
[INFO] [stdout] 309 | #[derive(Schema)]
[INFO] [stdout]     |          ^^^^^^
[INFO] [stdout]     |
[INFO] [stdout] note: `Schema` is a trait, not a derive macro
[INFO] [stdout]    --> src/lib.rs:83:1
[INFO] [stdout]     |
[INFO] [stdout]  83 | pub trait Schema {
[INFO] [stdout]     | ^^^^^^^^^^^^^^^^
[INFO] [stdout]     = help: consider implementing `Schema` for your type manually
[INFO] [stdout] 
[INFO] [stdout] 
[INFO] [stdout] error[E0599]: the variant, associated function, or constant `SCHEMA` exists for enum `Inner`, but its trait bounds were not satisfied
[INFO] [stdout]   --> tests/schema.rs:98:16
[INFO] [stdout]    |
[INFO] [stdout] 10 | enum Inner {
[INFO] [stdout]    | ---------- variant, associated function, or constant `SCHEMA` not found for this enum because it doesn't satisfy `Inner: postcard_schema_ng::Schema`
[INFO] [stdout] ...
[INFO] [stdout] 98 |         Inner::SCHEMA
[INFO] [stdout]    |                ^^^^^^ variant, associated function, or constant cannot be called on `Inner` due to unsatisfied trait bounds
[INFO] [stdout]    |
[INFO] [stdout]    = note: the following trait bounds were not satisfied:
[INFO] [stdout]            `Inner: postcard_schema_ng::Schema`
[INFO] [stdout]            which is required by `&Inner: postcard_schema_ng::Schema`
[INFO] [stdout] note: the trait `postcard_schema_ng::Schema` must be implemented
[INFO] [stdout]   --> src/lib.rs:83:1
[INFO] [stdout]    |
[INFO] [stdout] 83 | pub trait Schema {
[INFO] [stdout]    | ^^^^^^^^^^^^^^^^
[INFO] [stdout]    = help: items from traits can only be used if the trait is implemented and in scope
[INFO] [stdout]    = note: the following trait defines an item `SCHEMA`, perhaps you need to implement it:
[INFO] [stdout]            candidate #1: `postcard_schema_ng::Schema`
[INFO] [stdout] 
[INFO] [stdout] 
[INFO] [stdout] error[E0599]: the associated function or constant `SCHEMA` exists for struct `Outer<'_>`, but its trait bounds were not satisfied
[INFO] [stdout]    --> tests/schema.rs:105:16
[INFO] [stdout]     |
[INFO] [stdout]  25 | struct Outer<'a> {
[INFO] [stdout]     | ---------------- associated function or constant `SCHEMA` not found for this struct because it doesn't satisfy `Outer<'_>: postcard_schema_ng::Schema`
[INFO] [stdout] ...
[INFO] [stdout] 105 |         Outer::SCHEMA,
[INFO] [stdout]     |                ^^^^^^ associated function or constant cannot be called on `Outer<'_>` due to unsatisfied trait bounds
[INFO] [stdout]     |
[INFO] [stdout]     = note: the following trait bounds were not satisfied:
[INFO] [stdout]             `Outer<'_>: postcard_schema_ng::Schema`
[INFO] [stdout]             which is required by `&Outer<'_>: postcard_schema_ng::Schema`
[INFO] [stdout] note: the trait `postcard_schema_ng::Schema` must be implemented
[INFO] [stdout]    --> src/lib.rs:83:1
[INFO] [stdout]     |
[INFO] [stdout]  83 | pub trait Schema {
[INFO] [stdout]     | ^^^^^^^^^^^^^^^^
[INFO] [stdout]     = help: items from traits can only be used if the trait is implemented and in scope
[INFO] [stdout]     = note: the following trait defines an item `SCHEMA`, perhaps you need to implement it:
[INFO] [stdout]             candidate #1: `postcard_schema_ng::Schema`
[INFO] [stdout] 
[INFO] [stdout] 
[INFO] [stdout] error[E0599]: the variant, associated function, or constant `SCHEMA` exists for enum `Inner`, but its trait bounds were not satisfied
[INFO] [stdout]    --> tests/schema.rs:123:32
[INFO] [stdout]     |
[INFO] [stdout]  10 | enum Inner {
[INFO] [stdout]     | ---------- variant, associated function, or constant `SCHEMA` not found for this enum because it doesn't satisfy `Inner: postcard_schema_ng::Schema`
[INFO] [stdout] ...
[INFO] [stdout] 123 |                     ty: Inner::SCHEMA
[INFO] [stdout]     |                                ^^^^^^ variant, associated function, or constant cannot be called on `Inner` due to unsatisfied trait bounds
[INFO] [stdout]     |
[INFO] [stdout]     = note: the following trait bounds were not satisfied:
[INFO] [stdout]             `Inner: postcard_schema_ng::Schema`
[INFO] [stdout]             which is required by `&Inner: postcard_schema_ng::Schema`
[INFO] [stdout] note: the trait `postcard_schema_ng::Schema` must be implemented
[INFO] [stdout]    --> src/lib.rs:83:1
[INFO] [stdout]     |
[INFO] [stdout]  83 | pub trait Schema {
[INFO] [stdout]     | ^^^^^^^^^^^^^^^^
[INFO] [stdout]     = help: items from traits can only be used if the trait is implemented and in scope
[INFO] [stdout]     = note: the following trait defines an item `SCHEMA`, perhaps you need to implement it:
[INFO] [stdout]             candidate #1: `postcard_schema_ng::Schema`
[INFO] [stdout] 
[INFO] [stdout] 
[INFO] [stdout] error[E0599]: the associated function or constant `SCHEMA` exists for struct `Slice<'_>`, but its trait bounds were not satisfied
[INFO] [stdout]    --> tests/schema.rs:154:16
[INFO] [stdout]     |
[INFO] [stdout]  37 | struct Slice<'a> {
[INFO] [stdout]     | ---------------- associated function or constant `SCHEMA` not found for this struct because it doesn't satisfy `Slice<'_>: postcard_schema_ng::Schema`
[INFO] [stdout] ...
[INFO] [stdout] 154 |         Slice::SCHEMA
[INFO] [stdout]     |                ^^^^^^ associated function or constant cannot be called on `Slice<'_>` due to unsatisfied trait bounds
[INFO] [stdout]     |
[INFO] [stdout]     = note: the following trait bounds were not satisfied:
[INFO] [stdout]             `Slice<'_>: postcard_schema_ng::Schema`
[INFO] [stdout]             which is required by `&Slice<'_>: postcard_schema_ng::Schema`
[INFO] [stdout] note: the trait `postcard_schema_ng::Schema` must be implemented
[INFO] [stdout]    --> src/lib.rs:83:1
[INFO] [stdout]     |
[INFO] [stdout]  83 | pub trait Schema {
[INFO] [stdout]     | ^^^^^^^^^^^^^^^^
[INFO] [stdout]     = help: items from traits can only be used if the trait is implemented and in scope
[INFO] [stdout]     = note: the following trait defines an item `SCHEMA`, perhaps you need to implement it:
[INFO] [stdout]             candidate #1: `postcard_schema_ng::Schema`
[INFO] [stdout] 
[INFO] [stdout] 
[INFO] [stdout] error[E0599]: the associated function or constant `SCHEMA` exists for struct `Bound<Id>`, but its trait bounds were not satisfied
[INFO] [stdout]    --> tests/schema.rs:168:29
[INFO] [stdout]     |
[INFO] [stdout]  44 | struct Bound<F: bound::Fun> {
[INFO] [stdout]     | --------------------------- associated function or constant `SCHEMA` not found for this struct because it doesn't satisfy `Bound<Id>: postcard_schema_ng::Schema`
[INFO] [stdout] ...
[INFO] [stdout] 168 |         Bound::<bound::Id>::SCHEMA,
[INFO] [stdout]     |                             ^^^^^^ associated function or constant cannot be called on `Bound<Id>` due to unsatisfied trait bounds
[INFO] [stdout]     |
[INFO] [stdout]     = note: the following trait bounds were not satisfied:
[INFO] [stdout]             `Bound<Id>: postcard_schema_ng::Schema`
[INFO] [stdout]             which is required by `&Bound<Id>: postcard_schema_ng::Schema`
[INFO] [stdout] note: the trait `postcard_schema_ng::Schema` must be implemented
[INFO] [stdout]    --> src/lib.rs:83:1
[INFO] [stdout]     |
[INFO] [stdout]  83 | pub trait Schema {
[INFO] [stdout]     | ^^^^^^^^^^^^^^^^
[INFO] [stdout]     = help: items from traits can only be used if the trait is implemented and in scope
[INFO] [stdout]     = note: the following trait defines an item `SCHEMA`, perhaps you need to implement it:
[INFO] [stdout]             candidate #1: `postcard_schema_ng::Schema`
[INFO] [stdout] 
[INFO] [stdout] 
[INFO] [stdout] error[E0599]: the associated function or constant `SCHEMA` exists for struct `TestStruct2<'_>`, but its trait bounds were not satisfied
[INFO] [stdout]    --> tests/schema.rs:201:40
[INFO] [stdout]     |
[INFO] [stdout] 193 | struct TestStruct2<'a> {
[INFO] [stdout]     | ---------------------- associated function or constant `SCHEMA` not found for this struct because it doesn't satisfy `TestStruct2<'_>: postcard_schema_ng::Schema`
[INFO] [stdout] ...
[INFO] [stdout] 201 |     let borrowed_schema = TestStruct2::SCHEMA;
[INFO] [stdout]     |                                        ^^^^^^ associated function or constant cannot be called on `TestStruct2<'_>` due to unsatisfied trait bounds
[INFO] [stdout]     |
[INFO] [stdout]     = note: the following trait bounds were not satisfied:
[INFO] [stdout]             `TestStruct2<'_>: postcard_schema_ng::Schema`
[INFO] [stdout]             which is required by `&TestStruct2<'_>: postcard_schema_ng::Schema`
[INFO] [stdout] note: the trait `postcard_schema_ng::Schema` must be implemented
[INFO] [stdout]    --> src/lib.rs:83:1
[INFO] [stdout]     |
[INFO] [stdout]  83 | pub trait Schema {
[INFO] [stdout]     | ^^^^^^^^^^^^^^^^
[INFO] [stdout]     = help: items from traits can only be used if the trait is implemented and in scope
[INFO] [stdout]     = note: the following trait defines an item `SCHEMA`, perhaps you need to implement it:
[INFO] [stdout]             candidate #1: `postcard_schema_ng::Schema`
[INFO] [stdout] 
[INFO] [stdout] 
[INFO] [stdout] error[E0599]: the associated function or constant `SCHEMA` exists for struct `TestStruct3`, but its trait bounds were not satisfied
[INFO] [stdout]    --> tests/schema.rs:240:22
[INFO] [stdout]     |
[INFO] [stdout] 224 | struct TestStruct3(u64);
[INFO] [stdout]     | ------------------ associated function or constant `SCHEMA` not found for this struct because it doesn't satisfy `TestStruct3: postcard_schema_ng::Schema`
[INFO] [stdout] ...
[INFO] [stdout] 240 |         TestStruct3::SCHEMA,
[INFO] [stdout]     |                      ^^^^^^ associated function or constant cannot be called on `TestStruct3` due to unsatisfied trait bounds
[INFO] [stdout]     |
[INFO] [stdout]     = note: the following trait bounds were not satisfied:
[INFO] [stdout]             `TestStruct3: postcard_schema_ng::Schema`
[INFO] [stdout]             which is required by `&TestStruct3: postcard_schema_ng::Schema`
[INFO] [stdout] note: the trait `postcard_schema_ng::Schema` must be implemented
[INFO] [stdout]    --> src/lib.rs:83:1
[INFO] [stdout]     |
[INFO] [stdout]  83 | pub trait Schema {
[INFO] [stdout]     | ^^^^^^^^^^^^^^^^
[INFO] [stdout]     = help: items from traits can only be used if the trait is implemented and in scope
[INFO] [stdout]     = note: the following trait defines an item `SCHEMA`, perhaps you need to implement it:
[INFO] [stdout]             candidate #1: `postcard_schema_ng::Schema`
[INFO] [stdout] 
[INFO] [stdout] 
[INFO] [stdout] error[E0599]: the associated function or constant `SCHEMA` exists for struct `TestStruct4`, but its trait bounds were not satisfied
[INFO] [stdout]    --> tests/schema.rs:248:22
[INFO] [stdout]     |
[INFO] [stdout] 228 | struct TestStruct4(u64, bool);
[INFO] [stdout]     | ------------------ associated function or constant `SCHEMA` not found for this struct because it doesn't satisfy `TestStruct4: postcard_schema_ng::Schema`
[INFO] [stdout] ...
[INFO] [stdout] 248 |         TestStruct4::SCHEMA,
[INFO] [stdout]     |                      ^^^^^^ associated function or constant cannot be called on `TestStruct4` due to unsatisfied trait bounds
[INFO] [stdout]     |
[INFO] [stdout]     = note: the following trait bounds were not satisfied:
[INFO] [stdout]             `TestStruct4: postcard_schema_ng::Schema`
[INFO] [stdout]             which is required by `&TestStruct4: postcard_schema_ng::Schema`
[INFO] [stdout] note: the trait `postcard_schema_ng::Schema` must be implemented
[INFO] [stdout]    --> src/lib.rs:83:1
[INFO] [stdout]     |
[INFO] [stdout]  83 | pub trait Schema {
[INFO] [stdout]     | ^^^^^^^^^^^^^^^^
[INFO] [stdout]     = help: items from traits can only be used if the trait is implemented and in scope
[INFO] [stdout]     = note: the following trait defines an item `SCHEMA`, perhaps you need to implement it:
[INFO] [stdout]             candidate #1: `postcard_schema_ng::Schema`
[INFO] [stdout] 
[INFO] [stdout] 
[INFO] [stdout] error[E0599]: the variant, associated function, or constant `SCHEMA` exists for enum `TestEnum2`, but its trait bounds were not satisfied
[INFO] [stdout]    --> tests/schema.rs:256:20
[INFO] [stdout]     |
[INFO] [stdout] 232 | enum TestEnum2 {
[INFO] [stdout]     | -------------- variant, associated function, or constant `SCHEMA` not found for this enum because it doesn't satisfy `TestEnum2: postcard_schema_ng::Schema`
[INFO] [stdout] ...
[INFO] [stdout] 256 |         TestEnum2::SCHEMA,
[INFO] [stdout]     |                    ^^^^^^ variant, associated function, or constant cannot be called on `TestEnum2` due to unsatisfied trait bounds
[INFO] [stdout]     |
[INFO] [stdout]     = note: the following trait bounds were not satisfied:
[INFO] [stdout]             `TestEnum2: postcard_schema_ng::Schema`
[INFO] [stdout]             which is required by `&TestEnum2: postcard_schema_ng::Schema`
[INFO] [stdout] note: the trait `postcard_schema_ng::Schema` must be implemented
[INFO] [stdout]    --> src/lib.rs:83:1
[INFO] [stdout]     |
[INFO] [stdout]  83 | pub trait Schema {
[INFO] [stdout]     | ^^^^^^^^^^^^^^^^
[INFO] [stdout]     = help: items from traits can only be used if the trait is implemented and in scope
[INFO] [stdout]     = note: the following trait defines an item `SCHEMA`, perhaps you need to implement it:
[INFO] [stdout]             candidate #1: `postcard_schema_ng::Schema`
[INFO] [stdout] 
[INFO] [stdout] 
[INFO] [stdout] error[E0277]: the trait bound `std::string::String: postcard_schema_ng::Schema` is not satisfied
[INFO] [stdout]    --> tests/schema.rs:332:18
[INFO] [stdout]     |
[INFO] [stdout] 332 |         (dewit::<String>, "str"),
[INFO] [stdout]     |                  ^^^^^^ the trait `postcard_schema_ng::Schema` is not implemented for `std::string::String`
[INFO] [stdout]     |
[INFO] [stdout] help: the trait `postcard_schema_ng::Schema` is implemented for `str`
[INFO] [stdout]    --> src/impls/builtins_nostd.rs:23:13
[INFO] [stdout]     |
[INFO] [stdout]  23 |               impl Schema for $t {
[INFO] [stdout]     |               ^^^^^^^^^^^^^^^^^^
[INFO] [stdout] ...
[INFO] [stdout]  37 | / impl_schema![
[INFO] [stdout]  38 | |     u8: DataModelType::U8,
[INFO] [stdout]  39 | |     NonZeroU8: DataModelType::U8,
[INFO] [stdout]  40 | |     i8: DataModelType::I8,
[INFO] [stdout] ...   |
[INFO] [stdout]  53 | |     NonZeroU64: DataModelType::U64, NonZeroU128: DataModelType::U128
[INFO] [stdout]  54 | | ];
[INFO] [stdout]     | |_- in this macro invocation
[INFO] [stdout] note: required by a bound in `dewit`
[INFO] [stdout]    --> tests/schema.rs:275:13
[INFO] [stdout]     |
[INFO] [stdout] 275 | fn dewit<T: Schema>() -> String {
[INFO] [stdout]     |             ^^^^^^ required by this bound in `dewit`
[INFO] [stdout]     = note: this error originates in the macro `impl_schema` (in Nightly builds, run with -Z macro-backtrace for more info)
[INFO] [stdout] 
[INFO] [stdout] 
[INFO] [stdout] error[E0277]: the trait bound `UnitStruct: postcard_schema_ng::Schema` is not satisfied
[INFO] [stdout]    --> tests/schema.rs:334:18
[INFO] [stdout]     |
[INFO] [stdout] 334 |         (dewit::<UnitStruct>, "struct UnitStruct"),
[INFO] [stdout]     |                  ^^^^^^^^^^ unsatisfied trait bound
[INFO] [stdout]     |
[INFO] [stdout] help: the trait `postcard_schema_ng::Schema` is not implemented for `UnitStruct`
[INFO] [stdout]    --> tests/schema.rs:282:1
[INFO] [stdout]     |
[INFO] [stdout] 282 | struct UnitStruct;
[INFO] [stdout]     | ^^^^^^^^^^^^^^^^^
[INFO] [stdout]     = help: the following other types implement trait `postcard_schema_ng::Schema`:
[INFO] [stdout]               &T
[INFO] [stdout]               ()
[INFO] [stdout]               (A,)
[INFO] [stdout]               (A, B)
[INFO] [stdout]               (A, B, C)
[INFO] [stdout]               (A, B, C, D)
[INFO] [stdout]               (A, B, C, D, E)
[INFO] [stdout]               (A, B, C, D, E, F)
[INFO] [stdout]             and 47 others
[INFO] [stdout] note: required by a bound in `dewit`
[INFO] [stdout]    --> tests/schema.rs:275:13
[INFO] [stdout]     |
[INFO] [stdout] 275 | fn dewit<T: Schema>() -> String {
[INFO] [stdout]     |             ^^^^^^ required by this bound in `dewit`
[INFO] [stdout] 
[INFO] [stdout] 
[INFO] [stdout] error[E0277]: the trait bound `NewTypeStruct: postcard_schema_ng::Schema` is not satisfied
[INFO] [stdout]    --> tests/schema.rs:336:18
[INFO] [stdout]     |
[INFO] [stdout] 336 |         (dewit::<NewTypeStruct>, "struct NewTypeStruct(str)"),
[INFO] [stdout]     |                  ^^^^^^^^^^^^^ unsatisfied trait bound
[INFO] [stdout]     |
[INFO] [stdout] help: the trait `postcard_schema_ng::Schema` is not implemented for `NewTypeStruct`
[INFO] [stdout]    --> tests/schema.rs:286:1
[INFO] [stdout]     |
[INFO] [stdout] 286 | struct NewTypeStruct(String);
[INFO] [stdout]     | ^^^^^^^^^^^^^^^^^^^^
[INFO] [stdout]     = help: the following other types implement trait `postcard_schema_ng::Schema`:
[INFO] [stdout]               &T
[INFO] [stdout]               ()
[INFO] [stdout]               (A,)
[INFO] [stdout]               (A, B)
[INFO] [stdout]               (A, B, C)
[INFO] [stdout]               (A, B, C, D)
[INFO] [stdout]               (A, B, C, D, E)
[INFO] [stdout]               (A, B, C, D, E, F)
[INFO] [stdout]             and 47 others
[INFO] [stdout] note: required by a bound in `dewit`
[INFO] [stdout]    --> tests/schema.rs:275:13
[INFO] [stdout]     |
[INFO] [stdout] 275 | fn dewit<T: Schema>() -> String {
[INFO] [stdout]     |             ^^^^^^ required by this bound in `dewit`
[INFO] [stdout] 
[INFO] [stdout] 
[INFO] [stdout] error[E0277]: the trait bound `Enums: postcard_schema_ng::Schema` is not satisfied
[INFO] [stdout]    --> tests/schema.rs:339:21
[INFO] [stdout]     |
[INFO] [stdout] 339 |             dewit::<Enums>,
[INFO] [stdout]     |                     ^^^^^ unsatisfied trait bound
[INFO] [stdout]     |
[INFO] [stdout] help: the trait `postcard_schema_ng::Schema` is not implemented for `Enums`
[INFO] [stdout]    --> tests/schema.rs:294:1
[INFO] [stdout]     |
[INFO] [stdout] 294 | enum Enums {
[INFO] [stdout]     | ^^^^^^^^^^
[INFO] [stdout]     = help: the following other types implement trait `postcard_schema_ng::Schema`:
[INFO] [stdout]               &T
[INFO] [stdout]               ()
[INFO] [stdout]               (A,)
[INFO] [stdout]               (A, B)
[INFO] [stdout]               (A, B, C)
[INFO] [stdout]               (A, B, C, D)
[INFO] [stdout]               (A, B, C, D, E)
[INFO] [stdout]               (A, B, C, D, E, F)
[INFO] [stdout]             and 47 others
[INFO] [stdout] note: required by a bound in `dewit`
[INFO] [stdout]    --> tests/schema.rs:275:13
[INFO] [stdout]     |
[INFO] [stdout] 275 | fn dewit<T: Schema>() -> String {
[INFO] [stdout]     |             ^^^^^^ required by this bound in `dewit`
[INFO] [stdout] 
[INFO] [stdout] 
[INFO] [stdout] error[E0277]: the trait bound `Vec<u16>: postcard_schema_ng::Schema` is not satisfied
[INFO] [stdout]    --> tests/schema.rs:344:18
[INFO] [stdout]     |
[INFO] [stdout] 344 |         (dewit::<Vec<u16>>, "[u16]"),
[INFO] [stdout]     |                  ^^^^^^^^ the trait `postcard_schema_ng::Schema` is not implemented for `Vec<u16>`
[INFO] [stdout]     |
[INFO] [stdout]     = help: the following other types implement trait `postcard_schema_ng::Schema`:
[INFO] [stdout]               &T
[INFO] [stdout]               ()
[INFO] [stdout]               (A,)
[INFO] [stdout]               (A, B)
[INFO] [stdout]               (A, B, C)
[INFO] [stdout]               (A, B, C, D)
[INFO] [stdout]               (A, B, C, D, E)
[INFO] [stdout]               (A, B, C, D, E, F)
[INFO] [stdout]             and 47 others
[INFO] [stdout] note: required by a bound in `dewit`
[INFO] [stdout]    --> tests/schema.rs:275:13
[INFO] [stdout]     |
[INFO] [stdout] 275 | fn dewit<T: Schema>() -> String {
[INFO] [stdout]     |             ^^^^^^ required by this bound in `dewit`
[INFO] [stdout] 
[INFO] [stdout] 
[INFO] [stdout] error[E0277]: the trait bound `TupStruct: postcard_schema_ng::Schema` is not satisfied
[INFO] [stdout]    --> tests/schema.rs:347:18
[INFO] [stdout]     |
[INFO] [stdout] 347 |         (dewit::<TupStruct>, "struct TupStruct(u64, str)"),
[INFO] [stdout]     |                  ^^^^^^^^^ unsatisfied trait bound
[INFO] [stdout]     |
[INFO] [stdout] help: the trait `postcard_schema_ng::Schema` is not implemented for `TupStruct`
[INFO] [stdout]    --> tests/schema.rs:290:1
[INFO] [stdout]     |
[INFO] [stdout] 290 | struct TupStruct(u64, String);
[INFO] [stdout]     | ^^^^^^^^^^^^^^^^
[INFO] [stdout]     = help: the following other types implement trait `postcard_schema_ng::Schema`:
[INFO] [stdout]               &T
[INFO] [stdout]               ()
[INFO] [stdout]               (A,)
[INFO] [stdout]               (A, B)
[INFO] [stdout]               (A, B, C)
[INFO] [stdout]               (A, B, C, D)
[INFO] [stdout]               (A, B, C, D, E)
[INFO] [stdout]               (A, B, C, D, E, F)
[INFO] [stdout]             and 47 others
[INFO] [stdout] note: required by a bound in `dewit`
[INFO] [stdout]    --> tests/schema.rs:275:13
[INFO] [stdout]     |
[INFO] [stdout] 275 | fn dewit<T: Schema>() -> String {
[INFO] [stdout]     |             ^^^^^^ required by this bound in `dewit`
[INFO] [stdout] 
[INFO] [stdout] 
[INFO] [stdout] error[E0277]: the trait bound `HashMap<u32, std::string::String>: postcard_schema_ng::Schema` is not satisfied
[INFO] [stdout]    --> tests/schema.rs:350:21
[INFO] [stdout]     |
[INFO] [stdout] 350 |             dewit::<std::collections::HashMap<u32, String>>,
[INFO] [stdout]     |                     ^^^^^^^^^^^^^^^^^^^^^^^^^^^^^^^^^^^^^^ the trait `postcard_schema_ng::Schema` is not implemented for `HashMap<u32, std::string::String>`
[INFO] [stdout]     |
[INFO] [stdout]     = help: the following other types implement trait `postcard_schema_ng::Schema`:
[INFO] [stdout]               &T
[INFO] [stdout]               ()
[INFO] [stdout]               (A,)
[INFO] [stdout]               (A, B)
[INFO] [stdout]               (A, B, C)
[INFO] [stdout]               (A, B, C, D)
[INFO] [stdout]               (A, B, C, D, E)
[INFO] [stdout]               (A, B, C, D, E, F)
[INFO] [stdout]             and 47 others
[INFO] [stdout] note: required by a bound in `dewit`
[INFO] [stdout]    --> tests/schema.rs:275:13
[INFO] [stdout]     |
[INFO] [stdout] 275 | fn dewit<T: Schema>() -> String {
[INFO] [stdout]     |             ^^^^^^ required by this bound in `dewit`
[INFO] [stdout] 
[INFO] [stdout] 
[INFO] [stdout] error[E0277]: the trait bound `HashSet<u32>: postcard_schema_ng::Schema` is not satisfied
[INFO] [stdout]    --> tests/schema.rs:353:18
[INFO] [stdout]     |
[INFO] [stdout] 353 |         (dewit::<std::collections::HashSet<u32>>, "[u32]"),
[INFO] [stdout]     |                  ^^^^^^^^^^^^^^^^^^^^^^^^^^^^^^ the trait `postcard_schema_ng::Schema` is not implemented for `HashSet<u32>`
[INFO] [stdout]     |
[INFO] [stdout]     = help: the following other types implement trait `postcard_schema_ng::Schema`:
[INFO] [stdout]               &T
[INFO] [stdout]               ()
[INFO] [stdout]               (A,)
[INFO] [stdout]               (A, B)
[INFO] [stdout]               (A, B, C)
[INFO] [stdout]               (A, B, C, D)
[INFO] [stdout]               (A, B, C, D, E)
[INFO] [stdout]               (A, B, C, D, E, F)
[INFO] [stdout]             and 47 others
[INFO] [stdout] note: required by a bound in `dewit`
[INFO] [stdout]    --> tests/schema.rs:275:13
[INFO] [stdout]     |
[INFO] [stdout] 275 | fn dewit<T: Schema>() -> String {
[INFO] [stdout]     |             ^^^^^^ required by this bound in `dewit`
[INFO] [stdout] 
[INFO] [stdout] 
[INFO] [stdout] error[E0277]: the trait bound `Classic: postcard_schema_ng::Schema` is not satisfied
[INFO] [stdout]    --> tests/schema.rs:355:21
[INFO] [stdout]     |
[INFO] [stdout] 355 |             dewit::<Classic>,
[INFO] [stdout]     |                     ^^^^^^^ unsatisfied trait bound
[INFO] [stdout]     |
[INFO] [stdout] help: the trait `postcard_schema_ng::Schema` is not implemented for `Classic`
[INFO] [stdout]    --> tests/schema.rs:302:1
[INFO] [stdout]     |
[INFO] [stdout] 302 | struct Classic {
[INFO] [stdout]     | ^^^^^^^^^^^^^^
[INFO] [stdout]     = help: the following other types implement trait `postcard_schema_ng::Schema`:
[INFO] [stdout]               &T
[INFO] [stdout]               ()
[INFO] [stdout]               (A,)
[INFO] [stdout]               (A, B)
[INFO] [stdout]               (A, B, C)
[INFO] [stdout]               (A, B, C, D)
[INFO] [stdout]               (A, B, C, D, E)
[INFO] [stdout]               (A, B, C, D, E, F)
[INFO] [stdout]             and 47 others
[INFO] [stdout] note: required by a bound in `dewit`
[INFO] [stdout]    --> tests/schema.rs:275:13
[INFO] [stdout]     |
[INFO] [stdout] 275 | fn dewit<T: Schema>() -> String {
[INFO] [stdout]     |             ^^^^^^ required by this bound in `dewit`
[INFO] [stdout] 
[INFO] [stdout] 
[INFO] [stdout] Some errors have detailed explanations: E0277, E0432, E0599.
[INFO] [stdout] 
[INFO] [stdout] For more information about an error, try `rustc --explain E0277`.
[INFO] [stdout] 
[INFO] [stdout] error[E0277]: the trait bound `ClassicGen<i32>: postcard_schema_ng::Schema` is not satisfied
[INFO] [stdout]    --> tests/schema.rs:359:21
[INFO] [stdout]     |
[INFO] [stdout] 359 |             dewit::<ClassicGen<i32>>,
[INFO] [stdout]     |                     ^^^^^^^^^^^^^^^ unsatisfied trait bound
[INFO] [stdout]     |
[INFO] [stdout] help: the trait `postcard_schema_ng::Schema` is not implemented for `ClassicGen<i32>`
[INFO] [stdout]    --> tests/schema.rs:310:1
[INFO] [stdout]     |
[INFO] [stdout] 310 | struct ClassicGen<T: Schema> {
[INFO] [stdout]     | ^^^^^^^^^^^^^^^^^^^^^^^^^^^^
[INFO] [stdout]     = help: the following other types implement trait `postcard_schema_ng::Schema`:
[INFO] [stdout]               &T
[INFO] [stdout]               ()
[INFO] [stdout]               (A,)
[INFO] [stdout]               (A, B)
[INFO] [stdout]               (A, B, C)
[INFO] [stdout]               (A, B, C, D)
[INFO] [stdout]               (A, B, C, D, E)
[INFO] [stdout]               (A, B, C, D, E, F)
[INFO] [stdout]             and 47 others
[INFO] [stdout] note: required by a bound in `dewit`
[INFO] [stdout]    --> tests/schema.rs:275:13
[INFO] [stdout]     |
[INFO] [stdout] 275 | fn dewit<T: Schema>() -> String {
[INFO] [stdout]     |             ^^^^^^ required by this bound in `dewit`
[INFO] [stdout] 
[INFO] [stdout] 
[INFO] [stdout] error[E0277]: the trait bound `PathBuf: postcard_schema_ng::Schema` is not satisfied
[INFO] [stdout]    --> tests/schema.rs:364:18
[INFO] [stdout]     |
[INFO] [stdout] 364 |         (dewit::<PathBuf>, "str"),
[INFO] [stdout]     |                  ^^^^^^^ the trait `postcard_schema_ng::Schema` is not implemented for `PathBuf`
[INFO] [stdout]     |
[INFO] [stdout]     = help: the following other types implement trait `postcard_schema_ng::Schema`:
[INFO] [stdout]               &T
[INFO] [stdout]               ()
[INFO] [stdout]               (A,)
[INFO] [stdout]               (A, B)
[INFO] [stdout]               (A, B, C)
[INFO] [stdout]               (A, B, C, D)
[INFO] [stdout]               (A, B, C, D, E)
[INFO] [stdout]               (A, B, C, D, E, F)
[INFO] [stdout]             and 47 others
[INFO] [stdout] note: required by a bound in `dewit`
[INFO] [stdout]    --> tests/schema.rs:275:13
[INFO] [stdout]     |
[INFO] [stdout] 275 | fn dewit<T: Schema>() -> String {
[INFO] [stdout]     |             ^^^^^^ required by this bound in `dewit`
[INFO] [stdout] 
[INFO] [stdout] 
[INFO] [stderr] error: could not compile `postcard-schema-ng` (lib test) due to 24 previous errors
[INFO] [stdout] error[E0599]: the associated function or constant `SCHEMA` exists for struct `std::string::String`, but its trait bounds were not satisfied
[INFO] [stdout]    --> tests/schema.rs:388:18
[INFO] [stdout]     |
[INFO] [stdout] 388 |         (String::SCHEMA.max_size(), None),
[INFO] [stdout]     |                  ^^^^^^ associated function or constant cannot be called on `std::string::String` due to unsatisfied trait bounds
[INFO] [stdout]     |
[INFO] [stdout]     = note: the following trait bounds were not satisfied:
[INFO] [stdout]             `std::string::String: postcard_schema_ng::Schema`
[INFO] [stdout]             which is required by `&std::string::String: postcard_schema_ng::Schema`
[INFO] [stdout] 
[INFO] [stdout] 
[INFO] [stderr] warning: build failed, waiting for other jobs to finish...
[INFO] [stdout] error[E0599]: the associated function or constant `SCHEMA` exists for struct `UnitStruct`, but its trait bounds were not satisfied
[INFO] [stdout]    --> tests/schema.rs:390:22
[INFO] [stdout]     |
[INFO] [stdout] 282 | struct UnitStruct;
[INFO] [stdout]     | ----------------- associated function or constant `SCHEMA` not found for this struct because it doesn't satisfy `UnitStruct: postcard_schema_ng::Schema`
[INFO] [stdout] ...
[INFO] [stdout] 390 |         (UnitStruct::SCHEMA.max_size(), Some(0)),
[INFO] [stdout]     |                      ^^^^^^ associated function or constant cannot be called on `UnitStruct` due to unsatisfied trait bounds
[INFO] [stdout]     |
[INFO] [stdout]     = note: the following trait bounds were not satisfied:
[INFO] [stdout]             `UnitStruct: postcard_schema_ng::Schema`
[INFO] [stdout]             which is required by `&UnitStruct: postcard_schema_ng::Schema`
[INFO] [stdout] note: the trait `postcard_schema_ng::Schema` must be implemented
[INFO] [stdout]    --> src/lib.rs:83:1
[INFO] [stdout]     |
[INFO] [stdout]  83 | pub trait Schema {
[INFO] [stdout]     | ^^^^^^^^^^^^^^^^
[INFO] [stdout]     = help: items from traits can only be used if the trait is implemented and in scope
[INFO] [stdout]     = note: the following trait defines an item `SCHEMA`, perhaps you need to implement it:
[INFO] [stdout]             candidate #1: `postcard_schema_ng::Schema`
[INFO] [stdout] 
[INFO] [stdout] 
[INFO] [stdout] error[E0599]: the variant, associated function, or constant `SCHEMA` exists for enum `std::option::Option<UnitStruct>`, but its trait bounds were not satisfied
[INFO] [stdout]    --> tests/schema.rs:391:32
[INFO] [stdout]     |
[INFO] [stdout] 282 | struct UnitStruct;
[INFO] [stdout]     | ----------------- doesn't satisfy `UnitStruct: postcard_schema_ng::Schema`
[INFO] [stdout] ...
[INFO] [stdout] 391 |         (<Option<UnitStruct>>::SCHEMA.max_size(), Some(1)),
[INFO] [stdout]     |                                ^^^^^^ variant, associated function, or constant cannot be called on `std::option::Option<UnitStruct>` due to unsatisfied trait bounds
[INFO] [stdout]     |
[INFO] [stdout]     = note: the following trait bounds were not satisfied:
[INFO] [stdout]             `UnitStruct: postcard_schema_ng::Schema`
[INFO] [stdout]             which is required by `std::option::Option<UnitStruct>: postcard_schema_ng::Schema`
[INFO] [stdout]             `std::option::Option<UnitStruct>: postcard_schema_ng::Schema`
[INFO] [stdout]             which is required by `&std::option::Option<UnitStruct>: postcard_schema_ng::Schema`
[INFO] [stdout] note: the trait `postcard_schema_ng::Schema` must be implemented
[INFO] [stdout]    --> src/lib.rs:83:1
[INFO] [stdout]     |
[INFO] [stdout]  83 | pub trait Schema {
[INFO] [stdout]     | ^^^^^^^^^^^^^^^^
[INFO] [stdout] 
[INFO] [stdout] 
[INFO] [stdout] error[E0599]: the associated function or constant `SCHEMA` exists for struct `NewTypeStruct`, but its trait bounds were not satisfied
[INFO] [stdout]    --> tests/schema.rs:392:25
[INFO] [stdout]     |
[INFO] [stdout] 286 | struct NewTypeStruct(String);
[INFO] [stdout]     | -------------------- associated function or constant `SCHEMA` not found for this struct because it doesn't satisfy `NewTypeStruct: postcard_schema_ng::Schema`
[INFO] [stdout] ...
[INFO] [stdout] 392 |         (NewTypeStruct::SCHEMA.max_size(), None),
[INFO] [stdout]     |                         ^^^^^^ associated function or constant cannot be called on `NewTypeStruct` due to unsatisfied trait bounds
[INFO] [stdout]     |
[INFO] [stdout]     = note: the following trait bounds were not satisfied:
[INFO] [stdout]             `NewTypeStruct: postcard_schema_ng::Schema`
[INFO] [stdout]             which is required by `&NewTypeStruct: postcard_schema_ng::Schema`
[INFO] [stdout] note: the trait `postcard_schema_ng::Schema` must be implemented
[INFO] [stdout]    --> src/lib.rs:83:1
[INFO] [stdout]     |
[INFO] [stdout]  83 | pub trait Schema {
[INFO] [stdout]     | ^^^^^^^^^^^^^^^^
[INFO] [stdout]     = help: items from traits can only be used if the trait is implemented and in scope
[INFO] [stdout]     = note: the following trait defines an item `SCHEMA`, perhaps you need to implement it:
[INFO] [stdout]             candidate #1: `postcard_schema_ng::Schema`
[INFO] [stdout] 
[INFO] [stdout] 
[INFO] [stdout] error[E0599]: the variant, associated function, or constant `SCHEMA` exists for enum `std::option::Option<NewTypeStruct>`, but its trait bounds were not satisfied
[INFO] [stdout]    --> tests/schema.rs:393:35
[INFO] [stdout]     |
[INFO] [stdout] 286 | struct NewTypeStruct(String);
[INFO] [stdout]     | -------------------- doesn't satisfy `NewTypeStruct: postcard_schema_ng::Schema`
[INFO] [stdout] ...
[INFO] [stdout] 393 |         (<Option<NewTypeStruct>>::SCHEMA.max_size(), None),
[INFO] [stdout]     |                                   ^^^^^^ variant, associated function, or constant cannot be called on `std::option::Option<NewTypeStruct>` due to unsatisfied trait bounds
[INFO] [stdout]     |
[INFO] [stdout]     = note: the following trait bounds were not satisfied:
[INFO] [stdout]             `NewTypeStruct: postcard_schema_ng::Schema`
[INFO] [stdout]             which is required by `std::option::Option<NewTypeStruct>: postcard_schema_ng::Schema`
[INFO] [stdout]             `std::option::Option<NewTypeStruct>: postcard_schema_ng::Schema`
[INFO] [stdout]             which is required by `&std::option::Option<NewTypeStruct>: postcard_schema_ng::Schema`
[INFO] [stdout] note: the trait `postcard_schema_ng::Schema` must be implemented
[INFO] [stdout]    --> src/lib.rs:83:1
[INFO] [stdout]     |
[INFO] [stdout]  83 | pub trait Schema {
[INFO] [stdout]     | ^^^^^^^^^^^^^^^^
[INFO] [stdout] 
[INFO] [stdout] 
[INFO] [stdout] error[E0599]: the variant, associated function, or constant `SCHEMA` exists for enum `Enums`, but its trait bounds were not satisfied
[INFO] [stdout]    --> tests/schema.rs:394:17
[INFO] [stdout]     |
[INFO] [stdout] 294 | enum Enums {
[INFO] [stdout]     | ---------- variant, associated function, or constant `SCHEMA` not found for this enum because it doesn't satisfy `Enums: postcard_schema_ng::Schema`
[INFO] [stdout] ...
[INFO] [stdout] 394 |         (Enums::SCHEMA.max_size(), Some(11)),
[INFO] [stdout]     |                 ^^^^^^ variant, associated function, or constant cannot be called on `Enums` due to unsatisfied trait bounds
[INFO] [stdout]     |
[INFO] [stdout]     = note: the following trait bounds were not satisfied:
[INFO] [stdout]             `Enums: postcard_schema_ng::Schema`
[INFO] [stdout]             which is required by `&Enums: postcard_schema_ng::Schema`
[INFO] [stdout] note: the trait `postcard_schema_ng::Schema` must be implemented
[INFO] [stdout]    --> src/lib.rs:83:1
[INFO] [stdout]     |
[INFO] [stdout]  83 | pub trait Schema {
[INFO] [stdout]     | ^^^^^^^^^^^^^^^^
[INFO] [stdout]     = help: items from traits can only be used if the trait is implemented and in scope
[INFO] [stdout]     = note: the following trait defines an item `SCHEMA`, perhaps you need to implement it:
[INFO] [stdout]             candidate #1: `postcard_schema_ng::Schema`
[INFO] [stdout] 
[INFO] [stdout] 
[INFO] [stdout] error[E0599]: the variant, associated function, or constant `SCHEMA` exists for enum `std::option::Option<Enums>`, but its trait bounds were not satisfied
[INFO] [stdout]    --> tests/schema.rs:395:27
[INFO] [stdout]     |
[INFO] [stdout] 294 | enum Enums {
[INFO] [stdout]     | ---------- doesn't satisfy `Enums: postcard_schema_ng::Schema`
[INFO] [stdout] ...
[INFO] [stdout] 395 |         (<Option<Enums>>::SCHEMA.max_size(), Some(12)),
[INFO] [stdout]     |                           ^^^^^^ variant, associated function, or constant cannot be called on `std::option::Option<Enums>` due to unsatisfied trait bounds
[INFO] [stdout]     |
[INFO] [stdout]     = note: the following trait bounds were not satisfied:
[INFO] [stdout]             `Enums: postcard_schema_ng::Schema`
[INFO] [stdout]             which is required by `std::option::Option<Enums>: postcard_schema_ng::Schema`
[INFO] [stdout]             `std::option::Option<Enums>: postcard_schema_ng::Schema`
[INFO] [stdout]             which is required by `&std::option::Option<Enums>: postcard_schema_ng::Schema`
[INFO] [stdout] note: the trait `postcard_schema_ng::Schema` must be implemented
[INFO] [stdout]    --> src/lib.rs:83:1
[INFO] [stdout]     |
[INFO] [stdout]  83 | pub trait Schema {
[INFO] [stdout]     | ^^^^^^^^^^^^^^^^
[INFO] [stdout] 
[INFO] [stdout] 
[INFO] [stdout] error[E0599]: the associated function or constant `SCHEMA` exists for struct `Vec<u16>`, but its trait bounds were not satisfied
[INFO] [stdout]    --> tests/schema.rs:397:22
[INFO] [stdout]     |
[INFO] [stdout] 397 |         (<Vec<u16>>::SCHEMA.max_size(), None),
[INFO] [stdout]     |                      ^^^^^^ associated function or constant cannot be called on `Vec<u16>` due to unsatisfied trait bounds
[INFO] [stdout]     |
[INFO] [stdout]     = note: the following trait bounds were not satisfied:
[INFO] [stdout]             `Vec<u16>: postcard_schema_ng::Schema`
[INFO] [stdout]             which is required by `&Vec<u16>: postcard_schema_ng::Schema`
[INFO] [stdout] 
[INFO] [stdout] 
[INFO] [stdout] error[E0599]: the associated function or constant `SCHEMA` exists for struct `TupStruct`, but its trait bounds were not satisfied
[INFO] [stdout]    --> tests/schema.rs:400:21
[INFO] [stdout]     |
[INFO] [stdout] 290 | struct TupStruct(u64, String);
[INFO] [stdout]     | ---------------- associated function or constant `SCHEMA` not found for this struct because it doesn't satisfy `TupStruct: postcard_schema_ng::Schema`
[INFO] [stdout] ...
[INFO] [stdout] 400 |         (TupStruct::SCHEMA.max_size(), None),
[INFO] [stdout]     |                     ^^^^^^ associated function or constant cannot be called on `TupStruct` due to unsatisfied trait bounds
[INFO] [stdout]     |
[INFO] [stdout]     = note: the following trait bounds were not satisfied:
[INFO] [stdout]             `TupStruct: postcard_schema_ng::Schema`
[INFO] [stdout]             which is required by `&TupStruct: postcard_schema_ng::Schema`
[INFO] [stdout] note: the trait `postcard_schema_ng::Schema` must be implemented
[INFO] [stdout]    --> src/lib.rs:83:1
[INFO] [stdout]     |
[INFO] [stdout]  83 | pub trait Schema {
[INFO] [stdout]     | ^^^^^^^^^^^^^^^^
[INFO] [stdout]     = help: items from traits can only be used if the trait is implemented and in scope
[INFO] [stdout]     = note: the following trait defines an item `SCHEMA`, perhaps you need to implement it:
[INFO] [stdout]             candidate #1: `postcard_schema_ng::Schema`
[INFO] [stdout] 
[INFO] [stdout] 
[INFO] [stdout] error[E0599]: the variant, associated function, or constant `SCHEMA` exists for enum `std::option::Option<TupStruct>`, but its trait bounds were not satisfied
[INFO] [stdout]    --> tests/schema.rs:401:31
[INFO] [stdout]     |
[INFO] [stdout] 290 | struct TupStruct(u64, String);
[INFO] [stdout]     | ---------------- doesn't satisfy `TupStruct: postcard_schema_ng::Schema`
[INFO] [stdout] ...
[INFO] [stdout] 401 |         (<Option<TupStruct>>::SCHEMA.max_size(), None),
[INFO] [stdout]     |                               ^^^^^^ variant, associated function, or constant cannot be called on `std::option::Option<TupStruct>` due to unsatisfied trait bounds
[INFO] [stdout]     |
[INFO] [stdout]     = note: the following trait bounds were not satisfied:
[INFO] [stdout]             `TupStruct: postcard_schema_ng::Schema`
[INFO] [stdout]             which is required by `std::option::Option<TupStruct>: postcard_schema_ng::Schema`
[INFO] [stdout]             `std::option::Option<TupStruct>: postcard_schema_ng::Schema`
[INFO] [stdout]             which is required by `&std::option::Option<TupStruct>: postcard_schema_ng::Schema`
[INFO] [stdout] note: the trait `postcard_schema_ng::Schema` must be implemented
[INFO] [stdout]    --> src/lib.rs:83:1
[INFO] [stdout]     |
[INFO] [stdout]  83 | pub trait Schema {
[INFO] [stdout]     | ^^^^^^^^^^^^^^^^
[INFO] [stdout] 
[INFO] [stdout] 
[INFO] [stdout] error[E0599]: the associated function or constant `SCHEMA` exists for struct `HashMap<u32, std::string::String>`, but its trait bounds were not satisfied
[INFO] [stdout]    --> tests/schema.rs:403:55
[INFO] [stdout]     |
[INFO] [stdout] 403 |             <std::collections::HashMap<u32, String>>::SCHEMA.max_size(),
[INFO] [stdout]     |                                                       ^^^^^^ associated function or constant cannot be called on `HashMap<u32, std::string::String>` due to unsatisfied trait bounds
[INFO] [stdout]     |
[INFO] [stdout]     = note: the following trait bounds were not satisfied:
[INFO] [stdout]             `HashMap<u32, std::string::String>: postcard_schema_ng::Schema`
[INFO] [stdout]             which is required by `&HashMap<u32, std::string::String>: postcard_schema_ng::Schema`
[INFO] [stdout] 
[INFO] [stdout] 
[INFO] [stdout] error[E0599]: the associated function or constant `SCHEMA` exists for struct `HashSet<u32>`, but its trait bounds were not satisfied
[INFO] [stdout]    --> tests/schema.rs:406:44
[INFO] [stdout]     |
[INFO] [stdout] 406 |         (<std::collections::HashSet<u32>>::SCHEMA.max_size(), None),
[INFO] [stdout]     |                                            ^^^^^^ associated function or constant cannot be called on `HashSet<u32>` due to unsatisfied trait bounds
[INFO] [stdout]     |
[INFO] [stdout]     = note: the following trait bounds were not satisfied:
[INFO] [stdout]             `HashSet<u32>: postcard_schema_ng::Schema`
[INFO] [stdout]             which is required by `&HashSet<u32>: postcard_schema_ng::Schema`
[INFO] [stdout] 
[INFO] [stdout] 
[INFO] [stdout] error[E0599]: the associated function or constant `SCHEMA` exists for struct `Classic`, but its trait bounds were not satisfied
[INFO] [stdout]    --> tests/schema.rs:407:21
[INFO] [stdout]     |
[INFO] [stdout] 302 | struct Classic {
[INFO] [stdout]     | -------------- associated function or constant `SCHEMA` not found for this struct because it doesn't satisfy `Classic: postcard_schema_ng::Schema`
[INFO] [stdout] ...
[INFO] [stdout] 407 |         (<Classic>::SCHEMA.max_size(), Some(9)),
[INFO] [stdout]     |                     ^^^^^^ associated function or constant cannot be called on `Classic` due to unsatisfied trait bounds
[INFO] [stdout]     |
[INFO] [stdout]     = note: the following trait bounds were not satisfied:
[INFO] [stdout]             `Classic: postcard_schema_ng::Schema`
[INFO] [stdout]             which is required by `&Classic: postcard_schema_ng::Schema`
[INFO] [stdout] note: the trait `postcard_schema_ng::Schema` must be implemented
[INFO] [stdout]    --> src/lib.rs:83:1
[INFO] [stdout]     |
[INFO] [stdout]  83 | pub trait Schema {
[INFO] [stdout]     | ^^^^^^^^^^^^^^^^
[INFO] [stdout]     = help: items from traits can only be used if the trait is implemented and in scope
[INFO] [stdout]     = note: the following trait defines an item `SCHEMA`, perhaps you need to implement it:
[INFO] [stdout]             candidate #1: `postcard_schema_ng::Schema`
[INFO] [stdout] 
[INFO] [stdout] 
[INFO] [stdout] error[E0599]: the associated function or constant `SCHEMA` exists for struct `ClassicGen<i32>`, but its trait bounds were not satisfied
[INFO] [stdout]    --> tests/schema.rs:408:29
[INFO] [stdout]     |
[INFO] [stdout] 310 | struct ClassicGen<T: Schema> {
[INFO] [stdout]     | ---------------------------- associated function or constant `SCHEMA` not found for this struct because it doesn't satisfy `ClassicGen<i32>: postcard_schema_ng::Schema`
[INFO] [stdout] ...
[INFO] [stdout] 408 |         (<ClassicGen<i32>>::SCHEMA.max_size(), Some(10)),
[INFO] [stdout]     |                             ^^^^^^ associated function or constant cannot be called on `ClassicGen<i32>` due to unsatisfied trait bounds
[INFO] [stdout]     |
[INFO] [stdout]     = note: the following trait bounds were not satisfied:
[INFO] [stdout]             `ClassicGen<i32>: postcard_schema_ng::Schema`
[INFO] [stdout]             which is required by `&ClassicGen<i32>: postcard_schema_ng::Schema`
[INFO] [stdout] note: the trait `postcard_schema_ng::Schema` must be implemented
[INFO] [stdout]    --> src/lib.rs:83:1
[INFO] [stdout]     |
[INFO] [stdout]  83 | pub trait Schema {
[INFO] [stdout]     | ^^^^^^^^^^^^^^^^
[INFO] [stdout]     = help: items from traits can only be used if the trait is implemented and in scope
[INFO] [stdout]     = note: the following trait defines an item `SCHEMA`, perhaps you need to implement it:
[INFO] [stdout]             candidate #1: `postcard_schema_ng::Schema`
[INFO] [stdout] 
[INFO] [stdout] 
[INFO] [stdout] error[E0599]: the variant, associated function, or constant `SCHEMA` exists for enum `std::option::Option<Classic>`, but its trait bounds were not satisfied
[INFO] [stdout]    --> tests/schema.rs:409:29
[INFO] [stdout]     |
[INFO] [stdout] 302 | struct Classic {
[INFO] [stdout]     | -------------- doesn't satisfy `Classic: postcard_schema_ng::Schema`
[INFO] [stdout] ...
[INFO] [stdout] 409 |         (<Option<Classic>>::SCHEMA.max_size(), Some(10)),
[INFO] [stdout]     |                             ^^^^^^ variant, associated function, or constant cannot be called on `std::option::Option<Classic>` due to unsatisfied trait bounds
[INFO] [stdout]     |
[INFO] [stdout]     = note: the following trait bounds were not satisfied:
[INFO] [stdout]             `Classic: postcard_schema_ng::Schema`
[INFO] [stdout]             which is required by `std::option::Option<Classic>: postcard_schema_ng::Schema`
[INFO] [stdout]             `std::option::Option<Classic>: postcard_schema_ng::Schema`
[INFO] [stdout]             which is required by `&std::option::Option<Classic>: postcard_schema_ng::Schema`
[INFO] [stdout] note: the trait `postcard_schema_ng::Schema` must be implemented
[INFO] [stdout]    --> src/lib.rs:83:1
[INFO] [stdout]     |
[INFO] [stdout]  83 | pub trait Schema {
[INFO] [stdout]     | ^^^^^^^^^^^^^^^^
[INFO] [stdout] 
[INFO] [stdout] 
[INFO] [stdout] error[E0599]: the variant, associated function, or constant `SCHEMA` exists for enum `std::option::Option<ClassicGen<i32>>`, but its trait bounds were not satisfied
[INFO] [stdout]    --> tests/schema.rs:410:37
[INFO] [stdout]     |
[INFO] [stdout] 310 | struct ClassicGen<T: Schema> {
[INFO] [stdout]     | ---------------------------- doesn't satisfy `ClassicGen<i32>: postcard_schema_ng::Schema`
[INFO] [stdout] ...
[INFO] [stdout] 410 |         (<Option<ClassicGen<i32>>>::SCHEMA.max_size(), Some(11)),
[INFO] [stdout]     |                                     ^^^^^^ variant, associated function, or constant cannot be called on `std::option::Option<ClassicGen<i32>>` due to unsatisfied trait bounds
[INFO] [stdout]     |
[INFO] [stdout]     = note: the following trait bounds were not satisfied:
[INFO] [stdout]             `ClassicGen<i32>: postcard_schema_ng::Schema`
[INFO] [stdout]             which is required by `std::option::Option<ClassicGen<i32>>: postcard_schema_ng::Schema`
[INFO] [stdout]             `std::option::Option<ClassicGen<i32>>: postcard_schema_ng::Schema`
[INFO] [stdout]             which is required by `&std::option::Option<ClassicGen<i32>>: postcard_schema_ng::Schema`
[INFO] [stdout] note: the trait `postcard_schema_ng::Schema` must be implemented
[INFO] [stdout]    --> src/lib.rs:83:1
[INFO] [stdout]     |
[INFO] [stdout]  83 | pub trait Schema {
[INFO] [stdout]     | ^^^^^^^^^^^^^^^^
[INFO] [stdout] 
[INFO] [stdout] 
[INFO] [stdout] error[E0599]: the associated function or constant `SCHEMA` exists for struct `PathBuf`, but its trait bounds were not satisfied
[INFO] [stdout]    --> tests/schema.rs:411:19
[INFO] [stdout]     |
[INFO] [stdout] 411 |         (PathBuf::SCHEMA.max_size(), None),
[INFO] [stdout]     |                   ^^^^^^ associated function or constant cannot be called on `PathBuf` due to unsatisfied trait bounds
[INFO] [stdout]     |
[INFO] [stdout]     = note: the following trait bounds were not satisfied:
[INFO] [stdout]             `PathBuf: postcard_schema_ng::Schema`
[INFO] [stdout]             which is required by `&PathBuf: postcard_schema_ng::Schema`
[INFO] [stdout] 
[INFO] [stdout] 
[INFO] [stdout] Some errors have detailed explanations: E0277, E0432, E0599.
[INFO] [stdout] 
[INFO] [stdout] For more information about an error, try `rustc --explain E0277`.
[INFO] [stdout] 
[INFO] [stderr] error: could not compile `postcard-schema-ng` (test "schema") due to 59 previous errors
[INFO] running `Command { std: "docker" "inspect" "25d84c053991a3d92cc9f88e9c2ea1bca254d1b6838eb70aa6caddfc23761c26", kill_on_drop: false }`
[INFO] running `Command { std: "docker" "rm" "-f" "25d84c053991a3d92cc9f88e9c2ea1bca254d1b6838eb70aa6caddfc23761c26", kill_on_drop: false }`
[INFO] [stdout] 25d84c053991a3d92cc9f88e9c2ea1bca254d1b6838eb70aa6caddfc23761c26
