[INFO] fetching crate postcard-bindgen-core 0.9.1...
[INFO] testing postcard-bindgen-core-0.9.1 against 1.100.0-beta.1+cargoflags=--release for beta-release-1.100-2
[INFO] extracting crate postcard-bindgen-core 0.9.1 into /workspace/builds/worker-1-tc2/source
[INFO] started tweaking crates.io crate postcard-bindgen-core 0.9.1
[INFO] removed 0 missing tests
[INFO] finished tweaking crates.io crate postcard-bindgen-core 0.9.1
[INFO] tweaked toml for crates.io crate postcard-bindgen-core 0.9.1 written to /workspace/builds/worker-1-tc2/source/Cargo.toml
[INFO] validating manifest of crates.io crate postcard-bindgen-core 0.9.1 on toolchain 1.100.0-beta.1
[INFO] running `Command { std: CARGO_HOME="/workspace/cargo-home" RUSTUP_HOME="/workspace/rustup-home" "/workspace/cargo-home/bin/cargo" "+1.100.0-beta.1" "metadata" "--manifest-path" "Cargo.toml" "--no-deps", kill_on_drop: false }`
[INFO] crate crates.io crate postcard-bindgen-core 0.9.1 already has a lockfile, it will not be regenerated
[INFO] running `Command { std: CARGO_HOME="/workspace/cargo-home" RUSTUP_HOME="/workspace/rustup-home" "/workspace/cargo-home/bin/cargo" "+1.100.0-beta.1" "fetch" "--manifest-path" "Cargo.toml", kill_on_drop: false }`
[INFO] running `Command { std: "docker" "create" "-v" "/var/lib/crater-agent-workspace/builds/worker-1-tc2/source:/opt/rustwide/workdir:ro,Z" "-v" "/var/lib/crater-agent-workspace/builds/worker-1-tc2/target:/opt/rustwide/target:rw,Z" "-v" "/var/lib/crater-agent-workspace/cargo-home:/opt/rustwide/cargo-home:ro,Z" "-v" "/var/lib/crater-agent-workspace/rustup-home:/opt/rustwide/rustup-home:ro,Z" "-m" "1610612736" "--network" "none" "ghcr.io/rust-lang/crates-build-env/linux@sha256:77db811e55d90add9212f6832c23229e3de5f1c1f9905e8cb07319ea15df73ac" "sleep" "infinity", kill_on_drop: false }`
[INFO] [stdout] 4fb5bc78d4a48c8ca405907802c7edb47cf49920120fa6a84e1dada5740945ff
[INFO] running `Command { std: "docker" "start" "4fb5bc78d4a48c8ca405907802c7edb47cf49920120fa6a84e1dada5740945ff", kill_on_drop: false }`
[INFO] running `Command { std: "docker" "inspect" "4fb5bc78d4a48c8ca405907802c7edb47cf49920120fa6a84e1dada5740945ff", kill_on_drop: false }`
[INFO] running `Command { std: "docker" "exec" "-e" "SOURCE_DIR=/opt/rustwide/workdir" "-e" "CARGO_HOME=/opt/rustwide/cargo-home" "-e" "RUSTUP_HOME=/opt/rustwide/rustup-home" "-e" "CARGO_TARGET_DIR=/opt/rustwide/target" "-w" "/opt/rustwide/workdir" "--user" "0:0" "4fb5bc78d4a48c8ca405907802c7edb47cf49920120fa6a84e1dada5740945ff" "/opt/rustwide/cargo-home/bin/cargo" "+1.100.0-beta.1" "metadata" "--no-deps" "--format-version=1", kill_on_drop: false }`
[INFO] running `Command { std: "docker" "inspect" "4fb5bc78d4a48c8ca405907802c7edb47cf49920120fa6a84e1dada5740945ff", kill_on_drop: false }`
[INFO] running `Command { std: "docker" "exec" "-e" "SOURCE_DIR=/opt/rustwide/workdir" "-e" "CARGO_HOME=/opt/rustwide/cargo-home" "-e" "RUSTUP_HOME=/opt/rustwide/rustup-home" "-e" "CARGO_TARGET_DIR=/opt/rustwide/target" "-e" "CARGO_INCREMENTAL=0" "-e" "RUST_BACKTRACE=full" "-e" "RUSTFLAGS=--cap-lints=warn" "-e" "RUSTDOCFLAGS=--cap-lints=warn" "-w" "/opt/rustwide/workdir" "--user" "0:0" "4fb5bc78d4a48c8ca405907802c7edb47cf49920120fa6a84e1dada5740945ff" "/opt/rustwide/cargo-home/bin/cargo" "+1.100.0-beta.1" "build" "--frozen" "--message-format=json" "--release", kill_on_drop: false }`
[INFO] [stderr]    Compiling postcard-bindgen-core v0.9.1 (/opt/rustwide/workdir)
[INFO] [stderr]     Finished `release` profile [optimized] target(s) in 0.09s
[INFO] running `Command { std: "docker" "inspect" "4fb5bc78d4a48c8ca405907802c7edb47cf49920120fa6a84e1dada5740945ff", kill_on_drop: false }`
[INFO] running `Command { std: "docker" "exec" "-e" "SOURCE_DIR=/opt/rustwide/workdir" "-e" "CARGO_HOME=/opt/rustwide/cargo-home" "-e" "RUSTUP_HOME=/opt/rustwide/rustup-home" "-e" "CARGO_TARGET_DIR=/opt/rustwide/target" "-e" "CARGO_INCREMENTAL=0" "-e" "RUST_BACKTRACE=full" "-e" "RUSTFLAGS=--cap-lints=warn" "-e" "RUSTDOCFLAGS=--cap-lints=warn" "-w" "/opt/rustwide/workdir" "--user" "0:0" "4fb5bc78d4a48c8ca405907802c7edb47cf49920120fa6a84e1dada5740945ff" "/opt/rustwide/cargo-home/bin/cargo" "+1.100.0-beta.1" "test" "--frozen" "--no-run" "--message-format=json" "--release", kill_on_drop: false }`
[INFO] [stderr]    Compiling similar v2.7.0
[INFO] [stderr]    Compiling rustix v1.1.5
[INFO] [stderr]    Compiling console v0.16.6
[INFO] [stderr]    Compiling syn v1.0.109
[INFO] [stderr]    Compiling getrandom v0.4.3
[INFO] [stderr]    Compiling with_builtin_macros-proc_macros v0.1.0
[INFO] [stderr]    Compiling tempfile v3.27.0
[INFO] [stderr]    Compiling with_builtin_macros v0.1.0
[INFO] [stderr]    Compiling insta v1.48.0
[INFO] [stderr]    Compiling postcard-bindgen-core v0.9.1 (/opt/rustwide/workdir)
[INFO] [stdout] error[E0433]: cannot find `code_gen` in `postcard_bindgen_core`
[INFO] [stdout]  --> tests/javascript.rs:3:28
[INFO] [stdout]   |
[INFO] [stdout] 3 | use postcard_bindgen_core::code_gen::js::{generate, GenerationSettings};
[INFO] [stdout]   |                            ^^^^^^^^ could not find `code_gen` in `postcard_bindgen_core`
[INFO] [stdout]   |
[INFO] [stdout] note: found an item that was configured out
[INFO] [stdout]  --> src/lib.rs:6:9
[INFO] [stdout]   |
[INFO] [stdout] 5 | #[cfg(feature = "generating")]
[INFO] [stdout]   |       ---------------------- the item is gated behind the `generating` feature
[INFO] [stdout] 6 | pub mod code_gen;
[INFO] [stdout]   |         ^^^^^^^^
[INFO] [stdout] 
[INFO] [stdout] 
[INFO] [stdout] error[E0432]: unresolved imports `postcard_bindgen_core::path`, `postcard_bindgen_core::registry`, `postcard_bindgen_core::type_info`
[INFO] [stdout]   --> tests/registry/mod.rs:4:5
[INFO] [stdout]    |
[INFO] [stdout]  4 |     path::Path,
[INFO] [stdout]    |     ^^^^ could not find `path` in `postcard_bindgen_core`
[INFO] [stdout]  5 |     registry::{
[INFO] [stdout]    |     ^^^^^^^^ could not find `registry` in `postcard_bindgen_core`
[INFO] [stdout] ...
[INFO] [stdout]  9 |     type_info::{GenBinding, ObjectMeta, ValueType},
[INFO] [stdout]    |     ^^^^^^^^^ could not find `type_info` in `postcard_bindgen_core`
[INFO] [stdout]    |
[INFO] [stdout] note: found an item that was configured out
[INFO] [stdout]   --> src/lib.rs:8:9
[INFO] [stdout]    |
[INFO] [stdout]  7 | #[cfg(feature = "generating")]
[INFO] [stdout]    |       ---------------------- the item is gated behind the `generating` feature
[INFO] [stdout]  8 | pub mod path;
[INFO] [stdout]    |         ^^^^
[INFO] [stdout] note: found an item that was configured out
[INFO] [stdout]   --> src/lib.rs:10:9
[INFO] [stdout]    |
[INFO] [stdout]  9 | #[cfg(feature = "generating")]
[INFO] [stdout]    |       ---------------------- the item is gated behind the `generating` feature
[INFO] [stdout] 10 | pub mod registry;
[INFO] [stdout]    |         ^^^^^^^^
[INFO] [stdout] note: found an item that was configured out
[INFO] [stdout]   --> src/lib.rs:12:9
[INFO] [stdout]    |
[INFO] [stdout] 11 | #[cfg(feature = "generating")]
[INFO] [stdout]    |       ---------------------- the item is gated behind the `generating` feature
[INFO] [stdout] 12 | pub mod type_info;
[INFO] [stdout]    |         ^^^^^^^^^
[INFO] [stdout] 
[INFO] [stdout] 
[INFO] [stdout] Some errors have detailed explanations: E0432, E0433.
[INFO] [stdout] 
[INFO] [stdout] For more information about an error, try `rustc --explain E0432`.
[INFO] [stdout] 
[INFO] [stderr] error: could not compile `postcard-bindgen-core` (test "javascript") due to 2 previous errors
[INFO] [stderr] warning: build failed, waiting for other jobs to finish...
[INFO] [stdout] error[E0433]: cannot find `code_gen` in `postcard_bindgen_core`
[INFO] [stdout]  --> tests/python.rs:3:28
[INFO] [stdout]   |
[INFO] [stdout] 3 | use postcard_bindgen_core::code_gen::python::{generate, GenerationSettings};
[INFO] [stdout]   |                            ^^^^^^^^ could not find `code_gen` in `postcard_bindgen_core`
[INFO] [stdout]   |
[INFO] [stdout] note: found an item that was configured out
[INFO] [stdout]  --> src/lib.rs:6:9
[INFO] [stdout]   |
[INFO] [stdout] 5 | #[cfg(feature = "generating")]
[INFO] [stdout]   |       ---------------------- the item is gated behind the `generating` feature
[INFO] [stdout] 6 | pub mod code_gen;
[INFO] [stdout]   |         ^^^^^^^^
[INFO] [stdout] 
[INFO] [stdout] 
[INFO] [stdout] error[E0432]: unresolved imports `postcard_bindgen_core::path`, `postcard_bindgen_core::registry`, `postcard_bindgen_core::type_info`
[INFO] [stdout]   --> tests/registry/mod.rs:4:5
[INFO] [stdout]    |
[INFO] [stdout]  4 |     path::Path,
[INFO] [stdout]    |     ^^^^ could not find `path` in `postcard_bindgen_core`
[INFO] [stdout]  5 |     registry::{
[INFO] [stdout]    |     ^^^^^^^^ could not find `registry` in `postcard_bindgen_core`
[INFO] [stdout] ...
[INFO] [stdout]  9 |     type_info::{GenBinding, ObjectMeta, ValueType},
[INFO] [stdout]    |     ^^^^^^^^^ could not find `type_info` in `postcard_bindgen_core`
[INFO] [stdout]    |
[INFO] [stdout] note: found an item that was configured out
[INFO] [stdout]   --> src/lib.rs:8:9
[INFO] [stdout]    |
[INFO] [stdout]  7 | #[cfg(feature = "generating")]
[INFO] [stdout]    |       ---------------------- the item is gated behind the `generating` feature
[INFO] [stdout]  8 | pub mod path;
[INFO] [stdout]    |         ^^^^
[INFO] [stdout] note: found an item that was configured out
[INFO] [stdout]   --> src/lib.rs:10:9
[INFO] [stdout]    |
[INFO] [stdout]  9 | #[cfg(feature = "generating")]
[INFO] [stdout]    |       ---------------------- the item is gated behind the `generating` feature
[INFO] [stdout] 10 | pub mod registry;
[INFO] [stdout]    |         ^^^^^^^^
[INFO] [stdout] note: found an item that was configured out
[INFO] [stdout]   --> src/lib.rs:12:9
[INFO] [stdout]    |
[INFO] [stdout] 11 | #[cfg(feature = "generating")]
[INFO] [stdout]    |       ---------------------- the item is gated behind the `generating` feature
[INFO] [stdout] 12 | pub mod type_info;
[INFO] [stdout]    |         ^^^^^^^^^
[INFO] [stdout] 
[INFO] [stdout] 
[INFO] [stdout] Some errors have detailed explanations: E0432, E0433.
[INFO] [stdout] 
[INFO] [stdout] For more information about an error, try `rustc --explain E0432`.
[INFO] [stdout] 
[INFO] [stderr] error: could not compile `postcard-bindgen-core` (test "python") due to 2 previous errors
[INFO] running `Command { std: "docker" "inspect" "4fb5bc78d4a48c8ca405907802c7edb47cf49920120fa6a84e1dada5740945ff", kill_on_drop: false }`
[INFO] running `Command { std: "docker" "rm" "-f" "4fb5bc78d4a48c8ca405907802c7edb47cf49920120fa6a84e1dada5740945ff", kill_on_drop: false }`
[INFO] [stdout] 4fb5bc78d4a48c8ca405907802c7edb47cf49920120fa6a84e1dada5740945ff
