[INFO] fetching crate portr 1.0.0...
[INFO] testing portr-1.0.0 against 1.100.0-beta.1+cargoflags=--release for beta-release-1.100-2
[INFO] extracting crate portr 1.0.0 into /workspace/builds/worker-3-tc2/source
[INFO] started tweaking crates.io crate portr 1.0.0
[INFO] removed 0 missing tests
[INFO] finished tweaking crates.io crate portr 1.0.0
[INFO] tweaked toml for crates.io crate portr 1.0.0 written to /workspace/builds/worker-3-tc2/source/Cargo.toml
[INFO] validating manifest of crates.io crate portr 1.0.0 on toolchain 1.100.0-beta.1
[INFO] running `Command { std: CARGO_HOME="/workspace/cargo-home" RUSTUP_HOME="/workspace/rustup-home" "/workspace/cargo-home/bin/cargo" "+1.100.0-beta.1" "metadata" "--manifest-path" "Cargo.toml" "--no-deps", kill_on_drop: false }`
[INFO] crate crates.io crate portr 1.0.0 already has a lockfile, it will not be regenerated
[INFO] running `Command { std: CARGO_HOME="/workspace/cargo-home" RUSTUP_HOME="/workspace/rustup-home" "/workspace/cargo-home/bin/cargo" "+1.100.0-beta.1" "fetch" "--manifest-path" "Cargo.toml", kill_on_drop: false }`
[INFO] running `Command { std: "docker" "create" "-v" "/var/lib/crater-agent-workspace/builds/worker-3-tc2/source:/opt/rustwide/workdir:ro,Z" "-v" "/var/lib/crater-agent-workspace/builds/worker-3-tc2/target:/opt/rustwide/target:rw,Z" "-v" "/var/lib/crater-agent-workspace/cargo-home:/opt/rustwide/cargo-home:ro,Z" "-v" "/var/lib/crater-agent-workspace/rustup-home:/opt/rustwide/rustup-home:ro,Z" "-m" "1610612736" "--network" "none" "ghcr.io/rust-lang/crates-build-env/linux@sha256:77db811e55d90add9212f6832c23229e3de5f1c1f9905e8cb07319ea15df73ac" "sleep" "infinity", kill_on_drop: false }`
[INFO] [stdout] 6725c755fe0413a4f26a5a0cacb58ec9c61de364b9cef5828008d7fadf8087ee
[INFO] running `Command { std: "docker" "start" "6725c755fe0413a4f26a5a0cacb58ec9c61de364b9cef5828008d7fadf8087ee", kill_on_drop: false }`
[INFO] running `Command { std: "docker" "inspect" "6725c755fe0413a4f26a5a0cacb58ec9c61de364b9cef5828008d7fadf8087ee", kill_on_drop: false }`
[INFO] running `Command { std: "docker" "exec" "-e" "SOURCE_DIR=/opt/rustwide/workdir" "-e" "CARGO_HOME=/opt/rustwide/cargo-home" "-e" "RUSTUP_HOME=/opt/rustwide/rustup-home" "-e" "CARGO_TARGET_DIR=/opt/rustwide/target" "-w" "/opt/rustwide/workdir" "--user" "0:0" "6725c755fe0413a4f26a5a0cacb58ec9c61de364b9cef5828008d7fadf8087ee" "/opt/rustwide/cargo-home/bin/cargo" "+1.100.0-beta.1" "metadata" "--no-deps" "--format-version=1", kill_on_drop: false }`
[INFO] running `Command { std: "docker" "inspect" "6725c755fe0413a4f26a5a0cacb58ec9c61de364b9cef5828008d7fadf8087ee", kill_on_drop: false }`
[INFO] running `Command { std: "docker" "exec" "-e" "SOURCE_DIR=/opt/rustwide/workdir" "-e" "CARGO_HOME=/opt/rustwide/cargo-home" "-e" "RUSTUP_HOME=/opt/rustwide/rustup-home" "-e" "CARGO_TARGET_DIR=/opt/rustwide/target" "-e" "CARGO_INCREMENTAL=0" "-e" "RUST_BACKTRACE=full" "-e" "RUSTFLAGS=--cap-lints=warn" "-e" "RUSTDOCFLAGS=--cap-lints=warn" "-w" "/opt/rustwide/workdir" "--user" "0:0" "6725c755fe0413a4f26a5a0cacb58ec9c61de364b9cef5828008d7fadf8087ee" "/opt/rustwide/cargo-home/bin/cargo" "+1.100.0-beta.1" "build" "--frozen" "--message-format=json" "--release", kill_on_drop: false }`
[INFO] [stderr]    Compiling quote v1.0.44
[INFO] [stderr]    Compiling proc-macro2 v1.0.106
[INFO] [stderr]    Compiling libc v0.2.180
[INFO] [stderr]    Compiling utf8parse v0.2.2
[INFO] [stderr]    Compiling colorchoice v1.0.4
[INFO] [stderr]    Compiling anstyle-query v1.1.5
[INFO] [stderr]    Compiling anstyle v1.0.13
[INFO] [stderr]    Compiling is_terminal_polyfill v1.70.2
[INFO] [stderr]    Compiling clap_lex v0.7.7
[INFO] [stderr]    Compiling proc-macro-error-attr v1.0.4
[INFO] [stderr]    Compiling signal-hook v0.3.18
[INFO] [stderr]    Compiling either v1.15.0
[INFO] [stderr]    Compiling crossbeam-utils v0.8.21
[INFO] [stderr]    Compiling syn v1.0.109
[INFO] [stderr]    Compiling proc-macro-error v1.0.4
[INFO] [stderr]    Compiling anstyle-parse v0.2.7
[INFO] [stderr]    Compiling log v0.4.29
[INFO] [stderr]    Compiling smallvec v1.15.1
[INFO] [stderr]    Compiling serde_core v1.0.228
[INFO] [stderr]    Compiling bitflags v2.10.0
[INFO] [stderr]    Compiling unicode-width v0.1.11
[INFO] [stderr]    Compiling rustix v0.38.44
[INFO] [stderr]    Compiling num-traits v0.2.19
[INFO] [stderr]    Compiling anstream v0.6.21
[INFO] [stderr]    Compiling zmij v1.0.19
[INFO] [stderr]    Compiling instability v0.3.11
[INFO] [stderr]    Compiling paste v1.0.15
[INFO] [stderr]    Compiling linux-raw-sys v0.4.15
[INFO] [stderr]    Compiling cfg_aliases v0.2.1
[INFO] [stderr]    Compiling equivalent v1.0.2
[INFO] [stderr]    Compiling foldhash v0.1.5
[INFO] [stderr]    Compiling allocator-api2 v0.2.21
[INFO] [stderr]    Compiling roff v0.2.2
[INFO] [stderr]    Compiling itoa v1.0.17
[INFO] [stderr]    Compiling nix v0.29.0
[INFO] [stderr]    Compiling itertools v0.13.0
[INFO] [stderr]    Compiling castaway v0.2.4
[INFO] [stderr]    Compiling fnv v1.0.7
[INFO] [stderr]    Compiling serde v1.0.228
[INFO] [stderr]    Compiling unicode-segmentation v1.12.0
[INFO] [stderr]    Compiling ryu v1.0.22
[INFO] [stderr]    Compiling memchr v2.7.6
[INFO] [stderr]    Compiling indoc v2.0.7
[INFO] [stderr]    Compiling bytecount v0.6.9
[INFO] [stderr]    Compiling syn v2.0.114
[INFO] [stderr]    Compiling crossbeam-epoch v0.9.18
[INFO] [stderr]    Compiling clap_builder v4.5.57
[INFO] [stderr]    Compiling heck v0.4.1
[INFO] [stderr]    Compiling thiserror v2.0.18
[INFO] [stderr]    Compiling static_assertions v1.1.0
[INFO] [stderr]    Compiling hashbrown v0.15.5
[INFO] [stderr]    Compiling compact_str v0.8.1
[INFO] [stderr]    Compiling papergrid v0.12.0
[INFO] [stderr]    Compiling crossbeam-deque v0.8.6
[INFO] [stderr]    Compiling rayon-core v1.13.0
[INFO] [stderr]    Compiling unicode-width v0.2.0
[INFO] [stderr]    Compiling lru v0.12.5
[INFO] [stderr]    Compiling cassowary v0.3.0
[INFO] [stderr]    Compiling iana-time-zone v0.1.65
[INFO] [stderr]    Compiling colored v2.2.0
[INFO] [stderr]    Compiling rayon v1.11.0
[INFO] [stderr]    Compiling chrono v0.4.43
[INFO] [stderr]    Compiling errno v0.3.14
[INFO] [stderr]    Compiling parking_lot_core v0.9.12
[INFO] [stderr]    Compiling mio v1.1.1
[INFO] [stderr]    Compiling signal-hook-registry v1.4.8
[INFO] [stderr]    Compiling parking_lot v0.12.5
[INFO] [stderr]    Compiling unicode-truncate v1.1.0
[INFO] [stderr]    Compiling signal-hook-mio v0.2.5
[INFO] [stderr]    Compiling crossterm v0.28.1
[INFO] [stderr]    Compiling serde_json v1.0.149
[INFO] [stderr]    Compiling tabled_derive v0.8.0
[INFO] [stderr]    Compiling darling_core v0.23.0
[INFO] [stderr]    Compiling clap_derive v4.5.55
[INFO] [stderr]    Compiling strum_macros v0.26.4
[INFO] [stderr]    Compiling thiserror-impl v2.0.18
[INFO] [stderr]    Compiling serde_derive v1.0.228
[INFO] [stderr]    Compiling tabled v0.16.0
[INFO] [stderr]    Compiling sysinfo v0.32.1
[INFO] [stderr]    Compiling darling_macro v0.23.0
[INFO] [stderr]    Compiling clap v4.5.57
[INFO] [stderr]    Compiling clap_mangen v0.2.31
[INFO] [stderr]    Compiling clap_complete v4.5.65
[INFO] [stderr]    Compiling darling v0.23.0
[INFO] [stderr]    Compiling strum v0.26.3
[INFO] [stderr]    Compiling portr v1.0.0 (/opt/rustwide/workdir)
[INFO] [stderr]    Compiling ratatui v0.29.0
[INFO] [stderr] warning: portr@1.0.0: Man page generated at: /opt/rustwide/target/release/build/man/portr.1
[INFO] [stdout] error[E0425]: cannot find value `pid` in this scope
[INFO] [stdout]   --> src/process.rs:80:33
[INFO] [stdout]    |
[INFO] [stdout] 80 |         let pid = Pid::from_raw(pid as i32);
[INFO] [stdout]    |                                 ^^^ not found in this scope
[INFO] [stdout]    |
[INFO] [stdout] note: `_pid` defined here
[INFO] [stdout]   --> src/process.rs:73:17
[INFO] [stdout]    |
[INFO] [stdout] 73 | pub fn can_kill(_pid: u32) -> bool {
[INFO] [stdout]    |                 ^^^^
[INFO] [stdout] help: the leading underscore in `_pid` marks it as unused, consider renaming it to `pid`
[INFO] [stdout]    |
[INFO] [stdout] 73 - pub fn can_kill(_pid: u32) -> bool {
[INFO] [stdout] 73 + pub fn can_kill(pid: u32) -> bool {
[INFO] [stdout]    |
[INFO] [stdout] 
[INFO] [stdout] 
[INFO] [stdout] error[E0425]: cannot find function `geteuid` in module `nix::unistd`
[INFO] [stdout]     --> src/process.rs:97:22
[INFO] [stdout]      |
[INFO] [stdout]   97 |         nix::unistd::geteuid().is_root()
[INFO] [stdout]      |                      ^^^^^^^ not found in `nix::unistd`
[INFO] [stdout]      |
[INFO] [stdout] note: similarly named function `getpgid` defined here
[INFO] [stdout]     --> /opt/rustwide/cargo-home/registry/src/index.crates.io-1949cf8c6b5b557f/nix-0.29.0/src/unistd.rs:335:1
[INFO] [stdout]      |
[INFO] [stdout]  335 | pub fn getpgid(pid: Option<Pid>) -> Result<Pid> {
[INFO] [stdout]      | ^^^^^^^^^^^^^^^^^^^^^^^^^^^^^^^^^^^^^^^^^^^^^^^
[INFO] [stdout] note: found an item that was configured out
[INFO] [stdout]     --> /opt/rustwide/cargo-home/registry/src/index.crates.io-1949cf8c6b5b557f/nix-0.29.0/src/unistd.rs:1459:8
[INFO] [stdout]      |
[INFO] [stdout] 1441 | #![feature = "user"]
[INFO] [stdout]      |    ---------------- the item is gated behind the `user` feature
[INFO] [stdout] ...
[INFO] [stdout] 1459 | pub fn geteuid() -> Uid {
[INFO] [stdout]      |        ^^^^^^^
[INFO] [stdout] help: a function with a similar name exists
[INFO] [stdout]      |
[INFO] [stdout]   97 -         nix::unistd::geteuid().is_root()
[INFO] [stdout]   97 +         nix::unistd::getpgid().is_root()
[INFO] [stdout]      |
[INFO] [stdout] 
[INFO] [stdout] 
[INFO] [stdout] error[E0308]: mismatched types
[INFO] [stdout]   --> src/process.rs:81:32
[INFO] [stdout]    |
[INFO] [stdout] 81 |         kill(pid, Signal::from(0)).is_ok()
[INFO] [stdout]    |                   ------------ ^ expected `Signal`, found integer
[INFO] [stdout]    |                   |
[INFO] [stdout]    |                   arguments to this function are incorrect
[INFO] [stdout]    |
[INFO] [stdout] note: associated function defined here
[INFO] [stdout]   --> /rustc/e3feeb59cd1bdd011a2bfcc0747b55125d9b8527/library/core/src/convert/mod.rs:594:7
[INFO] [stdout] 
[INFO] [stdout] 
[INFO] [stdout] Some errors have detailed explanations: E0308, E0425.
[INFO] [stdout] 
[INFO] [stdout] For more information about an error, try `rustc --explain E0308`.
[INFO] [stdout] 
[INFO] [stderr] warning: portr@1.0.0: Man page generated at: /opt/rustwide/target/release/build/man/portr.1
[INFO] [stderr] error: could not compile `portr` (lib) due to 3 previous errors
[INFO] [stderr] warning: build failed, waiting for other jobs to finish...
[INFO] running `Command { std: "docker" "inspect" "6725c755fe0413a4f26a5a0cacb58ec9c61de364b9cef5828008d7fadf8087ee", kill_on_drop: false }`
[INFO] running `Command { std: "docker" "rm" "-f" "6725c755fe0413a4f26a5a0cacb58ec9c61de364b9cef5828008d7fadf8087ee", kill_on_drop: false }`
[INFO] [stdout] 6725c755fe0413a4f26a5a0cacb58ec9c61de364b9cef5828008d7fadf8087ee
