[INFO] fetching crate ponsic 1.1.1...
[INFO] testing ponsic-1.1.1 against 1.100.0-beta.1+cargoflags=--release for beta-release-1.100-2
[INFO] extracting crate ponsic 1.1.1 into /workspace/builds/worker-4-tc2/source
[INFO] started tweaking crates.io crate ponsic 1.1.1
[INFO] removed 0 missing examples
[INFO] finished tweaking crates.io crate ponsic 1.1.1
[INFO] tweaked toml for crates.io crate ponsic 1.1.1 written to /workspace/builds/worker-4-tc2/source/Cargo.toml
[INFO] validating manifest of crates.io crate ponsic 1.1.1 on toolchain 1.100.0-beta.1
[INFO] running `Command { std: CARGO_HOME="/workspace/cargo-home" RUSTUP_HOME="/workspace/rustup-home" "/workspace/cargo-home/bin/cargo" "+1.100.0-beta.1" "metadata" "--manifest-path" "Cargo.toml" "--no-deps", kill_on_drop: false }`
[INFO] crate crates.io crate ponsic 1.1.1 already has a lockfile, it will not be regenerated
[INFO] running `Command { std: CARGO_HOME="/workspace/cargo-home" RUSTUP_HOME="/workspace/rustup-home" "/workspace/cargo-home/bin/cargo" "+1.100.0-beta.1" "fetch" "--manifest-path" "Cargo.toml", kill_on_drop: false }`
[INFO] running `Command { std: "docker" "create" "-v" "/var/lib/crater-agent-workspace/builds/worker-4-tc2/source:/opt/rustwide/workdir:ro,Z" "-v" "/var/lib/crater-agent-workspace/builds/worker-4-tc2/target:/opt/rustwide/target:rw,Z" "-v" "/var/lib/crater-agent-workspace/cargo-home:/opt/rustwide/cargo-home:ro,Z" "-v" "/var/lib/crater-agent-workspace/rustup-home:/opt/rustwide/rustup-home:ro,Z" "-m" "1610612736" "--network" "none" "ghcr.io/rust-lang/crates-build-env/linux@sha256:77db811e55d90add9212f6832c23229e3de5f1c1f9905e8cb07319ea15df73ac" "sleep" "infinity", kill_on_drop: false }`
[INFO] [stdout] c0d1c883d1356739f27b9c0cfe0d5af15f5687595f5f0dbaf2eac80f802e767c
[INFO] running `Command { std: "docker" "start" "c0d1c883d1356739f27b9c0cfe0d5af15f5687595f5f0dbaf2eac80f802e767c", kill_on_drop: false }`
[INFO] running `Command { std: "docker" "inspect" "c0d1c883d1356739f27b9c0cfe0d5af15f5687595f5f0dbaf2eac80f802e767c", kill_on_drop: false }`
[INFO] running `Command { std: "docker" "exec" "-e" "SOURCE_DIR=/opt/rustwide/workdir" "-e" "CARGO_HOME=/opt/rustwide/cargo-home" "-e" "RUSTUP_HOME=/opt/rustwide/rustup-home" "-e" "CARGO_TARGET_DIR=/opt/rustwide/target" "-w" "/opt/rustwide/workdir" "--user" "0:0" "c0d1c883d1356739f27b9c0cfe0d5af15f5687595f5f0dbaf2eac80f802e767c" "/opt/rustwide/cargo-home/bin/cargo" "+1.100.0-beta.1" "metadata" "--no-deps" "--format-version=1", kill_on_drop: false }`
[INFO] running `Command { std: "docker" "inspect" "c0d1c883d1356739f27b9c0cfe0d5af15f5687595f5f0dbaf2eac80f802e767c", kill_on_drop: false }`
[INFO] running `Command { std: "docker" "exec" "-e" "SOURCE_DIR=/opt/rustwide/workdir" "-e" "CARGO_HOME=/opt/rustwide/cargo-home" "-e" "RUSTUP_HOME=/opt/rustwide/rustup-home" "-e" "CARGO_TARGET_DIR=/opt/rustwide/target" "-e" "CARGO_INCREMENTAL=0" "-e" "RUST_BACKTRACE=full" "-e" "RUSTFLAGS=--cap-lints=warn" "-e" "RUSTDOCFLAGS=--cap-lints=warn" "-w" "/opt/rustwide/workdir" "--user" "0:0" "c0d1c883d1356739f27b9c0cfe0d5af15f5687595f5f0dbaf2eac80f802e767c" "/opt/rustwide/cargo-home/bin/cargo" "+1.100.0-beta.1" "build" "--frozen" "--message-format=json" "--release", kill_on_drop: false }`
[INFO] [stderr]    Compiling ponsic v1.1.1 (/opt/rustwide/workdir)
[INFO] [stderr]     Finished `release` profile [optimized] target(s) in 0.09s
[INFO] running `Command { std: "docker" "inspect" "c0d1c883d1356739f27b9c0cfe0d5af15f5687595f5f0dbaf2eac80f802e767c", kill_on_drop: false }`
[INFO] running `Command { std: "docker" "exec" "-e" "SOURCE_DIR=/opt/rustwide/workdir" "-e" "CARGO_HOME=/opt/rustwide/cargo-home" "-e" "RUSTUP_HOME=/opt/rustwide/rustup-home" "-e" "CARGO_TARGET_DIR=/opt/rustwide/target" "-e" "CARGO_INCREMENTAL=0" "-e" "RUST_BACKTRACE=full" "-e" "RUSTFLAGS=--cap-lints=warn" "-e" "RUSTDOCFLAGS=--cap-lints=warn" "-w" "/opt/rustwide/workdir" "--user" "0:0" "c0d1c883d1356739f27b9c0cfe0d5af15f5687595f5f0dbaf2eac80f802e767c" "/opt/rustwide/cargo-home/bin/cargo" "+1.100.0-beta.1" "test" "--frozen" "--no-run" "--message-format=json" "--release", kill_on_drop: false }`
[INFO] [stderr]    Compiling ponsic v1.1.1 (/opt/rustwide/workdir)
[INFO] [stdout] error[E0433]: cannot find `graphics` in `ponsic`
[INFO] [stdout]   --> examples/window.rs:21:41
[INFO] [stdout]    |
[INFO] [stdout] 21 |     fn draw(&mut self, context: ponsic::graphics::Context) {
[INFO] [stdout]    |                                         ^^^^^^^^ could not find `graphics` in `ponsic`
[INFO] [stdout] 
[INFO] [stdout] 
[INFO] [stdout] error[E0405]: cannot find trait `Proc` in this scope
[INFO] [stdout]   --> examples/window.rs:12:6
[INFO] [stdout]    |
[INFO] [stdout] 12 | impl Proc for MyWindow {
[INFO] [stdout]    |      ^^^^ not found in this scope
[INFO] [stdout]    |
[INFO] [stdout] note: found an item that was configured out
[INFO] [stdout]   --> examples/window.rs:4:15
[INFO] [stdout]    |
[INFO] [stdout]  1 | #[cfg(target_os = "windows")]
[INFO] [stdout]    |       --------------------- the item is gated behind the `windows` feature
[INFO] [stdout] ...
[INFO] [stdout]  4 |     widgets::{Proc, Window},
[INFO] [stdout]    |               ^^^^
[INFO] [stdout] 
[INFO] [stdout] 
[INFO] [stdout] error[E0422]: cannot find struct, variant or union type `Events` in this scope
[INFO] [stdout]   --> examples/window.rs:13:26
[INFO] [stdout]    |
[INFO] [stdout] 13 |     fn handle(&mut self, Events { event, .. }: Events) -> Return {
[INFO] [stdout]    |                          ^^^^^^ not found in this scope
[INFO] [stdout] 
[INFO] [stdout] 
[INFO] [stdout] error[E0425]: cannot find type `Events` in this scope
[INFO] [stdout]   --> examples/window.rs:13:48
[INFO] [stdout]    |
[INFO] [stdout] 13 |     fn handle(&mut self, Events { event, .. }: Events) -> Return {
[INFO] [stdout]    |                                                ^^^^^^ not found in this scope
[INFO] [stdout] 
[INFO] [stdout] 
[INFO] [stdout] error[E0425]: cannot find type `Return` in this scope
[INFO] [stdout]   --> examples/window.rs:13:59
[INFO] [stdout]    |
[INFO] [stdout] 13 |     fn handle(&mut self, Events { event, .. }: Events) -> Return {
[INFO] [stdout]    |                                                           ^^^^^^ not found in this scope
[INFO] [stdout] 
[INFO] [stdout] 
[INFO] [stdout] error[E0425]: cannot find type `Context2D` in this scope
[INFO] [stdout]   --> examples/window.rs:22:22
[INFO] [stdout]    |
[INFO] [stdout] 22 |         let context: Context2D = context.into();
[INFO] [stdout]    |                      ^^^^^^^^^ not found in this scope
[INFO] [stdout]    |
[INFO] [stdout] note: found an item that was configured out
[INFO] [stdout]   --> examples/window.rs:3:28
[INFO] [stdout]    |
[INFO] [stdout]  1 | #[cfg(target_os = "windows")]
[INFO] [stdout]    |       --------------------- the item is gated behind the `windows` feature
[INFO] [stdout]  2 | use ponsic::{
[INFO] [stdout]  3 |     graphics::context_2d::{Context2D, DrawText},
[INFO] [stdout]    |                            ^^^^^^^^^
[INFO] [stdout] 
[INFO] [stdout] 
[INFO] [stderr] error: could not compile `ponsic` (example "window") due to 12 previous errors
[INFO] [stdout] error[E0433]: cannot find type `Event` in this scope
[INFO] [stdout]   --> examples/window.rs:14:16
[INFO] [stdout]    |
[INFO] [stdout] 14 |         if let Event::Window(WindowEvent::Destroy) = event {
[INFO] [stdout]    |                ^^^^^ use of undeclared type `Event`
[INFO] [stdout] 
[INFO] [stdout] 
[INFO] [stdout] error[E0433]: cannot find type `WindowEvent` in this scope
[INFO] [stdout]   --> examples/window.rs:14:30
[INFO] [stdout]    |
[INFO] [stdout] 14 |         if let Event::Window(WindowEvent::Destroy) = event {
[INFO] [stdout]    |                              ^^^^^^^^^^^ use of undeclared type `WindowEvent`
[INFO] [stdout] 
[INFO] [stdout] 
[INFO] [stdout] error[E0433]: cannot find type `App` in this scope
[INFO] [stdout]   --> examples/window.rs:15:13
[INFO] [stdout]    |
[INFO] [stdout] 15 |             App::should_exit(0);
[INFO] [stdout]    |             ^^^ use of undeclared type `App`
[INFO] [stdout] 
[INFO] [stdout] 
[INFO] [stdout] error[E0433]: cannot find type `Return` in this scope
[INFO] [stdout]   --> examples/window.rs:16:20
[INFO] [stdout]    |
[INFO] [stdout] 16 |             return Return::Finish;
[INFO] [stdout]    |                    ^^^^^^ use of undeclared type `Return`
[INFO] [stdout] 
[INFO] [stdout] 
[INFO] [stdout] error[E0433]: cannot find type `Return` in this scope
[INFO] [stdout]   --> examples/window.rs:18:9
[INFO] [stdout]    |
[INFO] [stdout] 18 |         Return::Default
[INFO] [stdout]    |         ^^^^^^ use of undeclared type `Return`
[INFO] [stdout] 
[INFO] [stdout] 
[INFO] [stdout] error[E0433]: cannot find type `Recti` in this scope
[INFO] [stdout]   --> examples/window.rs:23:47
[INFO] [stdout]    |
[INFO] [stdout] 23 |         context.draw_text("Hello World", &mut Recti::new(10, 10, 100, 100), &[]);
[INFO] [stdout]    |                                               ^^^^^ use of undeclared type `Recti`
[INFO] [stdout] 
[INFO] [stdout] 
[INFO] [stdout] Some errors have detailed explanations: E0405, E0422, E0425, E0433.
[INFO] [stdout] 
[INFO] [stdout] For more information about an error, try `rustc --explain E0405`.
[INFO] [stdout] 
[INFO] running `Command { std: "docker" "inspect" "c0d1c883d1356739f27b9c0cfe0d5af15f5687595f5f0dbaf2eac80f802e767c", kill_on_drop: false }`
[INFO] running `Command { std: "docker" "rm" "-f" "c0d1c883d1356739f27b9c0cfe0d5af15f5687595f5f0dbaf2eac80f802e767c", kill_on_drop: false }`
[INFO] [stdout] c0d1c883d1356739f27b9c0cfe0d5af15f5687595f5f0dbaf2eac80f802e767c
