[INFO] fetching crate polyoxide-rtds 0.39.0...
[INFO] testing polyoxide-rtds-0.39.0 against 1.99.0-beta.8+cargoflags=--release for beta-release-1.100-2
[INFO] extracting crate polyoxide-rtds 0.39.0 into /workspace/builds/worker-0-tc1/source
[INFO] started tweaking crates.io crate polyoxide-rtds 0.39.0
[INFO] removed 0 missing examples
[INFO] removed 0 missing tests
[INFO] finished tweaking crates.io crate polyoxide-rtds 0.39.0
[INFO] tweaked toml for crates.io crate polyoxide-rtds 0.39.0 written to /workspace/builds/worker-0-tc1/source/Cargo.toml
[INFO] validating manifest of crates.io crate polyoxide-rtds 0.39.0 on toolchain 1.99.0-beta.8
[INFO] running `Command { std: CARGO_HOME="/workspace/cargo-home" RUSTUP_HOME="/workspace/rustup-home" "/workspace/cargo-home/bin/cargo" "+1.99.0-beta.8" "metadata" "--manifest-path" "Cargo.toml" "--no-deps", kill_on_drop: false }`
[INFO] crate crates.io crate polyoxide-rtds 0.39.0 already has a lockfile, it will not be regenerated
[INFO] running `Command { std: CARGO_HOME="/workspace/cargo-home" RUSTUP_HOME="/workspace/rustup-home" "/workspace/cargo-home/bin/cargo" "+1.99.0-beta.8" "fetch" "--manifest-path" "Cargo.toml", kill_on_drop: false }`
[INFO] [stderr]     Updating crates.io index
[INFO] [stderr]  Downloading crates ...
[INFO] [stderr]   Downloaded polyoxide-venue v0.39.0
[INFO] [stderr]   Downloaded polyoxide-ws v0.39.0
[INFO] [stderr]   Downloaded rustls-webpki v0.103.12
[INFO] [stderr]   Downloaded rust_decimal v1.41.0
[INFO] [stderr]   Downloaded tokio v1.52.0
[INFO] running `Command { std: "docker" "create" "-v" "/var/lib/crater-agent-workspace/builds/worker-0-tc1/source:/opt/rustwide/workdir:ro,Z" "-v" "/var/lib/crater-agent-workspace/builds/worker-0-tc1/target:/opt/rustwide/target:rw,Z" "-v" "/var/lib/crater-agent-workspace/cargo-home:/opt/rustwide/cargo-home:ro,Z" "-v" "/var/lib/crater-agent-workspace/rustup-home:/opt/rustwide/rustup-home:ro,Z" "-m" "1610612736" "--network" "none" "ghcr.io/rust-lang/crates-build-env/linux@sha256:77db811e55d90add9212f6832c23229e3de5f1c1f9905e8cb07319ea15df73ac" "sleep" "infinity", kill_on_drop: false }`
[INFO] [stdout] f9053dcee6a58db756c8f975d8cd4e2a9e2f22d4869582a60f0474911ba6b2b9
[INFO] running `Command { std: "docker" "start" "f9053dcee6a58db756c8f975d8cd4e2a9e2f22d4869582a60f0474911ba6b2b9", kill_on_drop: false }`
[INFO] running `Command { std: "docker" "inspect" "f9053dcee6a58db756c8f975d8cd4e2a9e2f22d4869582a60f0474911ba6b2b9", kill_on_drop: false }`
[INFO] running `Command { std: "docker" "exec" "-e" "SOURCE_DIR=/opt/rustwide/workdir" "-e" "CARGO_HOME=/opt/rustwide/cargo-home" "-e" "RUSTUP_HOME=/opt/rustwide/rustup-home" "-e" "CARGO_TARGET_DIR=/opt/rustwide/target" "-w" "/opt/rustwide/workdir" "--user" "0:0" "f9053dcee6a58db756c8f975d8cd4e2a9e2f22d4869582a60f0474911ba6b2b9" "/opt/rustwide/cargo-home/bin/cargo" "+1.99.0-beta.8" "metadata" "--no-deps" "--format-version=1", kill_on_drop: false }`
[INFO] running `Command { std: "docker" "inspect" "f9053dcee6a58db756c8f975d8cd4e2a9e2f22d4869582a60f0474911ba6b2b9", kill_on_drop: false }`
[INFO] running `Command { std: "docker" "exec" "-e" "SOURCE_DIR=/opt/rustwide/workdir" "-e" "CARGO_HOME=/opt/rustwide/cargo-home" "-e" "RUSTUP_HOME=/opt/rustwide/rustup-home" "-e" "CARGO_TARGET_DIR=/opt/rustwide/target" "-e" "CARGO_INCREMENTAL=0" "-e" "RUST_BACKTRACE=full" "-e" "RUSTFLAGS=--cap-lints=warn" "-e" "RUSTDOCFLAGS=--cap-lints=warn" "-w" "/opt/rustwide/workdir" "--user" "0:0" "f9053dcee6a58db756c8f975d8cd4e2a9e2f22d4869582a60f0474911ba6b2b9" "/opt/rustwide/cargo-home/bin/cargo" "+1.99.0-beta.8" "build" "--frozen" "--message-format=json" "--release", kill_on_drop: false }`
[INFO] [stderr]    Compiling libc v0.2.185
[INFO] [stderr]    Compiling zerofrom-derive v0.1.7
[INFO] [stderr]    Compiling yoke-derive v0.8.2
[INFO] [stderr]    Compiling zerovec-derive v0.11.3
[INFO] [stderr]    Compiling cc v1.2.60
[INFO] [stderr]    Compiling rustls v0.23.38
[INFO] [stderr]    Compiling tokio-macros v2.7.0
[INFO] [stderr]    Compiling http v1.4.0
[INFO] [stderr]    Compiling digest v0.10.7
[INFO] [stderr]    Compiling num-traits v0.2.19
[INFO] [stderr]    Compiling futures-sink v0.3.32
[INFO] [stderr]    Compiling futures-core v0.3.32
[INFO] [stderr]    Compiling data-encoding v2.10.0
[INFO] [stderr]    Compiling percent-encoding v2.3.2
[INFO] [stderr]    Compiling rust_decimal v1.41.0
[INFO] [stderr]    Compiling tracing v0.1.44
[INFO] [stderr]    Compiling polyoxide-venue v0.39.0
[INFO] [stderr]    Compiling futures-util v0.3.32
[INFO] [stderr]    Compiling sha1 v0.10.6
[INFO] [stderr]    Compiling form_urlencoded v1.2.2
[INFO] [stderr]    Compiling zerofrom v0.1.7
[INFO] [stderr]    Compiling yoke v0.8.2
[INFO] [stderr]    Compiling zerovec v0.11.6
[INFO] [stderr]    Compiling zerotrie v0.2.4
[INFO] [stderr]    Compiling ring v0.17.14
[INFO] [stderr]    Compiling getrandom v0.2.17
[INFO] [stderr]    Compiling getrandom v0.3.4
[INFO] [stderr]    Compiling socket2 v0.6.3
[INFO] [stderr]    Compiling mio v1.2.0
[INFO] [stderr]    Compiling rand_core v0.9.5
[INFO] [stderr]    Compiling tinystr v0.8.3
[INFO] [stderr]    Compiling potential_utf v0.1.5
[INFO] [stderr]    Compiling icu_collections v2.2.0
[INFO] [stderr]    Compiling rand_chacha v0.9.0
[INFO] [stderr]    Compiling tokio v1.52.0
[INFO] [stderr]    Compiling icu_locale_core v2.2.0
[INFO] [stderr]    Compiling rand v0.9.4
[INFO] [stderr]    Compiling icu_provider v2.2.0
[INFO] [stderr]    Compiling icu_properties v2.2.0
[INFO] [stderr]    Compiling icu_normalizer v2.2.0
[INFO] [stderr]    Compiling idna_adapter v1.2.1
[INFO] [stderr]    Compiling idna v1.1.0
[INFO] [stderr]    Compiling url v2.5.8
[INFO] [stderr]    Compiling rustls-webpki v0.103.12
[INFO] [stderr]    Compiling tungstenite v0.26.2
[INFO] [stderr]    Compiling tokio-rustls v0.26.4
[INFO] [stderr]    Compiling tokio-tungstenite v0.26.2
[INFO] [stderr]    Compiling polyoxide-ws v0.39.0
[INFO] [stderr]    Compiling polyoxide-rtds v0.39.0 (/opt/rustwide/workdir)
[INFO] [stderr]     Finished `release` profile [optimized] target(s) in 51.44s
[INFO] running `Command { std: "docker" "inspect" "f9053dcee6a58db756c8f975d8cd4e2a9e2f22d4869582a60f0474911ba6b2b9", kill_on_drop: false }`
[INFO] running `Command { std: "docker" "exec" "-e" "SOURCE_DIR=/opt/rustwide/workdir" "-e" "CARGO_HOME=/opt/rustwide/cargo-home" "-e" "RUSTUP_HOME=/opt/rustwide/rustup-home" "-e" "CARGO_TARGET_DIR=/opt/rustwide/target" "-e" "CARGO_INCREMENTAL=0" "-e" "RUST_BACKTRACE=full" "-e" "RUSTFLAGS=--cap-lints=warn" "-e" "RUSTDOCFLAGS=--cap-lints=warn" "-w" "/opt/rustwide/workdir" "--user" "0:0" "f9053dcee6a58db756c8f975d8cd4e2a9e2f22d4869582a60f0474911ba6b2b9" "/opt/rustwide/cargo-home/bin/cargo" "+1.99.0-beta.8" "test" "--frozen" "--no-run" "--message-format=json" "--release", kill_on_drop: false }`
[INFO] [stderr]    Compiling tracing-core v0.1.36
[INFO] [stderr]    Compiling tokio v1.52.0
[INFO] [stderr]    Compiling regex-syntax v0.8.10
[INFO] [stderr]    Compiling tungstenite v0.26.2
[INFO] [stderr]    Compiling tracing v0.1.44
[INFO] [stderr]    Compiling tracing-log v0.2.0
[INFO] [stderr]    Compiling regex-automata v0.4.14
[INFO] [stderr]    Compiling matchers v0.2.0
[INFO] [stderr]    Compiling tracing-subscriber v0.3.23
[INFO] [stderr]    Compiling tokio-rustls v0.26.4
[INFO] [stderr]    Compiling tokio-tungstenite v0.26.2
[INFO] [stderr]    Compiling polyoxide-ws v0.39.0
[INFO] [stderr]    Compiling polyoxide-rtds v0.39.0 (/opt/rustwide/workdir)
[INFO] [stdout] error[E0432]: unresolved import `polyoxide_ws::test_server`
[INFO] [stdout]    --> src/client.rs:208:27
[INFO] [stdout]     |
[INFO] [stdout] 208 |         use polyoxide_ws::test_server::{Script, ScriptedServer};
[INFO] [stdout]     |                           ^^^^^^^^^^^ could not find `test_server` in `polyoxide_ws`
[INFO] [stdout]     |
[INFO] [stdout] note: found an item that was configured out
[INFO] [stdout]    --> /opt/rustwide/cargo-home/registry/src/index.crates.io-1949cf8c6b5b557f/polyoxide-ws-0.39.0/src/lib.rs:55:9
[INFO] [stdout]     |
[INFO] [stdout]  53 | #[cfg(any(test, feature = "test-server"))]
[INFO] [stdout]     |          ------------------------------- the item is gated here
[INFO] [stdout]  54 | #[doc(hidden)]
[INFO] [stdout]  55 | pub mod test_server;
[INFO] [stdout]     |         ^^^^^^^^^^^
[INFO] [stdout] 
[INFO] [stdout] 
[INFO] [stdout] error[E0432]: unresolved import `polyoxide_ws::test_server`
[INFO] [stdout]    --> src/supervisor.rs:337:27
[INFO] [stdout]     |
[INFO] [stdout] 337 |         use polyoxide_ws::test_server::{Script, ScriptedServer};
[INFO] [stdout]     |                           ^^^^^^^^^^^ could not find `test_server` in `polyoxide_ws`
[INFO] [stdout]     |
[INFO] [stdout] note: found an item that was configured out
[INFO] [stdout]    --> /opt/rustwide/cargo-home/registry/src/index.crates.io-1949cf8c6b5b557f/polyoxide-ws-0.39.0/src/lib.rs:55:9
[INFO] [stdout]     |
[INFO] [stdout]  53 | #[cfg(any(test, feature = "test-server"))]
[INFO] [stdout]     |          ------------------------------- the item is gated here
[INFO] [stdout]  54 | #[doc(hidden)]
[INFO] [stdout]  55 | pub mod test_server;
[INFO] [stdout]     |         ^^^^^^^^^^^
[INFO] [stdout] 
[INFO] [stdout] 
[INFO] [stdout] error[E0432]: unresolved import `polyoxide_test_support`
[INFO] [stdout]   --> tests/live_api.rs:13:5
[INFO] [stdout]    |
[INFO] [stdout] 13 | use polyoxide_test_support::{environmental, fail, transient, ResultExt};
[INFO] [stdout]    |     ^^^^^^^^^^^^^^^^^^^^^^ use of unresolved module or unlinked crate `polyoxide_test_support`
[INFO] [stdout]    |
[INFO] [stdout]    = help: if you wanted to use a crate named `polyoxide_test_support`, use `cargo add polyoxide_test_support` to add it to your `Cargo.toml`
[INFO] [stdout] 
[INFO] [stdout] 
[INFO] [stdout] error[E0432]: unresolved import `polyoxide_test_support`
[INFO] [stdout]   --> tests/failure_tags.rs:13:5
[INFO] [stdout]    |
[INFO] [stdout] 13 | use polyoxide_test_support::{tag_for, Tag};
[INFO] [stdout]    |     ^^^^^^^^^^^^^^^^^^^^^^ use of unresolved module or unlinked crate `polyoxide_test_support`
[INFO] [stdout]    |
[INFO] [stdout]    = help: if you wanted to use a crate named `polyoxide_test_support`, use `cargo add polyoxide_test_support` to add it to your `Cargo.toml`
[INFO] [stdout] 
[INFO] [stdout] 
[INFO] [stdout] For more information about this error, try `rustc --explain E0432`.
[INFO] [stdout] 
[INFO] [stderr] error: could not compile `polyoxide-rtds` (test "failure_tags") due to 1 previous error
[INFO] [stderr] warning: build failed, waiting for other jobs to finish...
[INFO] [stdout] error[E0599]: no method named `or_fail` found for enum `Result<T, E>` in the current scope
[INFO] [stdout]    --> tests/live_api.rs:118:57
[INFO] [stdout]     |
[INFO] [stdout] 118 |     let mut stream = Rtds::connect(subscriptions).await.or_fail("connect");
[INFO] [stdout]     |                                                         ^^^^^^^ method not found in `Result<Rtds, RtdsError>`
[INFO] [stdout] 
[INFO] [stdout] 
[INFO] [stdout] error[E0599]: no method named `or_fail` found for enum `Result<T, E>` in the current scope
[INFO] [stdout]   --> tests/live_api.rs:27:6
[INFO] [stdout]    |
[INFO] [stdout] 23 |       let mut stream = Rtds::connect(
[INFO] [stdout]    |  ______________________-
[INFO] [stdout] 24 | |         Subscription::for_topic(Topic::ChainlinkTwap(TwapWindow::Thirty)).symbols(["btc/usd"]),
[INFO] [stdout] 25 | |     )
[INFO] [stdout] 26 | |     .await
[INFO] [stdout] 27 | |     .or_fail("connect");
[INFO] [stdout]    | |     -^^^^^^^ method not found in `Result<Rtds, RtdsError>`
[INFO] [stdout]    | |_____|
[INFO] [stdout]    |
[INFO] [stdout] 
[INFO] [stdout] 
[INFO] [stdout] error[E0599]: no method named `or_fail` found for enum `Result<T, E>` in the current scope
[INFO] [stdout]    --> tests/live_api.rs:192:6
[INFO] [stdout]     |
[INFO] [stdout] 188 |       let mut stream = Rtds::connect(
[INFO] [stdout]     |  ______________________-
[INFO] [stdout] 189 | |         Subscription::for_topic(Topic::ChainlinkTwap(TwapWindow::Sixty)).symbols(["btc/usd"]),
[INFO] [stdout] 190 | |     )
[INFO] [stdout] 191 | |     .await
[INFO] [stdout] 192 | |     .or_fail("connect");
[INFO] [stdout]     | |     -^^^^^^^ method not found in `Result<Rtds, RtdsError>`
[INFO] [stdout]     | |_____|
[INFO] [stdout]     |
[INFO] [stdout] 
[INFO] [stdout] 
[INFO] [stdout] Some errors have detailed explanations: E0432, E0599.
[INFO] [stdout] 
[INFO] [stdout] For more information about an error, try `rustc --explain E0432`.
[INFO] [stdout] 
[INFO] [stderr] error: could not compile `polyoxide-rtds` (test "live_api") due to 4 previous errors
[INFO] [stdout] For more information about this error, try `rustc --explain E0432`.
[INFO] [stdout] 
[INFO] [stderr] error: could not compile `polyoxide-rtds` (lib test) due to 2 previous errors
[INFO] running `Command { std: "docker" "inspect" "f9053dcee6a58db756c8f975d8cd4e2a9e2f22d4869582a60f0474911ba6b2b9", kill_on_drop: false }`
[INFO] running `Command { std: "docker" "rm" "-f" "f9053dcee6a58db756c8f975d8cd4e2a9e2f22d4869582a60f0474911ba6b2b9", kill_on_drop: false }`
[INFO] [stdout] f9053dcee6a58db756c8f975d8cd4e2a9e2f22d4869582a60f0474911ba6b2b9
