[INFO] fetching crate polyoxide-perps 0.39.0...
[INFO] testing polyoxide-perps-0.39.0 against 1.99.0-beta.8+cargoflags=--release for beta-release-1.100-2
[INFO] extracting crate polyoxide-perps 0.39.0 into /workspace/builds/worker-6-tc1/source
[INFO] started tweaking crates.io crate polyoxide-perps 0.39.0
[INFO] removed 0 missing examples
[INFO] removed 0 missing tests
[INFO] finished tweaking crates.io crate polyoxide-perps 0.39.0
[INFO] tweaked toml for crates.io crate polyoxide-perps 0.39.0 written to /workspace/builds/worker-6-tc1/source/Cargo.toml
[INFO] validating manifest of crates.io crate polyoxide-perps 0.39.0 on toolchain 1.99.0-beta.8
[INFO] running `Command { std: CARGO_HOME="/workspace/cargo-home" RUSTUP_HOME="/workspace/rustup-home" "/workspace/cargo-home/bin/cargo" "+1.99.0-beta.8" "metadata" "--manifest-path" "Cargo.toml" "--no-deps", kill_on_drop: false }`
[INFO] crate crates.io crate polyoxide-perps 0.39.0 already has a lockfile, it will not be regenerated
[INFO] running `Command { std: CARGO_HOME="/workspace/cargo-home" RUSTUP_HOME="/workspace/rustup-home" "/workspace/cargo-home/bin/cargo" "+1.99.0-beta.8" "fetch" "--manifest-path" "Cargo.toml", kill_on_drop: false }`
[INFO] [stderr]     Updating crates.io index
[INFO] [stderr]  Downloading crates ...
[INFO] [stderr]   Downloaded rust_decimal v1.41.0
[INFO] [stderr]   Downloaded polyoxide-ws v0.39.0
[INFO] [stderr]   Downloaded polyoxide-venue v0.39.0
[INFO] [stderr]   Downloaded compression-core v0.4.33
[INFO] [stderr]   Downloaded polyoxide-core v0.39.0
[INFO] [stderr]   Downloaded compression-codecs v0.4.45
[INFO] [stderr]   Downloaded async-compression v0.4.50
[INFO] [stderr]   Downloaded tokio v1.52.0
[INFO] [stderr]   Downloaded dynosaur_derive v0.3.1
[INFO] [stderr]   Downloaded dynosaur v0.3.1
[INFO] running `Command { std: "docker" "create" "-v" "/var/lib/crater-agent-workspace/builds/worker-6-tc1/source:/opt/rustwide/workdir:ro,Z" "-v" "/var/lib/crater-agent-workspace/builds/worker-6-tc1/target:/opt/rustwide/target:rw,Z" "-v" "/var/lib/crater-agent-workspace/cargo-home:/opt/rustwide/cargo-home:ro,Z" "-v" "/var/lib/crater-agent-workspace/rustup-home:/opt/rustwide/rustup-home:ro,Z" "-m" "1610612736" "--network" "none" "ghcr.io/rust-lang/crates-build-env/linux@sha256:77db811e55d90add9212f6832c23229e3de5f1c1f9905e8cb07319ea15df73ac" "sleep" "infinity", kill_on_drop: false }`
[INFO] [stdout] 5c7b147ae5ad8fdc03039ec0885b4c36a79681d0707256680681cdeb9394c7c6
[INFO] running `Command { std: "docker" "start" "5c7b147ae5ad8fdc03039ec0885b4c36a79681d0707256680681cdeb9394c7c6", kill_on_drop: false }`
[INFO] running `Command { std: "docker" "inspect" "5c7b147ae5ad8fdc03039ec0885b4c36a79681d0707256680681cdeb9394c7c6", kill_on_drop: false }`
[INFO] running `Command { std: "docker" "exec" "-e" "SOURCE_DIR=/opt/rustwide/workdir" "-e" "CARGO_HOME=/opt/rustwide/cargo-home" "-e" "RUSTUP_HOME=/opt/rustwide/rustup-home" "-e" "CARGO_TARGET_DIR=/opt/rustwide/target" "-w" "/opt/rustwide/workdir" "--user" "0:0" "5c7b147ae5ad8fdc03039ec0885b4c36a79681d0707256680681cdeb9394c7c6" "/opt/rustwide/cargo-home/bin/cargo" "+1.99.0-beta.8" "metadata" "--no-deps" "--format-version=1", kill_on_drop: false }`
[INFO] running `Command { std: "docker" "inspect" "5c7b147ae5ad8fdc03039ec0885b4c36a79681d0707256680681cdeb9394c7c6", kill_on_drop: false }`
[INFO] running `Command { std: "docker" "exec" "-e" "SOURCE_DIR=/opt/rustwide/workdir" "-e" "CARGO_HOME=/opt/rustwide/cargo-home" "-e" "RUSTUP_HOME=/opt/rustwide/rustup-home" "-e" "CARGO_TARGET_DIR=/opt/rustwide/target" "-e" "CARGO_INCREMENTAL=0" "-e" "RUST_BACKTRACE=full" "-e" "RUSTFLAGS=--cap-lints=warn" "-e" "RUSTDOCFLAGS=--cap-lints=warn" "-w" "/opt/rustwide/workdir" "--user" "0:0" "5c7b147ae5ad8fdc03039ec0885b4c36a79681d0707256680681cdeb9394c7c6" "/opt/rustwide/cargo-home/bin/cargo" "+1.99.0-beta.8" "build" "--frozen" "--message-format=json" "--release", kill_on_drop: false }`
[INFO] [stderr]    Compiling cc v1.2.60
[INFO] [stderr]    Compiling http v1.4.0
[INFO] [stderr]    Compiling futures-util v0.3.32
[INFO] [stderr]    Compiling getrandom v0.3.4
[INFO] [stderr]    Compiling socket2 v0.6.3
[INFO] [stderr]    Compiling mio v1.2.0
[INFO] [stderr]    Compiling getrandom v0.2.17
[INFO] [stderr]    Compiling displaydoc v0.2.5
[INFO] [stderr]    Compiling zerofrom v0.1.7
[INFO] [stderr]    Compiling rustls v0.23.38
[INFO] [stderr]    Compiling flate2 v1.1.9
[INFO] [stderr]    Compiling num-traits v0.2.19
[INFO] [stderr]    Compiling serde v1.0.228
[INFO] [stderr]    Compiling futures-channel v0.3.32
[INFO] [stderr]    Compiling compression-core v0.4.33
[INFO] [stderr]    Compiling tracing v0.1.44
[INFO] [stderr]    Compiling parking_lot_core v0.9.12
[INFO] [stderr]    Compiling yoke v0.8.2
[INFO] [stderr]    Compiling crypto-common v0.1.7
[INFO] [stderr]    Compiling rust_decimal v1.41.0
[INFO] [stderr]    Compiling portable-atomic v1.13.1
[INFO] [stderr]    Compiling digest v0.10.7
[INFO] [stderr]    Compiling zerovec v0.11.6
[INFO] [stderr]    Compiling compression-codecs v0.4.45
[INFO] [stderr]    Compiling rand_core v0.9.5
[INFO] [stderr]    Compiling raw-cpuid v11.6.0
[INFO] [stderr]    Compiling webpki-roots v1.0.7
[INFO] [stderr]    Compiling iri-string v0.7.12
[INFO] [stderr]    Compiling dashmap v6.1.0
[INFO] [stderr]    Compiling serde_json v1.0.149
[INFO] [stderr]    Compiling tokio v1.52.0
[INFO] [stderr]    Compiling zerotrie v0.2.4
[INFO] [stderr]    Compiling rand_chacha v0.9.0
[INFO] [stderr]    Compiling serde_urlencoded v0.7.1
[INFO] [stderr]    Compiling parking_lot v0.12.5
[INFO] [stderr]    Compiling http-body v1.0.1
[INFO] [stderr]    Compiling tinystr v0.8.3
[INFO] [stderr]    Compiling potential_utf v0.1.5
[INFO] [stderr]    Compiling http-body-util v0.1.3
[INFO] [stderr]    Compiling rand v0.9.4
[INFO] [stderr]    Compiling icu_collections v2.2.0
[INFO] [stderr]    Compiling spinning_top v0.3.0
[INFO] [stderr]    Compiling icu_locale_core v2.2.0
[INFO] [stderr]    Compiling dynosaur_derive v0.3.1
[INFO] [stderr]    Compiling futures-timer v3.0.3
[INFO] [stderr]    Compiling nonzero_ext v0.3.0
[INFO] [stderr]    Compiling web-time v1.1.0
[INFO] [stderr]    Compiling no-std-compat v0.4.1
[INFO] [stderr]    Compiling sha2 v0.10.9
[INFO] [stderr]    Compiling hmac v0.12.1
[INFO] [stderr]    Compiling ring v0.17.14
[INFO] [stderr]    Compiling polyoxide-venue v0.39.0
[INFO] [stderr]    Compiling dynosaur v0.3.1
[INFO] [stderr]    Compiling icu_provider v2.2.0
[INFO] [stderr]    Compiling quanta v0.12.6
[INFO] [stderr]    Compiling icu_normalizer v2.2.0
[INFO] [stderr]    Compiling icu_properties v2.2.0
[INFO] [stderr]    Compiling governor v0.8.1
[INFO] [stderr]    Compiling idna_adapter v1.2.1
[INFO] [stderr]    Compiling idna v1.1.0
[INFO] [stderr]    Compiling url v2.5.8
[INFO] [stderr]    Compiling hyper v1.9.0
[INFO] [stderr]    Compiling tower v0.5.3
[INFO] [stderr]    Compiling async-compression v0.4.50
[INFO] [stderr]    Compiling tokio-util v0.7.18
[INFO] [stderr]    Compiling tower-http v0.6.8
[INFO] [stderr]    Compiling hyper-util v0.1.20
[INFO] [stderr]    Compiling rustls-webpki v0.103.12
[INFO] [stderr]    Compiling tokio-rustls v0.26.4
[INFO] [stderr]    Compiling hyper-rustls v0.27.9
[INFO] [stderr]    Compiling reqwest v0.12.28
[INFO] [stderr]    Compiling polyoxide-core v0.39.0
[INFO] [stderr]    Compiling polyoxide-perps v0.39.0 (/opt/rustwide/workdir)
[INFO] [stderr]     Finished `release` profile [optimized] target(s) in 1m 17s
[INFO] running `Command { std: "docker" "inspect" "5c7b147ae5ad8fdc03039ec0885b4c36a79681d0707256680681cdeb9394c7c6", kill_on_drop: false }`
[INFO] running `Command { std: "docker" "exec" "-e" "SOURCE_DIR=/opt/rustwide/workdir" "-e" "CARGO_HOME=/opt/rustwide/cargo-home" "-e" "RUSTUP_HOME=/opt/rustwide/rustup-home" "-e" "CARGO_TARGET_DIR=/opt/rustwide/target" "-e" "CARGO_INCREMENTAL=0" "-e" "RUST_BACKTRACE=full" "-e" "RUSTFLAGS=--cap-lints=warn" "-e" "RUSTDOCFLAGS=--cap-lints=warn" "-w" "/opt/rustwide/workdir" "--user" "0:0" "5c7b147ae5ad8fdc03039ec0885b4c36a79681d0707256680681cdeb9394c7c6" "/opt/rustwide/cargo-home/bin/cargo" "+1.99.0-beta.8" "test" "--frozen" "--no-run" "--message-format=json" "--release", kill_on_drop: false }`
[INFO] [stderr]    Compiling indexmap v2.14.0
[INFO] [stderr]    Compiling tokio v1.52.0
[INFO] [stderr]    Compiling futures-util v0.3.32
[INFO] [stderr]    Compiling aho-corasick v1.1.4
[INFO] [stderr]    Compiling assert-json-diff v2.0.2
[INFO] [stderr]    Compiling similar v2.7.0
[INFO] [stderr]    Compiling regex-automata v0.4.14
[INFO] [stderr]    Compiling governor v0.8.1
[INFO] [stderr]    Compiling regex v1.12.3
[INFO] [stderr]    Compiling tokio-util v0.7.18
[INFO] [stderr]    Compiling tower v0.5.3
[INFO] [stderr]    Compiling tokio-rustls v0.26.4
[INFO] [stderr]    Compiling async-compression v0.4.50
[INFO] [stderr]    Compiling h2 v0.4.13
[INFO] [stderr]    Compiling tower-http v0.6.8
[INFO] [stderr]    Compiling hyper v1.9.0
[INFO] [stderr]    Compiling hyper-util v0.1.20
[INFO] [stderr]    Compiling hyper-rustls v0.27.9
[INFO] [stderr]    Compiling mockito v1.7.2
[INFO] [stderr]    Compiling reqwest v0.12.28
[INFO] [stderr]    Compiling polyoxide-core v0.39.0
[INFO] [stderr]    Compiling polyoxide-perps v0.39.0 (/opt/rustwide/workdir)
[INFO] [stdout] error[E0433]: cannot find module or crate `polyoxide_test_support` in this scope
[INFO] [stdout]   --> tests/wire_agreement.rs:24:5
[INFO] [stdout]    |
[INFO] [stdout] 24 | use polyoxide_test_support::{
[INFO] [stdout]    |     ^^^^^^^^^^^^^^^^^^^^^^ use of unresolved module or unlinked crate `polyoxide_test_support`
[INFO] [stdout]    |
[INFO] [stdout]    = help: if you wanted to use a crate named `polyoxide_test_support`, use `cargo add polyoxide_test_support` to add it to your `Cargo.toml`
[INFO] [stdout] 
[INFO] [stdout] 
[INFO] [stdout] error[E0432]: unresolved import `polyoxide_test_support`
[INFO] [stdout]   --> tests/wire_agreement.rs:24:5
[INFO] [stdout]    |
[INFO] [stdout] 24 | use polyoxide_test_support::{
[INFO] [stdout]    |     ^^^^^^^^^^^^^^^^^^^^^^ use of unresolved module or unlinked crate `polyoxide_test_support`
[INFO] [stdout]    |
[INFO] [stdout]    = help: if you wanted to use a crate named `polyoxide_test_support`, use `cargo add polyoxide_test_support` to add it to your `Cargo.toml`
[INFO] [stdout] 
[INFO] [stdout] 
[INFO] [stdout] error[E0433]: cannot find module or crate `polyoxide_test_support` in this scope
[INFO] [stdout]   --> examples/info_soak.rs:31:5
[INFO] [stdout]    |
[INFO] [stdout] 31 | use polyoxide_test_support::soak::{
[INFO] [stdout]    |     ^^^^^^^^^^^^^^^^^^^^^^ use of unresolved module or unlinked crate `polyoxide_test_support`
[INFO] [stdout]    |
[INFO] [stdout]    = help: if you wanted to use a crate named `polyoxide_test_support`, use `cargo add polyoxide_test_support` to add it to your `Cargo.toml`
[INFO] [stdout] 
[INFO] [stdout] 
[INFO] [stdout] error[E0432]: unresolved import `polyoxide_test_support`
[INFO] [stdout]   --> tests/live_api.rs:16:5
[INFO] [stdout]    |
[INFO] [stdout] 16 | use polyoxide_test_support::{environmental, fail, ResultExt};
[INFO] [stdout]    |     ^^^^^^^^^^^^^^^^^^^^^^ use of unresolved module or unlinked crate `polyoxide_test_support`
[INFO] [stdout]    |
[INFO] [stdout]    = help: if you wanted to use a crate named `polyoxide_test_support`, use `cargo add polyoxide_test_support` to add it to your `Cargo.toml`
[INFO] [stdout] 
[INFO] [stdout] 
[INFO] [stdout] Some errors have detailed explanations: E0432, E0433.
[INFO] [stdout] 
[INFO] [stdout] For more information about an error, try `rustc --explain E0432`.
[INFO] [stdout] 
[INFO] [stderr] error: could not compile `polyoxide-perps` (test "wire_agreement") due to 2 previous errors
[INFO] [stderr] warning: build failed, waiting for other jobs to finish...
[INFO] [stdout] error[E0433]: cannot find module or crate `polyoxide_test_support` in this scope
[INFO] [stdout]   --> tests/headers.rs:11:5
[INFO] [stdout]    |
[INFO] [stdout] 11 | use polyoxide_test_support::query::headers_sent;
[INFO] [stdout]    |     ^^^^^^^^^^^^^^^^^^^^^^ use of unresolved module or unlinked crate `polyoxide_test_support`
[INFO] [stdout]    |
[INFO] [stdout]    = help: if you wanted to use a crate named `polyoxide_test_support`, use `cargo add polyoxide_test_support` to add it to your `Cargo.toml`
[INFO] [stdout] 
[INFO] [stdout] 
[INFO] [stdout] For more information about this error, try `rustc --explain E0433`.
[INFO] [stdout] 
[INFO] [stderr] error: could not compile `polyoxide-perps` (test "headers") due to 1 previous error
[INFO] [stdout] error: couldn't read `tests/../../docs/specs/perps/openapi.json`: No such file or directory (os error 2)
[INFO] [stdout]   --> tests/spec_agreement.rs:23:20
[INFO] [stdout]    |
[INFO] [stdout] 23 | const SPEC: &str = include_str!("../../docs/specs/perps/openapi.json");
[INFO] [stdout]    |                    ^^^^^^^^^^^^^^^^^^^^^^^^^^^^^^^^^^^^^^^^^^^^^^^^^^^
[INFO] [stdout] 
[INFO] [stdout] 
[INFO] [stdout] error[E0599]: no method named `or_fail` found for enum `Result<T, E>` in the current scope
[INFO] [stdout]   --> tests/live_api.rs:34:10
[INFO] [stdout]    |
[INFO] [stdout] 29 |       let instruments = perps
[INFO] [stdout]    |  _______________________-
[INFO] [stdout] 30 | |         .exchange()
[INFO] [stdout] 31 | |         .instruments()
[INFO] [stdout] 32 | |         .send()
[INFO] [stdout] 33 | |         .await
[INFO] [stdout] 34 | |         .or_fail("instruments");
[INFO] [stdout]    | |         -^^^^^^^ method not found in `Result<Vec<Instrument>, PerpsError>`
[INFO] [stdout]    | |_________|
[INFO] [stdout]    |
[INFO] [stdout] 
[INFO] [stdout] 
[INFO] [stdout] error[E0308]: mismatched types
[INFO] [stdout]   --> tests/live_api.rs:28:60
[INFO] [stdout]    |
[INFO] [stdout] 28 |   async fn a_quoting_instrument(perps: &Perps) -> Instrument {
[INFO] [stdout]    |  ____________________________________________________________^
[INFO] [stdout] 29 | |     let instruments = perps
[INFO] [stdout] 30 | |         .exchange()
[INFO] [stdout] 31 | |         .instruments()
[INFO] [stdout] ...  |
[INFO] [stdout] 59 | |     environmental("no suitable market: no instrument has a two-sided book right now");
[INFO] [stdout] 60 | | }
[INFO] [stdout]    | |_^ expected `Instrument`, found `()`
[INFO] [stdout] 
[INFO] [stdout] 
[INFO] [stdout] error[E0432]: unresolved import `polyoxide_test_support`
[INFO] [stdout]   --> tests/spec_agreement.rs:19:5
[INFO] [stdout]    |
[INFO] [stdout] 19 | use polyoxide_test_support::{fixtures, openapi, query};
[INFO] [stdout]    |     ^^^^^^^^^^^^^^^^^^^^^^ use of unresolved module or unlinked crate `polyoxide_test_support`
[INFO] [stdout]    |
[INFO] [stdout]    = help: if you wanted to use a crate named `polyoxide_test_support`, use `cargo add polyoxide_test_support` to add it to your `Cargo.toml`
[INFO] [stdout] 
[INFO] [stdout] 
[INFO] [stdout] error[E0599]: no method named `or_fail` found for enum `Result<T, E>` in the current scope
[INFO] [stdout]   --> tests/live_api.rs:19:18
[INFO] [stdout]    |
[INFO] [stdout] 19 |     Perps::new().or_fail("perps client")
[INFO] [stdout]    |                  ^^^^^^^ method not found in `Result<Perps, PerpsError>`
[INFO] [stdout] 
[INFO] [stdout] 
[INFO] [stdout] error[E0599]: no method named `or_fail` found for enum `Result<T, E>` in the current scope
[INFO] [stdout]   --> tests/live_api.rs:66:47
[INFO] [stdout]    |
[INFO] [stdout] 66 |     let latency = perps.health().ping().await.or_fail("ping");
[INFO] [stdout]    |                                               ^^^^^^^ method not found in `Result<Duration, PerpsError>`
[INFO] [stdout] 
[INFO] [stdout] 
[INFO] [stdout] error[E0599]: no method named `or_fail` found for enum `Result<T, E>` in the current scope
[INFO] [stdout]   --> tests/live_api.rs:71:51
[INFO] [stdout]    |
[INFO] [stdout] 71 |     let time = perps.health().time().send().await.or_fail("time");
[INFO] [stdout]    |                                                   ^^^^^^^ method not found in `Result<Time, PerpsError>`
[INFO] [stdout] 
[INFO] [stdout] 
[INFO] [stdout] error[E0599]: no method named `or_fail` found for enum `Result<T, E>` in the current scope
[INFO] [stdout]   --> tests/live_api.rs:80:61
[INFO] [stdout]    |
[INFO] [stdout] 80 |     let exchange = perps.exchange().exchange().send().await.or_fail("exchange");
[INFO] [stdout]    |                                                             ^^^^^^^ method not found in `Result<Exchange, PerpsError>`
[INFO] [stdout] 
[INFO] [stdout] 
[INFO] [stdout] error[E0599]: no method named `or_fail` found for enum `Result<T, E>` in the current scope
[INFO] [stdout]   --> tests/live_api.rs:82:57
[INFO] [stdout]    |
[INFO] [stdout] 82 |     let assets = perps.exchange().assets().send().await.or_fail("assets");
[INFO] [stdout]    |                                                         ^^^^^^^ method not found in `Result<Vec<Asset>, PerpsError>`
[INFO] [stdout] 
[INFO] [stdout] 
[INFO] [stdout] For more information about this error, try `rustc --explain E0433`.
[INFO] [stdout] 
[INFO] [stderr] error: could not compile `polyoxide-perps` (example "info_soak" test) due to 1 previous error
[INFO] [stdout] error[E0599]: no method named `or_fail` found for enum `Result<T, E>` in the current scope
[INFO] [stdout]   --> tests/live_api.rs:84:53
[INFO] [stdout]    |
[INFO] [stdout] 84 |     let fees = perps.exchange().fees().send().await.or_fail("fees");
[INFO] [stdout]    |                                                     ^^^^^^^ method not found in `Result<FeesInfo, PerpsError>`
[INFO] [stdout] 
[INFO] [stdout] 
[INFO] [stdout] error[E0599]: no method named `or_fail` found for enum `Result<T, E>` in the current scope
[INFO] [stdout]   --> tests/live_api.rs:91:10
[INFO] [stdout]    |
[INFO] [stdout] 86 |       let tiers = perps
[INFO] [stdout]    |  _________________-
[INFO] [stdout] 87 | |         .exchange()
[INFO] [stdout] 88 | |         .limit_tiers()
[INFO] [stdout] 89 | |         .send()
[INFO] [stdout] 90 | |         .await
[INFO] [stdout] 91 | |         .or_fail("limit tiers");
[INFO] [stdout]    | |         -^^^^^^^ method not found in `Result<Vec<LimitTier>, PerpsError>`
[INFO] [stdout]    | |_________|
[INFO] [stdout]    |
[INFO] [stdout] 
[INFO] [stdout] 
[INFO] [stdout] error[E0599]: no method named `or_fail` found for enum `Result<T, E>` in the current scope
[INFO] [stdout]    --> tests/live_api.rs:111:10
[INFO] [stdout]     |
[INFO] [stdout] 105 |       let tickers = perps
[INFO] [stdout]     |  ___________________-
[INFO] [stdout] 106 | |         .market()
[INFO] [stdout] 107 | |         .tickers()
[INFO] [stdout] 108 | |         .instrument_id(iid)
[INFO] [stdout] 109 | |         .send()
[INFO] [stdout] 110 | |         .await
[INFO] [stdout] 111 | |         .or_fail("tickers");
[INFO] [stdout]     | |         -^^^^^^^ method not found in `Result<Vec<Ticker>, PerpsError>`
[INFO] [stdout]     | |_________|
[INFO] [stdout]     |
[INFO] [stdout] 
[INFO] [stdout] 
[INFO] [stdout] error[E0599]: no method named `or_fail` found for enum `Result<T, E>` in the current scope
[INFO] [stdout]    --> tests/live_api.rs:124:10
[INFO] [stdout]     |
[INFO] [stdout] 118 |       let statistics = perps
[INFO] [stdout]     |  ______________________-
[INFO] [stdout] 119 | |         .market()
[INFO] [stdout] 120 | |         .statistics()
[INFO] [stdout] 121 | |         .instrument_id(iid)
[INFO] [stdout] 122 | |         .send()
[INFO] [stdout] 123 | |         .await
[INFO] [stdout] 124 | |         .or_fail("statistics");
[INFO] [stdout]     | |         -^^^^^^^ method not found in `Result<Vec<Statistic>, PerpsError>`
[INFO] [stdout]     | |_________|
[INFO] [stdout]     |
[INFO] [stdout] 
[INFO] [stdout] 
[INFO] [stdout] For more information about this error, try `rustc --explain E0432`.
[INFO] [stdout] 
[INFO] [stderr] error: could not compile `polyoxide-perps` (test "spec_agreement") due to 2 previous errors
[INFO] [stdout] error[E0599]: no method named `or_fail` found for enum `Result<T, E>` in the current scope
[INFO] [stdout]    --> tests/live_api.rs:137:10
[INFO] [stdout]     |
[INFO] [stdout] 131 |       let bbo = perps
[INFO] [stdout]     |  _______________-
[INFO] [stdout] 132 | |         .market()
[INFO] [stdout] 133 | |         .bbo()
[INFO] [stdout] 134 | |         .instrument_id(iid)
[INFO] [stdout] 135 | |         .send()
[INFO] [stdout] 136 | |         .await
[INFO] [stdout] 137 | |         .or_fail("bbo");
[INFO] [stdout]     | |         -^^^^^^^ method not found in `Result<Vec<Bbo>, PerpsError>`
[INFO] [stdout]     | |_________|
[INFO] [stdout]     |
[INFO] [stdout] 
[INFO] [stdout] 
[INFO] [stdout] error[E0599]: no method named `or_fail` found for enum `Result<T, E>` in the current scope
[INFO] [stdout]    --> tests/live_api.rs:149:10
[INFO] [stdout]     |
[INFO] [stdout] 144 |       let klines = perps
[INFO] [stdout]     |  __________________-
[INFO] [stdout] 145 | |         .market()
[INFO] [stdout] 146 | |         .klines(iid, Interval::H1, start)
[INFO] [stdout] 147 | |         .send()
[INFO] [stdout] 148 | |         .await
[INFO] [stdout] 149 | |         .or_fail("klines");
[INFO] [stdout]     | |         -^^^^^^^ method not found in `Result<Klines, PerpsError>`
[INFO] [stdout]     | |_________|
[INFO] [stdout]     |
[INFO] [stdout] 
[INFO] [stdout] 
[INFO] [stdout] error[E0599]: no method named `or_fail` found for enum `Result<T, E>` in the current scope
[INFO] [stdout]    --> tests/live_api.rs:157:10
[INFO] [stdout]     |
[INFO] [stdout] 152 |       let marks = perps
[INFO] [stdout]     |  _________________-
[INFO] [stdout] 153 | |         .market()
[INFO] [stdout] 154 | |         .mark_history(iid, Interval::H1, start)
[INFO] [stdout] 155 | |         .send()
[INFO] [stdout] 156 | |         .await
[INFO] [stdout] 157 | |         .or_fail("mark history");
[INFO] [stdout]     | |         -^^^^^^^ method not found in `Result<MarkHistory, PerpsError>`
[INFO] [stdout]     | |_________|
[INFO] [stdout]     |
[INFO] [stdout] 
[INFO] [stdout] 
[INFO] [stdout] error[E0599]: no method named `or_fail` found for enum `Result<T, E>` in the current scope
[INFO] [stdout]    --> tests/live_api.rs:160:58
[INFO] [stdout]     |
[INFO] [stdout] 160 |     let trades = perps.market().trades(iid).send().await.or_fail("trades");
[INFO] [stdout]     |                                                          ^^^^^^^ method not found in `Result<Trades, PerpsError>`
[INFO] [stdout] 
[INFO] [stdout] 
[INFO] [stdout] error[E0599]: no method named `or_fail` found for enum `Result<T, E>` in the current scope
[INFO] [stdout]    --> tests/live_api.rs:163:60
[INFO] [stdout]     |
[INFO] [stdout] 163 |     let funding = perps.market().funding(iid).send().await.or_fail("funding");
[INFO] [stdout]     |                                                            ^^^^^^^ method not found in `Result<FundingHistory, PerpsError>`
[INFO] [stdout] 
[INFO] [stdout] 
[INFO] [stdout] error[E0599]: no method named `or_fail` found for enum `Result<T, E>` in the current scope
[INFO] [stdout]    --> tests/live_api.rs:171:10
[INFO] [stdout]     |
[INFO] [stdout] 166 |       let index = perps
[INFO] [stdout]     |  _________________-
[INFO] [stdout] 167 | |         .market()
[INFO] [stdout] 168 | |         .index(&instrument.base_asset)
[INFO] [stdout] 169 | |         .send()
[INFO] [stdout] 170 | |         .await
[INFO] [stdout] 171 | |         .or_fail("index");
[INFO] [stdout]     | |         -^^^^^^^ method not found in `Result<polyoxide_perps::api::market::Index, PerpsError>`
[INFO] [stdout]     | |_________|
[INFO] [stdout]     |
[INFO] [stdout] 
[INFO] [stdout] 
[INFO] [stdout] error[E0599]: no method named `or_fail` found for enum `Result<T, E>` in the current scope
[INFO] [stdout]    --> tests/live_api.rs:179:10
[INFO] [stdout]     |
[INFO] [stdout] 174 |       let stats = perps
[INFO] [stdout]     |  _________________-
[INFO] [stdout] 175 | |         .market()
[INFO] [stdout] 176 | |         .exchange_stats(start, now_ms())
[INFO] [stdout] 177 | |         .send()
[INFO] [stdout] 178 | |         .await
[INFO] [stdout] 179 | |         .or_fail("exchange stats");
[INFO] [stdout]     | |         -^^^^^^^ method not found in `Result<ExchangeStatistics, PerpsError>`
[INFO] [stdout]     | |_________|
[INFO] [stdout]     |
[INFO] [stdout] 
[INFO] [stdout] 
[INFO] [stdout] error[E0599]: no method named `or_fail` found for enum `Result<T, E>` in the current scope
[INFO] [stdout]    --> tests/live_api.rs:194:10
[INFO] [stdout]     |
[INFO] [stdout] 187 |       let board = perps
[INFO] [stdout]     |  _________________-
[INFO] [stdout] 188 | |         .public()
[INFO] [stdout] 189 | |         .leaderboard()
[INFO] [stdout] 190 | |         .window(LeaderboardWindow::Week)
[INFO] [stdout] ...   |
[INFO] [stdout] 193 | |         .await
[INFO] [stdout] 194 | |         .or_fail("leaderboard");
[INFO] [stdout]     | |         -^^^^^^^ method not found in `Result<Leaderboard, PerpsError>`
[INFO] [stdout]     | |_________|
[INFO] [stdout]     |
[INFO] [stdout] 
[INFO] [stdout] 
[INFO] [stdout] error[E0599]: no method named `or_fail` found for enum `Result<T, E>` in the current scope
[INFO] [stdout]    --> tests/live_api.rs:203:10
[INFO] [stdout]     |
[INFO] [stdout] 198 |       let portfolio = perps
[INFO] [stdout]     |  _____________________-
[INFO] [stdout] 199 | |         .public()
[INFO] [stdout] 200 | |         .portfolio(address)
[INFO] [stdout] 201 | |         .send()
[INFO] [stdout] 202 | |         .await
[INFO] [stdout] 203 | |         .or_fail("portfolio");
[INFO] [stdout]     | |         -^^^^^^^ method not found in `Result<PublicPortfolio, PerpsError>`
[INFO] [stdout]     | |_________|
[INFO] [stdout]     |
[INFO] [stdout] 
[INFO] [stdout] 
[INFO] [stdout] error[E0599]: no method named `or_fail` found for enum `Result<T, E>` in the current scope
[INFO] [stdout]    --> tests/live_api.rs:214:10
[INFO] [stdout]     |
[INFO] [stdout] 209 |       let fills = perps
[INFO] [stdout]     |  _________________-
[INFO] [stdout] 210 | |         .public()
[INFO] [stdout] 211 | |         .position_fills(address, iid)
[INFO] [stdout] 212 | |         .send()
[INFO] [stdout] 213 | |         .await
[INFO] [stdout] 214 | |         .or_fail("position fills");
[INFO] [stdout]     | |         -^^^^^^^ method not found in `Result<PositionFills, PerpsError>`
[INFO] [stdout]     | |_________|
[INFO] [stdout]     |
[INFO] [stdout] 
[INFO] [stdout] 
[INFO] [stdout] error[E0599]: no method named `or_fail` found for enum `Result<T, E>` in the current scope
[INFO] [stdout]    --> tests/live_api.rs:222:10
[INFO] [stdout]     |
[INFO] [stdout] 217 |       let invite = perps
[INFO] [stdout]     |  __________________-
[INFO] [stdout] 218 | |         .public()
[INFO] [stdout] 219 | |         .invite("polyoxide-live-test")
[INFO] [stdout] 220 | |         .send()
[INFO] [stdout] 221 | |         .await
[INFO] [stdout] 222 | |         .or_fail("invite");
[INFO] [stdout]     | |         -^^^^^^^ method not found in `Result<InviteCheck, PerpsError>`
[INFO] [stdout]     | |_________|
[INFO] [stdout]     |
[INFO] [stdout] 
[INFO] [stdout] 
[INFO] [stdout] Some errors have detailed explanations: E0308, E0432, E0599.
[INFO] [stdout] 
[INFO] [stdout] For more information about an error, try `rustc --explain E0308`.
[INFO] [stdout] 
[INFO] [stderr] error: could not compile `polyoxide-perps` (test "live_api") due to 23 previous errors
[INFO] running `Command { std: "docker" "inspect" "5c7b147ae5ad8fdc03039ec0885b4c36a79681d0707256680681cdeb9394c7c6", kill_on_drop: false }`
[INFO] running `Command { std: "docker" "rm" "-f" "5c7b147ae5ad8fdc03039ec0885b4c36a79681d0707256680681cdeb9394c7c6", kill_on_drop: false }`
[INFO] [stdout] 5c7b147ae5ad8fdc03039ec0885b4c36a79681d0707256680681cdeb9394c7c6
